[INFO] fetching crate argmin_core 0.2.5...
[INFO] testing argmin_core-0.2.5 against beta-2021-08-01 for beta-1.55-1
[INFO] extracting crate argmin_core 0.2.5 into /workspace/builds/worker-40/source
[INFO] validating manifest of crates.io crate argmin_core 0.2.5 on toolchain beta-2021-08-01
[INFO] running `Command { std: "/workspace/cargo-home/bin/cargo" "+beta-2021-08-01" "metadata" "--manifest-path" "Cargo.toml" "--no-deps", kill_on_drop: false }`
[INFO] started tweaking crates.io crate argmin_core 0.2.5
[INFO] finished tweaking crates.io crate argmin_core 0.2.5
[INFO] tweaked toml for crates.io crate argmin_core 0.2.5 written to /workspace/builds/worker-40/source/Cargo.toml
[INFO] running `Command { std: "/workspace/cargo-home/bin/cargo" "+beta-2021-08-01" "generate-lockfile" "--manifest-path" "Cargo.toml" "-Zno-index-update", kill_on_drop: false }`
[INFO] running `Command { std: "/workspace/cargo-home/bin/cargo" "+beta-2021-08-01" "fetch" "--manifest-path" "Cargo.toml", kill_on_drop: false }`
[INFO] [stderr]     Blocking waiting for file lock on package cache
[INFO] [stderr]     Blocking waiting for file lock on package cache
[INFO] [stderr]  Downloading crates ...
[INFO] [stderr]   Downloaded cblas-sys v0.1.4
[INFO] [stderr]   Downloaded matrixmultiply v0.3.1
[INFO] [stderr]   Downloaded erased-serde v0.3.16
[INFO] [stderr]   Downloaded rand_xorshift v0.3.0
[INFO] [stderr]   Downloaded lapacke-sys v0.1.4
[INFO] [stderr]   Downloaded finitediff v0.1.4
[INFO] [stderr]   Downloaded ndarray v0.15.3
[INFO] [stderr]   Downloaded lapack-src v0.6.0
[INFO] [stderr]   Downloaded lapacke v0.2.0
[INFO] [stderr]   Downloaded slog-json v2.4.0
[INFO] [stderr]   Downloaded ndarray-rand v0.14.0
[INFO] [stderr]   Downloaded approx v0.4.0
[INFO] [stderr]   Downloaded ndarray-linalg v0.12.1
[INFO] [stderr]   Downloaded blas-src v0.6.1
[INFO] [stderr]   Downloaded openblas-src v0.9.0
[INFO] [stderr]   Downloaded blas-src v0.2.1
[INFO] [stderr]   Downloaded gnuplot v0.0.32
[INFO] [stderr]   Downloaded modcholesky v0.1.4
[INFO] [stderr]   Downloaded cauchy v0.2.2
[INFO] [stderr]   Downloaded ndarray-rand v0.11.0
[INFO] running `Command { std: "docker" "create" "-v" "/var/lib/crater-agent-workspace/builds/worker-40/target:/opt/rustwide/target:rw,Z" "-v" "/var/lib/crater-agent-workspace/builds/worker-40/source:/opt/rustwide/workdir:ro,Z" "-v" "/var/lib/crater-agent-workspace/cargo-home:/opt/rustwide/cargo-home:ro,Z" "-v" "/var/lib/crater-agent-workspace/rustup-home:/opt/rustwide/rustup-home:ro,Z" "-e" "SOURCE_DIR=/opt/rustwide/workdir" "-e" "CARGO_TARGET_DIR=/opt/rustwide/target" "-e" "CARGO_HOME=/opt/rustwide/cargo-home" "-e" "RUSTUP_HOME=/opt/rustwide/rustup-home" "-w" "/opt/rustwide/workdir" "-m" "1610612736" "--user" "0:0" "--network" "none" "ghcr.io/rust-lang/crates-build-env/linux@sha256:34b6a614d2c27851fe6cbf88fbd1137609cefab8b10d0615aaeb6fd47975d74e" "/opt/rustwide/cargo-home/bin/cargo" "+beta-2021-08-01" "metadata" "--no-deps" "--format-version=1", kill_on_drop: false }`
[INFO] [stdout] 35ee6620a481119c38b5cbd9f274df252d318a746e38238647aa8ba54b859b0b
[INFO] running `Command { std: "docker" "start" "-a" "35ee6620a481119c38b5cbd9f274df252d318a746e38238647aa8ba54b859b0b", kill_on_drop: false }`
[INFO] running `Command { std: "docker" "inspect" "35ee6620a481119c38b5cbd9f274df252d318a746e38238647aa8ba54b859b0b", kill_on_drop: false }`
[INFO] running `Command { std: "docker" "rm" "-f" "35ee6620a481119c38b5cbd9f274df252d318a746e38238647aa8ba54b859b0b", kill_on_drop: false }`
[INFO] [stdout] 35ee6620a481119c38b5cbd9f274df252d318a746e38238647aa8ba54b859b0b
[INFO] running `Command { std: "docker" "create" "-v" "/var/lib/crater-agent-workspace/builds/worker-40/target:/opt/rustwide/target:rw,Z" "-v" "/var/lib/crater-agent-workspace/builds/worker-40/source:/opt/rustwide/workdir:ro,Z" "-v" "/var/lib/crater-agent-workspace/cargo-home:/opt/rustwide/cargo-home:ro,Z" "-v" "/var/lib/crater-agent-workspace/rustup-home:/opt/rustwide/rustup-home:ro,Z" "-e" "SOURCE_DIR=/opt/rustwide/workdir" "-e" "CARGO_TARGET_DIR=/opt/rustwide/target" "-e" "CARGO_INCREMENTAL=0" "-e" "RUST_BACKTRACE=full" "-e" "RUSTFLAGS=--cap-lints=warn" "-e" "CARGO_HOME=/opt/rustwide/cargo-home" "-e" "RUSTUP_HOME=/opt/rustwide/rustup-home" "-w" "/opt/rustwide/workdir" "-m" "1610612736" "--user" "0:0" "--network" "none" "ghcr.io/rust-lang/crates-build-env/linux@sha256:34b6a614d2c27851fe6cbf88fbd1137609cefab8b10d0615aaeb6fd47975d74e" "/opt/rustwide/cargo-home/bin/cargo" "+beta-2021-08-01" "build" "--frozen" "--message-format=json", kill_on_drop: false }`
[INFO] [stdout] 196a177c64b02208c6160c109e8f03e20ee4c124d6a255ecc8bfaf2ac587059d
[INFO] running `Command { std: "docker" "start" "-a" "196a177c64b02208c6160c109e8f03e20ee4c124d6a255ecc8bfaf2ac587059d", kill_on_drop: false }`
[INFO] [stderr]    Compiling libm v0.2.1
[INFO] [stderr]    Compiling serde v1.0.127
[INFO] [stderr]    Compiling slog v2.7.0
[INFO] [stderr]    Compiling rawpointer v0.2.1
[INFO] [stderr]    Compiling slog-async v2.7.0
[INFO] [stderr]    Compiling erased-serde v0.3.16
[INFO] [stderr]    Compiling itoa v0.4.7
[INFO] [stderr]    Compiling take_mut v0.2.2
[INFO] [stderr]    Compiling finitediff v0.1.4
[INFO] [stderr]    Compiling num-traits v0.2.14
[INFO] [stderr]    Compiling num-integer v0.1.44
[INFO] [stderr]    Compiling num-iter v0.1.42
[INFO] [stderr]    Compiling num-bigint v0.4.0
[INFO] [stderr]    Compiling num-rational v0.4.0
[INFO] [stderr]    Compiling num-bigint v0.2.6
[INFO] [stderr]    Compiling num-rational v0.2.4
[INFO] [stderr]    Compiling num-complex v0.2.4
[INFO] [stderr]    Compiling rand_core v0.3.1
[INFO] [stderr]    Compiling thread_local v1.1.3
[INFO] [stderr]    Compiling time v0.1.43
[INFO] [stderr]    Compiling getrandom v0.1.16
[INFO] [stderr]    Compiling paste-impl v0.1.18
[INFO] [stderr]    Compiling term v0.7.0
[INFO] [stderr]    Compiling rand_xorshift v0.3.0
[INFO] [stderr]    Compiling rand v0.8.4
[INFO] [stderr]    Compiling rand v0.5.6
[INFO] [stderr]    Compiling matrixmultiply v0.3.1
[INFO] [stderr]    Compiling rand_core v0.5.1
[INFO] [stderr]    Compiling paste v0.1.18
[INFO] [stderr]    Compiling rand_chacha v0.2.2
[INFO] [stderr]    Compiling rand v0.7.3
[INFO] [stderr]    Compiling num-complex v0.4.0
[INFO] [stderr]    Compiling approx v0.4.0
[INFO] [stderr]    Compiling rand_distr v0.4.1
[INFO] [stderr]    Compiling chrono v0.4.19
[INFO] [stderr]    Compiling ndarray v0.15.3
[INFO] [stderr]    Compiling serde_json v1.0.66
[INFO] [stderr]    Compiling bincode v1.3.3
[INFO] [stderr]    Compiling slog-term v2.8.0
[INFO] [stderr]    Compiling slog-json v2.4.0
[INFO] [stderr]    Compiling num v0.2.1
[INFO] [stderr]    Compiling num v0.4.0
[INFO] [stderr]    Compiling ndarray-rand v0.14.0
[INFO] [stderr]    Compiling modcholesky v0.1.4
[INFO] [stderr]    Compiling argmin_core v0.2.5 (/opt/rustwide/workdir)
[INFO] [stdout] warning: unused doc comment
[INFO] [stdout]    --> src/iterstate.rs:197:5
[INFO] [stdout]     |
[INFO] [stdout] 197 |     /// Set target cost value
[INFO] [stdout]     |     ^^^^^^^^^^^^^^^^^^^^^^^^^ rustdoc does not generate documentation for macro invocations
[INFO] [stdout]     |
[INFO] [stdout]     = note: `#[warn(unused_doc_comments)]` on by default
[INFO] [stdout]     = help: to document an item produced by a macro, the macro must produce the documentation as part of its expansion
[INFO] [stdout] 
[INFO] [stdout] 
[INFO] [stdout] warning: unused doc comment
[INFO] [stdout]    --> src/iterstate.rs:199:5
[INFO] [stdout]     |
[INFO] [stdout] 199 |     /// Set maximum number of iterations
[INFO] [stdout]     |     ^^^^^^^^^^^^^^^^^^^^^^^^^^^^^^^^^^^^ rustdoc does not generate documentation for macro invocations
[INFO] [stdout]     |
[INFO] [stdout]     = help: to document an item produced by a macro, the macro must produce the documentation as part of its expansion
[INFO] [stdout] 
[INFO] [stdout] 
[INFO] [stdout] warning: unused doc comment
[INFO] [stdout]    --> src/iterstate.rs:201:5
[INFO] [stdout]     |
[INFO] [stdout] 201 |     /// Set iteration number where the previous best parameter vector was found
[INFO] [stdout]     |     ^^^^^^^^^^^^^^^^^^^^^^^^^^^^^^^^^^^^^^^^^^^^^^^^^^^^^^^^^^^^^^^^^^^^^^^^^^^ rustdoc does not generate documentation for macro invocations
[INFO] [stdout]     |
[INFO] [stdout]     = help: to document an item produced by a macro, the macro must produce the documentation as part of its expansion
[INFO] [stdout] 
[INFO] [stdout] 
[INFO] [stdout] warning: unused doc comment
[INFO] [stdout]    --> src/iterstate.rs:203:5
[INFO] [stdout]     |
[INFO] [stdout] 203 |     /// Set termination_reston
[INFO] [stdout]     |     ^^^^^^^^^^^^^^^^^^^^^^^^^^ rustdoc does not generate documentation for macro invocations
[INFO] [stdout]     |
[INFO] [stdout]     = help: to document an item produced by a macro, the macro must produce the documentation as part of its expansion
[INFO] [stdout] 
[INFO] [stdout] 
[INFO] [stdout] warning: unused doc comment
[INFO] [stdout]    --> src/iterstate.rs:205:5
[INFO] [stdout]     |
[INFO] [stdout] 205 |     /// Set time required so far
[INFO] [stdout]     |     ^^^^^^^^^^^^^^^^^^^^^^^^^^^^ rustdoc does not generate documentation for macro invocations
[INFO] [stdout]     |
[INFO] [stdout]     = help: to document an item produced by a macro, the macro must produce the documentation as part of its expansion
[INFO] [stdout] 
[INFO] [stdout] 
[INFO] [stdout] warning: unused doc comment
[INFO] [stdout]    --> src/iterstate.rs:207:5
[INFO] [stdout]     |
[INFO] [stdout] 207 |     /// Returns current parameter vector
[INFO] [stdout]     |     ^^^^^^^^^^^^^^^^^^^^^^^^^^^^^^^^^^^^ rustdoc does not generate documentation for macro invocations
[INFO] [stdout]     |
[INFO] [stdout]     = help: to document an item produced by a macro, the macro must produce the documentation as part of its expansion
[INFO] [stdout] 
[INFO] [stdout] 
[INFO] [stdout] warning: unused doc comment
[INFO] [stdout]    --> src/iterstate.rs:209:5
[INFO] [stdout]     |
[INFO] [stdout] 209 |     /// Returns previous parameter vector
[INFO] [stdout]     |     ^^^^^^^^^^^^^^^^^^^^^^^^^^^^^^^^^^^^^ rustdoc does not generate documentation for macro invocations
[INFO] [stdout]     |
[INFO] [stdout]     = help: to document an item produced by a macro, the macro must produce the documentation as part of its expansion
[INFO] [stdout] 
[INFO] [stdout] 
[INFO] [stdout] warning: unused doc comment
[INFO] [stdout]    --> src/iterstate.rs:211:5
[INFO] [stdout]     |
[INFO] [stdout] 211 |     /// Returns best parameter vector
[INFO] [stdout]     |     ^^^^^^^^^^^^^^^^^^^^^^^^^^^^^^^^^ rustdoc does not generate documentation for macro invocations
[INFO] [stdout]     |
[INFO] [stdout]     = help: to document an item produced by a macro, the macro must produce the documentation as part of its expansion
[INFO] [stdout] 
[INFO] [stdout] 
[INFO] [stdout] warning: unused doc comment
[INFO] [stdout]    --> src/iterstate.rs:213:5
[INFO] [stdout]     |
[INFO] [stdout] 213 |     /// Returns previous best parameter vector
[INFO] [stdout]     |     ^^^^^^^^^^^^^^^^^^^^^^^^^^^^^^^^^^^^^^^^^^ rustdoc does not generate documentation for macro invocations
[INFO] [stdout]     |
[INFO] [stdout]     = help: to document an item produced by a macro, the macro must produce the documentation as part of its expansion
[INFO] [stdout] 
[INFO] [stdout] 
[INFO] [stdout] warning: unused doc comment
[INFO] [stdout]    --> src/iterstate.rs:215:5
[INFO] [stdout]     |
[INFO] [stdout] 215 |     /// Returns current cost function value
[INFO] [stdout]     |     ^^^^^^^^^^^^^^^^^^^^^^^^^^^^^^^^^^^^^^^ rustdoc does not generate documentation for macro invocations
[INFO] [stdout]     |
[INFO] [stdout]     = help: to document an item produced by a macro, the macro must produce the documentation as part of its expansion
[INFO] [stdout] 
[INFO] [stdout] 
[INFO] [stdout] warning: unused doc comment
[INFO] [stdout]    --> src/iterstate.rs:217:5
[INFO] [stdout]     |
[INFO] [stdout] 217 |     /// Returns previous cost function value
[INFO] [stdout]     |     ^^^^^^^^^^^^^^^^^^^^^^^^^^^^^^^^^^^^^^^^ rustdoc does not generate documentation for macro invocations
[INFO] [stdout]     |
[INFO] [stdout]     = help: to document an item produced by a macro, the macro must produce the documentation as part of its expansion
[INFO] [stdout] 
[INFO] [stdout] 
[INFO] [stdout] warning: unused doc comment
[INFO] [stdout]    --> src/iterstate.rs:219:5
[INFO] [stdout]     |
[INFO] [stdout] 219 |     /// Returns current best cost function value
[INFO] [stdout]     |     ^^^^^^^^^^^^^^^^^^^^^^^^^^^^^^^^^^^^^^^^^^^^ rustdoc does not generate documentation for macro invocations
[INFO] [stdout]     |
[INFO] [stdout]     = help: to document an item produced by a macro, the macro must produce the documentation as part of its expansion
[INFO] [stdout] 
[INFO] [stdout] 
[INFO] [stdout] warning: unused doc comment
[INFO] [stdout]    --> src/iterstate.rs:221:5
[INFO] [stdout]     |
[INFO] [stdout] 221 |     /// Returns previous best cost function value
[INFO] [stdout]     |     ^^^^^^^^^^^^^^^^^^^^^^^^^^^^^^^^^^^^^^^^^^^^^ rustdoc does not generate documentation for macro invocations
[INFO] [stdout]     |
[INFO] [stdout]     = help: to document an item produced by a macro, the macro must produce the documentation as part of its expansion
[INFO] [stdout] 
[INFO] [stdout] 
[INFO] [stdout] warning: unused doc comment
[INFO] [stdout]    --> src/iterstate.rs:223:5
[INFO] [stdout]     |
[INFO] [stdout] 223 |     /// Returns target cost
[INFO] [stdout]     |     ^^^^^^^^^^^^^^^^^^^^^^^ rustdoc does not generate documentation for macro invocations
[INFO] [stdout]     |
[INFO] [stdout]     = help: to document an item produced by a macro, the macro must produce the documentation as part of its expansion
[INFO] [stdout] 
[INFO] [stdout] 
[INFO] [stdout] warning: unused doc comment
[INFO] [stdout]    --> src/iterstate.rs:225:5
[INFO] [stdout]     |
[INFO] [stdout] 225 |     /// Returns current cost function evaluation count
[INFO] [stdout]     |     ^^^^^^^^^^^^^^^^^^^^^^^^^^^^^^^^^^^^^^^^^^^^^^^^^^ rustdoc does not generate documentation for macro invocations
[INFO] [stdout]     |
[INFO] [stdout]     = help: to document an item produced by a macro, the macro must produce the documentation as part of its expansion
[INFO] [stdout] 
[INFO] [stdout] 
[INFO] [stdout] warning: unused doc comment
[INFO] [stdout]    --> src/iterstate.rs:227:5
[INFO] [stdout]     |
[INFO] [stdout] 227 |     /// Returns current gradient function evaluation count
[INFO] [stdout]     |     ^^^^^^^^^^^^^^^^^^^^^^^^^^^^^^^^^^^^^^^^^^^^^^^^^^^^^^ rustdoc does not generate documentation for macro invocations
[INFO] [stdout]     |
[INFO] [stdout]     = help: to document an item produced by a macro, the macro must produce the documentation as part of its expansion
[INFO] [stdout] 
[INFO] [stdout] 
[INFO] [stdout] warning: unused doc comment
[INFO] [stdout]    --> src/iterstate.rs:229:5
[INFO] [stdout]     |
[INFO] [stdout] 229 |     /// Returns current Hessian function evaluation count
[INFO] [stdout]     |     ^^^^^^^^^^^^^^^^^^^^^^^^^^^^^^^^^^^^^^^^^^^^^^^^^^^^^ rustdoc does not generate documentation for macro invocations
[INFO] [stdout]     |
[INFO] [stdout]     = help: to document an item produced by a macro, the macro must produce the documentation as part of its expansion
[INFO] [stdout] 
[INFO] [stdout] 
[INFO] [stdout] warning: unused doc comment
[INFO] [stdout]    --> src/iterstate.rs:231:5
[INFO] [stdout]     |
[INFO] [stdout] 231 |     /// Returns current Jacobian function evaluation count
[INFO] [stdout]     |     ^^^^^^^^^^^^^^^^^^^^^^^^^^^^^^^^^^^^^^^^^^^^^^^^^^^^^^ rustdoc does not generate documentation for macro invocations
[INFO] [stdout]     |
[INFO] [stdout]     = help: to document an item produced by a macro, the macro must produce the documentation as part of its expansion
[INFO] [stdout] 
[INFO] [stdout] 
[INFO] [stdout] warning: unused doc comment
[INFO] [stdout]    --> src/iterstate.rs:233:5
[INFO] [stdout]     |
[INFO] [stdout] 233 |     /// Returns current Modify function evaluation count
[INFO] [stdout]     |     ^^^^^^^^^^^^^^^^^^^^^^^^^^^^^^^^^^^^^^^^^^^^^^^^^^^^ rustdoc does not generate documentation for macro invocations
[INFO] [stdout]     |
[INFO] [stdout]     = help: to document an item produced by a macro, the macro must produce the documentation as part of its expansion
[INFO] [stdout] 
[INFO] [stdout] 
[INFO] [stdout] warning: unused doc comment
[INFO] [stdout]    --> src/iterstate.rs:235:5
[INFO] [stdout]     |
[INFO] [stdout] 235 |     /// Returns iteration number where the last best parameter vector was found
[INFO] [stdout]     |     ^^^^^^^^^^^^^^^^^^^^^^^^^^^^^^^^^^^^^^^^^^^^^^^^^^^^^^^^^^^^^^^^^^^^^^^^^^^ rustdoc does not generate documentation for macro invocations
[INFO] [stdout]     |
[INFO] [stdout]     = help: to document an item produced by a macro, the macro must produce the documentation as part of its expansion
[INFO] [stdout] 
[INFO] [stdout] 
[INFO] [stdout] warning: unused doc comment
[INFO] [stdout]    --> src/iterstate.rs:237:5
[INFO] [stdout]     |
[INFO] [stdout] 237 |     /// Get termination_reason
[INFO] [stdout]     |     ^^^^^^^^^^^^^^^^^^^^^^^^^^ rustdoc does not generate documentation for macro invocations
[INFO] [stdout]     |
[INFO] [stdout]     = help: to document an item produced by a macro, the macro must produce the documentation as part of its expansion
[INFO] [stdout] 
[INFO] [stdout] 
[INFO] [stdout] warning: unused doc comment
[INFO] [stdout]    --> src/iterstate.rs:239:5
[INFO] [stdout]     |
[INFO] [stdout] 239 |     /// Get time required so far
[INFO] [stdout]     |     ^^^^^^^^^^^^^^^^^^^^^^^^^^^^ rustdoc does not generate documentation for macro invocations
[INFO] [stdout]     |
[INFO] [stdout]     = help: to document an item produced by a macro, the macro must produce the documentation as part of its expansion
[INFO] [stdout] 
[INFO] [stdout] 
[INFO] [stdout] warning: unused doc comment
[INFO] [stdout]    --> src/iterstate.rs:241:5
[INFO] [stdout]     |
[INFO] [stdout] 241 |     /// Returns gradient
[INFO] [stdout]     |     ^^^^^^^^^^^^^^^^^^^^ rustdoc does not generate documentation for macro invocations
[INFO] [stdout]     |
[INFO] [stdout]     = help: to document an item produced by a macro, the macro must produce the documentation as part of its expansion
[INFO] [stdout] 
[INFO] [stdout] 
[INFO] [stdout] warning: unused doc comment
[INFO] [stdout]    --> src/iterstate.rs:243:5
[INFO] [stdout]     |
[INFO] [stdout] 243 |     /// Returns previous gradient
[INFO] [stdout]     |     ^^^^^^^^^^^^^^^^^^^^^^^^^^^^^ rustdoc does not generate documentation for macro invocations
[INFO] [stdout]     |
[INFO] [stdout]     = help: to document an item produced by a macro, the macro must produce the documentation as part of its expansion
[INFO] [stdout] 
[INFO] [stdout] 
[INFO] [stdout] warning: unused doc comment
[INFO] [stdout]    --> src/iterstate.rs:245:5
[INFO] [stdout]     |
[INFO] [stdout] 245 |     /// Returns current Hessian
[INFO] [stdout]     |     ^^^^^^^^^^^^^^^^^^^^^^^^^^^ rustdoc does not generate documentation for macro invocations
[INFO] [stdout]     |
[INFO] [stdout]     = help: to document an item produced by a macro, the macro must produce the documentation as part of its expansion
[INFO] [stdout] 
[INFO] [stdout] 
[INFO] [stdout] warning: unused doc comment
[INFO] [stdout]    --> src/iterstate.rs:247:5
[INFO] [stdout]     |
[INFO] [stdout] 247 |     /// Returns previous Hessian
[INFO] [stdout]     |     ^^^^^^^^^^^^^^^^^^^^^^^^^^^^ rustdoc does not generate documentation for macro invocations
[INFO] [stdout]     |
[INFO] [stdout]     = help: to document an item produced by a macro, the macro must produce the documentation as part of its expansion
[INFO] [stdout] 
[INFO] [stdout] 
[INFO] [stdout] warning: unused doc comment
[INFO] [stdout]    --> src/iterstate.rs:249:5
[INFO] [stdout]     |
[INFO] [stdout] 249 |     /// Returns current Jacobian
[INFO] [stdout]     |     ^^^^^^^^^^^^^^^^^^^^^^^^^^^^ rustdoc does not generate documentation for macro invocations
[INFO] [stdout]     |
[INFO] [stdout]     = help: to document an item produced by a macro, the macro must produce the documentation as part of its expansion
[INFO] [stdout] 
[INFO] [stdout] 
[INFO] [stdout] warning: unused doc comment
[INFO] [stdout]    --> src/iterstate.rs:251:5
[INFO] [stdout]     |
[INFO] [stdout] 251 |     /// Returns previous Jacobian
[INFO] [stdout]     |     ^^^^^^^^^^^^^^^^^^^^^^^^^^^^^ rustdoc does not generate documentation for macro invocations
[INFO] [stdout]     |
[INFO] [stdout]     = help: to document an item produced by a macro, the macro must produce the documentation as part of its expansion
[INFO] [stdout] 
[INFO] [stdout] 
[INFO] [stdout] warning: unused doc comment
[INFO] [stdout]    --> src/iterstate.rs:253:5
[INFO] [stdout]     |
[INFO] [stdout] 253 |     /// Returns current number of iterations
[INFO] [stdout]     |     ^^^^^^^^^^^^^^^^^^^^^^^^^^^^^^^^^^^^^^^^ rustdoc does not generate documentation for macro invocations
[INFO] [stdout]     |
[INFO] [stdout]     = help: to document an item produced by a macro, the macro must produce the documentation as part of its expansion
[INFO] [stdout] 
[INFO] [stdout] 
[INFO] [stdout] warning: unused doc comment
[INFO] [stdout]    --> src/iterstate.rs:255:5
[INFO] [stdout]     |
[INFO] [stdout] 255 |     /// Returns maximum number of iterations
[INFO] [stdout]     |     ^^^^^^^^^^^^^^^^^^^^^^^^^^^^^^^^^^^^^^^^ rustdoc does not generate documentation for macro invocations
[INFO] [stdout]     |
[INFO] [stdout]     = help: to document an item produced by a macro, the macro must produce the documentation as part of its expansion
[INFO] [stdout] 
[INFO] [stdout] 
[INFO] [stdout] warning: 30 warnings emitted
[INFO] [stdout] 
[INFO] [stdout] 
[INFO] [stderr]     Finished dev [unoptimized + debuginfo] target(s) in 34.30s
[INFO] running `Command { std: "docker" "inspect" "196a177c64b02208c6160c109e8f03e20ee4c124d6a255ecc8bfaf2ac587059d", kill_on_drop: false }`
[INFO] running `Command { std: "docker" "rm" "-f" "196a177c64b02208c6160c109e8f03e20ee4c124d6a255ecc8bfaf2ac587059d", kill_on_drop: false }`
[INFO] [stdout] 196a177c64b02208c6160c109e8f03e20ee4c124d6a255ecc8bfaf2ac587059d
[INFO] running `Command { std: "docker" "create" "-v" "/var/lib/crater-agent-workspace/builds/worker-40/target:/opt/rustwide/target:rw,Z" "-v" "/var/lib/crater-agent-workspace/builds/worker-40/source:/opt/rustwide/workdir:ro,Z" "-v" "/var/lib/crater-agent-workspace/cargo-home:/opt/rustwide/cargo-home:ro,Z" "-v" "/var/lib/crater-agent-workspace/rustup-home:/opt/rustwide/rustup-home:ro,Z" "-e" "SOURCE_DIR=/opt/rustwide/workdir" "-e" "CARGO_TARGET_DIR=/opt/rustwide/target" "-e" "CARGO_INCREMENTAL=0" "-e" "RUST_BACKTRACE=full" "-e" "RUSTFLAGS=--cap-lints=warn" "-e" "CARGO_HOME=/opt/rustwide/cargo-home" "-e" "RUSTUP_HOME=/opt/rustwide/rustup-home" "-w" "/opt/rustwide/workdir" "-m" "1610612736" "--user" "0:0" "--network" "none" "ghcr.io/rust-lang/crates-build-env/linux@sha256:34b6a614d2c27851fe6cbf88fbd1137609cefab8b10d0615aaeb6fd47975d74e" "/opt/rustwide/cargo-home/bin/cargo" "+beta-2021-08-01" "test" "--frozen" "--no-run" "--message-format=json", kill_on_drop: false }`
[INFO] [stdout] 86f72b7e0f3740075d153e42afcc85270ffa48b154ac64ae5ee311965107846b
[INFO] running `Command { std: "docker" "start" "-a" "86f72b7e0f3740075d153e42afcc85270ffa48b154ac64ae5ee311965107846b", kill_on_drop: false }`
[INFO] [stderr]    Compiling openblas-src v0.9.0
[INFO] [stderr]    Compiling ndarray v0.13.1
[INFO] [stderr]    Compiling blas-src v0.2.1
[INFO] [stderr]    Compiling matrixmultiply v0.2.4
[INFO] [stderr]    Compiling lapacke-sys v0.1.4
[INFO] [stderr]    Compiling cblas-sys v0.1.4
[INFO] [stderr]    Compiling approx v0.3.2
[INFO] [stderr]    Compiling cauchy v0.2.2
[INFO] [stdout] warning: unused doc comment
[INFO] [stdout]    --> src/iterstate.rs:197:5
[INFO] [stdout]     |
[INFO] [stdout] 197 |     /// Set target cost value
[INFO] [stdout]     |     ^^^^^^^^^^^^^^^^^^^^^^^^^ rustdoc does not generate documentation for macro invocations
[INFO] [stdout]     |
[INFO] [stdout]     = note: `#[warn(unused_doc_comments)]` on by default
[INFO] [stdout]     = help: to document an item produced by a macro, the macro must produce the documentation as part of its expansion
[INFO] [stdout] 
[INFO] [stdout] 
[INFO] [stdout] warning: unused doc comment
[INFO] [stdout]    --> src/iterstate.rs:199:5
[INFO] [stdout]     |
[INFO] [stdout] 199 |     /// Set maximum number of iterations
[INFO] [stdout]     |     ^^^^^^^^^^^^^^^^^^^^^^^^^^^^^^^^^^^^ rustdoc does not generate documentation for macro invocations
[INFO] [stdout]     |
[INFO] [stdout]     = help: to document an item produced by a macro, the macro must produce the documentation as part of its expansion
[INFO] [stdout] 
[INFO] [stdout] 
[INFO] [stdout] warning: unused doc comment
[INFO] [stdout]    --> src/iterstate.rs:201:5
[INFO] [stdout]     |
[INFO] [stdout] 201 |     /// Set iteration number where the previous best parameter vector was found
[INFO] [stdout]     |     ^^^^^^^^^^^^^^^^^^^^^^^^^^^^^^^^^^^^^^^^^^^^^^^^^^^^^^^^^^^^^^^^^^^^^^^^^^^ rustdoc does not generate documentation for macro invocations
[INFO] [stdout]     |
[INFO] [stdout]     = help: to document an item produced by a macro, the macro must produce the documentation as part of its expansion
[INFO] [stdout] 
[INFO] [stdout] 
[INFO] [stdout] warning: unused doc comment
[INFO] [stdout]    --> src/iterstate.rs:203:5
[INFO] [stdout]     |
[INFO] [stdout] 203 |     /// Set termination_reston
[INFO] [stdout]     |     ^^^^^^^^^^^^^^^^^^^^^^^^^^ rustdoc does not generate documentation for macro invocations
[INFO] [stdout]     |
[INFO] [stdout]     = help: to document an item produced by a macro, the macro must produce the documentation as part of its expansion
[INFO] [stdout] 
[INFO] [stdout] 
[INFO] [stdout] warning: unused doc comment
[INFO] [stdout]    --> src/iterstate.rs:205:5
[INFO] [stdout]     |
[INFO] [stdout] 205 |     /// Set time required so far
[INFO] [stdout]     |     ^^^^^^^^^^^^^^^^^^^^^^^^^^^^ rustdoc does not generate documentation for macro invocations
[INFO] [stdout]     |
[INFO] [stdout]     = help: to document an item produced by a macro, the macro must produce the documentation as part of its expansion
[INFO] [stdout] 
[INFO] [stdout] 
[INFO] [stdout] warning: unused doc comment
[INFO] [stdout]    --> src/iterstate.rs:207:5
[INFO] [stdout]     |
[INFO] [stdout] 207 |     /// Returns current parameter vector
[INFO] [stdout]     |     ^^^^^^^^^^^^^^^^^^^^^^^^^^^^^^^^^^^^ rustdoc does not generate documentation for macro invocations
[INFO] [stdout]     |
[INFO] [stdout]     = help: to document an item produced by a macro, the macro must produce the documentation as part of its expansion
[INFO] [stdout] 
[INFO] [stdout] 
[INFO] [stdout] warning: unused doc comment
[INFO] [stdout]    --> src/iterstate.rs:209:5
[INFO] [stdout]     |
[INFO] [stdout] 209 |     /// Returns previous parameter vector
[INFO] [stdout]     |     ^^^^^^^^^^^^^^^^^^^^^^^^^^^^^^^^^^^^^ rustdoc does not generate documentation for macro invocations
[INFO] [stdout]     |
[INFO] [stdout]     = help: to document an item produced by a macro, the macro must produce the documentation as part of its expansion
[INFO] [stdout] 
[INFO] [stdout] 
[INFO] [stdout] warning: unused doc comment
[INFO] [stdout]    --> src/iterstate.rs:211:5
[INFO] [stdout]     |
[INFO] [stdout] 211 |     /// Returns best parameter vector
[INFO] [stdout]     |     ^^^^^^^^^^^^^^^^^^^^^^^^^^^^^^^^^ rustdoc does not generate documentation for macro invocations
[INFO] [stdout]     |
[INFO] [stdout]     = help: to document an item produced by a macro, the macro must produce the documentation as part of its expansion
[INFO] [stdout] 
[INFO] [stdout] 
[INFO] [stdout] warning: unused doc comment
[INFO] [stdout]    --> src/iterstate.rs:213:5
[INFO] [stdout]     |
[INFO] [stdout] 213 |     /// Returns previous best parameter vector
[INFO] [stdout]     |     ^^^^^^^^^^^^^^^^^^^^^^^^^^^^^^^^^^^^^^^^^^ rustdoc does not generate documentation for macro invocations
[INFO] [stdout]     |
[INFO] [stdout]     = help: to document an item produced by a macro, the macro must produce the documentation as part of its expansion
[INFO] [stdout] 
[INFO] [stdout] 
[INFO] [stdout] warning: unused doc comment
[INFO] [stdout]    --> src/iterstate.rs:215:5
[INFO] [stdout]     |
[INFO] [stdout] 215 |     /// Returns current cost function value
[INFO] [stdout]     |     ^^^^^^^^^^^^^^^^^^^^^^^^^^^^^^^^^^^^^^^ rustdoc does not generate documentation for macro invocations
[INFO] [stdout]     |
[INFO] [stdout]     = help: to document an item produced by a macro, the macro must produce the documentation as part of its expansion
[INFO] [stdout] 
[INFO] [stdout] 
[INFO] [stdout] warning: unused doc comment
[INFO] [stdout]    --> src/iterstate.rs:217:5
[INFO] [stdout]     |
[INFO] [stdout] 217 |     /// Returns previous cost function value
[INFO] [stdout]     |     ^^^^^^^^^^^^^^^^^^^^^^^^^^^^^^^^^^^^^^^^ rustdoc does not generate documentation for macro invocations
[INFO] [stdout]     |
[INFO] [stdout]     = help: to document an item produced by a macro, the macro must produce the documentation as part of its expansion
[INFO] [stdout] 
[INFO] [stdout] 
[INFO] [stdout] warning: unused doc comment
[INFO] [stdout]    --> src/iterstate.rs:219:5
[INFO] [stdout]     |
[INFO] [stdout] 219 |     /// Returns current best cost function value
[INFO] [stdout]     |     ^^^^^^^^^^^^^^^^^^^^^^^^^^^^^^^^^^^^^^^^^^^^ rustdoc does not generate documentation for macro invocations
[INFO] [stdout]     |
[INFO] [stdout]     = help: to document an item produced by a macro, the macro must produce the documentation as part of its expansion
[INFO] [stdout] 
[INFO] [stdout] 
[INFO] [stdout] warning: unused doc comment
[INFO] [stdout]    --> src/iterstate.rs:221:5
[INFO] [stdout]     |
[INFO] [stdout] 221 |     /// Returns previous best cost function value
[INFO] [stdout]     |     ^^^^^^^^^^^^^^^^^^^^^^^^^^^^^^^^^^^^^^^^^^^^^ rustdoc does not generate documentation for macro invocations
[INFO] [stdout]     |
[INFO] [stdout]     = help: to document an item produced by a macro, the macro must produce the documentation as part of its expansion
[INFO] [stdout] 
[INFO] [stdout] 
[INFO] [stdout] warning: unused doc comment
[INFO] [stdout]    --> src/iterstate.rs:223:5
[INFO] [stdout]     |
[INFO] [stdout] 223 |     /// Returns target cost
[INFO] [stdout]     |     ^^^^^^^^^^^^^^^^^^^^^^^ rustdoc does not generate documentation for macro invocations
[INFO] [stdout]     |
[INFO] [stdout]     = help: to document an item produced by a macro, the macro must produce the documentation as part of its expansion
[INFO] [stdout] 
[INFO] [stdout] 
[INFO] [stdout] warning: unused doc comment
[INFO] [stdout]    --> src/iterstate.rs:225:5
[INFO] [stdout]     |
[INFO] [stdout] 225 |     /// Returns current cost function evaluation count
[INFO] [stdout]     |     ^^^^^^^^^^^^^^^^^^^^^^^^^^^^^^^^^^^^^^^^^^^^^^^^^^ rustdoc does not generate documentation for macro invocations
[INFO] [stdout]     |
[INFO] [stdout]     = help: to document an item produced by a macro, the macro must produce the documentation as part of its expansion
[INFO] [stdout] 
[INFO] [stdout] 
[INFO] [stdout] warning: unused doc comment
[INFO] [stdout]    --> src/iterstate.rs:227:5
[INFO] [stdout]     |
[INFO] [stdout] 227 |     /// Returns current gradient function evaluation count
[INFO] [stdout]     |     ^^^^^^^^^^^^^^^^^^^^^^^^^^^^^^^^^^^^^^^^^^^^^^^^^^^^^^ rustdoc does not generate documentation for macro invocations
[INFO] [stdout]     |
[INFO] [stdout]     = help: to document an item produced by a macro, the macro must produce the documentation as part of its expansion
[INFO] [stdout] 
[INFO] [stdout] 
[INFO] [stdout] warning: unused doc comment
[INFO] [stdout]    --> src/iterstate.rs:229:5
[INFO] [stdout]     |
[INFO] [stdout] 229 |     /// Returns current Hessian function evaluation count
[INFO] [stdout]     |     ^^^^^^^^^^^^^^^^^^^^^^^^^^^^^^^^^^^^^^^^^^^^^^^^^^^^^ rustdoc does not generate documentation for macro invocations
[INFO] [stdout]     |
[INFO] [stdout]     = help: to document an item produced by a macro, the macro must produce the documentation as part of its expansion
[INFO] [stdout] 
[INFO] [stdout] 
[INFO] [stdout] warning: unused doc comment
[INFO] [stdout]    --> src/iterstate.rs:231:5
[INFO] [stdout]     |
[INFO] [stdout] 231 |     /// Returns current Jacobian function evaluation count
[INFO] [stdout]     |     ^^^^^^^^^^^^^^^^^^^^^^^^^^^^^^^^^^^^^^^^^^^^^^^^^^^^^^ rustdoc does not generate documentation for macro invocations
[INFO] [stdout]     |
[INFO] [stdout]     = help: to document an item produced by a macro, the macro must produce the documentation as part of its expansion
[INFO] [stdout] 
[INFO] [stdout] 
[INFO] [stdout] warning: unused doc comment
[INFO] [stdout]    --> src/iterstate.rs:233:5
[INFO] [stdout]     |
[INFO] [stdout] 233 |     /// Returns current Modify function evaluation count
[INFO] [stdout]     |     ^^^^^^^^^^^^^^^^^^^^^^^^^^^^^^^^^^^^^^^^^^^^^^^^^^^^ rustdoc does not generate documentation for macro invocations
[INFO] [stdout]     |
[INFO] [stdout]     = help: to document an item produced by a macro, the macro must produce the documentation as part of its expansion
[INFO] [stdout] 
[INFO] [stdout] 
[INFO] [stdout] warning: unused doc comment
[INFO] [stdout]    --> src/iterstate.rs:235:5
[INFO] [stdout]     |
[INFO] [stdout] 235 |     /// Returns iteration number where the last best parameter vector was found
[INFO] [stdout]     |     ^^^^^^^^^^^^^^^^^^^^^^^^^^^^^^^^^^^^^^^^^^^^^^^^^^^^^^^^^^^^^^^^^^^^^^^^^^^ rustdoc does not generate documentation for macro invocations
[INFO] [stdout]     |
[INFO] [stdout]     = help: to document an item produced by a macro, the macro must produce the documentation as part of its expansion
[INFO] [stdout] 
[INFO] [stdout] 
[INFO] [stdout] warning: unused doc comment
[INFO] [stdout]    --> src/iterstate.rs:237:5
[INFO] [stdout]     |
[INFO] [stdout] 237 |     /// Get termination_reason
[INFO] [stdout]     |     ^^^^^^^^^^^^^^^^^^^^^^^^^^ rustdoc does not generate documentation for macro invocations
[INFO] [stdout]     |
[INFO] [stdout]     = help: to document an item produced by a macro, the macro must produce the documentation as part of its expansion
[INFO] [stdout] 
[INFO] [stdout] 
[INFO] [stdout] warning: unused doc comment
[INFO] [stdout]    --> src/iterstate.rs:239:5
[INFO] [stdout]     |
[INFO] [stdout] 239 |     /// Get time required so far
[INFO] [stdout]     |     ^^^^^^^^^^^^^^^^^^^^^^^^^^^^ rustdoc does not generate documentation for macro invocations
[INFO] [stdout]     |
[INFO] [stdout]     = help: to document an item produced by a macro, the macro must produce the documentation as part of its expansion
[INFO] [stdout] 
[INFO] [stdout] 
[INFO] [stdout] warning: unused doc comment
[INFO] [stdout]    --> src/iterstate.rs:241:5
[INFO] [stdout]     |
[INFO] [stdout] 241 |     /// Returns gradient
[INFO] [stdout]     |     ^^^^^^^^^^^^^^^^^^^^ rustdoc does not generate documentation for macro invocations
[INFO] [stdout]     |
[INFO] [stdout]     = help: to document an item produced by a macro, the macro must produce the documentation as part of its expansion
[INFO] [stdout] 
[INFO] [stdout] 
[INFO] [stdout] warning: unused doc comment
[INFO] [stdout]    --> src/iterstate.rs:243:5
[INFO] [stdout]     |
[INFO] [stdout] 243 |     /// Returns previous gradient
[INFO] [stdout]     |     ^^^^^^^^^^^^^^^^^^^^^^^^^^^^^ rustdoc does not generate documentation for macro invocations
[INFO] [stdout]     |
[INFO] [stdout]     = help: to document an item produced by a macro, the macro must produce the documentation as part of its expansion
[INFO] [stdout] 
[INFO] [stdout] 
[INFO] [stdout] warning: unused doc comment
[INFO] [stdout]    --> src/iterstate.rs:245:5
[INFO] [stdout]     |
[INFO] [stdout] 245 |     /// Returns current Hessian
[INFO] [stdout]     |     ^^^^^^^^^^^^^^^^^^^^^^^^^^^ rustdoc does not generate documentation for macro invocations
[INFO] [stdout]     |
[INFO] [stdout]     = help: to document an item produced by a macro, the macro must produce the documentation as part of its expansion
[INFO] [stdout] 
[INFO] [stdout] 
[INFO] [stdout] warning: unused doc comment
[INFO] [stdout]    --> src/iterstate.rs:247:5
[INFO] [stdout]     |
[INFO] [stdout] 247 |     /// Returns previous Hessian
[INFO] [stdout]     |     ^^^^^^^^^^^^^^^^^^^^^^^^^^^^ rustdoc does not generate documentation for macro invocations
[INFO] [stdout]     |
[INFO] [stdout]     = help: to document an item produced by a macro, the macro must produce the documentation as part of its expansion
[INFO] [stdout] 
[INFO] [stdout] 
[INFO] [stdout] warning: unused doc comment
[INFO] [stdout]    --> src/iterstate.rs:249:5
[INFO] [stdout]     |
[INFO] [stdout] 249 |     /// Returns current Jacobian
[INFO] [stdout]     |     ^^^^^^^^^^^^^^^^^^^^^^^^^^^^ rustdoc does not generate documentation for macro invocations
[INFO] [stdout]     |
[INFO] [stdout]     = help: to document an item produced by a macro, the macro must produce the documentation as part of its expansion
[INFO] [stdout] 
[INFO] [stdout] 
[INFO] [stdout] warning: unused doc comment
[INFO] [stdout]    --> src/iterstate.rs:251:5
[INFO] [stdout]     |
[INFO] [stdout] 251 |     /// Returns previous Jacobian
[INFO] [stdout]     |     ^^^^^^^^^^^^^^^^^^^^^^^^^^^^^ rustdoc does not generate documentation for macro invocations
[INFO] [stdout]     |
[INFO] [stdout]     = help: to document an item produced by a macro, the macro must produce the documentation as part of its expansion
[INFO] [stdout] 
[INFO] [stdout] 
[INFO] [stdout] warning: unused doc comment
[INFO] [stdout]    --> src/iterstate.rs:253:5
[INFO] [stdout]     |
[INFO] [stdout] 253 |     /// Returns current number of iterations
[INFO] [stdout]     |     ^^^^^^^^^^^^^^^^^^^^^^^^^^^^^^^^^^^^^^^^ rustdoc does not generate documentation for macro invocations
[INFO] [stdout]     |
[INFO] [stdout]     = help: to document an item produced by a macro, the macro must produce the documentation as part of its expansion
[INFO] [stdout] 
[INFO] [stdout] 
[INFO] [stdout] warning: unused doc comment
[INFO] [stdout]    --> src/iterstate.rs:255:5
[INFO] [stdout]     |
[INFO] [stdout] 255 |     /// Returns maximum number of iterations
[INFO] [stdout]     |     ^^^^^^^^^^^^^^^^^^^^^^^^^^^^^^^^^^^^^^^^ rustdoc does not generate documentation for macro invocations
[INFO] [stdout]     |
[INFO] [stdout]     = help: to document an item produced by a macro, the macro must produce the documentation as part of its expansion
[INFO] [stdout] 
[INFO] [stdout] 
[INFO] [stdout] warning: 30 warnings emitted
[INFO] [stdout] 
[INFO] [stdout] 
[INFO] [stderr]    Compiling lapacke v0.2.0
[INFO] [stderr]    Compiling blas-src v0.6.1
[INFO] [stderr]    Compiling lapack-src v0.6.0
[INFO] [stderr]    Compiling ndarray-linalg v0.12.1
[INFO] [stderr]    Compiling argmin_core v0.2.5 (/opt/rustwide/workdir)
[INFO] [stdout] warning: unused doc comment
[INFO] [stdout]    --> src/iterstate.rs:197:5
[INFO] [stdout]     |
[INFO] [stdout] 197 |     /// Set target cost value
[INFO] [stdout]     |     ^^^^^^^^^^^^^^^^^^^^^^^^^ rustdoc does not generate documentation for macro invocations
[INFO] [stdout]     |
[INFO] [stdout]     = note: `#[warn(unused_doc_comments)]` on by default
[INFO] [stdout]     = help: to document an item produced by a macro, the macro must produce the documentation as part of its expansion
[INFO] [stdout] 
[INFO] [stdout] 
[INFO] [stdout] warning: unused doc comment
[INFO] [stdout]    --> src/iterstate.rs:199:5
[INFO] [stdout]     |
[INFO] [stdout] 199 |     /// Set maximum number of iterations
[INFO] [stdout]     |     ^^^^^^^^^^^^^^^^^^^^^^^^^^^^^^^^^^^^ rustdoc does not generate documentation for macro invocations
[INFO] [stdout]     |
[INFO] [stdout]     = help: to document an item produced by a macro, the macro must produce the documentation as part of its expansion
[INFO] [stdout] 
[INFO] [stdout] 
[INFO] [stdout] warning: unused doc comment
[INFO] [stdout]    --> src/iterstate.rs:201:5
[INFO] [stdout]     |
[INFO] [stdout] 201 |     /// Set iteration number where the previous best parameter vector was found
[INFO] [stdout]     |     ^^^^^^^^^^^^^^^^^^^^^^^^^^^^^^^^^^^^^^^^^^^^^^^^^^^^^^^^^^^^^^^^^^^^^^^^^^^ rustdoc does not generate documentation for macro invocations
[INFO] [stdout]     |
[INFO] [stdout]     = help: to document an item produced by a macro, the macro must produce the documentation as part of its expansion
[INFO] [stdout] 
[INFO] [stdout] 
[INFO] [stdout] warning: unused doc comment
[INFO] [stdout]    --> src/iterstate.rs:203:5
[INFO] [stdout]     |
[INFO] [stdout] 203 |     /// Set termination_reston
[INFO] [stdout]     |     ^^^^^^^^^^^^^^^^^^^^^^^^^^ rustdoc does not generate documentation for macro invocations
[INFO] [stdout]     |
[INFO] [stdout]     = help: to document an item produced by a macro, the macro must produce the documentation as part of its expansion
[INFO] [stdout] 
[INFO] [stdout] 
[INFO] [stdout] warning: unused doc comment
[INFO] [stdout]    --> src/iterstate.rs:205:5
[INFO] [stdout]     |
[INFO] [stdout] 205 |     /// Set time required so far
[INFO] [stdout]     |     ^^^^^^^^^^^^^^^^^^^^^^^^^^^^ rustdoc does not generate documentation for macro invocations
[INFO] [stdout]     |
[INFO] [stdout]     = help: to document an item produced by a macro, the macro must produce the documentation as part of its expansion
[INFO] [stdout] 
[INFO] [stdout] 
[INFO] [stdout] warning: unused doc comment
[INFO] [stdout]    --> src/iterstate.rs:207:5
[INFO] [stdout]     |
[INFO] [stdout] 207 |     /// Returns current parameter vector
[INFO] [stdout]     |     ^^^^^^^^^^^^^^^^^^^^^^^^^^^^^^^^^^^^ rustdoc does not generate documentation for macro invocations
[INFO] [stdout]     |
[INFO] [stdout]     = help: to document an item produced by a macro, the macro must produce the documentation as part of its expansion
[INFO] [stdout] 
[INFO] [stdout] 
[INFO] [stdout] warning: unused doc comment
[INFO] [stdout]    --> src/iterstate.rs:209:5
[INFO] [stdout]     |
[INFO] [stdout] 209 |     /// Returns previous parameter vector
[INFO] [stdout]     |     ^^^^^^^^^^^^^^^^^^^^^^^^^^^^^^^^^^^^^ rustdoc does not generate documentation for macro invocations
[INFO] [stdout]     |
[INFO] [stdout]     = help: to document an item produced by a macro, the macro must produce the documentation as part of its expansion
[INFO] [stdout] 
[INFO] [stdout] 
[INFO] [stdout] warning: unused doc comment
[INFO] [stdout]    --> src/iterstate.rs:211:5
[INFO] [stdout]     |
[INFO] [stdout] 211 |     /// Returns best parameter vector
[INFO] [stdout]     |     ^^^^^^^^^^^^^^^^^^^^^^^^^^^^^^^^^ rustdoc does not generate documentation for macro invocations
[INFO] [stdout]     |
[INFO] [stdout]     = help: to document an item produced by a macro, the macro must produce the documentation as part of its expansion
[INFO] [stdout] 
[INFO] [stdout] 
[INFO] [stdout] warning: unused doc comment
[INFO] [stdout]    --> src/iterstate.rs:213:5
[INFO] [stdout]     |
[INFO] [stdout] 213 |     /// Returns previous best parameter vector
[INFO] [stdout]     |     ^^^^^^^^^^^^^^^^^^^^^^^^^^^^^^^^^^^^^^^^^^ rustdoc does not generate documentation for macro invocations
[INFO] [stdout]     |
[INFO] [stdout]     = help: to document an item produced by a macro, the macro must produce the documentation as part of its expansion
[INFO] [stdout] 
[INFO] [stdout] 
[INFO] [stdout] warning: unused doc comment
[INFO] [stdout]    --> src/iterstate.rs:215:5
[INFO] [stdout]     |
[INFO] [stdout] 215 |     /// Returns current cost function value
[INFO] [stdout]     |     ^^^^^^^^^^^^^^^^^^^^^^^^^^^^^^^^^^^^^^^ rustdoc does not generate documentation for macro invocations
[INFO] [stdout]     |
[INFO] [stdout]     = help: to document an item produced by a macro, the macro must produce the documentation as part of its expansion
[INFO] [stdout] 
[INFO] [stdout] 
[INFO] [stdout] warning: unused doc comment
[INFO] [stdout]    --> src/iterstate.rs:217:5
[INFO] [stdout]     |
[INFO] [stdout] 217 |     /// Returns previous cost function value
[INFO] [stdout]     |     ^^^^^^^^^^^^^^^^^^^^^^^^^^^^^^^^^^^^^^^^ rustdoc does not generate documentation for macro invocations
[INFO] [stdout]     |
[INFO] [stdout]     = help: to document an item produced by a macro, the macro must produce the documentation as part of its expansion
[INFO] [stdout] 
[INFO] [stdout] 
[INFO] [stdout] warning: unused doc comment
[INFO] [stdout]    --> src/iterstate.rs:219:5
[INFO] [stdout]     |
[INFO] [stdout] 219 |     /// Returns current best cost function value
[INFO] [stdout]     |     ^^^^^^^^^^^^^^^^^^^^^^^^^^^^^^^^^^^^^^^^^^^^ rustdoc does not generate documentation for macro invocations
[INFO] [stdout]     |
[INFO] [stdout]     = help: to document an item produced by a macro, the macro must produce the documentation as part of its expansion
[INFO] [stdout] 
[INFO] [stdout] 
[INFO] [stdout] warning: unused doc comment
[INFO] [stdout]    --> src/iterstate.rs:221:5
[INFO] [stdout]     |
[INFO] [stdout] 221 |     /// Returns previous best cost function value
[INFO] [stdout]     |     ^^^^^^^^^^^^^^^^^^^^^^^^^^^^^^^^^^^^^^^^^^^^^ rustdoc does not generate documentation for macro invocations
[INFO] [stdout]     |
[INFO] [stdout]     = help: to document an item produced by a macro, the macro must produce the documentation as part of its expansion
[INFO] [stdout] 
[INFO] [stdout] 
[INFO] [stdout] warning: unused doc comment
[INFO] [stdout]    --> src/iterstate.rs:223:5
[INFO] [stdout]     |
[INFO] [stdout] 223 |     /// Returns target cost
[INFO] [stdout]     |     ^^^^^^^^^^^^^^^^^^^^^^^ rustdoc does not generate documentation for macro invocations
[INFO] [stdout]     |
[INFO] [stdout]     = help: to document an item produced by a macro, the macro must produce the documentation as part of its expansion
[INFO] [stdout] 
[INFO] [stdout] 
[INFO] [stdout] warning: unused doc comment
[INFO] [stdout]    --> src/iterstate.rs:225:5
[INFO] [stdout]     |
[INFO] [stdout] 225 |     /// Returns current cost function evaluation count
[INFO] [stdout]     |     ^^^^^^^^^^^^^^^^^^^^^^^^^^^^^^^^^^^^^^^^^^^^^^^^^^ rustdoc does not generate documentation for macro invocations
[INFO] [stdout]     |
[INFO] [stdout]     = help: to document an item produced by a macro, the macro must produce the documentation as part of its expansion
[INFO] [stdout] 
[INFO] [stdout] 
[INFO] [stdout] warning: unused doc comment
[INFO] [stdout]    --> src/iterstate.rs:227:5
[INFO] [stdout]     |
[INFO] [stdout] 227 |     /// Returns current gradient function evaluation count
[INFO] [stdout]     |     ^^^^^^^^^^^^^^^^^^^^^^^^^^^^^^^^^^^^^^^^^^^^^^^^^^^^^^ rustdoc does not generate documentation for macro invocations
[INFO] [stdout]     |
[INFO] [stdout]     = help: to document an item produced by a macro, the macro must produce the documentation as part of its expansion
[INFO] [stdout] 
[INFO] [stdout] 
[INFO] [stdout] warning: unused doc comment
[INFO] [stdout]    --> src/iterstate.rs:229:5
[INFO] [stdout]     |
[INFO] [stdout] 229 |     /// Returns current Hessian function evaluation count
[INFO] [stdout]     |     ^^^^^^^^^^^^^^^^^^^^^^^^^^^^^^^^^^^^^^^^^^^^^^^^^^^^^ rustdoc does not generate documentation for macro invocations
[INFO] [stdout]     |
[INFO] [stdout]     = help: to document an item produced by a macro, the macro must produce the documentation as part of its expansion
[INFO] [stdout] 
[INFO] [stdout] 
[INFO] [stdout] warning: unused doc comment
[INFO] [stdout]    --> src/iterstate.rs:231:5
[INFO] [stdout]     |
[INFO] [stdout] 231 |     /// Returns current Jacobian function evaluation count
[INFO] [stdout]     |     ^^^^^^^^^^^^^^^^^^^^^^^^^^^^^^^^^^^^^^^^^^^^^^^^^^^^^^ rustdoc does not generate documentation for macro invocations
[INFO] [stdout]     |
[INFO] [stdout]     = help: to document an item produced by a macro, the macro must produce the documentation as part of its expansion
[INFO] [stdout] 
[INFO] [stdout] 
[INFO] [stdout] warning: unused doc comment
[INFO] [stdout]    --> src/iterstate.rs:233:5
[INFO] [stdout]     |
[INFO] [stdout] 233 |     /// Returns current Modify function evaluation count
[INFO] [stdout]     |     ^^^^^^^^^^^^^^^^^^^^^^^^^^^^^^^^^^^^^^^^^^^^^^^^^^^^ rustdoc does not generate documentation for macro invocations
[INFO] [stdout]     |
[INFO] [stdout]     = help: to document an item produced by a macro, the macro must produce the documentation as part of its expansion
[INFO] [stdout] 
[INFO] [stdout] 
[INFO] [stdout] warning: unused doc comment
[INFO] [stdout]    --> src/iterstate.rs:235:5
[INFO] [stdout]     |
[INFO] [stdout] 235 |     /// Returns iteration number where the last best parameter vector was found
[INFO] [stdout]     |     ^^^^^^^^^^^^^^^^^^^^^^^^^^^^^^^^^^^^^^^^^^^^^^^^^^^^^^^^^^^^^^^^^^^^^^^^^^^ rustdoc does not generate documentation for macro invocations
[INFO] [stdout]     |
[INFO] [stdout]     = help: to document an item produced by a macro, the macro must produce the documentation as part of its expansion
[INFO] [stdout] 
[INFO] [stdout] 
[INFO] [stdout] warning: unused doc comment
[INFO] [stdout]    --> src/iterstate.rs:237:5
[INFO] [stdout]     |
[INFO] [stdout] 237 |     /// Get termination_reason
[INFO] [stdout]     |     ^^^^^^^^^^^^^^^^^^^^^^^^^^ rustdoc does not generate documentation for macro invocations
[INFO] [stdout]     |
[INFO] [stdout]     = help: to document an item produced by a macro, the macro must produce the documentation as part of its expansion
[INFO] [stdout] 
[INFO] [stdout] 
[INFO] [stdout] warning: unused doc comment
[INFO] [stdout]    --> src/iterstate.rs:239:5
[INFO] [stdout]     |
[INFO] [stdout] 239 |     /// Get time required so far
[INFO] [stdout]     |     ^^^^^^^^^^^^^^^^^^^^^^^^^^^^ rustdoc does not generate documentation for macro invocations
[INFO] [stdout]     |
[INFO] [stdout]     = help: to document an item produced by a macro, the macro must produce the documentation as part of its expansion
[INFO] [stdout] 
[INFO] [stdout] 
[INFO] [stdout] warning: unused doc comment
[INFO] [stdout]    --> src/iterstate.rs:241:5
[INFO] [stdout]     |
[INFO] [stdout] 241 |     /// Returns gradient
[INFO] [stdout]     |     ^^^^^^^^^^^^^^^^^^^^ rustdoc does not generate documentation for macro invocations
[INFO] [stdout]     |
[INFO] [stdout]     = help: to document an item produced by a macro, the macro must produce the documentation as part of its expansion
[INFO] [stdout] 
[INFO] [stdout] 
[INFO] [stdout] warning: unused doc comment
[INFO] [stdout]    --> src/iterstate.rs:243:5
[INFO] [stdout]     |
[INFO] [stdout] 243 |     /// Returns previous gradient
[INFO] [stdout]     |     ^^^^^^^^^^^^^^^^^^^^^^^^^^^^^ rustdoc does not generate documentation for macro invocations
[INFO] [stdout]     |
[INFO] [stdout]     = help: to document an item produced by a macro, the macro must produce the documentation as part of its expansion
[INFO] [stdout] 
[INFO] [stdout] 
[INFO] [stdout] warning: unused doc comment
[INFO] [stdout]    --> src/iterstate.rs:245:5
[INFO] [stdout]     |
[INFO] [stdout] 245 |     /// Returns current Hessian
[INFO] [stdout]     |     ^^^^^^^^^^^^^^^^^^^^^^^^^^^ rustdoc does not generate documentation for macro invocations
[INFO] [stdout]     |
[INFO] [stdout]     = help: to document an item produced by a macro, the macro must produce the documentation as part of its expansion
[INFO] [stdout] 
[INFO] [stdout] 
[INFO] [stdout] warning: unused doc comment
[INFO] [stdout]    --> src/iterstate.rs:247:5
[INFO] [stdout]     |
[INFO] [stdout] 247 |     /// Returns previous Hessian
[INFO] [stdout]     |     ^^^^^^^^^^^^^^^^^^^^^^^^^^^^ rustdoc does not generate documentation for macro invocations
[INFO] [stdout]     |
[INFO] [stdout]     = help: to document an item produced by a macro, the macro must produce the documentation as part of its expansion
[INFO] [stdout] 
[INFO] [stdout] 
[INFO] [stdout] warning: unused doc comment
[INFO] [stdout]    --> src/iterstate.rs:249:5
[INFO] [stdout]     |
[INFO] [stdout] 249 |     /// Returns current Jacobian
[INFO] [stdout]     |     ^^^^^^^^^^^^^^^^^^^^^^^^^^^^ rustdoc does not generate documentation for macro invocations
[INFO] [stdout]     |
[INFO] [stdout]     = help: to document an item produced by a macro, the macro must produce the documentation as part of its expansion
[INFO] [stdout] 
[INFO] [stdout] 
[INFO] [stdout] warning: unused doc comment
[INFO] [stdout]    --> src/iterstate.rs:251:5
[INFO] [stdout]     |
[INFO] [stdout] 251 |     /// Returns previous Jacobian
[INFO] [stdout]     |     ^^^^^^^^^^^^^^^^^^^^^^^^^^^^^ rustdoc does not generate documentation for macro invocations
[INFO] [stdout]     |
[INFO] [stdout]     = help: to document an item produced by a macro, the macro must produce the documentation as part of its expansion
[INFO] [stdout] 
[INFO] [stdout] 
[INFO] [stdout] warning: unused doc comment
[INFO] [stdout]    --> src/iterstate.rs:253:5
[INFO] [stdout]     |
[INFO] [stdout] 253 |     /// Returns current number of iterations
[INFO] [stdout]     |     ^^^^^^^^^^^^^^^^^^^^^^^^^^^^^^^^^^^^^^^^ rustdoc does not generate documentation for macro invocations
[INFO] [stdout]     |
[INFO] [stdout]     = help: to document an item produced by a macro, the macro must produce the documentation as part of its expansion
[INFO] [stdout] 
[INFO] [stdout] 
[INFO] [stdout] warning: unused doc comment
[INFO] [stdout]    --> src/iterstate.rs:255:5
[INFO] [stdout]     |
[INFO] [stdout] 255 |     /// Returns maximum number of iterations
[INFO] [stdout]     |     ^^^^^^^^^^^^^^^^^^^^^^^^^^^^^^^^^^^^^^^^ rustdoc does not generate documentation for macro invocations
[INFO] [stdout]     |
[INFO] [stdout]     = help: to document an item produced by a macro, the macro must produce the documentation as part of its expansion
[INFO] [stdout] 
[INFO] [stdout] 
[INFO] [stdout] warning: 30 warnings emitted
[INFO] [stdout] 
[INFO] [stdout] 
[INFO] [stderr]     Finished test [unoptimized + debuginfo] target(s) in 3m 50s
[INFO] running `Command { std: "docker" "inspect" "86f72b7e0f3740075d153e42afcc85270ffa48b154ac64ae5ee311965107846b", kill_on_drop: false }`
[INFO] running `Command { std: "docker" "rm" "-f" "86f72b7e0f3740075d153e42afcc85270ffa48b154ac64ae5ee311965107846b", kill_on_drop: false }`
[INFO] [stdout] 86f72b7e0f3740075d153e42afcc85270ffa48b154ac64ae5ee311965107846b
[INFO] running `Command { std: "docker" "create" "-v" "/var/lib/crater-agent-workspace/builds/worker-40/target:/opt/rustwide/target:rw,Z" "-v" "/var/lib/crater-agent-workspace/builds/worker-40/source:/opt/rustwide/workdir:ro,Z" "-v" "/var/lib/crater-agent-workspace/cargo-home:/opt/rustwide/cargo-home:ro,Z" "-v" "/var/lib/crater-agent-workspace/rustup-home:/opt/rustwide/rustup-home:ro,Z" "-e" "SOURCE_DIR=/opt/rustwide/workdir" "-e" "CARGO_TARGET_DIR=/opt/rustwide/target" "-e" "CARGO_INCREMENTAL=0" "-e" "RUST_BACKTRACE=full" "-e" "RUSTFLAGS=--cap-lints=warn" "-e" "CARGO_HOME=/opt/rustwide/cargo-home" "-e" "RUSTUP_HOME=/opt/rustwide/rustup-home" "-w" "/opt/rustwide/workdir" "-m" "1610612736" "--user" "0:0" "--network" "none" "ghcr.io/rust-lang/crates-build-env/linux@sha256:34b6a614d2c27851fe6cbf88fbd1137609cefab8b10d0615aaeb6fd47975d74e" "/opt/rustwide/cargo-home/bin/cargo" "+beta-2021-08-01" "test" "--frozen", kill_on_drop: false }`
[INFO] [stdout] 288ec18931122031b45f1f47fd0fc98377911d8443e7e48e2537aee6ff7c6aaa
[INFO] running `Command { std: "docker" "start" "-a" "288ec18931122031b45f1f47fd0fc98377911d8443e7e48e2537aee6ff7c6aaa", kill_on_drop: false }`
[INFO] [stderr] warning: unused doc comment
[INFO] [stderr]    --> src/iterstate.rs:197:5
[INFO] [stderr]     |
[INFO] [stderr] 197 |     /// Set target cost value
[INFO] [stderr]     |     ^^^^^^^^^^^^^^^^^^^^^^^^^ rustdoc does not generate documentation for macro invocations
[INFO] [stderr]     |
[INFO] [stderr]     = note: `#[warn(unused_doc_comments)]` on by default
[INFO] [stderr]     = help: to document an item produced by a macro, the macro must produce the documentation as part of its expansion
[INFO] [stderr] 
[INFO] [stderr] warning: unused doc comment
[INFO] [stderr]    --> src/iterstate.rs:199:5
[INFO] [stderr]     |
[INFO] [stderr] 199 |     /// Set maximum number of iterations
[INFO] [stderr]     |     ^^^^^^^^^^^^^^^^^^^^^^^^^^^^^^^^^^^^ rustdoc does not generate documentation for macro invocations
[INFO] [stderr]     |
[INFO] [stderr]     = help: to document an item produced by a macro, the macro must produce the documentation as part of its expansion
[INFO] [stderr] 
[INFO] [stderr] warning: unused doc comment
[INFO] [stderr]    --> src/iterstate.rs:201:5
[INFO] [stderr]     |
[INFO] [stderr] 201 |     /// Set iteration number where the previous best parameter vector was found
[INFO] [stderr]     |     ^^^^^^^^^^^^^^^^^^^^^^^^^^^^^^^^^^^^^^^^^^^^^^^^^^^^^^^^^^^^^^^^^^^^^^^^^^^ rustdoc does not generate documentation for macro invocations
[INFO] [stderr]     |
[INFO] [stderr]     = help: to document an item produced by a macro, the macro must produce the documentation as part of its expansion
[INFO] [stderr] 
[INFO] [stderr] warning: unused doc comment
[INFO] [stderr]    --> src/iterstate.rs:203:5
[INFO] [stderr]     |
[INFO] [stderr] 203 |     /// Set termination_reston
[INFO] [stderr]     |     ^^^^^^^^^^^^^^^^^^^^^^^^^^ rustdoc does not generate documentation for macro invocations
[INFO] [stderr]     |
[INFO] [stderr]     = help: to document an item produced by a macro, the macro must produce the documentation as part of its expansion
[INFO] [stderr] 
[INFO] [stderr] warning: unused doc comment
[INFO] [stderr]    --> src/iterstate.rs:205:5
[INFO] [stderr]     |
[INFO] [stderr] 205 |     /// Set time required so far
[INFO] [stderr]     |     ^^^^^^^^^^^^^^^^^^^^^^^^^^^^ rustdoc does not generate documentation for macro invocations
[INFO] [stderr]     |
[INFO] [stderr]     = help: to document an item produced by a macro, the macro must produce the documentation as part of its expansion
[INFO] [stderr] 
[INFO] [stderr] warning: unused doc comment
[INFO] [stderr]    --> src/iterstate.rs:207:5
[INFO] [stderr]     |
[INFO] [stderr] 207 |     /// Returns current parameter vector
[INFO] [stderr]     |     ^^^^^^^^^^^^^^^^^^^^^^^^^^^^^^^^^^^^ rustdoc does not generate documentation for macro invocations
[INFO] [stderr]     |
[INFO] [stderr]     = help: to document an item produced by a macro, the macro must produce the documentation as part of its expansion
[INFO] [stderr] 
[INFO] [stderr] warning: unused doc comment
[INFO] [stderr]    --> src/iterstate.rs:209:5
[INFO] [stderr]     |
[INFO] [stderr] 209 |     /// Returns previous parameter vector
[INFO] [stderr]     |     ^^^^^^^^^^^^^^^^^^^^^^^^^^^^^^^^^^^^^ rustdoc does not generate documentation for macro invocations
[INFO] [stderr]     |
[INFO] [stderr]     = help: to document an item produced by a macro, the macro must produce the documentation as part of its expansion
[INFO] [stderr] 
[INFO] [stderr] warning: unused doc comment
[INFO] [stderr]    --> src/iterstate.rs:211:5
[INFO] [stderr]     |
[INFO] [stderr] 211 |     /// Returns best parameter vector
[INFO] [stderr]     |     ^^^^^^^^^^^^^^^^^^^^^^^^^^^^^^^^^ rustdoc does not generate documentation for macro invocations
[INFO] [stderr]     |
[INFO] [stderr]     = help: to document an item produced by a macro, the macro must produce the documentation as part of its expansion
[INFO] [stderr] 
[INFO] [stderr] warning: unused doc comment
[INFO] [stderr]    --> src/iterstate.rs:213:5
[INFO] [stderr]     |
[INFO] [stderr] 213 |     /// Returns previous best parameter vector
[INFO] [stderr]     |     ^^^^^^^^^^^^^^^^^^^^^^^^^^^^^^^^^^^^^^^^^^ rustdoc does not generate documentation for macro invocations
[INFO] [stderr]     |
[INFO] [stderr]     = help: to document an item produced by a macro, the macro must produce the documentation as part of its expansion
[INFO] [stderr] 
[INFO] [stderr] warning: unused doc comment
[INFO] [stderr]    --> src/iterstate.rs:215:5
[INFO] [stderr]     |
[INFO] [stderr] 215 |     /// Returns current cost function value
[INFO] [stderr]     |     ^^^^^^^^^^^^^^^^^^^^^^^^^^^^^^^^^^^^^^^ rustdoc does not generate documentation for macro invocations
[INFO] [stderr]     |
[INFO] [stderr]     = help: to document an item produced by a macro, the macro must produce the documentation as part of its expansion
[INFO] [stderr] 
[INFO] [stderr] warning: unused doc comment
[INFO] [stderr]    --> src/iterstate.rs:217:5
[INFO] [stderr]     |
[INFO] [stderr] 217 |     /// Returns previous cost function value
[INFO] [stderr]     |     ^^^^^^^^^^^^^^^^^^^^^^^^^^^^^^^^^^^^^^^^ rustdoc does not generate documentation for macro invocations
[INFO] [stderr]     |
[INFO] [stderr]     = help: to document an item produced by a macro, the macro must produce the documentation as part of its expansion
[INFO] [stderr] 
[INFO] [stderr] warning: unused doc comment
[INFO] [stderr]    --> src/iterstate.rs:219:5
[INFO] [stderr]     |
[INFO] [stderr] 219 |     /// Returns current best cost function value
[INFO] [stderr]     |     ^^^^^^^^^^^^^^^^^^^^^^^^^^^^^^^^^^^^^^^^^^^^ rustdoc does not generate documentation for macro invocations
[INFO] [stderr]     |
[INFO] [stderr]     = help: to document an item produced by a macro, the macro must produce the documentation as part of its expansion
[INFO] [stderr] 
[INFO] [stderr] warning: unused doc comment
[INFO] [stderr]    --> src/iterstate.rs:221:5
[INFO] [stderr]     |
[INFO] [stderr] 221 |     /// Returns previous best cost function value
[INFO] [stderr]     |     ^^^^^^^^^^^^^^^^^^^^^^^^^^^^^^^^^^^^^^^^^^^^^ rustdoc does not generate documentation for macro invocations
[INFO] [stderr]     |
[INFO] [stderr]     = help: to document an item produced by a macro, the macro must produce the documentation as part of its expansion
[INFO] [stderr] 
[INFO] [stderr] warning: unused doc comment
[INFO] [stderr]    --> src/iterstate.rs:223:5
[INFO] [stderr]     |
[INFO] [stderr] 223 |     /// Returns target cost
[INFO] [stderr]     |     ^^^^^^^^^^^^^^^^^^^^^^^ rustdoc does not generate documentation for macro invocations
[INFO] [stderr]     |
[INFO] [stderr]     = help: to document an item produced by a macro, the macro must produce the documentation as part of its expansion
[INFO] [stderr] 
[INFO] [stderr] warning: unused doc comment
[INFO] [stderr]    --> src/iterstate.rs:225:5
[INFO] [stderr]     |
[INFO] [stderr] 225 |     /// Returns current cost function evaluation count
[INFO] [stderr]     |     ^^^^^^^^^^^^^^^^^^^^^^^^^^^^^^^^^^^^^^^^^^^^^^^^^^ rustdoc does not generate documentation for macro invocations
[INFO] [stderr]     |
[INFO] [stderr]     = help: to document an item produced by a macro, the macro must produce the documentation as part of its expansion
[INFO] [stderr] 
[INFO] [stderr] warning: unused doc comment
[INFO] [stderr]    --> src/iterstate.rs:227:5
[INFO] [stderr]     |
[INFO] [stderr] 227 |     /// Returns current gradient function evaluation count
[INFO] [stderr]     |     ^^^^^^^^^^^^^^^^^^^^^^^^^^^^^^^^^^^^^^^^^^^^^^^^^^^^^^ rustdoc does not generate documentation for macro invocations
[INFO] [stderr]     |
[INFO] [stderr]     = help: to document an item produced by a macro, the macro must produce the documentation as part of its expansion
[INFO] [stderr] 
[INFO] [stderr] warning: unused doc comment
[INFO] [stderr]    --> src/iterstate.rs:229:5
[INFO] [stderr]     |
[INFO] [stderr] 229 |     /// Returns current Hessian function evaluation count
[INFO] [stderr]     |     ^^^^^^^^^^^^^^^^^^^^^^^^^^^^^^^^^^^^^^^^^^^^^^^^^^^^^ rustdoc does not generate documentation for macro invocations
[INFO] [stderr]     |
[INFO] [stderr]     = help: to document an item produced by a macro, the macro must produce the documentation as part of its expansion
[INFO] [stderr] 
[INFO] [stderr] warning: unused doc comment
[INFO] [stderr]    --> src/iterstate.rs:231:5
[INFO] [stderr]     |
[INFO] [stderr] 231 |     /// Returns current Jacobian function evaluation count
[INFO] [stderr]     |     ^^^^^^^^^^^^^^^^^^^^^^^^^^^^^^^^^^^^^^^^^^^^^^^^^^^^^^ rustdoc does not generate documentation for macro invocations
[INFO] [stderr]     |
[INFO] [stderr]     = help: to document an item produced by a macro, the macro must produce the documentation as part of its expansion
[INFO] [stderr] 
[INFO] [stderr] warning: unused doc comment
[INFO] [stderr]    --> src/iterstate.rs:233:5
[INFO] [stderr]     |
[INFO] [stderr] 233 |     /// Returns current Modify function evaluation count
[INFO] [stderr]     |     ^^^^^^^^^^^^^^^^^^^^^^^^^^^^^^^^^^^^^^^^^^^^^^^^^^^^ rustdoc does not generate documentation for macro invocations
[INFO] [stderr]     |
[INFO] [stderr]     = help: to document an item produced by a macro, the macro must produce the documentation as part of its expansion
[INFO] [stderr] 
[INFO] [stderr] warning: unused doc comment
[INFO] [stderr]    --> src/iterstate.rs:235:5
[INFO] [stderr]     |
[INFO] [stderr] 235 |     /// Returns iteration number where the last best parameter vector was found
[INFO] [stderr]     |     ^^^^^^^^^^^^^^^^^^^^^^^^^^^^^^^^^^^^^^^^^^^^^^^^^^^^^^^^^^^^^^^^^^^^^^^^^^^ rustdoc does not generate documentation for macro invocations
[INFO] [stderr]     |
[INFO] [stderr]     = help: to document an item produced by a macro, the macro must produce the documentation as part of its expansion
[INFO] [stderr] 
[INFO] [stderr] warning: unused doc comment
[INFO] [stderr]    --> src/iterstate.rs:237:5
[INFO] [stderr]     |
[INFO] [stderr] 237 |     /// Get termination_reason
[INFO] [stderr]     |     ^^^^^^^^^^^^^^^^^^^^^^^^^^ rustdoc does not generate documentation for macro invocations
[INFO] [stderr]     |
[INFO] [stderr]     = help: to document an item produced by a macro, the macro must produce the documentation as part of its expansion
[INFO] [stderr] 
[INFO] [stderr] warning: unused doc comment
[INFO] [stderr]    --> src/iterstate.rs:239:5
[INFO] [stderr]     |
[INFO] [stderr] 239 |     /// Get time required so far
[INFO] [stderr]     |     ^^^^^^^^^^^^^^^^^^^^^^^^^^^^ rustdoc does not generate documentation for macro invocations
[INFO] [stderr]     |
[INFO] [stderr]     = help: to document an item produced by a macro, the macro must produce the documentation as part of its expansion
[INFO] [stderr] 
[INFO] [stderr] warning: unused doc comment
[INFO] [stderr]    --> src/iterstate.rs:241:5
[INFO] [stderr]     |
[INFO] [stderr] 241 |     /// Returns gradient
[INFO] [stderr]     |     ^^^^^^^^^^^^^^^^^^^^ rustdoc does not generate documentation for macro invocations
[INFO] [stderr]     |
[INFO] [stderr]     = help: to document an item produced by a macro, the macro must produce the documentation as part of its expansion
[INFO] [stderr] 
[INFO] [stderr] warning: unused doc comment
[INFO] [stderr]    --> src/iterstate.rs:243:5
[INFO] [stderr]     |
[INFO] [stderr] 243 |     /// Returns previous gradient
[INFO] [stderr]     |     ^^^^^^^^^^^^^^^^^^^^^^^^^^^^^ rustdoc does not generate documentation for macro invocations
[INFO] [stderr]     |
[INFO] [stderr]     = help: to document an item produced by a macro, the macro must produce the documentation as part of its expansion
[INFO] [stderr] 
[INFO] [stderr] warning: unused doc comment
[INFO] [stderr]    --> src/iterstate.rs:245:5
[INFO] [stderr]     |
[INFO] [stderr] 245 |     /// Returns current Hessian
[INFO] [stderr]     |     ^^^^^^^^^^^^^^^^^^^^^^^^^^^ rustdoc does not generate documentation for macro invocations
[INFO] [stderr]     |
[INFO] [stderr]     = help: to document an item produced by a macro, the macro must produce the documentation as part of its expansion
[INFO] [stderr] 
[INFO] [stderr] warning: unused doc comment
[INFO] [stderr]    --> src/iterstate.rs:247:5
[INFO] [stderr]     |
[INFO] [stderr] 247 |     /// Returns previous Hessian
[INFO] [stderr]     |     ^^^^^^^^^^^^^^^^^^^^^^^^^^^^ rustdoc does not generate documentation for macro invocations
[INFO] [stderr]     |
[INFO] [stderr]     = help: to document an item produced by a macro, the macro must produce the documentation as part of its expansion
[INFO] [stderr] 
[INFO] [stderr] warning: unused doc comment
[INFO] [stderr]    --> src/iterstate.rs:249:5
[INFO] [stderr]     |
[INFO] [stderr] 249 |     /// Returns current Jacobian
[INFO] [stderr]     |     ^^^^^^^^^^^^^^^^^^^^^^^^^^^^ rustdoc does not generate documentation for macro invocations
[INFO] [stderr]     |
[INFO] [stderr]     = help: to document an item produced by a macro, the macro must produce the documentation as part of its expansion
[INFO] [stderr] 
[INFO] [stderr] warning: unused doc comment
[INFO] [stderr]    --> src/iterstate.rs:251:5
[INFO] [stderr]     |
[INFO] [stderr] 251 |     /// Returns previous Jacobian
[INFO] [stderr]     |     ^^^^^^^^^^^^^^^^^^^^^^^^^^^^^ rustdoc does not generate documentation for macro invocations
[INFO] [stderr]     |
[INFO] [stderr]     = help: to document an item produced by a macro, the macro must produce the documentation as part of its expansion
[INFO] [stderr] 
[INFO] [stderr] warning: unused doc comment
[INFO] [stderr]    --> src/iterstate.rs:253:5
[INFO] [stderr]     |
[INFO] [stderr] 253 |     /// Returns current number of iterations
[INFO] [stderr]     |     ^^^^^^^^^^^^^^^^^^^^^^^^^^^^^^^^^^^^^^^^ rustdoc does not generate documentation for macro invocations
[INFO] [stderr]     |
[INFO] [stderr]     = help: to document an item produced by a macro, the macro must produce the documentation as part of its expansion
[INFO] [stderr] 
[INFO] [stderr] warning: unused doc comment
[INFO] [stderr]    --> src/iterstate.rs:255:5
[INFO] [stderr]     |
[INFO] [stderr] 255 |     /// Returns maximum number of iterations
[INFO] [stderr]     |     ^^^^^^^^^^^^^^^^^^^^^^^^^^^^^^^^^^^^^^^^ rustdoc does not generate documentation for macro invocations
[INFO] [stderr]     |
[INFO] [stderr]     = help: to document an item produced by a macro, the macro must produce the documentation as part of its expansion
[INFO] [stderr] 
[INFO] [stderr] warning: `argmin_core` (lib) generated 30 warnings
[INFO] [stderr] warning: `argmin_core` (lib test) generated 30 warnings (30 duplicates)
[INFO] [stderr]     Finished test [unoptimized + debuginfo] target(s) in 0.19s
[INFO] [stderr]      Running unittests (/opt/rustwide/target/debug/deps/argmin_core-d22798b66daf788a)
[INFO] [stdout] 
[INFO] [stdout] running 1378 tests
[INFO] [stdout] test errors::tests::test_send_error ... ok
[INFO] [stdout] test kv::tests::test_sync_argmin_kv ... ok
[INFO] [stdout] test kv::tests::test_send_argmin_kv ... ok
[INFO] [stdout] test errors::tests::test_sync_error ... ok
[INFO] [stdout] test iterstate::tests::test_iterstate ... ok
[INFO] [stdout] test math::add::tests::test_add_f32 ... ok
[INFO] [stdout] test math::add::tests::test_add_i16 ... ok
[INFO] [stdout] test math::add::tests::test_add_i32 ... ok
[INFO] [stdout] test math::add::tests::test_add_f64 ... ok
[INFO] [stdout] test math::add::tests::test_add_isize ... ok
[INFO] [stdout] test math::add::tests::test_add_i8 ... ok
[INFO] [stdout] test math::add::tests::test_add_i64 ... ok
[INFO] [stdout] test math::add::tests::test_add_u16 ... ok
[INFO] [stdout] test math::add::tests::test_add_u32 ... ok
[INFO] [stdout] test math::add::tests::test_add_u64 ... ok
[INFO] [stdout] test math::add::tests::test_add_u8 ... ok
[INFO] [stdout] test math::add::tests::test_add_usize ... ok
[INFO] [stdout] test math::add_vec::tests::test_add_mat_mat_f64 ... ok
[INFO] [stdout] test math::add_vec::tests::test_add_mat_mat_f32 ... ok
[INFO] [stdout] test math::add_vec::tests::test_add_mat_mat_i16 ... ok
[INFO] [stdout] test math::add_vec::tests::test_add_mat_mat_i32 ... ok
[INFO] [stdout] test math::add_vec::tests::test_add_mat_mat_i64 ... ok
[INFO] [stdout] test math::add_vec::tests::test_add_mat_mat_i8 ... ok
[INFO] [stdout] test math::add_vec::tests::test_add_mat_mat_isize ... ok
[INFO] [stdout] test math::add_vec::tests::test_add_mat_mat_u16 ... ok
[INFO] [stdout] test math::add_vec::tests::test_add_mat_mat_u64 ... ok
[INFO] [stdout] test math::add_vec::tests::test_add_mat_mat_u8 ... ok
[INFO] [stdout] test math::add_vec::tests::test_add_mat_mat_usize ... ok
[INFO] [stdout] test math::add_vec::tests::test_add_mat_scalar_f32 ... ok
[INFO] [stdout] test math::add_vec::tests::test_add_mat_scalar_f64 ... ok
[INFO] [stdout] test math::add_vec::tests::test_add_mat_scalar_i16 ... ok
[INFO] [stdout] test math::add_vec::tests::test_add_mat_scalar_i32 ... ok
[INFO] [stdout] test math::add_vec::tests::test_add_mat_scalar_i64 ... ok
[INFO] [stdout] test math::add_vec::tests::test_add_mat_scalar_i8 ... ok
[INFO] [stdout] test math::add_vec::tests::test_add_mat_scalar_isize ... ok
[INFO] [stdout] test math::add_vec::tests::test_add_mat_scalar_u16 ... ok
[INFO] [stdout] test math::add_vec::tests::test_add_mat_scalar_u32 ... ok
[INFO] [stdout] test math::add_vec::tests::test_add_mat_scalar_u64 ... ok
[INFO] [stdout] test math::add_vec::tests::test_add_mat_scalar_u8 ... ok
[INFO] [stdout] test math::add_vec::tests::test_add_mat_scalar_usize ... ok
[INFO] [stdout] test math::add_vec::tests::test_add_scalar_vec_f32 ... ok
[INFO] [stdout] test math::add_vec::tests::test_add_scalar_vec_f64 ... ok
[INFO] [stdout] test math::add_vec::tests::test_add_scalar_vec_i16 ... ok
[INFO] [stdout] test math::add_vec::tests::test_add_scalar_vec_i32 ... ok
[INFO] [stdout] test math::add_vec::tests::test_add_scalar_vec_i64 ... ok
[INFO] [stdout] test math::add_vec::tests::test_add_scalar_vec_i8 ... ok
[INFO] [stdout] test math::add_vec::tests::test_add_scalar_vec_isize ... ok
[INFO] [stdout] test math::add_vec::tests::test_add_scalar_vec_u16 ... ok
[INFO] [stdout] test math::add_vec::tests::test_add_scalar_vec_u32 ... ok
[INFO] [stdout] test math::add_vec::tests::test_add_scalar_vec_u64 ... ok
[INFO] [stdout] test math::add_vec::tests::test_add_vec_scalar_i16 ... ok
[INFO] [stdout] test math::add_vec::tests::test_add_vec_scalar_f64 ... ok
[INFO] [stdout] test math::add_vec::tests::test_add_vec_scalar_i32 ... ok
[INFO] [stdout] test math::add_vec::tests::test_add_vec_scalar_i8 ... ok
[INFO] [stdout] test math::add_vec::tests::test_add_mat_mat_u32 ... ok
[INFO] [stdout] test math::add_vec::tests::test_add_vec_scalar_isize ... ok
[INFO] [stdout] test math::add_vec::tests::test_add_vec_scalar_u16 ... ok
[INFO] [stdout] test math::add_vec::tests::test_add_vec_scalar_u64 ... ok
[INFO] [stdout] test math::add_vec::tests::test_add_vec_scalar_u8 ... ok
[INFO] [stdout] test math::add_vec::tests::test_add_vec_scalar_usize ... ok
[INFO] [stdout] test math::add_vec::tests::test_add_vec_vec_f32 ... ok
[INFO] [stdout] test math::add_vec::tests::test_add_vec_vec_i16 ... ok
[INFO] [stdout] test math::add_vec::tests::test_add_vec_vec_i32 ... ok
[INFO] [stdout] test math::add_vec::tests::test_add_vec_vec_i8 ... ok
[INFO] [stdout] test math::add_vec::tests::test_add_vec_vec_isize ... ok
[INFO] [stdout] test math::add_vec::tests::test_add_scalar_vec_usize ... ok
[INFO] [stdout] test math::add_vec::tests::test_add_vec_scalar_i64 ... ok
[INFO] [stdout] test math::add_vec::tests::test_add_scalar_vec_u8 ... ok
[INFO] [stdout] test math::add_vec::tests::test_add_vec_scalar_f32 ... ok
[INFO] [stdout] test math::add_vec::tests::test_add_vec_vec_usize ... ok
[INFO] [stdout] test math::conj::tests::test_complex_conj_f32 ... ok
[INFO] [stdout] test math::conj::tests::test_complex_conj_i32 ... ok
[INFO] [stdout] test math::conj::tests::test_complex_conj_i64 ... ok
[INFO] [stdout] test math::conj::tests::test_complex_conj_i8 ... ok
[INFO] [stdout] test math::conj::tests::test_complex_conj_isize ... ok
[INFO] [stdout] test math::conj::tests::test_conj_f32 ... ok
[INFO] [stdout] test math::add_vec::tests::test_add_vec_vec_u8 ... ok
[INFO] [stdout] test math::conj::tests::test_conj_f64 ... ok
[INFO] [stdout] test math::conj::tests::test_complex_conj_f64 ... ok
[INFO] [stdout] test math::conj::tests::test_conj_i16 ... ok
[INFO] [stdout] test math::conj::tests::test_conj_i32 ... ok
[INFO] [stdout] test math::add_vec::tests::test_add_vec_vec_u16 ... ok
[INFO] [stdout] test math::add_vec::tests::test_add_vec_vec_u32 ... ok
[INFO] [stdout] test math::add_vec::tests::test_add_vec_vec_u64 ... ok
[INFO] [stdout] test math::conj::tests::test_complex_conj_i16 ... ok
[INFO] [stdout] test math::conj::tests::test_conj_isize ... ok
[INFO] [stdout] test math::conj::tests::test_conj_i8 ... ok
[INFO] [stdout] test math::conj::tests::test_conj_u16 ... ok
[INFO] [stdout] test math::conj::tests::test_conj_u32 ... ok
[INFO] [stdout] test math::conj::tests::test_conj_u8 ... ok
[INFO] [stdout] test math::conj::tests::test_conj_u64 ... ok
[INFO] [stdout] test math::conj::tests::test_conj_usize ... ok
[INFO] [stdout] test math::conj_vec::tests::test_conj_complex_vec_f32 ... ok
[INFO] [stdout] test math::conj_vec::tests::test_conj_complex_vec_f64 ... ok
[INFO] [stdout] test math::conj_vec::tests::test_conj_complex_vec_i16 ... ok
[INFO] [stdout] test math::conj_vec::tests::test_conj_complex_vec_i64 ... ok
[INFO] [stdout] test math::conj_vec::tests::test_conj_complex_vec_i8 ... ok
[INFO] [stdout] test math::conj_vec::tests::test_conj_complex_vec_isize ... ok
[INFO] [stdout] test math::add_vec::tests::test_add_vec_vec_i64 ... ok
[INFO] [stdout] test math::conj_vec::tests::test_conj_complex_vec_vec_f32 ... ok
[INFO] [stdout] test math::conj::tests::test_conj_i64 ... ok
[INFO] [stdout] test math::add_vec::tests::test_add_vec_vec_f64 ... ok
[INFO] [stdout] test math::conj_vec::tests::test_conj_complex_vec_vec_i16 ... ok
[INFO] [stdout] test math::conj_vec::tests::test_conj_complex_vec_vec_i32 ... ok
[INFO] [stdout] test math::conj_vec::tests::test_conj_complex_vec_vec_f64 ... ok
[INFO] [stdout] test math::conj_vec::tests::test_conj_vec_f32 ... ok
[INFO] [stdout] test math::conj_vec::tests::test_conj_complex_vec_vec_isize ... ok
[INFO] [stdout] test math::conj_vec::tests::test_conj_vec_f64 ... ok
[INFO] [stdout] test math::conj_vec::tests::test_conj_vec_i32 ... ok
[INFO] [stdout] test math::conj_vec::tests::test_conj_vec_isize ... ok
[INFO] [stdout] test math::div::tests::test_div_f32 ... ok
[INFO] [stdout] test math::div::tests::test_div_f64 ... ok
[INFO] [stdout] test math::div::tests::test_div_i16 ... ok
[INFO] [stdout] test math::div::tests::test_div_i64 ... ok
[INFO] [stdout] test math::div::tests::test_div_i8 ... ok
[INFO] [stdout] test math::div::tests::test_div_u16 ... ok
[INFO] [stdout] test math::div::tests::test_div_u64 ... ok
[INFO] [stdout] test math::div::tests::test_div_u32 ... ok
[INFO] [stdout] test math::div_vec::tests::test_div_mat_mat_f64 ... ok
[INFO] [stdout] test math::div_vec::tests::test_div_mat_mat_f32 ... ok
[INFO] [stdout] test math::div_vec::tests::test_div_mat_mat_i32 ... ok
[INFO] [stdout] test math::div_vec::tests::test_div_mat_mat_i64 ... ok
[INFO] [stdout] test math::div_vec::tests::test_div_mat_mat_isize ... ok
[INFO] [stdout] test math::conj_vec::tests::test_conj_vec_i8 ... ok
[INFO] [stdout] test math::conj_vec::tests::test_conj_vec_i16 ... ok
[INFO] [stdout] test math::add_vec::tests::test_add_vec_scalar_u32 ... ok
[INFO] [stdout] test math::conj_vec::tests::test_conj_complex_vec_i32 ... ok
[INFO] [stdout] test math::conj_vec::tests::test_conj_complex_vec_vec_i64 ... ok
[INFO] [stdout] test math::conj_vec::tests::test_conj_vec_i64 ... ok
[INFO] [stdout] test math::div::tests::test_div_isize ... ok
[INFO] [stdout] test math::div_vec::tests::test_div_mat_mat_i16 ... ok
[INFO] [stdout] test math::div::tests::test_div_i32 ... ok
[INFO] [stdout] test math::conj_vec::tests::test_conj_complex_vec_vec_i8 ... ok
[INFO] [stdout] test math::div::tests::test_div_u8 ... ok
[INFO] [stdout] test math::div_vec::tests::test_div_mat_mat_i8 ... ok
[INFO] [stdout] test math::div::tests::test_div_usize ... ok
[INFO] [stdout] test math::div_vec::tests::test_div_mat_mat_u16 ... ok
[INFO] [stdout] test math::div_vec::tests::test_div_mat_mat_u32 ... ok
[INFO] [stdout] test math::div_vec::tests::test_div_mat_mat_u8 ... ok
[INFO] [stdout] test math::div_vec::tests::test_div_mat_mat_u64 ... ok
[INFO] [stdout] test math::div_vec::tests::test_div_scalar_vec_f32 ... ok
[INFO] [stdout] test math::div_vec::tests::test_div_scalar_vec_i64 ... ok
[INFO] [stdout] test math::div_vec::tests::test_div_scalar_vec_isize ... ok
[INFO] [stdout] test math::div_vec::tests::test_div_scalar_vec_u16 ... ok
[INFO] [stdout] test math::div_vec::tests::test_div_scalar_vec_u32 ... ok
[INFO] [stdout] test math::div_vec::tests::test_div_mat_mat_usize ... ok
[INFO] [stdout] test math::div_vec::tests::test_div_scalar_vec_f64 ... ok
[INFO] [stdout] test math::div_vec::tests::test_div_scalar_vec_i16 ... ok
[INFO] [stdout] test math::div_vec::tests::test_div_scalar_vec_i32 ... ok
[INFO] [stdout] test math::div_vec::tests::test_div_scalar_vec_i8 ... ok
[INFO] [stdout] test math::div_vec::tests::test_div_scalar_vec_usize ... ok
[INFO] [stdout] test math::div_vec::tests::test_div_vec_scalar_f32 ... ok
[INFO] [stdout] test math::div_vec::tests::test_div_vec_scalar_f64 ... ok
[INFO] [stdout] test math::div_vec::tests::test_div_vec_scalar_i16 ... ok
[INFO] [stdout] test math::div_vec::tests::test_div_vec_scalar_i64 ... ok
[INFO] [stdout] test math::div_vec::tests::test_div_vec_scalar_i8 ... ok
[INFO] [stdout] test math::div_vec::tests::test_div_vec_scalar_u16 ... ok
[INFO] [stdout] test math::div_vec::tests::test_div_vec_scalar_u32 ... ok
[INFO] [stdout] test math::div_vec::tests::test_div_vec_scalar_usize ... ok
[INFO] [stdout] test math::div_vec::tests::test_div_vec_scalar_u8 ... ok
[INFO] [stdout] test math::div_vec::tests::test_div_vec_vec_f32 ... ok
[INFO] [stdout] test math::div_vec::tests::test_div_vec_vec_i16 ... ok
[INFO] [stdout] test math::div_vec::tests::test_div_vec_vec_f64 ... ok
[INFO] [stdout] test math::div_vec::tests::test_div_vec_vec_i64 ... ok
[INFO] [stdout] test math::div_vec::tests::test_div_vec_vec_i8 ... ok
[INFO] [stdout] test math::div_vec::tests::test_div_vec_vec_isize ... ok
[INFO] [stdout] test math::div_vec::tests::test_div_scalar_vec_u64 ... ok
[INFO] [stdout] test math::div_vec::tests::test_div_vec_scalar_i32 ... ok
[INFO] [stdout] test math::div_vec::tests::test_div_vec_scalar_u64 ... ok
[INFO] [stdout] test math::div_vec::tests::test_div_vec_scalar_isize ... ok
[INFO] [stdout] test math::div_vec::tests::test_div_scalar_vec_u8 ... ok
[INFO] [stdout] test math::div_vec::tests::test_div_vec_vec_i32 ... ok
[INFO] [stdout] test math::add_vec::tests::test_add_mat_mat_panic_1_f64 - should panic ... ok
[INFO] [stdout] test math::add_vec::tests::test_add_mat_mat_panic_1_i32 - should panic ... ok
[INFO] [stdout] test math::add_vec::tests::test_add_mat_mat_panic_1_f32 - should panic ... ok
[INFO] [stdout] test math::div_vec::tests::test_div_vec_vec_panic_3_u32 - should panic ... ok
[INFO] [stdout] test math::add_vec::tests::test_add_mat_mat_panic_1_isize - should panic ... ok
[INFO] [stdout] test math::div_vec::tests::test_div_vec_vec_panic_3_usize - should panic ... ok
[INFO] [stdout] test math::add_vec::tests::test_add_mat_mat_panic_1_usize - should panic ... ok
[INFO] [stdout] test math::add_vec::tests::test_add_mat_mat_panic_1_u32 - should panic ... ok
[INFO] [stdout] test math::add_vec::tests::test_add_mat_mat_panic_2_f32 - should panic ... ok
[INFO] [stdout] test math::add_vec::tests::test_add_mat_mat_panic_2_f64 - should panic ... ok
[INFO] [stdout] test math::add_vec::tests::test_add_mat_mat_panic_2_i32 - should panic ... ok
[INFO] [stdout] test math::add_vec::tests::test_add_mat_mat_panic_2_i64 - should panic ... ok
[INFO] [stdout] test math::add_vec::tests::test_add_mat_mat_panic_2_i8 - should panic ... ok
[INFO] [stdout] test math::div_vec::tests::test_div_vec_vec_panic_u16 - should panic ... ok
[INFO] [stdout] test math::add_vec::tests::test_add_mat_mat_panic_2_isize - should panic ... ok
[INFO] [stdout] test math::add_vec::tests::test_add_mat_mat_panic_1_u64 - should panic ... ok
[INFO] [stdout] test math::add_vec::tests::test_add_mat_mat_panic_2_u64 - should panic ... ok
[INFO] [stdout] test math::add_vec::tests::test_add_mat_mat_panic_2_u16 - should panic ... ok
[INFO] [stdout] test math::div_vec::tests::test_div_vec_vec_u16 ... ok
[INFO] [stdout] test math::div_vec::tests::test_div_vec_vec_u32 ... ok
[INFO] [stdout] test math::add_vec::tests::test_add_mat_mat_panic_1_i16 - should panic ... ok
[INFO] [stdout] test math::add_vec::tests::test_add_mat_mat_panic_1_i8 - should panic ... ok
[INFO] [stdout] test math::add_vec::tests::test_add_mat_mat_panic_2_usize - should panic ... ok
[INFO] [stdout] test math::div_vec::tests::test_div_vec_vec_panic_i64 - should panic ... ok
[INFO] [stdout] test math::add_vec::tests::test_add_mat_mat_panic_3_f64 - should panic ... ok
[INFO] [stdout] test math::div_vec::tests::test_div_vec_vec_u64 ... ok
[INFO] [stdout] test math::div_vec::tests::test_div_vec_vec_u8 ... ok
[INFO] [stdout] test math::div_vec::tests::test_div_vec_vec_usize ... ok
[INFO] [stdout] test math::dot::tests::test_vec_vec_f32 ... ok
[INFO] [stdout] test math::dot::tests::test_vec_vec_f64 ... ok
[INFO] [stdout] test math::dot::tests::test_vec_vec_i16 ... ok
[INFO] [stdout] test math::dot::tests::test_vec_vec_i32 ... ok
[INFO] [stdout] test math::dot::tests::test_vec_vec_i64 ... ok
[INFO] [stdout] test math::dot::tests::test_vec_vec_isize ... ok
[INFO] [stdout] test math::dot::tests::test_vec_vec_u16 ... ok
[INFO] [stdout] test math::dot::tests::test_vec_vec_i8 ... ok
[INFO] [stdout] test math::dot::tests::test_vec_vec_u32 ... ok
[INFO] [stdout] test math::dot::tests::test_vec_vec_u64 ... ok
[INFO] [stdout] test math::dot::tests::test_vec_vec_usize ... ok
[INFO] [stdout] test math::dot_vec::tests::test_mat_mat_f32 ... ok
[INFO] [stdout] test math::dot_vec::tests::test_mat_mat_f64 ... ok
[INFO] [stdout] test math::dot_vec::tests::test_mat_mat_i16 ... ok
[INFO] [stdout] test math::dot_vec::tests::test_mat_mat_i32 ... ok
[INFO] [stdout] test math::dot_vec::tests::test_mat_mat_i8 ... ok
[INFO] [stdout] test math::dot_vec::tests::test_mat_mat_isize ... ok
[INFO] [stdout] test math::dot_vec::tests::test_mat_mat_i64 ... ok
[INFO] [stdout] test math::dot::tests::test_vec_vec_u8 ... ok
[INFO] [stdout] test math::add_vec::tests::test_add_mat_mat_panic_3_i32 - should panic ... ok
[INFO] [stdout] test math::add_vec::tests::test_add_mat_mat_panic_3_i8 - should panic ... ok
[INFO] [stdout] test math::add_vec::tests::test_add_mat_mat_panic_3_i64 - should panic ... ok
[INFO] [stdout] test math::add_vec::tests::test_add_mat_mat_panic_3_isize - should panic ... ok
[INFO] [stdout] test math::add_vec::tests::test_add_mat_mat_panic_3_u64 - should panic ... ok
[INFO] [stdout] test math::add_vec::tests::test_add_mat_mat_panic_3_u16 - should panic ... ok
[INFO] [stdout] test math::add_vec::tests::test_add_mat_mat_panic_3_u8 - should panic ... ok
[INFO] [stdout] test math::dot_vec::tests::test_mat_mat_panic_1_u32 - should panic ... ok
[INFO] [stdout] test math::dot_vec::tests::test_mat_mat_panic_1_u8 - should panic ... ok
[INFO] [stdout] test math::dot_vec::tests::test_mat_mat_panic_1_f32 - should panic ... ok
[INFO] [stdout] test math::add_vec::tests::test_add_vec_vec_panic_2_i32 - should panic ... ok
[INFO] [stdout] test math::add_vec::tests::test_add_vec_vec_panic_2_i16 - should panic ... ok
[INFO] [stdout] test math::add_vec::tests::test_add_vec_vec_panic_2_isize - should panic ... ok
[INFO] [stdout] test math::add_vec::tests::test_add_mat_mat_panic_1_u8 - should panic ... ok
[INFO] [stdout] test math::dot_vec::tests::test_mat_mat_panic_2_isize - should panic ... ok
[INFO] [stdout] test math::dot_vec::tests::test_mat_mat_panic_2_i16 - should panic ... ok
[INFO] [stdout] test math::add_vec::tests::test_add_vec_vec_panic_2_u8 - should panic ... ok
[INFO] [stdout] test math::dot_vec::tests::test_mat_mat_panic_2_i32 - should panic ... ok
[INFO] [stdout] test math::dot_vec::tests::test_mat_mat_panic_2_u8 - should panic ... ok
[INFO] [stdout] test math::dot_vec::tests::test_mat_mat_panic_2_u32 - should panic ... ok
[INFO] [stdout] test math::add_vec::tests::test_add_vec_vec_panic_3_f32 - should panic ... ok
[INFO] [stdout] test math::dot_vec::tests::test_mat_mat_panic_3_f64 - should panic ... ok
[INFO] [stdout] test math::add_vec::tests::test_add_vec_vec_panic_3_i64 - should panic ... ok
[INFO] [stdout] test math::add_vec::tests::test_add_vec_vec_panic_3_i8 - should panic ... ok
[INFO] [stdout] test math::add_vec::tests::test_add_vec_vec_panic_3_isize - should panic ... ok
[INFO] [stdout] test math::add_vec::tests::test_add_vec_vec_panic_3_u32 - should panic ... ok
[INFO] [stdout] test math::dot_vec::tests::test_mat_mat_panic_3_i32 - should panic ... ok
[INFO] [stdout] test math::add_vec::tests::test_add_vec_vec_panic_f32 - should panic ... ok
[INFO] [stdout] test math::add_vec::tests::test_add_vec_vec_panic_i16 - should panic ... ok
[INFO] [stdout] test math::add_vec::tests::test_add_vec_vec_panic_isize - should panic ... ok
[INFO] [stdout] test math::add_vec::tests::test_add_vec_vec_panic_3_usize - should panic ... ok
[INFO] [stdout] test math::dot_vec::tests::test_mat_mat_panic_3_i8 - should panic ... ok
[INFO] [stdout] test math::dot_vec::tests::test_mat_mat_panic_3_u64 - should panic ... ok
[INFO] [stdout] test math::add_vec::tests::test_add_vec_vec_panic_i32 - should panic ... ok
[INFO] [stdout] test math::dot_vec::tests::test_mat_mat_panic_3_usize - should panic ... ok
[INFO] [stdout] test math::dot_vec::tests::test_mat_mat_panic_3_u8 - should panic ... ok
[INFO] [stdout] test math::add_vec::tests::test_add_mat_mat_panic_3_f32 - should panic ... ok
[INFO] [stdout] test math::dot_vec::tests::test_mat_mat_panic_4_isize - should panic ... ok
[INFO] [stdout] test math::dot_vec::tests::test_mat_mat_panic_4_i64 - should panic ... ok
[INFO] [stdout] test math::add_vec::tests::test_add_vec_vec_panic_f64 - should panic ... ok
[INFO] [stdout] test math::dot_vec::tests::test_mat_mat_panic_4_u16 - should panic ... ok
[INFO] [stdout] test math::dot_vec::tests::test_mat_mat_panic_4_u8 - should panic ... ok
[INFO] [stdout] test math::add_vec::tests::test_add_vec_vec_panic_u64 - should panic ... ok
[INFO] [stdout] test math::add_vec::tests::test_add_vec_vec_panic_u8 - should panic ... ok
[INFO] [stdout] test math::dot_vec::tests::test_mat_mat_panic_5_f64 - should panic ... ok
[INFO] [stdout] test math::add_vec::tests::test_add_vec_vec_panic_3_u16 - should panic ... ok
[INFO] [stdout] test math::dot_vec::tests::test_mat_mat_panic_4_u64 - should panic ... ok
[INFO] [stdout] test math::add_vec::tests::test_add_vec_vec_panic_2_u16 - should panic ... ok
[INFO] [stdout] test math::dot_vec::tests::test_mat_mat_panic_5_i16 - should panic ... ok
[INFO] [stdout] test math::add_vec::tests::test_add_vec_vec_panic_2_i64 - should panic ... ok
[INFO] [stdout] test math::add_vec::tests::test_add_vec_vec_panic_2_f32 - should panic ... ok
[INFO] [stdout] test math::div_vec::tests::test_div_mat_mat_panic_1_f64 - should panic ... ok
[INFO] [stdout] test math::div_vec::tests::test_div_mat_mat_panic_1_i16 - should panic ... ok
[INFO] [stdout] test math::div_vec::tests::test_div_mat_mat_panic_1_i64 - should panic ... ok
[INFO] [stdout] test math::div_vec::tests::test_div_mat_mat_panic_1_i32 - should panic ... ok
[INFO] [stdout] test math::div_vec::tests::test_div_mat_mat_panic_1_i8 - should panic ... ok
[INFO] [stdout] test math::dot_vec::tests::test_mat_mat_panic_5_i64 - should panic ... ok
[INFO] [stdout] test math::div_vec::tests::test_div_mat_mat_panic_1_u64 - should panic ... ok
[INFO] [stdout] test math::div_vec::tests::test_div_mat_mat_panic_1_isize - should panic ... ok
[INFO] [stdout] test math::div_vec::tests::test_div_mat_mat_panic_1_u8 - should panic ... ok
[INFO] [stdout] test math::div_vec::tests::test_div_mat_mat_panic_1_usize - should panic ... ok
[INFO] [stdout] test math::dot_vec::tests::test_mat_mat_panic_5_usize - should panic ... ok
[INFO] [stdout] test math::dot_vec::tests::test_mat_mat_panic_6_i64 - should panic ... ok
[INFO] [stdout] test math::div_vec::tests::test_div_mat_mat_panic_2_f32 - should panic ... ok
[INFO] [stdout] test math::div_vec::tests::test_div_mat_mat_panic_2_i16 - should panic ... ok
[INFO] [stdout] test math::dot_vec::tests::test_mat_mat_panic_6_f32 - should panic ... ok
[INFO] [stdout] test math::div_vec::tests::test_div_mat_mat_panic_2_i8 - should panic ... ok
[INFO] [stdout] test math::dot_vec::tests::test_mat_mat_u16 ... ok
[INFO] [stdout] test math::div_vec::tests::test_div_mat_mat_panic_2_u16 - should panic ... ok
[INFO] [stdout] test math::div_vec::tests::test_div_mat_mat_panic_2_u8 - should panic ... ok
[INFO] [stdout] test math::div_vec::tests::test_div_mat_mat_panic_2_u64 - should panic ... ok
[INFO] [stdout] test math::div_vec::tests::test_div_mat_mat_panic_2_usize - should panic ... ok
[INFO] [stdout] test math::div_vec::tests::test_div_mat_mat_panic_3_f32 - should panic ... ok
[INFO] [stdout] test math::div_vec::tests::test_div_mat_mat_panic_1_u16 - should panic ... ok
[INFO] [stdout] test math::div_vec::tests::test_div_mat_mat_panic_3_i16 - should panic ... ok
[INFO] [stdout] test math::div_vec::tests::test_div_mat_mat_panic_3_i32 - should panic ... ok
[INFO] [stdout] test math::div_vec::tests::test_div_mat_mat_panic_3_i8 - should panic ... ok
[INFO] [stdout] test math::div_vec::tests::test_div_mat_mat_panic_3_isize - should panic ... ok
[INFO] [stdout] test math::dot_vec::tests::test_mat_mat_u32 ... ok
[INFO] [stdout] test math::dot_vec::tests::test_mat_mat_u64 ... ok
[INFO] [stdout] test math::dot_vec::tests::test_mat_mat_usize ... ok
[INFO] [stdout] test math::dot_vec::tests::test_mat_primitive_f64 ... ok
[INFO] [stdout] test math::dot_vec::tests::test_mat_primitive_i16 ... ok
[INFO] [stdout] test math::dot_vec::tests::test_mat_primitive_i32 ... ok
[INFO] [stdout] test math::dot_vec::tests::test_mat_vec_2_f32 ... ok
[INFO] [stdout] test math::dot_vec::tests::test_mat_vec_2_f64 ... ok
[INFO] [stdout] test math::div_vec::tests::test_div_mat_mat_panic_3_u16 - should panic ... ok
[INFO] [stdout] test math::dot_vec::tests::test_mat_mat_panic_6_u16 - should panic ... ok
[INFO] [stdout] test math::dot_vec::tests::test_mat_primitive_i64 ... ok
[INFO] [stdout] test math::dot_vec::tests::test_mat_primitive_isize ... ok
[INFO] [stdout] test math::dot_vec::tests::test_mat_primitive_u32 ... ok
[INFO] [stdout] test math::div_vec::tests::test_div_mat_mat_panic_3_usize - should panic ... ok
[INFO] [stdout] test math::dot_vec::tests::test_mat_primitive_u8 ... ok
[INFO] [stdout] test math::dot_vec::tests::test_mat_primitive_u16 ... ok
[INFO] [stdout] test math::dot_vec::tests::test_mat_primitive_u64 ... ok
[INFO] [stdout] test math::div_vec::tests::test_div_mat_mat_panic_2_u32 - should panic ... ok
[INFO] [stdout] test math::dot_vec::tests::test_mat_mat_u8 ... ok
[INFO] [stdout] test math::dot_vec::tests::test_mat_primitive_f32 ... ok
[INFO] [stdout] test math::dot_vec::tests::test_mat_vec_2_u8 ... ok
[INFO] [stdout] test math::dot_vec::tests::test_mat_primitive_usize ... ok
[INFO] [stdout] test math::dot_vec::tests::test_mat_vec_2_u64 ... ok
[INFO] [stdout] test math::div_vec::tests::test_div_mat_mat_panic_2_isize - should panic ... ok
[INFO] [stdout] test math::dot_vec::tests::test_mat_vec_2_u32 ... ok
[INFO] [stdout] test math::dot_vec::tests::test_mat_vec_2_u16 ... ok
[INFO] [stdout] test math::dot_vec::tests::test_mat_vec_2_i32 ... ok
[INFO] [stdout] test math::dot_vec::tests::test_mat_vec_2_i8 ... ok
[INFO] [stdout] test math::div_vec::tests::test_div_mat_mat_panic_3_f64 - should panic ... ok
[INFO] [stdout] test math::dot_vec::tests::test_mat_vec_2_i16 ... ok
[INFO] [stdout] test math::div_vec::tests::test_div_mat_mat_panic_3_i64 - should panic ... ok
[INFO] [stdout] test math::div_vec::tests::test_div_mat_mat_panic_3_u32 - should panic ... ok
[INFO] [stdout] test math::div_vec::tests::test_div_mat_mat_panic_3_u64 - should panic ... ok
[INFO] [stdout] test math::div_vec::tests::test_div_mat_mat_panic_3_u8 - should panic ... ok
[INFO] [stdout] test math::div_vec::tests::test_div_vec_vec_panic_2_f32 - should panic ... ok
[INFO] [stdout] test math::div_vec::tests::test_div_vec_vec_panic_2_i16 - should panic ... ok
[INFO] [stdout] test math::div_vec::tests::test_div_vec_vec_panic_2_f64 - should panic ... ok
[INFO] [stdout] test math::div_vec::tests::test_div_vec_vec_panic_2_i32 - should panic ... ok
[INFO] [stdout] test math::dot_vec::tests::test_mat_vec_f32 ... ok
[INFO] [stdout] test math::dot_vec::tests::test_mat_vec_2_usize ... ok
[INFO] [stdout] test math::dot_vec::tests::test_mat_vec_f64 ... ok
[INFO] [stdout] test math::div_vec::tests::test_div_vec_vec_panic_2_i64 - should panic ... ok
[INFO] [stdout] test math::div_vec::tests::test_div_vec_vec_panic_2_i8 - should panic ... ok
[INFO] [stdout] test math::div_vec::tests::test_div_vec_vec_panic_2_isize - should panic ... ok
[INFO] [stdout] test math::dot_vec::tests::test_mat_vec_i16 ... ok
[INFO] [stdout] test math::dot_vec::tests::test_mat_vec_i32 ... ok
[INFO] [stdout] test math::dot_vec::tests::test_mat_vec_i64 ... ok
[INFO] [stdout] test math::dot_vec::tests::test_mat_vec_i8 ... ok
[INFO] [stdout] test math::dot_vec::tests::test_mat_vec_isize ... ok
[INFO] [stdout] test math::dot_vec::tests::test_mat_vec_u32 ... ok
[INFO] [stdout] test math::dot_vec::tests::test_mat_vec_u64 ... ok
[INFO] [stdout] test math::dot_vec::tests::test_mat_vec_u8 ... ok
[INFO] [stdout] test math::dot_vec::tests::test_primitive_mat_f32 ... ok
[INFO] [stdout] test math::dot_vec::tests::test_mat_vec_usize ... ok
[INFO] [stdout] test math::dot_vec::tests::test_primitive_mat_f64 ... ok
[INFO] [stdout] test math::dot_vec::tests::test_primitive_mat_i32 ... ok
[INFO] [stdout] test math::dot_vec::tests::test_mat_vec_u16 ... ok
[INFO] [stdout] test math::dot_vec::tests::test_primitive_mat_i8 ... ok
[INFO] [stdout] test math::dot_vec::tests::test_primitive_mat_i16 ... ok
[INFO] [stdout] test math::dot_vec::tests::test_primitive_mat_isize ... ok
[INFO] [stdout] test math::dot_vec::tests::test_primitive_mat_i64 ... ok
[INFO] [stdout] test math::dot_vec::tests::test_primitive_mat_u16 ... ok
[INFO] [stdout] test math::dot_vec::tests::test_primitive_mat_usize ... ok
[INFO] [stdout] test math::dot_vec::tests::test_primitive_mat_u8 ... ok
[INFO] [stdout] test math::dot_vec::tests::test_scalar_vec_f32 ... ok
[INFO] [stdout] test math::dot_vec::tests::test_scalar_vec_i16 ... ok
[INFO] [stdout] test math::dot_vec::tests::test_scalar_vec_i64 ... ok
[INFO] [stdout] test math::dot_vec::tests::test_scalar_vec_i8 ... ok
[INFO] [stdout] test math::dot_vec::tests::test_primitive_mat_u32 ... ok
[INFO] [stdout] test math::dot_vec::tests::test_scalar_vec_u16 ... ok
[INFO] [stdout] test math::dot_vec::tests::test_scalar_vec_u64 ... ok
[INFO] [stdout] test math::dot_vec::tests::test_scalar_vec_f64 ... ok
[INFO] [stdout] test math::dot_vec::tests::test_scalar_vec_isize ... ok
[INFO] [stdout] test math::dot_vec::tests::test_scalar_vec_usize ... ok
[INFO] [stdout] test math::dot_vec::tests::test_scalar_vec_i32 ... ok
[INFO] [stdout] test math::dot_vec::tests::test_vec_scalar_f64 ... ok
[INFO] [stdout] test math::dot_vec::tests::test_vec_scalar_f32 ... ok
[INFO] [stdout] test math::dot_vec::tests::test_vec_scalar_i16 ... ok
[INFO] [stdout] test math::dot_vec::tests::test_vec_scalar_i64 ... ok
[INFO] [stdout] test math::dot_vec::tests::test_vec_scalar_i32 ... ok
[INFO] [stdout] test math::dot_vec::tests::test_vec_scalar_i8 ... ok
[INFO] [stdout] test math::dot_vec::tests::test_vec_scalar_isize ... ok
[INFO] [stdout] test math::dot_vec::tests::test_vec_scalar_u16 ... ok
[INFO] [stdout] test math::dot_vec::tests::test_vec_scalar_u32 ... ok
[INFO] [stdout] test math::dot_vec::tests::test_vec_scalar_u8 ... ok
[INFO] [stdout] test math::dot_vec::tests::test_vec_scalar_usize ... ok
[INFO] [stdout] test math::dot_vec::tests::test_vec_scalar_u64 ... ok
[INFO] [stdout] test math::dot_vec::tests::test_vec_vec_i16 ... ok
[INFO] [stdout] test math::dot_vec::tests::test_vec_vec_f32 ... ok
[INFO] [stdout] test math::dot_vec::tests::test_vec_vec_i32 ... ok
[INFO] [stdout] test math::dot_vec::tests::test_vec_vec_f64 ... ok
[INFO] [stdout] test math::dot_vec::tests::test_primitive_mat_u64 ... ok
[INFO] [stdout] test math::div_vec::tests::test_div_vec_vec_panic_2_u32 - should panic ... ok
[INFO] [stdout] test math::div_vec::tests::test_div_vec_vec_panic_2_u64 - should panic ... ok
[INFO] [stdout] test math::div_vec::tests::test_div_vec_vec_panic_2_usize - should panic ... ok
[INFO] [stdout] test math::dot_vec::tests::test_mat_vec_2_isize ... ok
[INFO] [stdout] test math::dot_vec::tests::test_mat_vec_2_i64 ... ok
[INFO] [stdout] test math::dot_vec::tests::test_scalar_vec_u8 ... ok
[INFO] [stdout] test math::dot_vec::tests::test_scalar_vec_u32 ... ok
[INFO] [stdout] test math::dot_vec::tests::test_mat_primitive_i8 ... ok
[INFO] [stdout] test math::dot_vec::tests::test_vec_vec_i8 ... ok
[INFO] [stdout] test math::dot_vec::tests::test_vec_vec_isize ... ok
[INFO] [stdout] test math::div_vec::tests::test_div_vec_vec_panic_2_u16 - should panic ... ok
[INFO] [stdout] test math::dot_vec::tests::test_vec_vec_u16 ... ok
[INFO] [stdout] test math::dot_vec::tests::test_vec_vec_u8 ... ok
[INFO] [stdout] test math::div_vec::tests::test_div_vec_vec_panic_3_i32 - should panic ... ok
[INFO] [stdout] test math::dot_vec::tests::test_vec_vec_usize ... ok
[INFO] [stdout] test math::eye_vec::tests::test_eye_f32 ... ok
[INFO] [stdout] test math::eye_vec::tests::test_eye_f64 ... ok
[INFO] [stdout] test math::div_vec::tests::test_div_vec_vec_panic_3_i64 - should panic ... ok
[INFO] [stdout] test math::eye_vec::tests::test_eye_i32 ... ok
[INFO] [stdout] test math::div_vec::tests::test_div_vec_vec_panic_3_i8 - should panic ... ok
[INFO] [stdout] test math::div_vec::tests::test_div_vec_vec_panic_3_isize - should panic ... ok
[INFO] [stdout] test math::eye_vec::tests::test_eye_isize ... ok
[INFO] [stdout] test math::eye_vec::tests::test_eye_like_f32 ... ok
[INFO] [stdout] test math::eye_vec::tests::test_eye_like_f64 ... ok
[INFO] [stdout] test math::eye_vec::tests::test_eye_like_i16 ... ok
[INFO] [stdout] test math::eye_vec::tests::test_eye_like_i32 ... ok
[INFO] [stdout] test math::eye_vec::tests::test_eye_like_i64 ... ok
[INFO] [stdout] test math::eye_vec::tests::test_eye_like_i8 ... ok
[INFO] [stdout] test math::eye_vec::tests::test_eye_like_isize ... ok
[INFO] [stdout] test math::eye_vec::tests::test_eye_like_u16 ... ok
[INFO] [stdout] test math::eye_vec::tests::test_eye_like_u32 ... ok
[INFO] [stdout] test math::eye_vec::tests::test_eye_like_u8 ... ok
[INFO] [stdout] test math::eye_vec::tests::test_eye_like_u64 ... ok
[INFO] [stdout] test math::eye_vec::tests::test_eye_like_usize ... ok
[INFO] [stdout] test math::eye_vec::tests::test_eye_u16 ... ok
[INFO] [stdout] test math::eye_vec::tests::test_eye_u32 ... ok
[INFO] [stdout] test math::eye_vec::tests::test_eye_u8 ... ok
[INFO] [stdout] test math::eye_vec::tests::test_eye_u64 ... ok
[INFO] [stdout] test math::mul::tests::test_mul_f32 ... ok
[INFO] [stdout] test math::eye_vec::tests::test_eye_usize ... ok
[INFO] [stdout] test math::mul::tests::test_mul_f64 ... ok
[INFO] [stdout] test math::mul::tests::test_mul_i16 ... ok
[INFO] [stdout] test math::mul::tests::test_mul_i32 ... ok
[INFO] [stdout] test math::mul::tests::test_mul_i64 ... ok
[INFO] [stdout] test math::mul::tests::test_mul_i8 ... ok
[INFO] [stdout] test math::mul::tests::test_mul_isize ... ok
[INFO] [stdout] test math::mul::tests::test_mul_u16 ... ok
[INFO] [stdout] test math::dot_vec::tests::test_vec_vec_i64 ... ok
[INFO] [stdout] test math::mul::tests::test_mul_u32 ... ok
[INFO] [stdout] test math::mul::tests::test_mul_u64 ... ok
[INFO] [stdout] test math::mul::tests::test_mul_u8 ... ok
[INFO] [stdout] test math::mul::tests::test_mul_usize ... ok
[INFO] [stdout] test math::mul_vec::tests::test_mul_mat_mat_f32 ... ok
[INFO] [stdout] test math::mul_vec::tests::test_mul_mat_mat_f64 ... ok
[INFO] [stdout] test math::mul_vec::tests::test_mul_mat_mat_i16 ... ok
[INFO] [stdout] test math::mul_vec::tests::test_mul_mat_mat_i32 ... ok
[INFO] [stdout] test math::mul_vec::tests::test_mul_mat_mat_i64 ... ok
[INFO] [stdout] test math::mul_vec::tests::test_mul_mat_mat_i8 ... ok
[INFO] [stdout] test math::mul_vec::tests::test_mul_mat_mat_isize ... ok
[INFO] [stdout] test math::eye_vec::tests::test_eye_i64 ... ok
[INFO] [stdout] test math::eye_vec::tests::test_eye_i8 ... ok
[INFO] [stdout] test math::dot_vec::tests::test_vec_vec_u32 ... ok
[INFO] [stdout] test math::dot_vec::tests::test_vec_vec_u64 ... ok
[INFO] [stdout] test math::div_vec::tests::test_div_vec_vec_panic_3_i16 - should panic ... ok
[INFO] [stdout] test math::eye_vec::tests::test_eye_i16 ... ok
[INFO] [stdout] test math::div_vec::tests::test_div_vec_vec_panic_3_u16 - should panic ... ok
[INFO] [stdout] test math::mul_vec::tests::test_mul_mat_mat_panic_2_i16 - should panic ... ok
[INFO] [stdout] test math::mul_vec::tests::test_mul_mat_mat_panic_2_u64 - should panic ... ok
[INFO] [stdout] test math::mul_vec::tests::test_mul_mat_mat_panic_3_f64 - should panic ... ok
[INFO] [stdout] test math::div_vec::tests::test_div_vec_vec_panic_3_f32 - should panic ... ok
[INFO] [stdout] test math::div_vec::tests::test_div_vec_vec_panic_3_u64 - should panic ... ok
[INFO] [stdout] test math::mul_vec::tests::test_mul_mat_mat_panic_3_i16 - should panic ... ok
[INFO] [stdout] test math::mul_vec::tests::test_mul_mat_mat_u32 ... ok
[INFO] [stdout] test math::mul_vec::tests::test_mul_mat_mat_u16 ... ok
[INFO] [stdout] test math::mul_vec::tests::test_mul_mat_mat_u8 ... ok
[INFO] [stdout] test math::div_vec::tests::test_div_vec_vec_panic_f32 - should panic ... ok
[INFO] [stdout] test math::add_vec::tests::test_add_mat_mat_panic_1_u16 - should panic ... ok
[INFO] [stdout] test math::div_vec::tests::test_div_vec_vec_panic_f64 - should panic ... ok
[INFO] [stdout] test math::div_vec::tests::test_div_vec_vec_panic_i16 - should panic ... ok
[INFO] [stdout] test math::mul_vec::tests::test_mul_scalar_mat_1_f32 ... ok
[INFO] [stdout] test math::mul_vec::tests::test_mul_scalar_mat_1_i32 ... ok
[INFO] [stdout] test math::mul_vec::tests::test_mul_scalar_mat_1_i16 ... ok
[INFO] [stdout] test math::mul_vec::tests::test_mul_mat_mat_u64 ... ok
[INFO] [stdout] test math::div_vec::tests::test_div_vec_vec_panic_i32 - should panic ... ok
[INFO] [stdout] test math::mul_vec::tests::test_mul_scalar_mat_1_i64 ... ok
[INFO] [stdout] test math::mul_vec::tests::test_mul_scalar_mat_1_isize ... ok
[INFO] [stdout] test math::mul_vec::tests::test_mul_scalar_mat_1_i8 ... ok
[INFO] [stdout] test math::mul_vec::tests::test_mul_scalar_mat_1_u16 ... ok
[INFO] [stdout] test math::mul_vec::tests::test_mul_mat_mat_panic_3_i64 - should panic ... ok
[INFO] [stdout] test math::mul_vec::tests::test_mul_scalar_mat_1_u32 ... ok
[INFO] [stdout] test math::mul_vec::tests::test_mul_scalar_mat_1_u64 ... ok
[INFO] [stdout] test math::mul_vec::tests::test_mul_scalar_mat_1_u8 ... ok
[INFO] [stdout] test math::mul_vec::tests::test_mul_scalar_mat_1_usize ... ok
[INFO] [stdout] test math::mul_vec::tests::test_mul_scalar_mat_2_f32 ... ok
[INFO] [stdout] test math::mul_vec::tests::test_mul_scalar_mat_2_f64 ... ok
[INFO] [stdout] test math::mul_vec::tests::test_mul_scalar_mat_2_i16 ... ok
[INFO] [stdout] test math::mul_vec::tests::test_mul_scalar_mat_2_i32 ... ok
[INFO] [stdout] test math::mul_vec::tests::test_mul_mat_mat_usize ... ok
[INFO] [stdout] test math::mul_vec::tests::test_mul_scalar_mat_1_f64 ... ok
[INFO] [stdout] test math::mul_vec::tests::test_mul_scalar_mat_2_i64 ... ok
[INFO] [stdout] test math::mul_vec::tests::test_mul_scalar_mat_2_i8 ... ok
[INFO] [stdout] test math::mul_vec::tests::test_mul_scalar_mat_2_isize ... ok
[INFO] [stdout] test math::mul_vec::tests::test_mul_scalar_mat_2_u32 ... ok
[INFO] [stdout] test math::div_vec::tests::test_div_vec_vec_panic_isize - should panic ... ok
[INFO] [stdout] test math::mul_vec::tests::test_mul_scalar_mat_2_usize ... ok
[INFO] [stdout] test math::mul_vec::tests::test_mul_scalar_vec_f32 ... ok
[INFO] [stdout] test math::mul_vec::tests::test_mul_scalar_mat_2_u8 ... ok
[INFO] [stdout] test math::mul_vec::tests::test_mul_scalar_vec_f64 ... ok
[INFO] [stdout] test math::mul_vec::tests::test_mul_scalar_vec_i16 ... ok
[INFO] [stdout] test math::mul_vec::tests::test_mul_scalar_vec_i8 ... ok
[INFO] [stdout] test math::mul_vec::tests::test_mul_scalar_vec_i32 ... ok
[INFO] [stdout] test math::mul_vec::tests::test_mul_scalar_vec_u64 ... ok
[INFO] [stdout] test math::mul_vec::tests::test_mul_scalar_vec_usize ... ok
[INFO] [stdout] test math::mul_vec::tests::test_mul_vec_scalar_f64 ... ok
[INFO] [stdout] test math::mul_vec::tests::test_mul_vec_scalar_i16 ... ok
[INFO] [stdout] test math::mul_vec::tests::test_mul_vec_scalar_f32 ... ok
[INFO] [stdout] test math::mul_vec::tests::test_mul_vec_scalar_i32 ... ok
[INFO] [stdout] test math::mul_vec::tests::test_mul_vec_scalar_i64 ... ok
[INFO] [stdout] test math::mul_vec::tests::test_mul_vec_scalar_i8 ... ok
[INFO] [stdout] test math::mul_vec::tests::test_mul_vec_scalar_u16 ... ok
[INFO] [stdout] test math::div_vec::tests::test_div_vec_vec_panic_u8 - should panic ... ok
[INFO] [stdout] test math::mul_vec::tests::test_mul_scalar_mat_2_u16 ... ok
[INFO] [stdout] test math::mul_vec::tests::test_mul_scalar_vec_u32 ... ok
[INFO] [stdout] test math::mul_vec::tests::test_mul_vec_scalar_isize ... ok
[INFO] [stdout] test math::mul_vec::tests::test_mul_vec_scalar_u32 ... ok
[INFO] [stdout] test math::mul_vec::tests::test_mul_scalar_vec_u8 ... ok
[INFO] [stdout] test math::mul_vec::tests::test_mul_scalar_vec_u16 ... ok
[INFO] [stdout] test math::mul_vec::tests::test_mul_scalar_vec_isize ... ok
[INFO] [stdout] test math::mul_vec::tests::test_mul_scalar_vec_i64 ... ok
[INFO] [stdout] test math::mul_vec::tests::test_mul_scalar_mat_2_u64 ... ok
[INFO] [stdout] test math::mul_vec::tests::test_mul_vec_vec_i16 ... ok
[INFO] [stdout] test math::mul_vec::tests::test_mul_vec_vec_f32 ... ok
[INFO] [stdout] test math::mul_vec::tests::test_mul_vec_vec_f64 ... ok
[INFO] [stdout] test math::div_vec::tests::test_div_vec_vec_panic_usize - should panic ... ok
[INFO] [stdout] test math::mul_vec::tests::test_mul_vec_vec_i8 ... ok
[INFO] [stdout] test math::mul_vec::tests::test_mul_vec_vec_i32 ... ok
[INFO] [stdout] test math::mul_vec::tests::test_mul_vec_vec_isize ... ok
[INFO] [stdout] test math::mul_vec::tests::test_mul_vec_vec_i64 ... ok
[INFO] [stdout] test math::div_vec::tests::test_div_vec_vec_panic_u32 - should panic ... ok
[INFO] [stdout] test math::add_vec::tests::test_add_mat_mat_panic_2_u32 - should panic ... ok
[INFO] [stdout] test math::mul_vec::tests::test_mul_vec_scalar_u64 ... ok
[INFO] [stdout] test math::mul_vec::tests::test_mul_vec_scalar_usize ... ok
[INFO] [stdout] test math::mul_vec::tests::test_mul_vec_vec_panic_2_i16 - should panic ... ok
[INFO] [stdout] test math::mul_vec::tests::test_mul_vec_vec_panic_2_usize - should panic ... ok
[INFO] [stdout] test math::mul_vec::tests::test_mul_vec_scalar_u8 ... ok
[INFO] [stdout] test math::mul_vec::tests::test_mul_vec_vec_panic_2_u32 - should panic ... ok
[INFO] [stdout] test math::dot_vec::tests::test_mat_mat_panic_1_i16 - should panic ... ok
[INFO] [stdout] test math::dot_vec::tests::test_mat_mat_panic_1_i32 - should panic ... ok
[INFO] [stdout] test math::div_vec::tests::test_div_vec_vec_panic_3_u8 - should panic ... ok
[INFO] [stdout] test math::dot_vec::tests::test_mat_mat_panic_1_i8 - should panic ... ok
[INFO] [stdout] test math::dot_vec::tests::test_mat_mat_panic_1_isize - should panic ... ok
[INFO] [stdout] test math::dot_vec::tests::test_mat_mat_panic_1_u64 - should panic ... ok
[INFO] [stdout] test math::add_vec::tests::test_add_mat_mat_panic_3_usize - should panic ... ok
[INFO] [stdout] test math::dot_vec::tests::test_mat_mat_panic_1_u16 - should panic ... ok
[INFO] [stdout] test math::add_vec::tests::test_add_vec_vec_panic_2_f64 - should panic ... ok
[INFO] [stdout] test math::dot_vec::tests::test_mat_mat_panic_1_usize - should panic ... ok
[INFO] [stdout] test math::dot_vec::tests::test_mat_mat_panic_2_f32 - should panic ... ok
[INFO] [stdout] test math::mul_vec::tests::test_mul_vec_vec_panic_f64 - should panic ... ok
[INFO] [stdout] test math::add_vec::tests::test_add_vec_vec_panic_2_i8 - should panic ... ok
[INFO] [stdout] test math::dot_vec::tests::test_mat_mat_panic_2_i64 - should panic ... ok
[INFO] [stdout] test math::mul_vec::tests::test_mul_vec_vec_u16 ... ok
[INFO] [stdout] test math::mul_vec::tests::test_mul_vec_vec_panic_3_u64 - should panic ... ok
[INFO] [stdout] test math::mul_vec::tests::test_mul_vec_vec_panic_2_f64 - should panic ... ok
[INFO] [stdout] test math::dot_vec::tests::test_mat_mat_panic_1_f64 - should panic ... ok
[INFO] [stdout] test math::mul_vec::tests::test_mul_vec_vec_u32 ... ok
[INFO] [stdout] test math::dot_vec::tests::test_mat_mat_panic_2_u16 - should panic ... ok
[INFO] [stdout] test math::add_vec::tests::test_add_vec_vec_panic_2_u32 - should panic ... ok
[INFO] [stdout] test math::mul_vec::tests::test_mul_vec_vec_panic_u32 - should panic ... ok
[INFO] [stdout] test math::mul_vec::tests::test_mul_vec_vec_u64 ... ok
[INFO] [stdout] test math::mul_vec::tests::test_mul_vec_vec_u8 ... ok
[INFO] [stdout] test math::add_vec::tests::test_add_vec_vec_panic_2_usize - should panic ... ok
[INFO] [stdout] test math::mul_vec::tests::test_mul_vec_vec_usize ... ok
[INFO] [stdout] test math::norm::tests::test_norm_f32 ... ok
[INFO] [stdout] test math::norm::tests::test_norm_f64 ... ok
[INFO] [stdout] test math::norm::tests::test_norm_i16 ... ok
[INFO] [stdout] test math::add_vec::tests::test_add_mat_mat_panic_2_i16 - should panic ... ok
[INFO] [stdout] test math::norm::tests::test_norm_i64 ... ok
[INFO] [stdout] test math::norm::tests::test_norm_isize ... ok
[INFO] [stdout] test math::norm::tests::test_norm_i8 ... ok
[INFO] [stdout] test math::norm::tests::test_norm_signed_f64 ... ok
[INFO] [stdout] test math::norm::tests::test_norm_signed_i16 ... ok
[INFO] [stdout] test math::norm::tests::test_norm_signed_i32 ... ok
[INFO] [stdout] test math::norm::tests::test_norm_signed_i64 ... ok
[INFO] [stdout] test math::norm::tests::test_norm_signed_i8 ... ok
[INFO] [stdout] test math::norm::tests::test_norm_signed_isize ... ok
[INFO] [stdout] test math::norm::tests::test_norm_u16 ... ok
[INFO] [stdout] test math::norm::tests::test_norm_u32 ... ok
[INFO] [stdout] test math::norm::tests::test_norm_u64 ... ok
[INFO] [stdout] test math::norm::tests::test_norm_u8 ... ok
[INFO] [stdout] test math::norm::tests::test_norm_signed_f32 ... ok
[INFO] [stdout] test math::norm::tests::test_norm_usize ... ok
[INFO] [stdout] test math::norm_vec::tests::test_norm_f32 ... ok
[INFO] [stdout] test math::norm_vec::tests::test_norm_f64 ... ok
[INFO] [stdout] test math::norm_vec::tests::test_norm_i16 ... ok
[INFO] [stdout] test math::norm_vec::tests::test_norm_i32 ... ok
[INFO] [stdout] test math::norm_vec::tests::test_norm_i64 ... ok
[INFO] [stdout] test math::norm_vec::tests::test_norm_i8 ... ok
[INFO] [stdout] test math::norm::tests::test_norm_i32 ... ok
[INFO] [stdout] test math::dot_vec::tests::test_mat_mat_panic_2_u64 - should panic ... ok
[INFO] [stdout] test math::norm_vec::tests::test_norm_isize ... ok
[INFO] [stdout] test math::norm_vec::tests::test_norm_signed_f32 ... ok
[INFO] [stdout] test math::norm_vec::tests::test_norm_signed_i16 ... ok
[INFO] [stdout] test math::norm_vec::tests::test_norm_signed_i8 ... ok
[INFO] [stdout] test math::mul_vec::tests::test_mul_vec_vec_panic_2_u16 - should panic ... ok
[INFO] [stdout] test math::norm_vec::tests::test_norm_signed_isize ... ok
[INFO] [stdout] test math::norm_vec::tests::test_norm_u16 ... ok
[INFO] [stdout] test math::norm_vec::tests::test_norm_signed_i64 ... ok
[INFO] [stdout] test math::mul_vec::tests::test_mul_vec_vec_panic_2_isize - should panic ... ok
[INFO] [stdout] test math::scaledadd::tests::test_scaledadd_f32 ... ok
[INFO] [stdout] test math::mul_vec::tests::test_mul_vec_vec_panic_3_u32 - should panic ... ok
[INFO] [stdout] test math::scaledadd::tests::test_scaledadd_i8 ... ok
[INFO] [stdout] test math::norm_vec::tests::test_norm_usize ... ok
[INFO] [stdout] test math::mul_vec::tests::test_mul_vec_vec_panic_3_u16 - should panic ... ok
[INFO] [stdout] test math::norm_vec::tests::test_norm_u32 ... ok
[INFO] [stdout] test math::norm_vec::tests::test_norm_u8 ... ok
[INFO] [stdout] test math::norm_vec::tests::test_norm_signed_f64 ... ok
[INFO] [stdout] test math::scaledadd::tests::test_scaledadd_i16 ... ok
[INFO] [stdout] test math::norm_vec::tests::test_norm_u64 ... ok
[INFO] [stdout] test math::norm_vec::tests::test_norm_signed_i32 ... ok
[INFO] [stdout] test math::scaledadd::tests::test_scaledadd_f64 ... ok
[INFO] [stdout] test math::scaledadd::tests::test_scaledadd_isize ... ok
[INFO] [stdout] test math::scaledadd::tests::test_scaledadd_i32 ... ok
[INFO] [stdout] test math::scaledadd::tests::test_scaledadd_i64 ... ok
[INFO] [stdout] test math::scaledadd::tests::test_scaledadd_u32 ... ok
[INFO] [stdout] test math::scaledadd::tests::test_scaledadd_u16 ... ok
[INFO] [stdout] test math::add_vec::tests::test_add_vec_vec_panic_2_u64 - should panic ... ok
[INFO] [stdout] test math::dot_vec::tests::test_mat_mat_panic_2_usize - should panic ... ok
[INFO] [stdout] test math::dot_vec::tests::test_mat_mat_panic_3_f32 - should panic ... ok
[INFO] [stdout] test math::scaledadd::tests::test_scaledadd_u64 ... ok
[INFO] [stdout] test math::scaledadd::tests::test_scaledadd_usize ... ok
[INFO] [stdout] test math::scaledadd::tests::test_scaledadd_u8 ... ok
[INFO] [stdout] test math::scaledadd_vec::tests::test_scaledadd_mat_mat_f64 ... ok
[INFO] [stdout] test math::scaledadd_vec::tests::test_scaledadd_mat_mat_i16 ... ok
[INFO] [stdout] test math::scaledadd_vec::tests::test_scaledadd_mat_mat_i32 ... ok
[INFO] [stdout] test math::scaledadd_vec::tests::test_scaledadd_mat_mat_i64 ... ok
[INFO] [stdout] test math::add_vec::tests::test_add_vec_vec_panic_3_f64 - should panic ... ok
[INFO] [stdout] test math::scaledadd_vec::tests::test_scaledadd_mat_mat_isize ... ok
[INFO] [stdout] test math::scaledadd_vec::tests::test_scaledadd_mat_mat_i8 ... ok
[INFO] [stdout] test math::dot_vec::tests::test_mat_mat_panic_3_i16 - should panic ... ok
[INFO] [stdout] test math::scaledadd_vec::tests::test_scaledadd_mat_mat_panic_1_i16 - should panic ... ok
[INFO] [stdout] test math::scaledadd_vec::tests::test_scaledadd_mat_mat_f32 ... ok
[INFO] [stdout] test math::dot_vec::tests::test_mat_mat_panic_3_u32 - should panic ... ok
[INFO] [stdout] test math::add_vec::tests::test_add_vec_vec_panic_3_u8 - should panic ... ok
[INFO] [stdout] test math::dot_vec::tests::test_mat_mat_panic_3_i64 - should panic ... ok
[INFO] [stdout] test math::add_vec::tests::test_add_vec_vec_panic_i8 - should panic ... ok
[INFO] [stdout] test math::dot_vec::tests::test_mat_mat_panic_3_isize - should panic ... ok
[INFO] [stdout] test math::add_vec::tests::test_add_vec_vec_panic_u16 - should panic ... ok
[INFO] [stdout] test math::scaledadd_vec::tests::test_scaledadd_mat_mat_panic_3_f32 - should panic ... ok
[INFO] [stdout] test math::scaledadd_vec::tests::test_scaledadd_mat_mat_panic_2_u16 - should panic ... ok
[INFO] [stdout] test math::scaledadd_vec::tests::test_scaledadd_mat_mat_panic_1_f64 - should panic ... ok
[INFO] [stdout] test math::dot_vec::tests::test_mat_mat_panic_4_f64 - should panic ... ok
[INFO] [stdout] test math::dot_vec::tests::test_mat_mat_panic_4_i16 - should panic ... ok
[INFO] [stdout] test math::scaledadd_vec::tests::test_scaledadd_mat_mat_panic_3_i64 - should panic ... ok
[INFO] [stdout] test math::add_vec::tests::test_add_vec_vec_panic_i64 - should panic ... ok
[INFO] [stdout] test math::dot_vec::tests::test_mat_mat_panic_4_i8 - should panic ... ok
[INFO] [stdout] test math::add_vec::tests::test_add_vec_vec_panic_3_u64 - should panic ... ok
[INFO] [stdout] test math::dot_vec::tests::test_mat_mat_panic_4_u32 - should panic ... ok
[INFO] [stdout] test math::add_vec::tests::test_add_vec_vec_panic_u32 - should panic ... ok
[INFO] [stdout] test math::scaledadd_vec::tests::test_scaledadd_mat_mat_panic_3_u16 - should panic ... ok
[INFO] [stdout] test math::dot_vec::tests::test_mat_mat_panic_5_f32 - should panic ... ok
[INFO] [stdout] test math::add_vec::tests::test_add_vec_vec_panic_usize - should panic ... ok
[INFO] [stdout] test math::dot_vec::tests::test_mat_mat_panic_5_i32 - should panic ... ok
[INFO] [stdout] test math::dot_vec::tests::test_mat_mat_panic_5_i8 - should panic ... ok
[INFO] [stdout] test math::add_vec::tests::test_add_vec_vec_panic_3_i32 - should panic ... ok
[INFO] [stdout] test math::dot_vec::tests::test_mat_mat_panic_5_u16 - should panic ... ok
[INFO] [stdout] test math::dot_vec::tests::test_mat_mat_panic_5_u64 - should panic ... ok
[INFO] [stdout] test math::scaledadd_vec::tests::test_scaledadd_mat_mat_panic_4_i32 - should panic ... ok
[INFO] [stdout] test math::dot_vec::tests::test_mat_mat_panic_5_u32 - should panic ... ok
[INFO] [stdout] test math::dot_vec::tests::test_mat_mat_panic_4_usize - should panic ... ok
[INFO] [stdout] test math::dot_vec::tests::test_mat_mat_panic_5_u8 - should panic ... ok
[INFO] [stdout] test math::div_vec::tests::test_div_mat_mat_panic_1_u32 - should panic ... ok
[INFO] [stdout] test math::dot_vec::tests::test_mat_mat_panic_6_i32 - should panic ... ok
[INFO] [stdout] test math::dot_vec::tests::test_mat_mat_panic_6_i8 - should panic ... ok
[INFO] [stdout] test math::dot_vec::tests::test_mat_mat_panic_6_isize - should panic ... ok
[INFO] [stdout] test math::div_vec::tests::test_div_mat_mat_panic_2_f64 - should panic ... ok
[INFO] [stdout] test math::dot_vec::tests::test_mat_mat_panic_6_u32 - should panic ... ok
[INFO] [stdout] test math::dot_vec::tests::test_mat_mat_panic_6_u64 - should panic ... ok
[INFO] [stdout] test math::div_vec::tests::test_div_mat_mat_panic_2_i32 - should panic ... ok
[INFO] [stdout] test math::dot_vec::tests::test_mat_mat_panic_6_usize - should panic ... ok
[INFO] [stdout] test math::dot_vec::tests::test_mat_mat_panic_6_f64 - should panic ... ok
[INFO] [stdout] test math::div_vec::tests::test_div_mat_mat_panic_2_i64 - should panic ... ok
[INFO] [stdout] test math::dot_vec::tests::test_mat_mat_panic_6_i16 - should panic ... ok
[INFO] [stdout] test math::scaledadd_vec::tests::test_scaledadd_mat_mat_panic_5_f32 - should panic ... ok
[INFO] [stdout] test math::scaledadd_vec::tests::test_scaledadd_mat_mat_panic_5_i64 - should panic ... ok
[INFO] [stdout] test math::mul_vec::tests::test_mul_mat_mat_panic_1_i64 - should panic ... ok
[INFO] [stdout] test math::dot_vec::tests::test_mat_mat_panic_5_isize - should panic ... ok
[INFO] [stdout] test math::mul_vec::tests::test_mul_mat_mat_panic_1_i8 - should panic ... ok
[INFO] [stdout] test math::mul_vec::tests::test_mul_mat_mat_panic_1_isize - should panic ... ok
[INFO] [stdout] test math::mul_vec::tests::test_mul_mat_mat_panic_1_u16 - should panic ... ok
[INFO] [stdout] test math::mul_vec::tests::test_mul_mat_mat_panic_1_u32 - should panic ... ok
[INFO] [stdout] test math::mul_vec::tests::test_mul_mat_mat_panic_1_u64 - should panic ... ok
[INFO] [stdout] test math::mul_vec::tests::test_mul_mat_mat_panic_1_i16 - should panic ... ok
[INFO] [stdout] test math::scaledadd_vec::tests::test_scaledadd_mat_mat_panic_5_isize - should panic ... ok
[INFO] [stdout] test math::mul_vec::tests::test_mul_mat_mat_panic_1_usize - should panic ... ok
[INFO] [stdout] test math::scaledadd_vec::tests::test_scaledadd_mat_mat_panic_6_u32 - should panic ... ok
[INFO] [stdout] test math::scaledadd_vec::tests::test_scaledadd_mat_mat_panic_6_i32 - should panic ... ok
[INFO] [stdout] test math::scaledadd_vec::tests::test_scaledadd_mat_mat_u16 ... ok
[INFO] [stdout] test math::scaledadd_vec::tests::test_scaledadd_mat_mat_panic_5_u64 - should panic ... ok
[INFO] [stdout] test math::scaledadd_vec::tests::test_scaledadd_mat_mat_u8 ... ok
[INFO] [stdout] test math::mul_vec::tests::test_mul_mat_mat_panic_1_u8 - should panic ... ok
[INFO] [stdout] test math::scaledadd_vec::tests::test_scaledadd_mat_scalar_f32 ... ok
[INFO] [stdout] test math::mul_vec::tests::test_mul_mat_mat_panic_2_f64 - should panic ... ok
[INFO] [stdout] test math::scaledadd_vec::tests::test_scaledadd_mat_scalar_i16 ... ok
[INFO] [stdout] test math::mul_vec::tests::test_mul_mat_mat_panic_2_i32 - should panic ... ok
[INFO] [stdout] test math::scaledadd_vec::tests::test_scaledadd_mat_scalar_f64 ... ok
[INFO] [stdout] test math::mul_vec::tests::test_mul_mat_mat_panic_2_isize - should panic ... ok
[INFO] [stdout] test math::scaledadd_vec::tests::test_scaledadd_mat_scalar_i64 ... ok
[INFO] [stdout] test math::mul_vec::tests::test_mul_mat_mat_panic_2_u16 - should panic ... ok
[INFO] [stdout] test math::scaledadd_vec::tests::test_scaledadd_mat_scalar_isize ... ok
[INFO] [stdout] test math::scaledadd_vec::tests::test_scaledadd_mat_scalar_u16 ... ok
[INFO] [stdout] test math::scaledadd_vec::tests::test_scaledadd_mat_scalar_u32 ... ok
[INFO] [stdout] test math::scaledadd_vec::tests::test_scaledadd_mat_scalar_u64 ... ok
[INFO] [stdout] test math::scaledadd_vec::tests::test_scaledadd_mat_scalar_u8 ... ok
[INFO] [stdout] test math::div_vec::tests::test_div_vec_vec_panic_3_f64 - should panic ... ok
[INFO] [stdout] test math::scaledadd_vec::tests::test_scaledadd_vec_f32 ... ok
[INFO] [stdout] test math::scaledadd_vec::tests::test_scaledadd_vec_f64 ... ok
[INFO] [stdout] test math::scaledadd_vec::tests::test_scaledadd_mat_scalar_usize ... ok
[INFO] [stdout] test math::scaledadd_vec::tests::test_scaledadd_vec_i16 ... ok
[INFO] [stdout] test math::scaledadd_vec::tests::test_scaledadd_vec_isize ... ok
[INFO] [stdout] test math::scaledadd_vec::tests::test_scaledadd_vec_i64 ... ok
[INFO] [stdout] test math::mul_vec::tests::test_mul_mat_mat_panic_2_i8 - should panic ... ok
[INFO] [stdout] test math::mul_vec::tests::test_mul_mat_mat_panic_2_u32 - should panic ... ok
[INFO] [stdout] test math::scaledadd_vec::tests::test_scaledadd_vec_i8 ... ok
[INFO] [stdout] test math::scaledadd_vec::tests::test_scaledadd_vec_panic_1_f32 - should panic ... ok
[INFO] [stdout] test math::scaledadd_vec::tests::test_scaledadd_vec_panic_1_i8 - should panic ... ok
[INFO] [stdout] test math::mul_vec::tests::test_mul_mat_mat_panic_3_f32 - should panic ... ok
[INFO] [stdout] test math::scaledadd_vec::tests::test_scaledadd_vec_panic_1_u16 - should panic ... ok
[INFO] [stdout] test math::mul_vec::tests::test_mul_mat_mat_panic_2_usize - should panic ... ok
[INFO] [stdout] test math::mul_vec::tests::test_mul_mat_mat_panic_2_u8 - should panic ... ok
[INFO] [stdout] test math::mul_vec::tests::test_mul_mat_mat_panic_3_u32 - should panic ... ok
[INFO] [stdout] test math::scaledadd_vec::tests::test_scaledadd_vec_panic_1_u64 - should panic ... ok
[INFO] [stdout] test math::scaledadd_vec::tests::test_scaledadd_mat_scalar_i8 ... ok
[INFO] [stdout] test math::scaledadd_vec::tests::test_scaledadd_vec_i32 ... ok
[INFO] [stdout] test math::scaledadd_vec::tests::test_scaledadd_mat_mat_u32 ... ok
[INFO] [stdout] test math::mul_vec::tests::test_mul_mat_mat_panic_3_u16 - should panic ... ok
[INFO] [stdout] test math::scaledadd_vec::tests::test_scaledadd_mat_scalar_i32 ... ok
[INFO] [stdout] test math::scaledadd_vec::tests::test_scaledadd_mat_mat_u64 ... ok
[INFO] [stdout] test math::mul_vec::tests::test_mul_mat_mat_panic_3_u64 - should panic ... ok
[INFO] [stdout] test math::scaledadd_vec::tests::test_scaledadd_vec_panic_2_i16 - should panic ... ok
[INFO] [stdout] test math::scaledadd_vec::tests::test_scaledadd_vec_panic_2_i8 - should panic ... ok
[INFO] [stdout] test math::scaledadd_vec::tests::test_scaledadd_mat_mat_usize ... ok
[INFO] [stdout] test math::scaledadd_vec::tests::test_scaledadd_vec_panic_2_i32 - should panic ... ok
[INFO] [stdout] test math::scaledadd_vec::tests::test_scaledadd_vec_panic_2_isize - should panic ... ok
[INFO] [stdout] test math::mul_vec::tests::test_mul_mat_mat_panic_3_usize - should panic ... ok
[INFO] [stdout] test math::scaledadd_vec::tests::test_scaledadd_vec_u16 ... ok
[INFO] [stdout] test math::scaledadd_vec::tests::test_scaledadd_vec_u32 ... ok
[INFO] [stdout] test math::scaledadd_vec::tests::test_scaledadd_vec_u64 ... ok
[INFO] [stdout] test math::mul_vec::tests::test_mul_vec_vec_panic_2_i64 - should panic ... ok
[INFO] [stdout] test math::mul_vec::tests::test_mul_vec_vec_panic_2_i8 - should panic ... ok
[INFO] [stdout] test math::scaledadd_vec::tests::test_scaledadd_vec_u8 ... ok
[INFO] [stdout] test math::scaledadd_vec::tests::test_scaledadd_vec_usize ... ok
[INFO] [stdout] test math::div_vec::tests::test_div_vec_vec_panic_i8 - should panic ... ok
[INFO] [stdout] test math::scaledadd_vec::tests::test_scaledadd_vec_vec_f32 ... ok
[INFO] [stdout] test math::mul_vec::tests::test_mul_vec_vec_panic_3_f32 - should panic ... ok
[INFO] [stdout] test math::mul_vec::tests::test_mul_vec_vec_panic_2_u8 - should panic ... ok
[INFO] [stdout] test math::div_vec::tests::test_div_vec_vec_panic_u64 - should panic ... ok
[INFO] [stdout] test math::scaledadd_vec::tests::test_scaledadd_vec_vec_i32 ... ok
[INFO] [stdout] test math::scaledadd_vec::tests::test_scaledadd_vec_vec_i8 ... ok
[INFO] [stdout] test math::scaledadd_vec::tests::test_scaledadd_vec_vec_isize ... ok
[INFO] [stdout] test math::scaledadd_vec::tests::test_scaledadd_vec_vec_i64 ... ok
[INFO] [stdout] test math::scaledadd_vec::tests::test_scaledadd_vec_panic_1_u8 - should panic ... ok
[INFO] [stdout] test math::scaledadd_vec::tests::test_scaledadd_vec_vec_panic_1_i32 - should panic ... ok
[INFO] [stdout] test math::scaledadd_vec::tests::test_scaledadd_vec_vec_panic_1_i64 - should panic ... ok
[INFO] [stdout] test math::mul_vec::tests::test_mul_vec_vec_panic_2_u64 - should panic ... ok
[INFO] [stdout] test math::mul_vec::tests::test_mul_vec_vec_panic_3_f64 - should panic ... ok
[INFO] [stdout] test math::mul_vec::tests::test_mul_vec_vec_panic_3_i16 - should panic ... ok
[INFO] [stdout] test math::dot_vec::tests::test_mat_mat_panic_1_i64 - should panic ... ok
[INFO] [stdout] test math::mul_vec::tests::test_mul_vec_vec_panic_3_u8 - should panic ... ok
[INFO] [stdout] test math::mul_vec::tests::test_mul_vec_vec_panic_3_i8 - should panic ... ok
[INFO] [stdout] test math::scaledadd_vec::tests::test_scaledadd_vec_vec_panic_1_u32 - should panic ... ok
[INFO] [stdout] test math::mul_vec::tests::test_mul_vec_vec_panic_3_isize - should panic ... ok
[INFO] [stdout] test math::mul_vec::tests::test_mul_vec_vec_panic_3_usize - should panic ... ok
[INFO] [stdout] test math::scaledadd_vec::tests::test_scaledadd_vec_vec_panic_2_i64 - should panic ... ok
[INFO] [stdout] test math::scaledadd_vec::tests::test_scaledadd_vec_vec_panic_2_isize - should panic ... ok
[INFO] [stdout] test math::scaledadd_vec::tests::test_scaledadd_vec_vec_f64 ... ok
[INFO] [stdout] test math::mul_vec::tests::test_mul_vec_vec_panic_f32 - should panic ... ok
[INFO] [stdout] test math::scaledadd_vec::tests::test_scaledadd_vec_vec_i16 ... ok
[INFO] [stdout] test math::mul_vec::tests::test_mul_vec_vec_panic_i32 - should panic ... ok
[INFO] [stdout] test math::scaledadd_vec::tests::test_scaledadd_vec_vec_panic_2_u8 - should panic ... ok
[INFO] [stdout] test math::mul_vec::tests::test_mul_vec_vec_panic_u64 - should panic ... ok
[INFO] [stdout] test math::mul_vec::tests::test_mul_vec_vec_panic_u8 - should panic ... ok
[INFO] [stdout] test math::scaledadd_vec::tests::test_scaledadd_vec_vec_panic_3_i16 - should panic ... ok
[INFO] [stdout] test math::scaledadd_vec::tests::test_scaledadd_vec_vec_panic_3_i32 - should panic ... ok
[INFO] [stdout] test math::scaledadd_vec::tests::test_scaledadd_vec_vec_panic_2_usize - should panic ... ok
[INFO] [stdout] test math::scaledadd_vec::tests::test_scaledadd_vec_vec_panic_3_isize - should panic ... ok
[INFO] [stdout] test math::scaledadd_vec::tests::test_scaledadd_vec_vec_panic_3_i8 - should panic ... ok
[INFO] [stdout] test math::scaledadd_vec::tests::test_scaledadd_vec_vec_panic_3_i64 - should panic ... ok
[INFO] [stdout] test math::scaledadd_vec::tests::test_scaledadd_vec_vec_panic_3_u32 - should panic ... ok
[INFO] [stdout] test math::scaledadd_vec::tests::test_scaledadd_vec_vec_panic_3_u16 - should panic ... ok
[INFO] [stdout] test math::scaledadd_vec::tests::test_scaledadd_vec_vec_panic_3_u64 - should panic ... ok
[INFO] [stdout] test math::scaledadd_vec::tests::test_scaledadd_vec_vec_u16 ... ok
[INFO] [stdout] test math::dot_vec::tests::test_mat_mat_panic_2_i8 - should panic ... ok
[INFO] [stdout] test math::scaledadd_vec::tests::test_scaledadd_vec_vec_u32 ... ok
[INFO] [stdout] test math::scaledadd_vec::tests::test_scaledadd_vec_vec_u64 ... ok
[INFO] [stdout] test math::scaledadd_vec::tests::test_scaledadd_vec_vec_u8 ... ok
[INFO] [stdout] test math::mul_vec::tests::test_mul_vec_vec_panic_isize - should panic ... ok
[INFO] [stdout] test math::scaledadd_vec::tests::test_scaledadd_vec_vec_usize ... ok
[INFO] [stdout] test math::scaledsub::tests::test_scaledsub_f32 ... ok
[INFO] [stdout] test math::scaledsub::tests::test_scaledsub_i16 ... ok
[INFO] [stdout] test math::scaledsub::tests::test_scaledsub_i64 ... ok
[INFO] [stdout] test math::mul_vec::tests::test_mul_vec_vec_panic_u16 - should panic ... ok
[INFO] [stdout] test math::dot_vec::tests::test_mat_mat_panic_2_f64 - should panic ... ok
[INFO] [stdout] test math::mul_vec::tests::test_mul_vec_vec_panic_usize - should panic ... ok
[INFO] [stdout] test math::scaledsub::tests::test_scaledsub_u16 ... ok
[INFO] [stdout] test math::scaledsub::tests::test_scaledsub_i32 ... ok
[INFO] [stdout] test math::scaledsub::tests::test_scaledsub_u64 ... ok
[INFO] [stdout] test math::mul_vec::tests::test_mul_vec_vec_panic_i8 - should panic ... ok
[INFO] [stdout] test math::scaledsub::tests::test_scaledsub_u8 ... ok
[INFO] [stdout] test math::scaledsub::tests::test_scaledsub_usize ... ok
[INFO] [stdout] test math::scaledsub_vec::tests::test_scaledsub_mat_mat_f32 ... ok
[INFO] [stdout] test math::scaledadd_vec::tests::test_scaledadd_mat_mat_panic_1_f32 - should panic ... ok
[INFO] [stdout] test math::scaledsub_vec::tests::test_scaledsub_mat_mat_i16 ... ok
[INFO] [stdout] test math::scaledsub::tests::test_scaledsub_i8 ... ok
[INFO] [stdout] test math::scaledsub::tests::test_scaledsub_isize ... ok
[INFO] [stdout] test math::scaledsub_vec::tests::test_scaledsub_mat_mat_i32 ... ok
[INFO] [stdout] test math::add_vec::tests::test_add_vec_vec_panic_3_i16 - should panic ... ok
[INFO] [stdout] test math::scaledsub_vec::tests::test_scaledsub_mat_mat_isize ... ok
[INFO] [stdout] test math::scaledsub_vec::tests::test_scaledsub_mat_mat_i64 ... ok
[INFO] [stdout] test math::scaledadd_vec::tests::test_scaledadd_mat_mat_panic_1_i64 - should panic ... ok
[INFO] [stdout] test math::scaledsub_vec::tests::test_scaledsub_mat_mat_i8 ... ok
[INFO] [stdout] test math::scaledsub::tests::test_scaledsub_u32 ... ok
[INFO] [stdout] test math::scaledsub::tests::test_scaledsub_f64 ... ok
[INFO] [stdout] test math::scaledsub_vec::tests::test_scaledsub_mat_mat_f64 ... ok
[INFO] [stdout] test math::mul_vec::tests::test_mul_vec_vec_panic_3_i64 - should panic ... ok
[INFO] [stdout] test math::scaledadd_vec::tests::test_scaledadd_mat_mat_panic_1_u16 - should panic ... ok
[INFO] [stdout] test math::scaledadd_vec::tests::test_scaledadd_mat_mat_panic_1_u64 - should panic ... ok
[INFO] [stdout] test math::scaledadd_vec::tests::test_scaledadd_mat_mat_panic_1_u32 - should panic ... ok
[INFO] [stdout] test math::scaledsub_vec::tests::test_scaledsub_mat_mat_panic_1_f64 - should panic ... ok
[INFO] [stdout] test math::scaledadd_vec::tests::test_scaledadd_mat_mat_panic_2_u32 - should panic ... ok
[INFO] [stdout] test math::scaledsub_vec::tests::test_scaledsub_mat_mat_panic_1_u32 - should panic ... ok
[INFO] [stdout] test math::scaledadd_vec::tests::test_scaledadd_mat_mat_panic_2_u64 - should panic ... ok
[INFO] [stdout] test math::dot_vec::tests::test_mat_mat_panic_3_u16 - should panic ... ok
[INFO] [stdout] test math::scaledadd_vec::tests::test_scaledadd_mat_mat_panic_2_u8 - should panic ... ok
[INFO] [stdout] test math::scaledadd_vec::tests::test_scaledadd_mat_mat_panic_3_f64 - should panic ... ok
[INFO] [stdout] test math::scaledadd_vec::tests::test_scaledadd_mat_mat_panic_2_i64 - should panic ... ok
[INFO] [stdout] test math::scaledsub_vec::tests::test_scaledsub_mat_mat_panic_1_u64 - should panic ... ok
[INFO] [stdout] test math::scaledadd_vec::tests::test_scaledadd_mat_mat_panic_2_isize - should panic ... ok
[INFO] [stdout] test math::scaledadd_vec::tests::test_scaledadd_mat_mat_panic_2_f64 - should panic ... ok
[INFO] [stdout] test math::scaledadd_vec::tests::test_scaledadd_mat_mat_panic_1_isize - should panic ... ok
[INFO] [stdout] test math::scaledsub_vec::tests::test_scaledsub_mat_mat_panic_2_i32 - should panic ... ok
[INFO] [stdout] test math::scaledadd_vec::tests::test_scaledadd_mat_mat_panic_2_usize - should panic ... ok
[INFO] [stdout] test math::scaledadd_vec::tests::test_scaledadd_mat_mat_panic_2_i16 - should panic ... ok
[INFO] [stdout] test math::scaledsub_vec::tests::test_scaledsub_mat_mat_panic_2_i64 - should panic ... ok
[INFO] [stdout] test math::scaledadd_vec::tests::test_scaledadd_mat_mat_panic_1_usize - should panic ... ok
[INFO] [stdout] test math::scaledadd_vec::tests::test_scaledadd_mat_mat_panic_3_i16 - should panic ... ok
[INFO] [stdout] test math::scaledadd_vec::tests::test_scaledadd_mat_mat_panic_2_f32 - should panic ... ok
[INFO] [stdout] test math::scaledadd_vec::tests::test_scaledadd_mat_mat_panic_1_i32 - should panic ... ok
[INFO] [stdout] test math::scaledadd_vec::tests::test_scaledadd_mat_mat_panic_2_i8 - should panic ... ok
[INFO] [stdout] test math::dot_vec::tests::test_mat_mat_panic_4_f32 - should panic ... ok
[INFO] [stdout] test math::scaledadd_vec::tests::test_scaledadd_mat_mat_panic_3_i32 - should panic ... ok
[INFO] [stdout] test math::scaledadd_vec::tests::test_scaledadd_mat_mat_panic_3_i8 - should panic ... ok
[INFO] [stdout] test math::dot_vec::tests::test_mat_mat_panic_4_i32 - should panic ... ok
[INFO] [stdout] test math::scaledadd_vec::tests::test_scaledadd_mat_mat_panic_3_isize - should panic ... ok
[INFO] [stdout] test math::add_vec::tests::test_add_mat_mat_panic_2_u8 - should panic ... ok
[INFO] [stdout] test math::scaledadd_vec::tests::test_scaledadd_mat_mat_panic_3_usize - should panic ... ok
[INFO] [stdout] test math::scaledadd_vec::tests::test_scaledadd_mat_mat_panic_3_u8 - should panic ... ok
[INFO] [stdout] test math::scaledadd_vec::tests::test_scaledadd_mat_mat_panic_3_u32 - should panic ... ok
[INFO] [stdout] test math::scaledadd_vec::tests::test_scaledadd_mat_mat_panic_4_f32 - should panic ... ok
[INFO] [stdout] test math::scaledadd_vec::tests::test_scaledadd_mat_mat_panic_4_f64 - should panic ... ok
[INFO] [stdout] test math::scaledadd_vec::tests::test_scaledadd_mat_mat_panic_4_i16 - should panic ... ok
[INFO] [stdout] test math::div_vec::tests::test_div_mat_mat_panic_1_f32 - should panic ... ok
[INFO] [stdout] test math::scaledadd_vec::tests::test_scaledadd_mat_mat_panic_4_isize - should panic ... ok
[INFO] [stdout] test math::scaledadd_vec::tests::test_scaledadd_mat_mat_panic_4_i64 - should panic ... ok
[INFO] [stdout] test math::scaledadd_vec::tests::test_scaledadd_mat_mat_panic_4_u32 - should panic ... ok
[INFO] [stdout] test math::scaledadd_vec::tests::test_scaledadd_mat_mat_panic_4_i8 - should panic ... ok
[INFO] [stdout] test math::scaledadd_vec::tests::test_scaledadd_mat_mat_panic_3_u64 - should panic ... ok
[INFO] [stdout] test math::scaledadd_vec::tests::test_scaledadd_mat_mat_panic_4_u8 - should panic ... ok
[INFO] [stdout] test math::scaledadd_vec::tests::test_scaledadd_mat_mat_panic_4_usize - should panic ... ok
[INFO] [stdout] test math::scaledadd_vec::tests::test_scaledadd_mat_mat_panic_5_i16 - should panic ... ok
[INFO] [stdout] test math::scaledadd_vec::tests::test_scaledadd_mat_mat_panic_5_i32 - should panic ... ok
[INFO] [stdout] test math::mul_vec::tests::test_mul_mat_mat_panic_1_f32 - should panic ... ok
[INFO] [stdout] test math::mul_vec::tests::test_mul_mat_mat_panic_1_f64 - should panic ... ok
[INFO] [stdout] test math::scaledadd_vec::tests::test_scaledadd_mat_mat_panic_5_u32 - should panic ... ok
[INFO] [stdout] test math::scaledadd_vec::tests::test_scaledadd_mat_mat_panic_5_i8 - should panic ... ok
[INFO] [stdout] test math::scaledadd_vec::tests::test_scaledadd_mat_mat_panic_4_u64 - should panic ... ok
[INFO] [stdout] test math::scaledadd_vec::tests::test_scaledadd_mat_mat_panic_4_u16 - should panic ... ok
[INFO] [stdout] test math::scaledsub_vec::tests::test_scaledsub_mat_mat_panic_3_u8 - should panic ... ok
[INFO] [stdout] test math::mul_vec::tests::test_mul_mat_mat_panic_1_i32 - should panic ... ok
[INFO] [stdout] test math::dot_vec::tests::test_mat_mat_panic_6_u8 - should panic ... ok
[INFO] [stdout] test math::scaledadd_vec::tests::test_scaledadd_mat_mat_panic_6_u16 - should panic ... ok
[INFO] [stdout] test math::scaledsub_vec::tests::test_scaledsub_mat_mat_panic_4_u16 - should panic ... ok
[INFO] [stdout] test math::scaledsub_vec::tests::test_scaledsub_mat_mat_panic_4_usize - should panic ... ok
[INFO] [stdout] test math::scaledadd_vec::tests::test_scaledadd_mat_mat_panic_6_usize - should panic ... ok
[INFO] [stdout] test math::scaledsub_vec::tests::test_scaledsub_mat_mat_panic_5_u16 - should panic ... ok
[INFO] [stdout] test math::scaledsub_vec::tests::test_scaledsub_mat_mat_panic_5_isize - should panic ... ok
[INFO] [stdout] test math::div_vec::tests::test_div_vec_vec_panic_2_u8 - should panic ... ok
[INFO] [stdout] test math::scaledadd_vec::tests::test_scaledadd_mat_mat_panic_5_u8 - should panic ... ok
[INFO] [stdout] test math::scaledadd_vec::tests::test_scaledadd_mat_mat_panic_5_usize - should panic ... ok
[INFO] [stdout] test math::scaledadd_vec::tests::test_scaledadd_mat_mat_panic_6_f32 - should panic ... ok
[INFO] [stdout] test math::scaledadd_vec::tests::test_scaledadd_mat_mat_panic_6_f64 - should panic ... ok
[INFO] [stdout] test math::scaledadd_vec::tests::test_scaledadd_mat_mat_panic_6_i16 - should panic ... ok
[INFO] [stdout] test math::scaledadd_vec::tests::test_scaledadd_mat_mat_panic_6_u64 - should panic ... ok
[INFO] [stdout] test math::scaledsub_vec::tests::test_scaledsub_mat_mat_panic_5_f32 - should panic ... ok
[INFO] [stdout] test math::scaledadd_vec::tests::test_scaledadd_mat_mat_panic_5_f64 - should panic ... ok
[INFO] [stdout] test math::scaledadd_vec::tests::test_scaledadd_vec_panic_1_f64 - should panic ... ok
[INFO] [stdout] test math::mul_vec::tests::test_mul_mat_mat_panic_2_i64 - should panic ... ok
[INFO] [stdout] test math::scaledadd_vec::tests::test_scaledadd_vec_panic_1_i16 - should panic ... ok
[INFO] [stdout] test math::scaledadd_vec::tests::test_scaledadd_vec_panic_1_isize - should panic ... ok
[INFO] [stdout] test math::scaledadd_vec::tests::test_scaledadd_vec_panic_1_i32 - should panic ... ok
[INFO] [stdout] test math::add_vec::tests::test_add_mat_mat_panic_1_i64 - should panic ... ok
[INFO] [stdout] test math::mul_vec::tests::test_mul_mat_mat_panic_3_i32 - should panic ... ok
[INFO] [stdout] test math::scaledadd_vec::tests::test_scaledadd_vec_panic_1_i64 - should panic ... ok
[INFO] [stdout] test math::scaledadd_vec::tests::test_scaledadd_vec_panic_2_f32 - should panic ... ok
[INFO] [stdout] test math::scaledadd_vec::tests::test_scaledadd_vec_panic_1_u32 - should panic ... ok
[INFO] [stdout] test math::mul_vec::tests::test_mul_mat_mat_panic_3_u8 - should panic ... ok
[INFO] [stdout] test math::mul_vec::tests::test_mul_mat_mat_panic_3_isize - should panic ... ok
[INFO] [stdout] test math::scaledadd_vec::tests::test_scaledadd_vec_panic_2_u32 - should panic ... ok
[INFO] [stdout] test math::scaledadd_vec::tests::test_scaledadd_vec_panic_2_u64 - should panic ... ok
[INFO] [stdout] test math::scaledadd_vec::tests::test_scaledadd_vec_panic_2_u16 - should panic ... ok
[INFO] [stdout] test math::scaledadd_vec::tests::test_scaledadd_vec_panic_2_usize - should panic ... ok
[INFO] [stdout] test math::mul_vec::tests::test_mul_mat_mat_panic_3_i8 - should panic ... ok
[INFO] [stdout] test math::scaledadd_vec::tests::test_scaledadd_vec_vec_panic_1_f64 - should panic ... ok
[INFO] [stdout] test math::scaledadd_vec::tests::test_scaledadd_vec_panic_2_f64 - should panic ... ok
[INFO] [stdout] test math::scaledadd_vec::tests::test_scaledadd_vec_panic_1_usize - should panic ... ok
[INFO] [stdout] test math::scaledadd_vec::tests::test_scaledadd_vec_vec_panic_1_i16 - should panic ... ok
[INFO] [stdout] test math::scaledadd_vec::tests::test_scaledadd_vec_vec_panic_1_f32 - should panic ... ok
[INFO] [stdout] test math::mul_vec::tests::test_mul_vec_vec_panic_2_f32 - should panic ... ok
[INFO] [stdout] test math::add_vec::tests::test_add_mat_mat_panic_3_i16 - should panic ... ok
[INFO] [stdout] test math::scaledadd_vec::tests::test_scaledadd_vec_panic_2_u8 - should panic ... ok
[INFO] [stdout] test math::mul_vec::tests::test_mul_vec_vec_panic_2_i32 - should panic ... ok
[INFO] [stdout] test math::scaledadd_vec::tests::test_scaledadd_vec_panic_2_i64 - should panic ... ok
[INFO] [stdout] test math::scaledadd_vec::tests::test_scaledadd_vec_vec_panic_1_i8 - should panic ... ok
[INFO] [stdout] test math::scaledadd_vec::tests::test_scaledadd_vec_vec_panic_1_isize - should panic ... ok
[INFO] [stdout] test math::scaledadd_vec::tests::test_scaledadd_vec_vec_panic_1_u8 - should panic ... ok
[INFO] [stdout] test math::scaledadd_vec::tests::test_scaledadd_vec_vec_panic_1_u16 - should panic ... ok
[INFO] [stdout] test math::scaledadd_vec::tests::test_scaledadd_vec_vec_panic_1_u64 - should panic ... ok
[INFO] [stdout] test math::mul_vec::tests::test_mul_vec_vec_panic_3_i32 - should panic ... ok
[INFO] [stdout] test math::scaledadd_vec::tests::test_scaledadd_vec_vec_panic_2_f64 - should panic ... ok
[INFO] [stdout] test math::scaledadd_vec::tests::test_scaledadd_vec_vec_panic_2_i16 - should panic ... ok
[INFO] [stdout] test math::scaledadd_vec::tests::test_scaledadd_vec_vec_panic_1_usize - should panic ... ok
[INFO] [stdout] test math::add_vec::tests::test_add_mat_mat_panic_3_u32 - should panic ... ok
[INFO] [stdout] test math::scaledadd_vec::tests::test_scaledadd_vec_vec_panic_2_i32 - should panic ... ok
[INFO] [stdout] test math::scaledadd_vec::tests::test_scaledadd_vec_vec_panic_2_i8 - should panic ... ok
[INFO] [stdout] test math::scaledadd_vec::tests::test_scaledadd_vec_vec_panic_2_f32 - should panic ... ok
[INFO] [stdout] test math::scaledadd_vec::tests::test_scaledadd_vec_vec_panic_2_u32 - should panic ... ok
[INFO] [stdout] test math::scaledadd_vec::tests::test_scaledadd_vec_vec_panic_2_u64 - should panic ... ok
[INFO] [stdout] test math::scaledadd_vec::tests::test_scaledadd_vec_vec_panic_2_u16 - should panic ... ok
[INFO] [stdout] test math::mul_vec::tests::test_mul_vec_vec_panic_i64 - should panic ... ok
[INFO] [stdout] test math::mul_vec::tests::test_mul_vec_vec_panic_i16 - should panic ... ok
[INFO] [stdout] test math::scaledadd_vec::tests::test_scaledadd_vec_vec_panic_3_f32 - should panic ... ok
[INFO] [stdout] test math::scaledadd_vec::tests::test_scaledadd_vec_vec_panic_3_f64 - should panic ... ok
[INFO] [stdout] test math::scaledadd_vec::tests::test_scaledadd_vec_vec_panic_3_usize - should panic ... ok
[INFO] [stdout] test math::scaledadd_vec::tests::test_scaledadd_vec_vec_panic_3_u8 - should panic ... ok
[INFO] [stdout] test math::scaledadd_vec::tests::test_scaledadd_mat_mat_panic_1_i8 - should panic ... ok
[INFO] [stdout] test math::scaledsub_vec::tests::test_scaledsub_mat_mat_panic_5_u64 - should panic ... ok
[INFO] [stdout] test math::scaledsub_vec::tests::test_scaledsub_mat_mat_panic_5_u8 - should panic ... ok
[INFO] [stdout] test math::scaledsub_vec::tests::test_scaledsub_mat_mat_panic_1_f32 - should panic ... ok
[INFO] [stdout] test math::scaledsub_vec::tests::test_scaledsub_mat_mat_panic_1_i32 - should panic ... ok
[INFO] [stdout] test math::scaledsub_vec::tests::test_scaledsub_mat_mat_panic_1_i64 - should panic ... ok
[INFO] [stdout] test math::scaledsub_vec::tests::test_scaledsub_mat_mat_panic_6_f64 - should panic ... ok
[INFO] [stdout] test math::scaledsub_vec::tests::test_scaledsub_mat_mat_panic_1_i16 - should panic ... ok
[INFO] [stdout] test math::scaledsub_vec::tests::test_scaledsub_mat_mat_panic_1_u16 - should panic ... ok
[INFO] [stdout] test math::scaledsub_vec::tests::test_scaledsub_mat_mat_panic_1_isize - should panic ... ok
[INFO] [stdout] test math::scaledsub_vec::tests::test_scaledsub_mat_mat_panic_1_u8 - should panic ... ok
[INFO] [stdout] test math::scaledsub_vec::tests::test_scaledsub_mat_mat_panic_1_usize - should panic ... ok
[INFO] [stdout] test math::scaledsub_vec::tests::test_scaledsub_mat_mat_panic_2_f32 - should panic ... ok
[INFO] [stdout] test math::scaledsub_vec::tests::test_scaledsub_mat_mat_panic_2_f64 - should panic ... ok
[INFO] [stdout] test math::scaledsub_vec::tests::test_scaledsub_mat_mat_panic_2_i16 - should panic ... ok
[INFO] [stdout] test math::scaledadd_vec::tests::test_scaledadd_mat_mat_panic_1_u8 - should panic ... ok
[INFO] [stdout] test math::scaledsub_vec::tests::test_scaledsub_mat_mat_panic_3_f32 - should panic ... ok
[INFO] [stdout] test math::scaledsub_vec::tests::test_scaledsub_mat_mat_panic_2_usize - should panic ... ok
[INFO] [stdout] test math::scaledsub_vec::tests::test_scaledsub_mat_mat_panic_2_i8 - should panic ... ok
[INFO] [stdout] test math::scaledsub_vec::tests::test_scaledsub_mat_mat_panic_2_isize - should panic ... ok
[INFO] [stdout] test math::scaledsub_vec::tests::test_scaledsub_mat_mat_panic_2_u16 - should panic ... ok
[INFO] [stdout] test math::scaledsub_vec::tests::test_scaledsub_mat_mat_panic_2_u32 - should panic ... ok
[INFO] [stdout] test math::scaledsub_vec::tests::test_scaledsub_mat_mat_panic_2_u64 - should panic ... ok
[INFO] [stdout] test math::scaledsub_vec::tests::test_scaledsub_mat_mat_panic_2_u8 - should panic ... ok
[INFO] [stdout] test math::scaledsub_vec::tests::test_scaledsub_mat_mat_panic_3_f64 - should panic ... ok
[INFO] [stdout] test math::scaledsub_vec::tests::test_scaledsub_mat_mat_panic_3_i16 - should panic ... ok
[INFO] [stdout] test math::scaledadd_vec::tests::test_scaledadd_mat_mat_panic_2_i32 - should panic ... ok
[INFO] [stdout] test math::scaledsub_vec::tests::test_scaledsub_mat_mat_panic_3_i32 - should panic ... ok
[INFO] [stdout] test math::scaledsub_vec::tests::test_scaledsub_mat_mat_panic_3_i8 - should panic ... ok
[INFO] [stdout] test math::scaledsub_vec::tests::test_scaledsub_mat_mat_panic_3_isize - should panic ... ok
[INFO] [stdout] test math::scaledsub_vec::tests::test_scaledsub_mat_mat_panic_3_i64 - should panic ... ok
[INFO] [stdout] test math::scaledsub_vec::tests::test_scaledsub_mat_mat_panic_3_u16 - should panic ... ok
[INFO] [stdout] test math::scaledsub_vec::tests::test_scaledsub_mat_mat_panic_3_u32 - should panic ... ok
[INFO] [stdout] test math::scaledadd_vec::tests::test_scaledadd_mat_mat_panic_5_u16 - should panic ... ok
[INFO] [stdout] test math::scaledsub_vec::tests::test_scaledsub_mat_mat_panic_3_u64 - should panic ... ok
[INFO] [stdout] test math::scaledsub_vec::tests::test_scaledsub_mat_mat_panic_4_f64 - should panic ... ok
[INFO] [stdout] test math::scaledsub_vec::tests::test_scaledsub_mat_mat_panic_4_f32 - should panic ... ok
[INFO] [stdout] test math::scaledsub_vec::tests::test_scaledsub_mat_mat_panic_3_usize - should panic ... ok
[INFO] [stdout] test math::scaledsub_vec::tests::test_scaledsub_mat_mat_panic_4_i16 - should panic ... ok
[INFO] [stdout] test math::scaledsub_vec::tests::test_scaledsub_mat_mat_panic_4_i64 - should panic ... ok
[INFO] [stdout] test math::scaledsub_vec::tests::test_scaledsub_mat_mat_panic_4_i8 - should panic ... ok
[INFO] [stdout] test math::scaledadd_vec::tests::test_scaledadd_mat_mat_panic_6_u8 - should panic ... ok
[INFO] [stdout] test math::scaledsub_vec::tests::test_scaledsub_mat_mat_panic_4_u8 - should panic ... ok
[INFO] [stdout] test math::scaledsub_vec::tests::test_scaledsub_mat_mat_panic_4_u32 - should panic ... ok
[INFO] [stdout] test math::scaledsub_vec::tests::test_scaledsub_mat_mat_panic_4_u64 - should panic ... ok
[INFO] [stdout] test math::scaledsub_vec::tests::test_scaledsub_mat_mat_panic_5_i16 - should panic ... ok
[INFO] [stdout] test math::mul_vec::tests::test_mul_mat_mat_panic_2_f32 - should panic ... ok
[INFO] [stdout] test math::scaledsub_vec::tests::test_scaledsub_mat_mat_panic_5_i8 - should panic ... ok
[INFO] [stdout] test math::scaledsub_vec::tests::test_scaledsub_mat_mat_panic_5_f64 - should panic ... ok
[INFO] [stdout] test math::scaledsub_vec::tests::test_scaledsub_mat_mat_panic_5_i32 - should panic ... ok
[INFO] [stdout] test math::scaledsub_vec::tests::test_scaledsub_mat_mat_panic_4_i32 - should panic ... ok
[INFO] [stdout] test math::scaledadd_vec::tests::test_scaledadd_mat_mat_panic_6_i64 - should panic ... ok
[INFO] [stdout] test math::scaledadd_vec::tests::test_scaledadd_mat_mat_panic_6_i8 - should panic ... ok
[INFO] [stdout] test math::scaledadd_vec::tests::test_scaledadd_mat_mat_panic_6_isize - should panic ... ok
[INFO] [stdout] test math::scaledsub_vec::tests::test_scaledsub_mat_mat_panic_6_i16 - should panic ... ok
[INFO] [stdout] test math::scaledsub_vec::tests::test_scaledsub_mat_mat_panic_4_isize - should panic ... ok
[INFO] [stdout] test math::scaledsub_vec::tests::test_scaledsub_mat_mat_panic_1_i8 - should panic ... ok
[INFO] [stdout] test math::scaledsub_vec::tests::test_scaledsub_mat_mat_panic_5_u32 - should panic ... ok
[INFO] [stdout] test math::scaledsub_vec::tests::test_scaledsub_mat_mat_panic_5_usize - should panic ... ok
[INFO] [stdout] test math::scaledsub_vec::tests::test_scaledsub_mat_mat_panic_5_i64 - should panic ... ok
[INFO] [stdout] test math::scaledsub_vec::tests::test_scaledsub_mat_mat_panic_6_f32 - should panic ... ok
[INFO] [stdout] test math::scaledsub_vec::tests::test_scaledsub_mat_mat_panic_6_i64 - should panic ... ok
[INFO] [stdout] test math::scaledsub_vec::tests::test_scaledsub_mat_mat_u16 ... ok
[INFO] [stdout] test math::scaledsub_vec::tests::test_scaledsub_mat_mat_u32 ... ok
[INFO] [stdout] test math::scaledsub_vec::tests::test_scaledsub_mat_mat_panic_6_u64 - should panic ... ok
[INFO] [stdout] test math::scaledsub_vec::tests::test_scaledsub_mat_mat_panic_6_u16 - should panic ... ok
[INFO] [stdout] test math::scaledsub_vec::tests::test_scaledsub_mat_mat_u8 ... ok
[INFO] [stdout] test math::scaledsub_vec::tests::test_scaledsub_mat_mat_u64 ... ok
[INFO] [stdout] test math::scaledsub_vec::tests::test_scaledsub_mat_mat_panic_6_isize - should panic ... ok
[INFO] [stdout] test math::scaledsub_vec::tests::test_scaledsub_mat_mat_panic_6_u8 - should panic ... ok
[INFO] [stdout] test math::scaledsub_vec::tests::test_scaledsub_mat_scalar_i16 ... ok
[INFO] [stdout] test math::scaledsub_vec::tests::test_scaledsub_mat_scalar_i32 ... ok
[INFO] [stdout] test math::scaledsub_vec::tests::test_scaledsub_mat_mat_panic_6_i8 - should panic ... ok
[INFO] [stdout] test math::scaledsub_vec::tests::test_scaledsub_mat_scalar_i64 ... ok
[INFO] [stdout] test math::scaledsub_vec::tests::test_scaledsub_mat_scalar_u16 ... ok
[INFO] [stdout] test math::scaledsub_vec::tests::test_scaledsub_mat_scalar_u32 ... ok
[INFO] [stdout] test math::scaledsub_vec::tests::test_scaledsub_mat_scalar_isize ... ok
[INFO] [stdout] test math::scaledsub_vec::tests::test_scaledsub_mat_scalar_u8 ... ok
[INFO] [stdout] test math::scaledsub_vec::tests::test_scaledsub_mat_scalar_usize ... ok
[INFO] [stdout] test math::scaledsub_vec::tests::test_scaledsub_vec_f32 ... ok
[INFO] [stdout] test math::scaledsub_vec::tests::test_scaledsub_vec_f64 ... ok
[INFO] [stdout] test math::scaledsub_vec::tests::test_scaledsub_vec_i16 ... ok
[INFO] [stdout] test math::scaledsub_vec::tests::test_scaledsub_mat_scalar_u64 ... ok
[INFO] [stdout] test math::scaledsub_vec::tests::test_scaledsub_vec_i32 ... ok
[INFO] [stdout] test math::scaledsub_vec::tests::test_scaledsub_vec_i64 ... ok
[INFO] [stdout] test math::scaledsub_vec::tests::test_scaledsub_vec_i8 ... ok
[INFO] [stdout] test math::scaledsub_vec::tests::test_scaledsub_vec_isize ... ok
[INFO] [stdout] test math::scaledsub_vec::tests::test_scaledsub_vec_panic_1_i64 - should panic ... ok
[INFO] [stdout] test math::scaledsub_vec::tests::test_scaledsub_mat_scalar_f32 ... ok
[INFO] [stdout] test math::scaledsub_vec::tests::test_scaledsub_mat_mat_usize ... ok
[INFO] [stdout] test math::scaledsub_vec::tests::test_scaledsub_mat_scalar_f64 ... ok
[INFO] [stdout] test math::scaledsub_vec::tests::test_scaledsub_mat_scalar_i8 ... ok
[INFO] [stdout] test math::scaledsub_vec::tests::test_scaledsub_vec_panic_1_i16 - should panic ... ok
[INFO] [stdout] test math::scaledsub_vec::tests::test_scaledsub_vec_panic_1_f32 - should panic ... ok
[INFO] [stdout] test math::scaledsub_vec::tests::test_scaledsub_vec_panic_1_isize - should panic ... ok
[INFO] [stdout] test math::scaledsub_vec::tests::test_scaledsub_vec_panic_1_i32 - should panic ... ok
[INFO] [stdout] test math::scaledsub_vec::tests::test_scaledsub_vec_panic_2_f64 - should panic ... ok
[INFO] [stdout] test math::scaledsub_vec::tests::test_scaledsub_vec_panic_1_i8 - should panic ... ok
[INFO] [stdout] test math::scaledsub_vec::tests::test_scaledsub_vec_panic_1_u16 - should panic ... ok
[INFO] [stdout] test math::scaledsub_vec::tests::test_scaledsub_vec_panic_2_i64 - should panic ... ok
[INFO] [stdout] test math::scaledsub_vec::tests::test_scaledsub_mat_mat_panic_6_u32 - should panic ... ok
[INFO] [stdout] test math::scaledsub_vec::tests::test_scaledsub_vec_u32 ... ok
[INFO] [stdout] test math::scaledsub_vec::tests::test_scaledsub_vec_u64 ... ok
[INFO] [stdout] test math::scaledsub_vec::tests::test_scaledsub_vec_usize ... ok
[INFO] [stdout] test math::scaledsub_vec::tests::test_scaledsub_vec_panic_1_f64 - should panic ... ok
[INFO] [stdout] test math::scaledsub_vec::tests::test_scaledsub_vec_vec_f64 ... ok
[INFO] [stdout] test math::scaledsub_vec::tests::test_scaledsub_vec_vec_i16 ... ok
[INFO] [stdout] test math::scaledsub_vec::tests::test_scaledsub_vec_vec_i64 ... ok
[INFO] [stdout] test math::scaledsub_vec::tests::test_scaledsub_vec_vec_isize ... ok
[INFO] [stdout] test math::scaledsub_vec::tests::test_scaledsub_vec_panic_2_u32 - should panic ... ok
[INFO] [stdout] test math::scaledsub_vec::tests::test_scaledsub_vec_vec_i8 ... ok
[INFO] [stdout] test math::scaledsub_vec::tests::test_scaledsub_vec_vec_f32 ... ok
[INFO] [stdout] test math::scaledsub_vec::tests::test_scaledsub_vec_u16 ... ok
[INFO] [stdout] test math::scaledsub_vec::tests::test_scaledsub_vec_panic_2_i32 - should panic ... ok
[INFO] [stdout] test math::scaledsub_vec::tests::test_scaledsub_vec_panic_2_u8 - should panic ... ok
[INFO] [stdout] test math::scaledsub_vec::tests::test_scaledsub_vec_panic_2_i8 - should panic ... ok
[INFO] [stdout] test math::scaledsub_vec::tests::test_scaledsub_mat_mat_panic_6_usize - should panic ... ok
[INFO] [stdout] test math::scaledsub_vec::tests::test_scaledsub_mat_mat_panic_6_i32 - should panic ... ok
[INFO] [stdout] test math::scaledsub_vec::tests::test_scaledsub_vec_vec_panic_1_u8 - should panic ... ok
[INFO] [stdout] test math::scaledsub_vec::tests::test_scaledsub_vec_vec_panic_2_f32 - should panic ... ok
[INFO] [stdout] test math::scaledsub_vec::tests::test_scaledsub_vec_panic_2_usize - should panic ... ok
[INFO] [stdout] test math::scaledsub_vec::tests::test_scaledsub_vec_vec_panic_2_u64 - should panic ... ok
[INFO] [stdout] test math::scaledsub_vec::tests::test_scaledsub_vec_vec_panic_2_u32 - should panic ... ok
[INFO] [stdout] test math::scaledsub_vec::tests::test_scaledsub_vec_panic_2_f32 - should panic ... ok
[INFO] [stdout] test math::scaledsub_vec::tests::test_scaledsub_vec_vec_panic_3_i32 - should panic ... ok
[INFO] [stdout] test math::scaledsub_vec::tests::test_scaledsub_vec_panic_1_u8 - should panic ... ok
[INFO] [stdout] test math::scaledsub_vec::tests::test_scaledsub_vec_vec_panic_3_u32 - should panic ... ok
[INFO] [stdout] test math::scaledsub_vec::tests::test_scaledsub_vec_vec_u32 ... ok
[INFO] [stdout] test math::scaledsub_vec::tests::test_scaledsub_vec_vec_panic_3_u8 - should panic ... ok
[INFO] [stdout] test math::scaledsub_vec::tests::test_scaledsub_vec_vec_u16 ... ok
[INFO] [stdout] test math::scaledsub_vec::tests::test_scaledsub_vec_vec_u64 ... ok
[INFO] [stdout] test math::sub::tests::test_sub_f32 ... ok
[INFO] [stdout] test math::scaledsub_vec::tests::test_scaledsub_vec_vec_panic_3_usize - should panic ... ok
[INFO] [stdout] test math::sub::tests::test_sub_i16 ... ok
[INFO] [stdout] test math::scaledsub_vec::tests::test_scaledsub_vec_vec_u8 ... ok
[INFO] [stdout] test math::scaledsub_vec::tests::test_scaledsub_vec_vec_usize ... ok
[INFO] [stdout] test math::sub::tests::test_sub_i64 ... ok
[INFO] [stdout] test math::sub::tests::test_sub_i32 ... ok
[INFO] [stdout] test math::scaledsub_vec::tests::test_scaledsub_vec_vec_panic_1_u32 - should panic ... ok
[INFO] [stdout] test math::scaledsub_vec::tests::test_scaledsub_vec_vec_i32 ... ok
[INFO] [stdout] test math::sub::tests::test_sub_isize ... ok
[INFO] [stdout] test math::sub::tests::test_sub_f64 ... ok
[INFO] [stdout] test math::sub::tests::test_sub_i8 ... ok
[INFO] [stdout] test math::scaledsub_vec::tests::test_scaledsub_vec_u8 ... ok
[INFO] [stdout] test math::scaledsub_vec::tests::test_scaledsub_vec_vec_panic_3_u16 - should panic ... ok
[INFO] [stdout] test math::scaledsub_vec::tests::test_scaledsub_vec_vec_panic_2_i32 - should panic ... ok
[INFO] [stdout] test math::scaledsub_vec::tests::test_scaledsub_vec_vec_panic_1_isize - should panic ... ok
[INFO] [stdout] test math::scaledsub_vec::tests::test_scaledsub_vec_vec_panic_2_i64 - should panic ... ok
[INFO] [stdout] test math::scaledsub_vec::tests::test_scaledsub_vec_panic_2_u64 - should panic ... ok
[INFO] [stdout] test math::sub::tests::test_sub_u16 ... ok
[INFO] [stdout] test math::scaledsub_vec::tests::test_scaledsub_vec_vec_panic_2_i8 - should panic ... ok
[INFO] [stdout] test math::sub::tests::test_sub_u32 ... ok
[INFO] [stdout] test math::sub::tests::test_sub_u8 ... ok
[INFO] [stdout] test math::sub::tests::test_sub_usize ... ok
[INFO] [stdout] test math::sub_vec::tests::test_sub_mat_mat_f32 ... ok
[INFO] [stdout] test math::sub_vec::tests::test_sub_mat_mat_i16 ... ok
[INFO] [stdout] test math::scaledsub_vec::tests::test_scaledsub_vec_vec_panic_2_u16 - should panic ... ok
[INFO] [stdout] test math::sub_vec::tests::test_sub_mat_mat_i32 ... ok
[INFO] [stdout] test math::sub_vec::tests::test_sub_mat_mat_i8 ... ok
[INFO] [stdout] test math::scaledsub_vec::tests::test_scaledsub_vec_vec_panic_1_f32 - should panic ... ok
[INFO] [stdout] test math::sub_vec::tests::test_sub_mat_mat_isize ... ok
[INFO] [stdout] test math::scaledsub_vec::tests::test_scaledsub_vec_panic_2_isize - should panic ... ok
[INFO] [stdout] test math::sub_vec::tests::test_sub_mat_mat_panic_1_i16 - should panic ... ok
[INFO] [stdout] test math::scaledsub_vec::tests::test_scaledsub_vec_vec_panic_2_u8 - should panic ... ok
[INFO] [stdout] test math::sub_vec::tests::test_sub_mat_mat_panic_1_i32 - should panic ... ok
[INFO] [stdout] test math::scaledsub_vec::tests::test_scaledsub_vec_vec_panic_2_usize - should panic ... ok
[INFO] [stdout] test math::sub_vec::tests::test_sub_mat_mat_panic_2_u8 - should panic ... ok
[INFO] [stdout] test math::scaledsub_vec::tests::test_scaledsub_vec_vec_panic_1_i16 - should panic ... ok
[INFO] [stdout] test math::sub_vec::tests::test_sub_mat_mat_panic_3_usize - should panic ... ok
[INFO] [stdout] test math::sub_vec::tests::test_sub_mat_mat_u64 ... ok
[INFO] [stdout] test math::scaledsub_vec::tests::test_scaledsub_vec_vec_panic_1_i32 - should panic ... ok
[INFO] [stdout] test math::sub_vec::tests::test_sub_mat_mat_u16 ... ok
[INFO] [stdout] test math::sub_vec::tests::test_sub_mat_scalar_f64 ... ok
[INFO] [stdout] test math::sub_vec::tests::test_sub_mat_mat_u8 ... ok
[INFO] [stdout] test math::sub_vec::tests::test_sub_mat_scalar_f32 ... ok
[INFO] [stdout] test math::sub_vec::tests::test_sub_mat_mat_panic_3_u16 - should panic ... ok
[INFO] [stdout] test math::scaledsub_vec::tests::test_scaledsub_vec_vec_panic_3_u64 - should panic ... ok
[INFO] [stdout] test math::sub_vec::tests::test_sub_mat_scalar_i16 ... ok
[INFO] [stdout] test math::sub_vec::tests::test_sub_mat_scalar_i8 ... ok
[INFO] [stdout] test math::sub_vec::tests::test_sub_mat_scalar_isize ... ok
[INFO] [stdout] test math::sub_vec::tests::test_sub_mat_scalar_u16 ... ok
[INFO] [stdout] test math::sub_vec::tests::test_sub_mat_mat_usize ... ok
[INFO] [stdout] test math::sub_vec::tests::test_sub_mat_scalar_u64 ... ok
[INFO] [stdout] test math::sub_vec::tests::test_sub_mat_mat_u32 ... ok
[INFO] [stdout] test math::sub_vec::tests::test_sub_mat_scalar_u8 ... ok
[INFO] [stdout] test math::sub_vec::tests::test_sub_mat_scalar_i64 ... ok
[INFO] [stdout] test math::sub_vec::tests::test_sub_mat_mat_i64 ... ok
[INFO] [stdout] test math::sub_vec::tests::test_sub_mat_scalar_i32 ... ok
[INFO] [stdout] test math::sub_vec::tests::test_sub_scalar_vec_f32 ... ok
[INFO] [stdout] test math::sub_vec::tests::test_sub_mat_mat_f64 ... ok
[INFO] [stdout] test math::sub_vec::tests::test_sub_scalar_vec_f64 ... ok
[INFO] [stdout] test math::sub_vec::tests::test_sub_mat_scalar_u32 ... ok
[INFO] [stdout] test math::sub_vec::tests::test_sub_scalar_vec_i16 ... ok
[INFO] [stdout] test math::sub_vec::tests::test_sub_mat_scalar_usize ... ok
[INFO] [stdout] test math::sub::tests::test_sub_u64 ... ok
[INFO] [stdout] test math::scaledsub_vec::tests::test_scaledsub_vec_panic_1_u32 - should panic ... ok
[INFO] [stdout] test math::scaledsub_vec::tests::test_scaledsub_vec_panic_1_usize - should panic ... ok
[INFO] [stdout] test math::scaledsub_vec::tests::test_scaledsub_vec_panic_2_i16 - should panic ... ok
[INFO] [stdout] test math::scaledsub_vec::tests::test_scaledsub_vec_vec_panic_2_isize - should panic ... ok
[INFO] [stdout] test math::sub_vec::tests::test_sub_mat_mat_panic_1_f64 - should panic ... ok
[INFO] [stdout] test math::scaledsub_vec::tests::test_scaledsub_vec_panic_1_u64 - should panic ... ok
[INFO] [stdout] test math::scaledsub_vec::tests::test_scaledsub_vec_vec_panic_1_f64 - should panic ... ok
[INFO] [stdout] test math::sub_vec::tests::test_sub_mat_mat_panic_1_i8 - should panic ... ok
[INFO] [stdout] test math::sub_vec::tests::test_sub_scalar_vec_i32 ... ok
[INFO] [stdout] test math::sub_vec::tests::test_sub_mat_mat_panic_1_f32 - should panic ... ok
[INFO] [stdout] test math::scaledsub_vec::tests::test_scaledsub_vec_panic_2_u16 - should panic ... ok
[INFO] [stdout] test math::scaledsub_vec::tests::test_scaledsub_vec_vec_panic_3_f32 - should panic ... ok
[INFO] [stdout] test math::sub_vec::tests::test_sub_mat_mat_panic_1_isize - should panic ... ok
[INFO] [stdout] test math::sub_vec::tests::test_sub_mat_mat_panic_1_i64 - should panic ... ok
[INFO] [stdout] test math::scaledsub_vec::tests::test_scaledsub_vec_vec_panic_3_i8 - should panic ... ok
[INFO] [stdout] test math::sub_vec::tests::test_sub_scalar_vec_i64 ... ok
[INFO] [stdout] test math::sub_vec::tests::test_sub_scalar_vec_i8 ... ok
[INFO] [stdout] test math::sub_vec::tests::test_sub_mat_mat_panic_1_u32 - should panic ... ok
[INFO] [stdout] test math::sub_vec::tests::test_sub_mat_mat_panic_1_usize - should panic ... ok
[INFO] [stdout] test math::sub_vec::tests::test_sub_mat_mat_panic_2_f32 - should panic ... ok
[INFO] [stdout] test math::sub_vec::tests::test_sub_mat_mat_panic_1_u8 - should panic ... ok
[INFO] [stdout] test math::sub_vec::tests::test_sub_mat_mat_panic_2_i16 - should panic ... ok
[INFO] [stdout] test math::sub_vec::tests::test_sub_mat_mat_panic_2_i64 - should panic ... ok
[INFO] [stdout] test math::sub_vec::tests::test_sub_scalar_vec_isize ... ok
[INFO] [stdout] test math::scaledsub_vec::tests::test_scaledsub_vec_vec_panic_1_i8 - should panic ... ok
[INFO] [stdout] test math::sub_vec::tests::test_sub_mat_mat_panic_2_i8 - should panic ... ok
[INFO] [stdout] test math::scaledsub_vec::tests::test_scaledsub_vec_vec_panic_1_u16 - should panic ... ok
[INFO] [stdout] test math::scaledsub_vec::tests::test_scaledsub_vec_vec_panic_1_i64 - should panic ... ok
[INFO] [stdout] test math::scaledsub_vec::tests::test_scaledsub_vec_vec_panic_1_u64 - should panic ... ok
[INFO] [stdout] test math::scaledsub_vec::tests::test_scaledsub_vec_vec_panic_1_usize - should panic ... ok
[INFO] [stdout] test math::scaledsub_vec::tests::test_scaledsub_vec_vec_panic_2_f64 - should panic ... ok
[INFO] [stdout] test math::scaledsub_vec::tests::test_scaledsub_vec_vec_panic_2_i16 - should panic ... ok
[INFO] [stdout] test math::sub_vec::tests::test_sub_mat_mat_panic_2_isize - should panic ... ok
[INFO] [stdout] test math::sub_vec::tests::test_sub_scalar_vec_u16 ... ok
[INFO] [stdout] test math::sub_vec::tests::test_sub_scalar_vec_usize ... ok
[INFO] [stdout] test math::sub_vec::tests::test_sub_vec_scalar_f32 ... ok
[INFO] [stdout] test math::sub_vec::tests::test_sub_mat_mat_panic_2_f64 - should panic ... ok
[INFO] [stdout] test math::sub_vec::tests::test_sub_vec_scalar_i16 ... ok
[INFO] [stdout] test math::scaledsub_vec::tests::test_scaledsub_vec_vec_panic_3_f64 - should panic ... ok
[INFO] [stdout] test math::sub_vec::tests::test_sub_vec_scalar_i64 ... ok
[INFO] [stdout] test math::sub_vec::tests::test_sub_vec_scalar_i32 ... ok
[INFO] [stdout] test math::sub_vec::tests::test_sub_vec_scalar_i8 ... ok
[INFO] [stdout] test math::sub_vec::tests::test_sub_vec_scalar_isize ... ok
[INFO] [stdout] test math::sub_vec::tests::test_sub_vec_scalar_u16 ... ok
[INFO] [stdout] test math::sub_vec::tests::test_sub_vec_scalar_u32 ... ok
[INFO] [stdout] test math::sub_vec::tests::test_sub_mat_mat_panic_2_u64 - should panic ... ok
[INFO] [stdout] test math::sub_vec::tests::test_sub_vec_scalar_u64 ... ok
[INFO] [stdout] test math::sub_vec::tests::test_sub_vec_scalar_u8 ... ok
[INFO] [stdout] test math::sub_vec::tests::test_sub_vec_scalar_usize ... ok
[INFO] [stdout] test math::sub_vec::tests::test_sub_mat_mat_panic_2_usize - should panic ... ok
[INFO] [stdout] test math::sub_vec::tests::test_sub_vec_vec_f64 ... ok
[INFO] [stdout] test math::sub_vec::tests::test_sub_vec_vec_i16 ... ok
[INFO] [stdout] test math::sub_vec::tests::test_sub_vec_vec_i64 ... ok
[INFO] [stdout] test math::sub_vec::tests::test_sub_vec_vec_i8 ... ok
[INFO] [stdout] test math::scaledsub_vec::tests::test_scaledsub_vec_vec_panic_3_i64 - should panic ... ok
[INFO] [stdout] test math::sub_vec::tests::test_sub_scalar_vec_u32 ... ok
[INFO] [stdout] test math::sub_vec::tests::test_sub_scalar_vec_u8 ... ok
[INFO] [stdout] test math::sub_vec::tests::test_sub_mat_mat_panic_3_f32 - should panic ... ok
[INFO] [stdout] test math::sub_vec::tests::test_sub_vec_scalar_f64 ... ok
[INFO] [stdout] test math::sub_vec::tests::test_sub_vec_vec_i32 ... ok
[INFO] [stdout] test math::sub_vec::tests::test_sub_mat_mat_panic_3_i64 - should panic ... ok
[INFO] [stdout] test math::sub_vec::tests::test_sub_mat_mat_panic_3_isize - should panic ... ok
[INFO] [stdout] test math::sub_vec::tests::test_sub_mat_mat_panic_1_u64 - should panic ... ok
[INFO] [stdout] test math::sub_vec::tests::test_sub_mat_mat_panic_3_f64 - should panic ... ok
[INFO] [stdout] test math::sub_vec::tests::test_sub_vec_vec_isize ... ok
[INFO] [stdout] test math::sub_vec::tests::test_sub_vec_vec_panic_2_i32 - should panic ... ok
[INFO] [stdout] test math::sub_vec::tests::test_sub_vec_vec_f32 ... ok
[INFO] [stdout] test math::sub_vec::tests::test_sub_mat_mat_panic_3_i16 - should panic ... ok
[INFO] [stdout] test math::scaledsub_vec::tests::test_scaledsub_vec_vec_panic_3_isize - should panic ... ok
[INFO] [stdout] test math::sub_vec::tests::test_sub_mat_mat_panic_3_u64 - should panic ... ok
[INFO] [stdout] test math::sub_vec::tests::test_sub_mat_mat_panic_3_u32 - should panic ... ok
[INFO] [stdout] test math::sub_vec::tests::test_sub_scalar_vec_u64 ... ok
[INFO] [stdout] test math::sub_vec::tests::test_sub_mat_mat_panic_3_u8 - should panic ... ok
[INFO] [stdout] test math::scaledsub_vec::tests::test_scaledsub_vec_vec_panic_3_i16 - should panic ... ok
[INFO] [stdout] test math::sub_vec::tests::test_sub_vec_vec_panic_2_f64 - should panic ... ok
[INFO] [stdout] test math::sub_vec::tests::test_sub_mat_mat_panic_2_u16 - should panic ... ok
[INFO] [stdout] test math::sub_vec::tests::test_sub_mat_mat_panic_2_u32 - should panic ... ok
[INFO] [stdout] test math::sub_vec::tests::test_sub_mat_mat_panic_1_u16 - should panic ... ok
[INFO] [stdout] test math::sub_vec::tests::test_sub_mat_mat_panic_2_i32 - should panic ... ok
[INFO] [stdout] test math::sub_vec::tests::test_sub_mat_mat_panic_3_i8 - should panic ... ok
[INFO] [stdout] test math::sub_vec::tests::test_sub_mat_mat_panic_3_i32 - should panic ... ok
[INFO] [stdout] test math::sub_vec::tests::test_sub_vec_vec_panic_2_f32 - should panic ... ok
[INFO] [stdout] test math::sub_vec::tests::test_sub_vec_vec_panic_2_i16 - should panic ... ok
[INFO] [stdout] test math::sub_vec::tests::test_sub_vec_vec_panic_2_u8 - should panic ... ok
[INFO] [stdout] test math::sub_vec::tests::test_sub_vec_vec_panic_2_i8 - should panic ... ok
[INFO] [stdout] test math::sub_vec::tests::test_sub_vec_vec_panic_2_isize - should panic ... ok
[INFO] [stdout] test math::sub_vec::tests::test_sub_vec_vec_panic_2_i64 - should panic ... ok
[INFO] [stdout] test math::sub_vec::tests::test_sub_vec_vec_panic_2_u16 - should panic ... ok
[INFO] [stdout] test math::sub_vec::tests::test_sub_vec_vec_panic_2_u32 - should panic ... ok
[INFO] [stdout] test math::sub_vec::tests::test_sub_vec_vec_panic_3_i16 - should panic ... ok
[INFO] [stdout] test math::sub_vec::tests::test_sub_vec_vec_panic_3_i64 - should panic ... ok
[INFO] [stdout] test math::sub_vec::tests::test_sub_vec_vec_panic_3_u16 - should panic ... ok
[INFO] [stdout] test math::sub_vec::tests::test_sub_vec_vec_panic_f64 - should panic ... ok
[INFO] [stdout] test math::sub_vec::tests::test_sub_vec_vec_panic_3_f32 - should panic ... ok
[INFO] [stdout] test math::sub_vec::tests::test_sub_vec_vec_panic_i8 - should panic ... ok
[INFO] [stdout] test math::sub_vec::tests::test_sub_vec_vec_panic_usize - should panic ... ok
[INFO] [stdout] test math::sub_vec::tests::test_sub_vec_vec_u32 ... ok
[INFO] [stdout] test math::transpose::tests::test_transpose_f32 ... ok
[INFO] [stdout] test math::sub_vec::tests::test_sub_vec_vec_u8 ... ok
[INFO] [stdout] test math::transpose::tests::test_transpose_i32 ... ok
[INFO] [stdout] test math::sub_vec::tests::test_sub_vec_vec_panic_2_u64 - should panic ... ok
[INFO] [stdout] test math::transpose::tests::test_transpose_i16 ... ok
[INFO] [stdout] test math::transpose::tests::test_transpose_i64 ... ok
[INFO] [stdout] test math::transpose::tests::test_transpose_i8 ... ok
[INFO] [stdout] test math::transpose::tests::test_transpose_isize ... ok
[INFO] [stdout] test math::transpose::tests::test_transpose_u16 ... ok
[INFO] [stdout] test math::sub_vec::tests::test_sub_vec_vec_panic_3_i8 - should panic ... ok
[INFO] [stdout] test math::transpose::tests::test_transpose_u32 ... ok
[INFO] [stdout] test math::transpose::tests::test_transpose_u64 ... ok
[INFO] [stdout] test math::transpose::tests::test_transpose_u8 ... ok
[INFO] [stdout] test math::transpose::tests::test_transpose_usize ... ok
[INFO] [stdout] test math::sub_vec::tests::test_sub_vec_vec_panic_3_f64 - should panic ... ok
[INFO] [stdout] test math::transpose_vec::tests::test_transpose_2d_1_f64 ... ok
[INFO] [stdout] test math::sub_vec::tests::test_sub_vec_vec_panic_2_usize - should panic ... ok
[INFO] [stdout] test math::transpose_vec::tests::test_transpose_2d_1_i16 ... ok
[INFO] [stdout] test math::transpose_vec::tests::test_transpose_2d_1_i32 ... ok
[INFO] [stdout] test math::transpose::tests::test_transpose_f64 ... ok
[INFO] [stdout] test math::sub_vec::tests::test_sub_vec_vec_usize ... ok
[INFO] [stdout] test math::sub_vec::tests::test_sub_vec_vec_panic_3_u8 - should panic ... ok
[INFO] [stdout] test math::sub_vec::tests::test_sub_vec_vec_u64 ... ok
[INFO] [stdout] test math::transpose_vec::tests::test_transpose_2d_1_i8 ... ok
[INFO] [stdout] test math::transpose_vec::tests::test_transpose_2d_1_i64 ... ok
[INFO] [stdout] test math::sub_vec::tests::test_sub_vec_vec_u16 ... ok
[INFO] [stdout] test math::sub_vec::tests::test_sub_vec_vec_panic_3_usize - should panic ... ok
[INFO] [stdout] test math::sub_vec::tests::test_sub_vec_vec_panic_3_u32 - should panic ... ok
[INFO] [stdout] test math::sub_vec::tests::test_sub_vec_vec_panic_i16 - should panic ... ok
[INFO] [stdout] test math::sub_vec::tests::test_sub_vec_vec_panic_3_i32 - should panic ... ok
[INFO] [stdout] test math::sub_vec::tests::test_sub_vec_vec_panic_i64 - should panic ... ok
[INFO] [stdout] test math::transpose_vec::tests::test_transpose_2d_1_u16 ... ok
[INFO] [stdout] test math::sub_vec::tests::test_sub_vec_vec_panic_u32 - should panic ... ok
[INFO] [stdout] test math::transpose_vec::tests::test_transpose_2d_1_isize ... ok
[INFO] [stdout] test math::sub_vec::tests::test_sub_vec_vec_panic_u16 - should panic ... ok
[INFO] [stdout] test math::transpose_vec::tests::test_transpose_2d_1_u64 ... ok
[INFO] [stdout] test math::transpose_vec::tests::test_transpose_2d_1_u32 ... ok
[INFO] [stdout] test math::transpose_vec::tests::test_transpose_2d_1_u8 ... ok
[INFO] [stdout] test math::transpose_vec::tests::test_transpose_2d_2_f32 ... ok
[INFO] [stdout] test math::transpose_vec::tests::test_transpose_2d_1_f32 ... ok
[INFO] [stdout] test math::transpose_vec::tests::test_transpose_2d_2_f64 ... ok
[INFO] [stdout] test math::sub_vec::tests::test_sub_vec_vec_panic_u64 - should panic ... ok
[INFO] [stdout] test math::transpose_vec::tests::test_transpose_2d_2_i16 ... ok
[INFO] [stdout] test math::sub_vec::tests::test_sub_vec_vec_panic_isize - should panic ... ok
[INFO] [stdout] test math::transpose_vec::tests::test_transpose_2d_2_i64 ... ok
[INFO] [stdout] test math::transpose_vec::tests::test_transpose_2d_2_i8 ... ok
[INFO] [stdout] test math::sub_vec::tests::test_sub_vec_vec_panic_u8 - should panic ... ok
[INFO] [stdout] test math::transpose_vec::tests::test_transpose_2d_2_isize ... ok
[INFO] [stdout] test math::transpose_vec::tests::test_transpose_2d_2_u32 ... ok
[INFO] [stdout] test math::transpose_vec::tests::test_transpose_2d_2_u8 ... ok
[INFO] [stdout] test math::transpose_vec::tests::test_transpose_2d_2_usize ... ok
[INFO] [stdout] test math::weighteddot::tests_vec::test_f32 ... ok
[INFO] [stdout] test math::weighteddot::tests_vec::test_f64 ... ok
[INFO] [stdout] test math::weighteddot::tests_vec::test_i32 ... ok
[INFO] [stdout] test math::weighteddot::tests_vec::test_i8 ... ok
[INFO] [stdout] test math::weighteddot::tests_vec::test_u32 ... ok
[INFO] [stdout] test math::weighteddot::tests_vec::test_u8 ... ok
[INFO] [stdout] test math::zero::tests::test_zero_f64 ... ok
[INFO] [stdout] test math::zero::tests::test_zero_i16 ... ok
[INFO] [stdout] test math::zero::tests::test_zero_i64 ... ok
[INFO] [stdout] test math::zero::tests::test_zero_i8 ... ok
[INFO] [stdout] test math::zero::tests::test_zero_isize ... ok
[INFO] [stdout] test math::zero::tests::test_zero_i32 ... ok
[INFO] [stdout] test math::zero::tests::test_zero_like_f32 ... ok
[INFO] [stdout] test math::zero::tests::test_zero_like_f64 ... ok
[INFO] [stdout] test math::zero::tests::test_zero_like_i16 ... ok
[INFO] [stdout] test math::zero::tests::test_zero_like_i32 ... ok
[INFO] [stdout] test math::zero::tests::test_zero_like_isize ... ok
[INFO] [stdout] test math::zero::tests::test_zero_like_i64 ... ok
[INFO] [stdout] test math::zero::tests::test_zero_like_u8 ... ok
[INFO] [stdout] test math::weighteddot::tests_vec::test_u16 ... ok
[INFO] [stdout] test math::zero::tests::test_zero_like_u64 ... ok
[INFO] [stdout] test math::transpose_vec::tests::test_transpose_2d_2_u16 ... ok
[INFO] [stdout] test math::transpose_vec::tests::test_transpose_2d_1_usize ... ok
[INFO] [stdout] test math::weighteddot::tests_vec::test_i16 ... ok
[INFO] [stdout] test math::zero::tests::test_zero_u32 ... ok
[INFO] [stdout] test math::transpose_vec::tests::test_transpose_2d_2_u64 ... ok
[INFO] [stdout] test math::zero::tests::test_zero_u16 ... ok
[INFO] [stdout] test math::weighteddot::tests_vec::test_u64 ... ok
[INFO] [stdout] test math::sub_vec::tests::test_sub_vec_vec_panic_3_u64 - should panic ... ok
[INFO] [stdout] test math::zero::tests::test_zero_u8 ... ok
[INFO] [stdout] test math::zero::tests::test_zero_f32 ... ok
[INFO] [stdout] test math::zero::tests::test_zero_like_u16 ... ok
[INFO] [stdout] test math::zero::tests::test_zero_like_i8 ... ok
[INFO] [stdout] test math::zero::tests::test_zero_like_usize ... ok
[INFO] [stdout] test math::weighteddot::tests_vec::test_i64 ... ok
[INFO] [stdout] test math::zero::tests::test_zero_like_u32 ... ok
[INFO] [stdout] test math::transpose_vec::tests::test_transpose_2d_2_i32 ... ok
[INFO] [stdout] test math::sub_vec::tests::test_sub_vec_vec_panic_3_isize - should panic ... ok
[INFO] [stdout] test math::sub_vec::tests::test_sub_vec_vec_panic_i32 - should panic ... ok
[INFO] [stdout] test math::zero_vec::tests::test_2d_zero_like_2_f32 ... ok
[INFO] [stdout] test math::sub_vec::tests::test_sub_vec_vec_panic_f32 - should panic ... ok
[INFO] [stdout] test math::zero_vec::tests::test_2d_zero_like_2_i8 ... ok
[INFO] [stdout] test math::zero_vec::tests::test_2d_zero_like_2_u16 ... ok
[INFO] [stdout] test math::zero_vec::tests::test_2d_zero_like_f32 ... ok
[INFO] [stdout] test math::zero_vec::tests::test_2d_zero_like_i8 ... ok
[INFO] [stdout] test math::zero_vec::tests::test_2d_zero_like_u16 ... ok
[INFO] [stdout] test math::zero_vec::tests::test_2d_zero_like_u32 ... ok
[INFO] [stdout] test math::zero_vec::tests::test_2d_zero_like_u8 ... ok
[INFO] [stdout] test math::zero_vec::tests::test_2d_zero_like_usize ... ok
[INFO] [stdout] test math::zero_vec::tests::test_zero_like_2_f64 ... ok
[INFO] [stdout] test math::zero_vec::tests::test_zero_like_2_i16 ... ok
[INFO] [stdout] test math::zero_vec::tests::test_zero_like_2_i64 ... ok
[INFO] [stdout] test math::zero::tests::test_zero_u64 ... ok
[INFO] [stdout] test math::zero_vec::tests::test_zero_like_2_i32 ... ok
[INFO] [stdout] test math::zero::tests::test_zero_usize ... ok
[INFO] [stdout] test math::zero_vec::tests::test_2d_zero_like_u64 ... ok
[INFO] [stdout] test math::zero_vec::tests::test_zero_like_2_f32 ... ok
[INFO] [stdout] test math::zero_vec::tests::test_2d_zero_like_2_usize ... ok
[INFO] [stdout] test math::zero_vec::tests::test_2d_zero_like_isize ... ok
[INFO] [stdout] test math::zero_vec::tests::test_2d_zero_like_i64 ... ok
[INFO] [stdout] test math::zero_vec::tests::test_2d_zero_like_2_u32 ... ok
[INFO] [stdout] test math::zero_vec::tests::test_2d_zero_like_2_i16 ... ok
[INFO] [stdout] test math::zero_vec::tests::test_2d_zero_like_i32 ... ok
[INFO] [stdout] test math::zero_vec::tests::test_2d_zero_like_2_u64 ... ok
[INFO] [stdout] test math::zero_vec::tests::test_2d_zero_like_2_f64 ... ok
[INFO] [stdout] test math::zero_vec::tests::test_2d_zero_like_2_i64 ... ok
[INFO] [stdout] test math::zero_vec::tests::test_2d_zero_like_2_isize ... ok
[INFO] [stdout] test math::zero_vec::tests::test_2d_zero_like_2_i32 ... ok
[INFO] [stdout] test math::zero_vec::tests::test_2d_zero_like_i16 ... ok
[INFO] [stdout] test math::zero_vec::tests::test_2d_zero_like_2_u8 ... ok
[INFO] [stdout] test math::zero_vec::tests::test_zero_like_2_i8 ... ok
[INFO] [stdout] test math::zero_vec::tests::test_zero_like_2_u16 ... ok
[INFO] [stdout] test math::zero_vec::tests::test_zero_like_2_u32 ... ok
[INFO] [stdout] test math::zero_vec::tests::test_zero_like_2_u8 ... ok
[INFO] [stdout] test math::zero_vec::tests::test_zero_like_2_u64 ... ok
[INFO] [stdout] test math::zero_vec::tests::test_zero_like_2_usize ... ok
[INFO] [stdout] test math::zero_vec::tests::test_zero_like_f32 ... ok
[INFO] [stdout] test math::zero_vec::tests::test_zero_like_f64 ... ok
[INFO] [stdout] test math::zero_vec::tests::test_zero_like_i16 ... ok
[INFO] [stdout] test math::zero_vec::tests::test_zero_like_i32 ... ok
[INFO] [stdout] test math::zero_vec::tests::test_zero_like_i64 ... ok
[INFO] [stdout] test math::zero_vec::tests::test_zero_like_i8 ... ok
[INFO] [stdout] test math::zero_vec::tests::test_zero_like_isize ... ok
[INFO] [stdout] test math::zero_vec::tests::test_zero_like_u16 ... ok
[INFO] [stdout] test math::zero_vec::tests::test_zero_like_u32 ... ok
[INFO] [stdout] test math::zero_vec::tests::test_zero_like_u64 ... ok
[INFO] [stdout] test math::zero_vec::tests::test_zero_like_u8 ... ok
[INFO] [stdout] test math::zero_vec::tests::test_zero_like_usize ... ok
[INFO] [stdout] test observers::file::tests::test_send_write_to_file ... ok
[INFO] [stdout] test observers::file::tests::test_sync_write_to_file ... ok
[INFO] [stdout] test observers::slog_logger::tests::test_send_argmin_slog_loggerv ... ok
[INFO] [stdout] test observers::slog_logger::tests::test_sync_argmin_slog_loggerv ... ok
[INFO] [stdout] test observers::tests::test_send_observer ... ok
[INFO] [stdout] test observers::tests::test_send_observermode ... ok
[INFO] [stdout] test observers::tests::test_sync_observer ... ok
[INFO] [stdout] test observers::tests::test_sync_observermode ... ok
[INFO] [stdout] test math::zero_vec::tests::test_zero_like_2_isize ... ok
[INFO] [stdout] test result::tests::test_send_argmin_result ... ok
[INFO] [stdout] test math::zero_vec::tests::test_2d_zero_like_f64 ... ok
[INFO] [stdout] test result::tests::test_sync_argmin_result ... ok
[INFO] [stdout] test termination::tests::test_send_termination_reason ... ok
[INFO] [stdout] test termination::tests::test_sync_termination_reason ... ok
[INFO] [stdout] test serialization::tests::test_store ... FAILED
[INFO] [stdout] 
[INFO] [stdout] failures:
[INFO] [stdout] 
[INFO] [stdout] ---- serialization::tests::test_store stdout ----
[INFO] [stdout] thread 'serialization::tests::test_store' panicked at 'called `Result::unwrap()` on an `Err` value: Os { code: 30, kind: ReadOnlyFilesystem, message: "Read-only file system" }
[INFO] [stdout] 
[INFO] [stdout]    0: failure::backtrace::internal::InternalBacktrace::new
[INFO] [stdout]              at /opt/rustwide/cargo-home/registry/src/github.com-1ecc6299db9ec823/failure-0.1.8/src/backtrace/internal.rs:46:44
[INFO] [stdout]    1: failure::backtrace::Backtrace::new
[INFO] [stdout]              at /opt/rustwide/cargo-home/registry/src/github.com-1ecc6299db9ec823/failure-0.1.8/src/backtrace/mod.rs:121:35
[INFO] [stdout]    2: <failure::error::error_impl::ErrorImpl as core::convert::From<F>>::from
[INFO] [stdout]              at /opt/rustwide/cargo-home/registry/src/github.com-1ecc6299db9ec823/failure-0.1.8/src/error/error_impl.rs:19:17
[INFO] [stdout]    3: <failure::error::Error as core::convert::From<F>>::from
[INFO] [stdout]              at /opt/rustwide/cargo-home/registry/src/github.com-1ecc6299db9ec823/failure-0.1.8/src/error/mod.rs:36:18
[INFO] [stdout]    4: <core::result::Result<T,F> as core::ops::try_trait::FromResidual<core::result::Result<core::convert::Infallible,E>>>::from_residual
[INFO] [stdout]              at /rustc/53fd98ca776cb875bc9e5514f56b52eb74f9e7a9/library/core/src/result.rs:1897:27
[INFO] [stdout]    5: argmin_core::serialization::ArgminCheckpoint::new
[INFO] [stdout]              at src/serialization.rs:61:17
[INFO] [stdout]    6: argmin_core::serialization::tests::test_store
[INFO] [stdout]              at src/serialization.rs:172:21
[INFO] [stdout]    7: argmin_core::serialization::tests::test_store::{{closure}}
[INFO] [stdout]              at src/serialization.rs:168:5
[INFO] [stdout]    8: core::ops::function::FnOnce::call_once
[INFO] [stdout]              at /rustc/53fd98ca776cb875bc9e5514f56b52eb74f9e7a9/library/core/src/ops/function.rs:227:5
[INFO] [stdout]    9: core::ops::function::FnOnce::call_once
[INFO] [stdout]              at /rustc/53fd98ca776cb875bc9e5514f56b52eb74f9e7a9/library/core/src/ops/function.rs:227:5
[INFO] [stdout]       test::__rust_begin_short_backtrace
[INFO] [stdout]              at /rustc/53fd98ca776cb875bc9e5514f56b52eb74f9e7a9/library/test/src/lib.rs:578:5
[INFO] [stdout]   10: <alloc::boxed::Box<F,A> as core::ops::function::FnOnce<Args>>::call_once
[INFO] [stdout]              at /rustc/53fd98ca776cb875bc9e5514f56b52eb74f9e7a9/library/alloc/src/boxed.rs:1572:9
[INFO] [stdout]       <std::panic::AssertUnwindSafe<F> as core::ops::function::FnOnce<()>>::call_once
[INFO] [stdout]              at /rustc/53fd98ca776cb875bc9e5514f56b52eb74f9e7a9/library/std/src/panic.rs:347:9
[INFO] [stdout]       std::panicking::try::do_call
[INFO] [stdout]              at /rustc/53fd98ca776cb875bc9e5514f56b52eb74f9e7a9/library/std/src/panicking.rs:401:40
[INFO] [stdout]       std::panicking::try
[INFO] [stdout]              at /rustc/53fd98ca776cb875bc9e5514f56b52eb74f9e7a9/library/std/src/panicking.rs:365:19
[INFO] [stdout]       std::panic::catch_unwind
[INFO] [stdout]              at /rustc/53fd98ca776cb875bc9e5514f56b52eb74f9e7a9/library/std/src/panic.rs:434:14
[INFO] [stdout]       test::run_test_in_process
[INFO] [stdout]              at /rustc/53fd98ca776cb875bc9e5514f56b52eb74f9e7a9/library/test/src/lib.rs:601:18
[INFO] [stdout]       test::run_test::run_test_inner::{{closure}}
[INFO] [stdout]              at /rustc/53fd98ca776cb875bc9e5514f56b52eb74f9e7a9/library/test/src/lib.rs:493:39
[INFO] [stdout]   11: test::run_test::run_test_inner::{{closure}}
[INFO] [stdout]              at /rustc/53fd98ca776cb875bc9e5514f56b52eb74f9e7a9/library/test/src/lib.rs:520:37
[INFO] [stdout]       std::sys_common::backtrace::__rust_begin_short_backtrace
[INFO] [stdout]              at /rustc/53fd98ca776cb875bc9e5514f56b52eb74f9e7a9/library/std/src/sys_common/backtrace.rs:125:18
[INFO] [stdout]   12: std::thread::Builder::spawn_unchecked::{{closure}}::{{closure}}
[INFO] [stdout]              at /rustc/53fd98ca776cb875bc9e5514f56b52eb74f9e7a9/library/std/src/thread/mod.rs:476:17
[INFO] [stdout]       <std::panic::AssertUnwindSafe<F> as core::ops::function::FnOnce<()>>::call_once
[INFO] [stdout]              at /rustc/53fd98ca776cb875bc9e5514f56b52eb74f9e7a9/library/std/src/panic.rs:347:9
[INFO] [stdout]       std::panicking::try::do_call
[INFO] [stdout]              at /rustc/53fd98ca776cb875bc9e5514f56b52eb74f9e7a9/library/std/src/panicking.rs:401:40
[INFO] [stdout]       std::panicking::try
[INFO] [stdout]              at /rustc/53fd98ca776cb875bc9e5514f56b52eb74f9e7a9/library/std/src/panicking.rs:365:19
[INFO] [stdout]       std::panic::catch_unwind
[INFO] [stdout]              at /rustc/53fd98ca776cb875bc9e5514f56b52eb74f9e7a9/library/std/src/panic.rs:434:14
[INFO] [stdout]       std::thread::Builder::spawn_unchecked::{{closure}}
[INFO] [stdout]              at /rustc/53fd98ca776cb875bc9e5514f56b52eb74f9e7a9/library/std/src/thread/mod.rs:475:30
[INFO] [stdout]       core::ops::function::FnOnce::call_once{{vtable.shim}}
[INFO] [stdout]              at /rustc/53fd98ca776cb875bc9e5514f56b52eb74f9e7a9/library/core/src/ops/function.rs:227:5
[INFO] [stdout]   13: <alloc::boxed::Box<F,A> as core::ops::function::FnOnce<Args>>::call_once
[INFO] [stdout]              at /rustc/53fd98ca776cb875bc9e5514f56b52eb74f9e7a9/library/alloc/src/boxed.rs:1572:9
[INFO] [stdout]       <alloc::boxed::Box<F,A> as core::ops::function::FnOnce<Args>>::call_once
[INFO] [stdout]              at /rustc/53fd98ca776cb875bc9e5514f56b52eb74f9e7a9/library/alloc/src/boxed.rs:1572:9
[INFO] [stdout]       std::sys::unix::thread::Thread::new::thread_start
[INFO] [stdout]              at /rustc/53fd98ca776cb875bc9e5514f56b52eb74f9e7a9/library/std/src/sys/unix/thread.rs:74:17
[INFO] [stdout]   14: start_thread
[INFO] [stdout]   15: clone
[INFO] [stdout] ', src/serialization.rs:172:82
[INFO] [stdout] stack backtrace:
[INFO] [stdout]    0:     0x56160666f4a0 - std::backtrace_rs::backtrace::libunwind::trace::hff4d1766e93f64f1
[INFO] [stdout]                                at /rustc/53fd98ca776cb875bc9e5514f56b52eb74f9e7a9/library/std/src/../../backtrace/src/backtrace/libunwind.rs:90:5
[INFO] [stdout]    1:     0x56160666f4a0 - std::backtrace_rs::backtrace::trace_unsynchronized::h56bbc8eb78770bcb
[INFO] [stdout]                                at /rustc/53fd98ca776cb875bc9e5514f56b52eb74f9e7a9/library/std/src/../../backtrace/src/backtrace/mod.rs:66:5
[INFO] [stdout]    2:     0x56160666f4a0 - std::sys_common::backtrace::_print_fmt::h5c8e75464faca780
[INFO] [stdout]                                at /rustc/53fd98ca776cb875bc9e5514f56b52eb74f9e7a9/library/std/src/sys_common/backtrace.rs:67:5
[INFO] [stdout]    3:     0x56160666f4a0 - <std::sys_common::backtrace::_print::DisplayBacktrace as core::fmt::Display>::fmt::h48b88277def8b362
[INFO] [stdout]                                at /rustc/53fd98ca776cb875bc9e5514f56b52eb74f9e7a9/library/std/src/sys_common/backtrace.rs:46:22
[INFO] [stdout]    4:     0x56160669292c - core::fmt::write::h3381b3176fe2b3d3
[INFO] [stdout]                                at /rustc/53fd98ca776cb875bc9e5514f56b52eb74f9e7a9/library/core/src/fmt/mod.rs:1115:17
[INFO] [stdout]    5:     0x56160666bfa5 - std::io::Write::write_fmt::h5f34a676f60246b5
[INFO] [stdout]                                at /rustc/53fd98ca776cb875bc9e5514f56b52eb74f9e7a9/library/std/src/io/mod.rs:1665:15
[INFO] [stdout]    6:     0x56160667163b - std::sys_common::backtrace::_print::ha537687d6c17dd0d
[INFO] [stdout]                                at /rustc/53fd98ca776cb875bc9e5514f56b52eb74f9e7a9/library/std/src/sys_common/backtrace.rs:49:5
[INFO] [stdout]    7:     0x56160667163b - std::sys_common::backtrace::print::h61376ae57d131d72
[INFO] [stdout]                                at /rustc/53fd98ca776cb875bc9e5514f56b52eb74f9e7a9/library/std/src/sys_common/backtrace.rs:36:9
[INFO] [stdout]    8:     0x56160667163b - std::panicking::default_hook::{{closure}}::h0f7208c0b9644a54
[INFO] [stdout]                                at /rustc/53fd98ca776cb875bc9e5514f56b52eb74f9e7a9/library/std/src/panicking.rs:208:50
[INFO] [stdout]    9:     0x56160667114c - std::panicking::default_hook::hdac7fc06578c14ce
[INFO] [stdout]                                at /rustc/53fd98ca776cb875bc9e5514f56b52eb74f9e7a9/library/std/src/panicking.rs:222:9
[INFO] [stdout]   10:     0x561606671d04 - std::panicking::rust_panic_with_hook::h72b21c283da3d1ef
[INFO] [stdout]                                at /rustc/53fd98ca776cb875bc9e5514f56b52eb74f9e7a9/library/std/src/panicking.rs:622:17
[INFO] [stdout]   11:     0x5616066717e7 - std::panicking::begin_panic_handler::{{closure}}::he5778f1729cff84a
[INFO] [stdout]                                at /rustc/53fd98ca776cb875bc9e5514f56b52eb74f9e7a9/library/std/src/panicking.rs:519:13
[INFO] [stdout]   12:     0x56160666f97c - std::sys_common::backtrace::__rust_end_short_backtrace::h2d11ca8b453b4b1d
[INFO] [stdout]                                at /rustc/53fd98ca776cb875bc9e5514f56b52eb74f9e7a9/library/std/src/sys_common/backtrace.rs:141:18
[INFO] [stdout]   13:     0x561606671749 - rust_begin_unwind
[INFO] [stdout]                                at /rustc/53fd98ca776cb875bc9e5514f56b52eb74f9e7a9/library/std/src/panicking.rs:515:5
[INFO] [stdout]   14:     0x56160624d4b1 - core::panicking::panic_fmt::hf9de31d4acbce4db
[INFO] [stdout]                                at /rustc/53fd98ca776cb875bc9e5514f56b52eb74f9e7a9/library/core/src/panicking.rs:92:14
[INFO] [stdout]   15:     0x56160624d5a3 - core::result::unwrap_failed::ha0c84e81219e5878
[INFO] [stdout]                                at /rustc/53fd98ca776cb875bc9e5514f56b52eb74f9e7a9/library/core/src/result.rs:1599:5
[INFO] [stdout]   16:     0x561606352c46 - core::result::Result<T,E>::unwrap::h7210c0a2e314b573
[INFO] [stdout]                                at /rustc/53fd98ca776cb875bc9e5514f56b52eb74f9e7a9/library/core/src/result.rs:1281:23
[INFO] [stdout]   17:     0x561606384289 - argmin_core::serialization::tests::test_store::he8dce40c2e6db805
[INFO] [stdout]                                at /opt/rustwide/workdir/src/serialization.rs:172:21
[INFO] [stdout]   18:     0x5616063841ca - argmin_core::serialization::tests::test_store::{{closure}}::h1db1b016fbe7dd5e
[INFO] [stdout]                                at /opt/rustwide/workdir/src/serialization.rs:168:5
[INFO] [stdout]   19:     0x5616063a84ce - core::ops::function::FnOnce::call_once::h2974889e3c6fc45a
[INFO] [stdout]                                at /rustc/53fd98ca776cb875bc9e5514f56b52eb74f9e7a9/library/core/src/ops/function.rs:227:5
[INFO] [stdout]   20:     0x561606540b53 - core::ops::function::FnOnce::call_once::hbb52c4519d3137b0
[INFO] [stdout]                                at /rustc/53fd98ca776cb875bc9e5514f56b52eb74f9e7a9/library/core/src/ops/function.rs:227:5
[INFO] [stdout]   21:     0x561606540b53 - test::__rust_begin_short_backtrace::h86fe3a2a5a5121af
[INFO] [stdout]                                at /rustc/53fd98ca776cb875bc9e5514f56b52eb74f9e7a9/library/test/src/lib.rs:578:5
[INFO] [stdout]   22:     0x56160653f608 - <alloc::boxed::Box<F,A> as core::ops::function::FnOnce<Args>>::call_once::hfd956bc3d57399be
[INFO] [stdout]                                at /rustc/53fd98ca776cb875bc9e5514f56b52eb74f9e7a9/library/alloc/src/boxed.rs:1572:9
[INFO] [stdout]   23:     0x56160653f608 - <std::panic::AssertUnwindSafe<F> as core::ops::function::FnOnce<()>>::call_once::h40dc93e0ddb5938a
[INFO] [stdout]                                at /rustc/53fd98ca776cb875bc9e5514f56b52eb74f9e7a9/library/std/src/panic.rs:347:9
[INFO] [stdout]   24:     0x56160653f608 - std::panicking::try::do_call::h90d07750cb47c562
[INFO] [stdout]                                at /rustc/53fd98ca776cb875bc9e5514f56b52eb74f9e7a9/library/std/src/panicking.rs:401:40
[INFO] [stdout]   25:     0x56160653f608 - std::panicking::try::h063c84733ad2a629
[INFO] [stdout]                                at /rustc/53fd98ca776cb875bc9e5514f56b52eb74f9e7a9/library/std/src/panicking.rs:365:19
[INFO] [stdout]   26:     0x56160653f608 - std::panic::catch_unwind::h0c464836a84e7c08
[INFO] [stdout]                                at /rustc/53fd98ca776cb875bc9e5514f56b52eb74f9e7a9/library/std/src/panic.rs:434:14
[INFO] [stdout]   27:     0x56160653f608 - test::run_test_in_process::h5cb06ef620b157fc
[INFO] [stdout]                                at /rustc/53fd98ca776cb875bc9e5514f56b52eb74f9e7a9/library/test/src/lib.rs:601:18
[INFO] [stdout]   28:     0x56160653f608 - test::run_test::run_test_inner::{{closure}}::h76f677f4b93f9828
[INFO] [stdout]                                at /rustc/53fd98ca776cb875bc9e5514f56b52eb74f9e7a9/library/test/src/lib.rs:493:39
[INFO] [stdout]   29:     0x56160650dd9d - test::run_test::run_test_inner::{{closure}}::h366d01fe04f4d67a
[INFO] [stdout]                                at /rustc/53fd98ca776cb875bc9e5514f56b52eb74f9e7a9/library/test/src/lib.rs:520:37
[INFO] [stdout]   30:     0x56160650dd9d - std::sys_common::backtrace::__rust_begin_short_backtrace::h7dfa0de4eb395af2
[INFO] [stdout]                                at /rustc/53fd98ca776cb875bc9e5514f56b52eb74f9e7a9/library/std/src/sys_common/backtrace.rs:125:18
[INFO] [stdout]   31:     0x561606512568 - std::thread::Builder::spawn_unchecked::{{closure}}::{{closure}}::hf0a74bb58798037f
[INFO] [stdout]                                at /rustc/53fd98ca776cb875bc9e5514f56b52eb74f9e7a9/library/std/src/thread/mod.rs:476:17
[INFO] [stdout]   32:     0x561606512568 - <std::panic::AssertUnwindSafe<F> as core::ops::function::FnOnce<()>>::call_once::hb024e854818586ac
[INFO] [stdout]                                at /rustc/53fd98ca776cb875bc9e5514f56b52eb74f9e7a9/library/std/src/panic.rs:347:9
[INFO] [stdout]   33:     0x561606512568 - std::panicking::try::do_call::hb2dd9f1d0d48e41d
[INFO] [stdout]                                at /rustc/53fd98ca776cb875bc9e5514f56b52eb74f9e7a9/library/std/src/panicking.rs:401:40
[INFO] [stdout]   34:     0x561606512568 - std::panicking::try::h4717ae7bac8b2bf3
[INFO] [stdout]                                at /rustc/53fd98ca776cb875bc9e5514f56b52eb74f9e7a9/library/std/src/panicking.rs:365:19
[INFO] [stdout]   35:     0x561606512568 - std::panic::catch_unwind::h0dc8a061326ce8d8
[INFO] [stdout]                                at /rustc/53fd98ca776cb875bc9e5514f56b52eb74f9e7a9/library/std/src/panic.rs:434:14
[INFO] [stdout]   36:     0x561606512568 - std::thread::Builder::spawn_unchecked::{{closure}}::haa369e2d6fd00aa1
[INFO] [stdout]                                at /rustc/53fd98ca776cb875bc9e5514f56b52eb74f9e7a9/library/std/src/thread/mod.rs:475:30
[INFO] [stdout]   37:     0x561606512568 - core::ops::function::FnOnce::call_once{{vtable.shim}}::h36dcf3de8b056f17
[INFO] [stdout]                                at /rustc/53fd98ca776cb875bc9e5514f56b52eb74f9e7a9/library/core/src/ops/function.rs:227:5
[INFO] [stdout]   38:     0x561606676ca7 - <alloc::boxed::Box<F,A> as core::ops::function::FnOnce<Args>>::call_once::h65c29e4642be2358
[INFO] [stdout]                                at /rustc/53fd98ca776cb875bc9e5514f56b52eb74f9e7a9/library/alloc/src/boxed.rs:1572:9
[INFO] [stdout]   39:     0x561606676ca7 - <alloc::boxed::Box<F,A> as core::ops::function::FnOnce<Args>>::call_once::hd0f8f7fbbd9fffbf
[INFO] [stdout]                                at /rustc/53fd98ca776cb875bc9e5514f56b52eb74f9e7a9/library/alloc/src/boxed.rs:1572:9
[INFO] [stdout]   40:     0x561606676ca7 - std::sys::unix::thread::Thread::new::thread_start::h2fd22fee3ca77b65
[INFO] [stdout]                                at /rustc/53fd98ca776cb875bc9e5514f56b52eb74f9e7a9/library/std/src/sys/unix/thread.rs:74:17
[INFO] [stdout]   41:     0x7f6ffe7ee609 - start_thread
[INFO] [stdout]   42:     0x7f6ffe5c0293 - clone
[INFO] [stdout]   43:                0x0 - <unknown>
[INFO] [stdout] 
[INFO] [stdout] 
[INFO] [stdout] failures:
[INFO] [stdout]     serialization::tests::test_store
[INFO] [stdout] 
[INFO] [stdout] test result: FAILED. 1377 passed; 1 failed; 0 ignored; 0 measured; 0 filtered out; finished in 1.38s
[INFO] [stdout] 
[INFO] [stderr] error: test failed, to rerun pass '--lib'
[INFO] running `Command { std: "docker" "inspect" "288ec18931122031b45f1f47fd0fc98377911d8443e7e48e2537aee6ff7c6aaa", kill_on_drop: false }`
[INFO] running `Command { std: "docker" "rm" "-f" "288ec18931122031b45f1f47fd0fc98377911d8443e7e48e2537aee6ff7c6aaa", kill_on_drop: false }`
[INFO] [stdout] 288ec18931122031b45f1f47fd0fc98377911d8443e7e48e2537aee6ff7c6aaa
