[INFO] fetching crate archetect-core 0.6.0...
[INFO] testing archetect-core-0.6.0 against 1.54.0 for beta-1.55-1
[INFO] extracting crate archetect-core 0.6.0 into /workspace/builds/worker-79/source
[INFO] validating manifest of crates.io crate archetect-core 0.6.0 on toolchain 1.54.0
[INFO] running `Command { std: "/workspace/cargo-home/bin/cargo" "+1.54.0" "metadata" "--manifest-path" "Cargo.toml" "--no-deps", kill_on_drop: false }`
[INFO] started tweaking crates.io crate archetect-core 0.6.0
[INFO] finished tweaking crates.io crate archetect-core 0.6.0
[INFO] tweaked toml for crates.io crate archetect-core 0.6.0 written to /workspace/builds/worker-79/source/Cargo.toml
[INFO] running `Command { std: "/workspace/cargo-home/bin/cargo" "+1.54.0" "generate-lockfile" "--manifest-path" "Cargo.toml" "-Zno-index-update", kill_on_drop: false }`
[INFO] running `Command { std: "/workspace/cargo-home/bin/cargo" "+1.54.0" "fetch" "--manifest-path" "Cargo.toml", kill_on_drop: false }`
[INFO] [stderr]     Blocking waiting for file lock on package cache
[INFO] running `Command { std: "docker" "create" "-v" "/var/lib/crater-agent-workspace/builds/worker-79/target:/opt/rustwide/target:rw,Z" "-v" "/var/lib/crater-agent-workspace/builds/worker-79/source:/opt/rustwide/workdir:ro,Z" "-v" "/var/lib/crater-agent-workspace/cargo-home:/opt/rustwide/cargo-home:ro,Z" "-v" "/var/lib/crater-agent-workspace/rustup-home:/opt/rustwide/rustup-home:ro,Z" "-e" "SOURCE_DIR=/opt/rustwide/workdir" "-e" "CARGO_TARGET_DIR=/opt/rustwide/target" "-e" "CARGO_HOME=/opt/rustwide/cargo-home" "-e" "RUSTUP_HOME=/opt/rustwide/rustup-home" "-w" "/opt/rustwide/workdir" "-m" "1610612736" "--user" "0:0" "--network" "none" "ghcr.io/rust-lang/crates-build-env/linux@sha256:34b6a614d2c27851fe6cbf88fbd1137609cefab8b10d0615aaeb6fd47975d74e" "/opt/rustwide/cargo-home/bin/cargo" "+1.54.0" "metadata" "--no-deps" "--format-version=1", kill_on_drop: false }`
[INFO] [stdout] 9e1ee98f5885aeff5f69e45eb71b6b631bad2e2baae589e30d2ac786335d8de7
[INFO] running `Command { std: "docker" "start" "-a" "9e1ee98f5885aeff5f69e45eb71b6b631bad2e2baae589e30d2ac786335d8de7", kill_on_drop: false }`
[INFO] running `Command { std: "docker" "inspect" "9e1ee98f5885aeff5f69e45eb71b6b631bad2e2baae589e30d2ac786335d8de7", kill_on_drop: false }`
[INFO] running `Command { std: "docker" "rm" "-f" "9e1ee98f5885aeff5f69e45eb71b6b631bad2e2baae589e30d2ac786335d8de7", kill_on_drop: false }`
[INFO] [stdout] 9e1ee98f5885aeff5f69e45eb71b6b631bad2e2baae589e30d2ac786335d8de7
[INFO] running `Command { std: "docker" "create" "-v" "/var/lib/crater-agent-workspace/builds/worker-79/target:/opt/rustwide/target:rw,Z" "-v" "/var/lib/crater-agent-workspace/builds/worker-79/source:/opt/rustwide/workdir:ro,Z" "-v" "/var/lib/crater-agent-workspace/cargo-home:/opt/rustwide/cargo-home:ro,Z" "-v" "/var/lib/crater-agent-workspace/rustup-home:/opt/rustwide/rustup-home:ro,Z" "-e" "SOURCE_DIR=/opt/rustwide/workdir" "-e" "CARGO_TARGET_DIR=/opt/rustwide/target" "-e" "CARGO_INCREMENTAL=0" "-e" "RUST_BACKTRACE=full" "-e" "RUSTFLAGS=--cap-lints=warn" "-e" "CARGO_HOME=/opt/rustwide/cargo-home" "-e" "RUSTUP_HOME=/opt/rustwide/rustup-home" "-w" "/opt/rustwide/workdir" "-m" "1610612736" "--user" "0:0" "--network" "none" "ghcr.io/rust-lang/crates-build-env/linux@sha256:34b6a614d2c27851fe6cbf88fbd1137609cefab8b10d0615aaeb6fd47975d74e" "/opt/rustwide/cargo-home/bin/cargo" "+1.54.0" "build" "--frozen" "--message-format=json", kill_on_drop: false }`
[INFO] [stdout] b09b735be48eb48840ec6a1b4821d5f729631800bde0436e9f6707813918fc2c
[INFO] running `Command { std: "docker" "start" "-a" "b09b735be48eb48840ec6a1b4821d5f729631800bde0436e9f6707813918fc2c", kill_on_drop: false }`
[INFO] [stderr]    Compiling memchr v2.4.0
[INFO] [stderr]    Compiling syn v1.0.74
[INFO] [stderr]    Compiling version_check v0.1.5
[INFO] [stderr]    Compiling ucd-trie v0.1.3
[INFO] [stderr]    Compiling once_cell v1.8.0
[INFO] [stderr]    Compiling unic-char-range v0.9.0
[INFO] [stderr]    Compiling unic-common v0.9.0
[INFO] [stderr]    Compiling v_htmlescape v0.4.5
[INFO] [stderr]    Compiling unindent v0.1.7
[INFO] [stderr]    Compiling remove_dir_all v0.5.3
[INFO] [stderr]    Compiling itoa v0.4.7
[INFO] [stderr]    Compiling vec_map v0.8.2
[INFO] [stderr]    Compiling deunicode v0.4.3
[INFO] [stderr]    Compiling humansize v1.1.1
[INFO] [stderr]    Compiling farmhash v1.1.5
[INFO] [stderr]    Compiling getrandom v0.2.3
[INFO] [stderr]    Compiling dirs-sys v0.3.6
[INFO] [stderr]    Compiling time v0.1.43
[INFO] [stderr]    Compiling semver v0.9.0
[INFO] [stderr]    Compiling linked-hash-map v0.5.4
[INFO] [stderr]    Compiling unic-char-property v0.9.0
[INFO] [stderr]    Compiling unic-ucd-version v0.9.0
[INFO] [stderr]    Compiling rand_core v0.6.3
[INFO] [stderr]    Compiling uuid v0.8.2
[INFO] [stderr]    Compiling thread_local v1.1.3
[INFO] [stderr]    Compiling clap v2.33.3
[INFO] [stderr]    Compiling dirs v2.0.2
[INFO] [stderr]    Compiling directories v2.0.2
[INFO] [stderr]    Compiling serde_json v1.0.66
[INFO] [stderr]    Compiling slug v0.1.4
[INFO] [stderr]    Compiling nom v4.2.3
[INFO] [stderr]    Compiling unic-ucd-segment v0.9.0
[INFO] [stderr]    Compiling shellexpand v1.1.1
[INFO] [stderr]    Compiling pest v2.1.3
[INFO] [stderr]    Compiling yaml-rust v0.4.5
[INFO] [stderr]    Compiling rand_chacha v0.3.1
[INFO] [stderr]    Compiling unic-segment v0.9.0
[INFO] [stderr]    Compiling chrono v0.4.19
[INFO] [stderr]    Compiling rand v0.8.4
[INFO] [stderr]    Compiling serde_yaml v0.8.17
[INFO] [stderr]    Compiling aho-corasick v0.7.18
[INFO] [stderr]    Compiling bstr v0.2.16
[INFO] [stderr]    Compiling tempfile v3.2.0
[INFO] [stderr]    Compiling pest_meta v2.1.3
[INFO] [stderr]    Compiling regex v1.5.4
[INFO] [stderr]    Compiling pest_generator v2.1.3
[INFO] [stderr]    Compiling globset v0.4.8
[INFO] [stderr]    Compiling Inflector v0.11.4
[INFO] [stderr]    Compiling ignore v0.4.18
[INFO] [stderr]    Compiling globwalk v0.8.1
[INFO] [stderr]    Compiling v_escape_derive v0.5.6
[INFO] [stderr]    Compiling thiserror-impl v1.0.26
[INFO] [stderr]    Compiling indoc-impl v0.3.6
[INFO] [stderr]    Compiling pest_derive v2.1.0
[INFO] [stderr]    Compiling serde_derive v1.0.127
[INFO] [stderr]    Compiling indoc v0.3.6
[INFO] [stderr]    Compiling v_escape v0.7.4
[INFO] [stderr]    Compiling thiserror v1.0.26
[INFO] [stderr]    Compiling archetect-core v0.6.0 (/opt/rustwide/workdir)
[INFO] [stdout] warning: this attribute can only be applied at the crate level
[INFO] [stdout]  --> src/vendor/tera/mod.rs:1:8
[INFO] [stdout]   |
[INFO] [stdout] 1 | #![doc(html_root_url = "https://docs.rs/tera")]
[INFO] [stdout]   |        ^^^^^^^^^^^^^^^^^^^^^^^^^^^^^^^^^^^^^^
[INFO] [stdout]   |
[INFO] [stdout]   = note: `#[warn(invalid_doc_attributes)]` on by default
[INFO] [stdout]   = warning: this was previously accepted by the compiler but is being phased out; it will become a hard error in a future release!
[INFO] [stdout]   = note: for more information, see issue #82730 <https://github.com/rust-lang/rust/issues/82730>
[INFO] [stdout]   = note: read https://doc.rust-lang.org/nightly/rustdoc/the-doc-attribute.html#at-the-crate-level for more information
[INFO] [stdout] 
[INFO] [stdout] 
[INFO] [stdout] warning: 1 warning emitted
[INFO] [stdout] 
[INFO] [stdout] 
[INFO] [stderr]     Finished dev [unoptimized + debuginfo] target(s) in 47.13s
[INFO] running `Command { std: "docker" "inspect" "b09b735be48eb48840ec6a1b4821d5f729631800bde0436e9f6707813918fc2c", kill_on_drop: false }`
[INFO] running `Command { std: "docker" "rm" "-f" "b09b735be48eb48840ec6a1b4821d5f729631800bde0436e9f6707813918fc2c", kill_on_drop: false }`
[INFO] [stdout] b09b735be48eb48840ec6a1b4821d5f729631800bde0436e9f6707813918fc2c
[INFO] running `Command { std: "docker" "create" "-v" "/var/lib/crater-agent-workspace/builds/worker-79/target:/opt/rustwide/target:rw,Z" "-v" "/var/lib/crater-agent-workspace/builds/worker-79/source:/opt/rustwide/workdir:ro,Z" "-v" "/var/lib/crater-agent-workspace/cargo-home:/opt/rustwide/cargo-home:ro,Z" "-v" "/var/lib/crater-agent-workspace/rustup-home:/opt/rustwide/rustup-home:ro,Z" "-e" "SOURCE_DIR=/opt/rustwide/workdir" "-e" "CARGO_TARGET_DIR=/opt/rustwide/target" "-e" "CARGO_INCREMENTAL=0" "-e" "RUST_BACKTRACE=full" "-e" "RUSTFLAGS=--cap-lints=warn" "-e" "CARGO_HOME=/opt/rustwide/cargo-home" "-e" "RUSTUP_HOME=/opt/rustwide/rustup-home" "-w" "/opt/rustwide/workdir" "-m" "1610612736" "--user" "0:0" "--network" "none" "ghcr.io/rust-lang/crates-build-env/linux@sha256:34b6a614d2c27851fe6cbf88fbd1137609cefab8b10d0615aaeb6fd47975d74e" "/opt/rustwide/cargo-home/bin/cargo" "+1.54.0" "test" "--frozen" "--no-run" "--message-format=json", kill_on_drop: false }`
[INFO] [stdout] fde8a013da1e8af886336c3b31273871fd7ed41c183ed2efb7c62983ab709b76
[INFO] running `Command { std: "docker" "start" "-a" "fde8a013da1e8af886336c3b31273871fd7ed41c183ed2efb7c62983ab709b76", kill_on_drop: false }`
[INFO] [stderr]    Compiling difference v2.0.0
[INFO] [stdout] warning: this attribute can only be applied at the crate level
[INFO] [stdout]  --> src/vendor/tera/mod.rs:1:8
[INFO] [stdout]   |
[INFO] [stdout] 1 | #![doc(html_root_url = "https://docs.rs/tera")]
[INFO] [stdout]   |        ^^^^^^^^^^^^^^^^^^^^^^^^^^^^^^^^^^^^^^
[INFO] [stdout]   |
[INFO] [stdout]   = note: `#[warn(invalid_doc_attributes)]` on by default
[INFO] [stdout]   = warning: this was previously accepted by the compiler but is being phased out; it will become a hard error in a future release!
[INFO] [stdout]   = note: for more information, see issue #82730 <https://github.com/rust-lang/rust/issues/82730>
[INFO] [stdout]   = note: read https://doc.rust-lang.org/nightly/rustdoc/the-doc-attribute.html#at-the-crate-level for more information
[INFO] [stdout] 
[INFO] [stdout] 
[INFO] [stdout] warning: 1 warning emitted
[INFO] [stdout] 
[INFO] [stdout] 
[INFO] [stderr]    Compiling pretty_assertions v0.6.1
[INFO] [stderr]    Compiling archetect-core v0.6.0 (/opt/rustwide/workdir)
[INFO] [stdout] warning: this attribute can only be applied at the crate level
[INFO] [stdout]  --> src/vendor/tera/mod.rs:1:8
[INFO] [stdout]   |
[INFO] [stdout] 1 | #![doc(html_root_url = "https://docs.rs/tera")]
[INFO] [stdout]   |        ^^^^^^^^^^^^^^^^^^^^^^^^^^^^^^^^^^^^^^
[INFO] [stdout]   |
[INFO] [stdout]   = note: `#[warn(invalid_doc_attributes)]` on by default
[INFO] [stdout]   = warning: this was previously accepted by the compiler but is being phased out; it will become a hard error in a future release!
[INFO] [stdout]   = note: for more information, see issue #82730 <https://github.com/rust-lang/rust/issues/82730>
[INFO] [stdout]   = note: read https://doc.rust-lang.org/nightly/rustdoc/the-doc-attribute.html#at-the-crate-level for more information
[INFO] [stdout] 
[INFO] [stdout] 
[INFO] [stdout] warning: 1 warning emitted
[INFO] [stdout] 
[INFO] [stdout] 
[INFO] [stderr]     Finished test [unoptimized + debuginfo] target(s) in 22.28s
[INFO] running `Command { std: "docker" "inspect" "fde8a013da1e8af886336c3b31273871fd7ed41c183ed2efb7c62983ab709b76", kill_on_drop: false }`
[INFO] running `Command { std: "docker" "rm" "-f" "fde8a013da1e8af886336c3b31273871fd7ed41c183ed2efb7c62983ab709b76", kill_on_drop: false }`
[INFO] [stdout] fde8a013da1e8af886336c3b31273871fd7ed41c183ed2efb7c62983ab709b76
[INFO] running `Command { std: "docker" "create" "-v" "/var/lib/crater-agent-workspace/builds/worker-79/target:/opt/rustwide/target:rw,Z" "-v" "/var/lib/crater-agent-workspace/builds/worker-79/source:/opt/rustwide/workdir:ro,Z" "-v" "/var/lib/crater-agent-workspace/cargo-home:/opt/rustwide/cargo-home:ro,Z" "-v" "/var/lib/crater-agent-workspace/rustup-home:/opt/rustwide/rustup-home:ro,Z" "-e" "SOURCE_DIR=/opt/rustwide/workdir" "-e" "CARGO_TARGET_DIR=/opt/rustwide/target" "-e" "CARGO_INCREMENTAL=0" "-e" "RUST_BACKTRACE=full" "-e" "RUSTFLAGS=--cap-lints=warn" "-e" "CARGO_HOME=/opt/rustwide/cargo-home" "-e" "RUSTUP_HOME=/opt/rustwide/rustup-home" "-w" "/opt/rustwide/workdir" "-m" "1610612736" "--user" "0:0" "--network" "none" "ghcr.io/rust-lang/crates-build-env/linux@sha256:34b6a614d2c27851fe6cbf88fbd1137609cefab8b10d0615aaeb6fd47975d74e" "/opt/rustwide/cargo-home/bin/cargo" "+1.54.0" "test" "--frozen", kill_on_drop: false }`
[INFO] [stdout] e27ea64467ebc34a10ba79fffbdd5e3c4e40e2e8254fb35cb29ad89b2e1518fb
[INFO] running `Command { std: "docker" "start" "-a" "e27ea64467ebc34a10ba79fffbdd5e3c4e40e2e8254fb35cb29ad89b2e1518fb", kill_on_drop: false }`
[INFO] [stderr] warning: this attribute can only be applied at the crate level
[INFO] [stderr]  --> src/vendor/tera/mod.rs:1:8
[INFO] [stderr]   |
[INFO] [stderr] 1 | #![doc(html_root_url = "https://docs.rs/tera")]
[INFO] [stderr]   |        ^^^^^^^^^^^^^^^^^^^^^^^^^^^^^^^^^^^^^^
[INFO] [stderr]   |
[INFO] [stderr]   = note: `#[warn(invalid_doc_attributes)]` on by default
[INFO] [stderr]   = warning: this was previously accepted by the compiler but is being phased out; it will become a hard error in a future release!
[INFO] [stderr]   = note: for more information, see issue #82730 <https://github.com/rust-lang/rust/issues/82730>
[INFO] [stderr]   = note: read https://doc.rust-lang.org/nightly/rustdoc/the-doc-attribute.html#at-the-crate-level for more information
[INFO] [stderr] 
[INFO] [stderr] warning: 1 warning emitted
[INFO] [stderr] 
[INFO] [stderr] warning: this attribute can only be applied at the crate level
[INFO] [stderr]  --> src/vendor/tera/mod.rs:1:8
[INFO] [stderr]   |
[INFO] [stderr] 1 | #![doc(html_root_url = "https://docs.rs/tera")]
[INFO] [stderr]   |        ^^^^^^^^^^^^^^^^^^^^^^^^^^^^^^^^^^^^^^
[INFO] [stderr]   |
[INFO] [stderr]   = note: `#[warn(invalid_doc_attributes)]` on by default
[INFO] [stderr]   = warning: this was previously accepted by the compiler but is being phased out; it will become a hard error in a future release!
[INFO] [stderr]   = note: for more information, see issue #82730 <https://github.com/rust-lang/rust/issues/82730>
[INFO] [stderr]   = note: read https://doc.rust-lang.org/nightly/rustdoc/the-doc-attribute.html#at-the-crate-level for more information
[INFO] [stderr] 
[INFO] [stderr] warning: 1 warning emitted
[INFO] [stderr] 
[INFO] [stderr]     Finished test [unoptimized + debuginfo] target(s) in 0.09s
[INFO] [stderr]      Running unittests (/opt/rustwide/target/debug/deps/archetect_core-fd75943ce8f84665)
[INFO] [stdout] 
[INFO] [stdout] running 541 tests
[INFO] [stdout] test actions::exec::tests::test_serialize ... ok
[INFO] [stdout] test actions::foreach::tests::test_serialize_for_item ... ok
[INFO] [stdout] test actions::conditionals::tests::test_serialize ... ok
[INFO] [stdout] test actions::foreach::tests::test_serialize_for_split ... ok
[INFO] [stdout] test actions::load::tests::test_serialize_from_http ... ok
[INFO] [stdout] test actions::load::tests::test_serialize_from_exec ... ok
[INFO] [stdout] test actions::tests::test_serialize ... ok
[INFO] [stdout] test archetype::tests::test_glob_full_directory_path ... ok
[INFO] [stdout] test config::answers::tests::test_parse_fail ... ok
[INFO] [stdout] test config::answers::tests::test_parse_answer ... ok
[INFO] [stdout] test config::answers::tests::test_parse_identifier ... ok
[INFO] [stdout] test config::answers::tests::test_parse_value ... ok
[INFO] [stdout] test config::catalog::tests::test ... ok
[INFO] [stdout] test core::tests::test_explicit_directory_paths ... ok
[INFO] [stdout] test core::tests::test_explicit_native_paths ... ok
[INFO] [stdout] test actions::load::tests::test_deserialize_inline ... ok
[INFO] [stdout] test archetype::tests::test_glob_full_file_path ... ok
[INFO] [stdout] test config::archetype::tests::test_serialize_to_yaml ... ok
[INFO] [stdout] test source::tests::test_cache_hash ... ok
[INFO] [stdout] test config::rule::tests::test_serialize_rule_config ... ok
[INFO] [stdout] test actions::load::tests::test_serialize_from_file ... ok
[INFO] [stdout] test vendor::heck::camel::tests::test1 ... ok
[INFO] [stdout] test vendor::heck::camel::tests::test10 ... ok
[INFO] [stdout] test vendor::heck::camel::tests::test11 ... ok
[INFO] [stdout] test vendor::heck::camel::tests::test12 ... ok
[INFO] [stdout] test vendor::heck::camel::tests::test2 ... ok
[INFO] [stdout] test vendor::heck::camel::tests::test3 ... ok
[INFO] [stdout] test vendor::heck::camel::tests::test4 ... ok
[INFO] [stdout] test vendor::heck::camel::tests::test5 ... ok
[INFO] [stdout] test vendor::heck::camel::tests::test6 ... ok
[INFO] [stdout] test vendor::heck::camel::tests::test7 ... ok
[INFO] [stdout] test vendor::heck::camel::tests::test9 ... ok
[INFO] [stdout] test vendor::heck::constant::tests::test2 ... ok
[INFO] [stdout] test vendor::heck::constant::tests::test7 ... ok
[INFO] [stdout] test vendor::heck::constant::tests::test6 ... ok
[INFO] [stdout] test vendor::heck::directory::tests::test10 ... ok
[INFO] [stdout] test vendor::heck::directory::tests::test11 ... ok
[INFO] [stdout] test vendor::heck::directory::tests::test12 ... ok
[INFO] [stdout] test vendor::heck::constant::tests::test10 ... ok
[INFO] [stdout] test vendor::heck::constant::tests::test5 ... ok
[INFO] [stdout] test vendor::heck::constant::tests::test3 ... ok
[INFO] [stdout] test vendor::heck::camel::tests::test8 ... ok
[INFO] [stdout] test vendor::heck::constant::tests::test11 ... ok
[INFO] [stdout] test vendor::heck::constant::tests::test12 ... ok
[INFO] [stdout] test config::catalog::tests::test_catalog_group ... ok
[INFO] [stdout] test vendor::heck::constant::tests::test4 ... ok
[INFO] [stdout] test vendor::heck::directory::tests::test13 ... ok
[INFO] [stdout] test vendor::heck::constant::tests::test1 ... ok
[INFO] [stdout] test vendor::heck::directory::tests::test16 ... ok
[INFO] [stdout] test vendor::heck::directory::tests::test1 ... ok
[INFO] [stdout] test vendor::heck::directory::tests::test19 ... ok
[INFO] [stdout] test vendor::heck::directory::tests::test18 ... ok
[INFO] [stdout] test vendor::heck::constant::tests::test9 ... ok
[INFO] [stdout] test vendor::heck::directory::tests::test20 ... ok
[INFO] [stdout] test vendor::heck::directory::tests::test17 ... ok
[INFO] [stdout] test vendor::heck::directory::tests::test22 ... ok
[INFO] [stdout] test vendor::heck::directory::tests::test21 ... ok
[INFO] [stdout] test vendor::heck::constant::tests::test8 ... ok
[INFO] [stdout] test vendor::heck::directory::tests::test23 ... ok
[INFO] [stdout] test config::answers::tests::test_parse_success ... ok
[INFO] [stdout] test config::rule::tests::test_serialize_vec_rule_config ... ok
[INFO] [stdout] test vendor::heck::directory::tests::test14 ... ok
[INFO] [stdout] test actions::load::tests::test_serialize_inline ... ok
[INFO] [stdout] test vendor::heck::directory::tests::test2 ... ok
[INFO] [stdout] test source::tests::test_http_source ... ok
[INFO] [stdout] test vendor::heck::directory::tests::test25 ... ok
[INFO] [stdout] test vendor::heck::directory::tests::test26 ... ok
[INFO] [stdout] test vendor::heck::directory::tests::test27 ... ok
[INFO] [stdout] test vendor::heck::directory::tests::test4 ... ok
[INFO] [stdout] test vendor::heck::directory::tests::test5 ... ok
[INFO] [stdout] test vendor::heck::directory::tests::test6 ... ok
[INFO] [stdout] test vendor::heck::directory::tests::test7 ... ok
[INFO] [stdout] test vendor::heck::directory::tests::test8 ... ok
[INFO] [stdout] test config::answers::tests::test_serialize_answer_config ... ok
[INFO] [stdout] test core::tests::test_implicit ... ok
[INFO] [stdout] test vendor::heck::directory::tests::test9 ... ok
[INFO] [stdout] test vendor::heck::directory::tests::test3 ... ok
[INFO] [stdout] test vendor::heck::directory::tests::test24 ... ok
[INFO] [stdout] test vendor::heck::package::tests::test1 ... ok
[INFO] [stdout] test vendor::heck::package::tests::test10 ... ok
[INFO] [stdout] test rendering::tests::test_render_empty_path ... ok
[INFO] [stdout] test vendor::heck::package::tests::test11 ... ok
[INFO] [stdout] test rendering::tests::test_render_str_successfully ... ok
[INFO] [stdout] test vendor::heck::package::tests::test3 ... ok
[INFO] [stdout] test vendor::heck::package::tests::test5 ... ok
[INFO] [stdout] test vendor::heck::package::tests::test6 ... ok
[INFO] [stdout] test rendering::tests::test_render_path_successfully ... ok
[INFO] [stdout] test vendor::heck::package::tests::test7 ... ok
[INFO] [stdout] test vendor::heck::package::tests::test4 ... ok
[INFO] [stdout] test vendor::heck::package::tests::test9 ... ok
[INFO] [stdout] test vendor::heck::pascal::tests::test1 ... ok
[INFO] [stdout] test vendor::heck::pascal::tests::test10 ... ok
[INFO] [stdout] test vendor::heck::pascal::tests::test11 ... ok
[INFO] [stdout] test vendor::heck::pascal::tests::test2 ... ok
[INFO] [stdout] test actions::set::tests::test_serialize ... ok
[INFO] [stdout] test vendor::heck::package::tests::test8 ... ok
[INFO] [stdout] test vendor::heck::package::tests::test2 ... ok
[INFO] [stdout] test vendor::heck::pascal::tests::test4 ... ok
[INFO] [stdout] test vendor::heck::pascal::tests::test5 ... ok
[INFO] [stdout] test vendor::heck::pascal::tests::test3 ... ok
[INFO] [stdout] test vendor::heck::pascal::tests::test7 ... ok
[INFO] [stdout] test vendor::heck::pascal::tests::test6 ... ok
[INFO] [stdout] test vendor::heck::pascal::tests::test8 ... ok
[INFO] [stdout] test vendor::heck::snake::tests::test1 ... ok
[INFO] [stdout] test vendor::heck::snake::tests::test11 ... ok
[INFO] [stdout] test vendor::heck::snake::tests::test10 ... ok
[INFO] [stdout] test vendor::heck::snake::tests::test12 ... ok
[INFO] [stdout] test vendor::heck::snake::tests::test13 ... ok
[INFO] [stdout] test vendor::heck::snake::tests::test14 ... ok
[INFO] [stdout] test vendor::heck::snake::tests::test17 ... ok
[INFO] [stdout] test vendor::heck::snake::tests::test16 ... ok
[INFO] [stdout] test vendor::heck::snake::tests::test18 ... ok
[INFO] [stdout] test vendor::heck::snake::tests::test19 ... ok
[INFO] [stdout] test vendor::heck::snake::tests::test2 ... ok
[INFO] [stdout] test vendor::heck::snake::tests::test20 ... ok
[INFO] [stdout] test vendor::heck::snake::tests::test22 ... ok
[INFO] [stdout] test vendor::heck::snake::tests::test21 ... ok
[INFO] [stdout] test vendor::heck::snake::tests::test24 ... ok
[INFO] [stdout] test vendor::heck::snake::tests::test25 ... ok
[INFO] [stdout] test vendor::heck::snake::tests::test26 ... ok
[INFO] [stdout] test vendor::heck::pascal::tests::test9 ... ok
[INFO] [stdout] test vendor::heck::snake::tests::test27 ... ok
[INFO] [stdout] test vendor::heck::snake::tests::test3 ... ok
[INFO] [stdout] test vendor::heck::snake::tests::test4 ... ok
[INFO] [stdout] test vendor::heck::snake::tests::test5 ... ok
[INFO] [stdout] test vendor::heck::snake::tests::test6 ... ok
[INFO] [stdout] test vendor::heck::snake::tests::test7 ... ok
[INFO] [stdout] test vendor::heck::snake::tests::test8 ... ok
[INFO] [stdout] test vendor::heck::snake::tests::test9 ... ok
[INFO] [stdout] test vendor::heck::title::tests::test1 ... ok
[INFO] [stdout] test vendor::heck::title::tests::test10 ... ok
[INFO] [stdout] test vendor::heck::title::tests::test11 ... ok
[INFO] [stdout] test vendor::heck::title::tests::test12 ... ok
[INFO] [stdout] test vendor::heck::title::tests::test2 ... ok
[INFO] [stdout] test vendor::heck::title::tests::test3 ... ok
[INFO] [stdout] test vendor::heck::title::tests::test4 ... ok
[INFO] [stdout] test vendor::heck::title::tests::test5 ... ok
[INFO] [stdout] test vendor::heck::title::tests::test6 ... ok
[INFO] [stdout] test vendor::heck::title::tests::test7 ... ok
[INFO] [stdout] test vendor::heck::title::tests::test8 ... ok
[INFO] [stdout] test vendor::heck::train::tests::test1 ... ok
[INFO] [stdout] test vendor::heck::snake::tests::test23 ... ok
[INFO] [stdout] test vendor::heck::title::tests::test9 ... ok
[INFO] [stdout] test vendor::heck::train::tests::test10 ... ok
[INFO] [stdout] test vendor::heck::train::tests::test11 ... ok
[INFO] [stdout] test vendor::heck::train::tests::test2 ... ok
[INFO] [stdout] test vendor::heck::train::tests::test3 ... ok
[INFO] [stdout] test vendor::heck::train::tests::test4 ... ok
[INFO] [stdout] test vendor::heck::train::tests::test5 ... ok
[INFO] [stdout] test vendor::heck::train::tests::test6 ... ok
[INFO] [stdout] test vendor::heck::train::tests::test7 ... ok
[INFO] [stdout] test vendor::heck::train::tests::test8 ... ok
[INFO] [stdout] test vendor::heck::train::tests::test9 ... ok
[INFO] [stdout] test vendor::read_input::tests::test_array ... ok
[INFO] [stdout] test vendor::read_input::tests::test_range ... ok
[INFO] [stdout] test vendor::read_input::tests::test_range_full ... ok
[INFO] [stdout] test vendor::read_input::tests::test_range_from ... ok
[INFO] [stdout] test vendor::read_input::tests::test_range_inclusive ... ok
[INFO] [stdout] test vendor::read_input::tests::test_range_to ... ok
[INFO] [stdout] test vendor::read_input::tests::test_range_to_inclusive ... ok
[INFO] [stdout] test vendor::tera::builtins::filters::array::tests::test_concat_array ... ok
[INFO] [stdout] test vendor::tera::builtins::filters::array::tests::test_concat_single_value ... ok
[INFO] [stdout] test vendor::tera::builtins::filters::array::tests::test_filter_empty ... ok
[INFO] [stdout] test vendor::heck::train::tests::test12 ... ok
[INFO] [stdout] test vendor::tera::builtins::filters::array::tests::test_first ... ok
[INFO] [stdout] test vendor::tera::builtins::filters::array::tests::test_first_empty ... ok
[INFO] [stdout] test vendor::tera::builtins::filters::array::tests::test_join_empty ... ok
[INFO] [stdout] test vendor::tera::builtins::filters::array::tests::test_join_sep ... ok
[INFO] [stdout] test vendor::tera::builtins::filters::array::tests::test_last ... ok
[INFO] [stdout] test vendor::tera::builtins::filters::array::tests::test_join_sep_omitted ... ok
[INFO] [stdout] test vendor::tera::builtins::filters::array::tests::test_last_empty ... ok
[INFO] [stdout] test vendor::tera::builtins::filters::array::tests::test_map_empty ... ok
[INFO] [stdout] test vendor::tera::builtins::filters::array::tests::test_nth_empty ... ok
[INFO] [stdout] test vendor::tera::builtins::filters::array::tests::test_nth ... ok
[INFO] [stdout] test vendor::tera::builtins::filters::array::tests::test_slice ... ok
[INFO] [stdout] test vendor::tera::builtins::filters::array::tests::test_sort_non_finite_numbers ... ok
[INFO] [stdout] test vendor::tera::builtins::filters::array::tests::test_sort_multiple_types ... ok
[INFO] [stdout] test vendor::tera::builtins::filters::array::tests::test_sort ... ok
[INFO] [stdout] test vendor::tera::builtins::filters::array::tests::test_sort_empty ... ok
[INFO] [stdout] test vendor::tera::builtins::filters::array::tests::test_unique_empty ... ok
[INFO] [stdout] test vendor::tera::builtins::filters::array::tests::test_unique_non_finite_numbers ... ok
[INFO] [stdout] test vendor::tera::builtins::filters::array::tests::test_unique_strings ... ok
[INFO] [stdout] test vendor::tera::builtins::filters::common::tests::length_num ... ok
[INFO] [stdout] test vendor::tera::builtins::filters::array::tests::test_unique_numbers ... ok
[INFO] [stdout] test vendor::tera::builtins::filters::array::tests::test_map ... ok
[INFO] [stdout] test vendor::tera::builtins::filters::array::tests::test_unique_attribute ... ok
[INFO] [stdout] test vendor::tera::builtins::filters::array::tests::test_unique_multiple_types ... ok
[INFO] [stdout] test vendor::tera::builtins::filters::common::tests::as_str_object ... ok
[INFO] [stdout] test vendor::tera::builtins::filters::common::tests::length_object ... ok
[INFO] [stdout] test vendor::tera::builtins::filters::common::tests::as_str_vec ... ok
[INFO] [stdout] test vendor::tera::builtins::filters::common::tests::length_str_nonascii ... ok
[INFO] [stdout] test vendor::tera::builtins::filters::number::tests::test_pluralize_multiple_custom_plural ... ok
[INFO] [stdout] test vendor::tera::builtins::filters::common::tests::length_vec ... ok
[INFO] [stdout] test vendor::tera::builtins::filters::common::tests::reverse_num ... ok
[INFO] [stdout] test vendor::tera::builtins::filters::number::tests::test_pluralize_single ... ok
[INFO] [stdout] test vendor::tera::builtins::filters::number::tests::test_pluralize_zero ... ok
[INFO] [stdout] test vendor::tera::builtins::filters::array::tests::test_sort_invalid_attribute ... ok
[INFO] [stdout] test vendor::tera::builtins::filters::common::tests::reverse_str ... ok
[INFO] [stdout] test vendor::tera::builtins::filters::common::tests::reverse_vec ... ok
[INFO] [stdout] test vendor::tera::builtins::filters::number::tests::test_round_default ... ok
[INFO] [stdout] test vendor::tera::builtins::filters::common::tests::test_json_encode ... ok
[INFO] [stdout] test vendor::tera::builtins::filters::array::tests::test_filter ... ok
[INFO] [stdout] test vendor::tera::builtins::filters::array::tests::test_sort_attribute ... ok
[INFO] [stdout] test vendor::tera::builtins::filters::common::tests::length_str ... ok
[INFO] [stdout] test vendor::tera::builtins::filters::string::tests::test_int_decimal_strings ... ok
[INFO] [stdout] test vendor::tera::builtins::filters::number::tests::test_pluralize_multiple ... ok
[INFO] [stdout] test vendor::tera::builtins::filters::string::tests::test_lower ... ok
[INFO] [stdout] test vendor::tera::builtins::filters::string::tests::test_linebreaksbr ... ok
[INFO] [stdout] test vendor::tera::builtins::filters::number::tests::test_round_ceil_precision ... ok
[INFO] [stdout] test vendor::tera::builtins::filters::number::tests::test_round_ceil ... ok
[INFO] [stdout] test vendor::tera::builtins::filters::number::tests::test_round_default_precision ... ok
[INFO] [stdout] test vendor::tera::builtins::filters::string::tests::test_replace ... ok
[INFO] [stdout] test vendor::tera::builtins::filters::common::tests::test_json_encode_pretty ... ok
[INFO] [stdout] test vendor::tera::builtins::filters::number::tests::test_round_floor ... ok
[INFO] [stdout] test vendor::tera::builtins::filters::array::tests::test_unique_tuple ... ok
[INFO] [stdout] test vendor::tera::builtins::filters::number::tests::test_pluralize_multiple_custom_singular ... ok
[INFO] [stdout] test vendor::tera::builtins::filters::array::tests::test_sort_tuple ... ok
[INFO] [stdout] test vendor::tera::builtins::filters::number::tests::test_round_floor_precision ... ok
[INFO] [stdout] test vendor::tera::builtins::filters::object::tests::test_get_filter_doesnt_exist ... ok
[INFO] [stdout] test vendor::tera::builtins::filters::object::tests::test_get_filter_exists ... ok
[INFO] [stdout] test vendor::tera::builtins::filters::string::tests::test_addslashes ... ok
[INFO] [stdout] test vendor::tera::builtins::filters::string::tests::test_capitalize ... ok
[INFO] [stdout] test vendor::tera::builtins::filters::string::tests::test_float ... ok
[INFO] [stdout] test vendor::tera::builtins::filters::string::tests::test_int_others ... ok
[INFO] [stdout] test vendor::tera::builtins::filters::array::tests::test_group_by ... ok
[INFO] [stdout] test vendor::tera::builtins::filters::string::tests::test_replace_newline ... ok
[INFO] [stdout] test vendor::tera::builtins::filters::array::tests::test_group_by_nested_key ... ok
[INFO] [stdout] test vendor::tera::builtins::filters::string::tests::test_split ... ok
[INFO] [stdout] test vendor::tera::builtins::filters::string::tests::test_trim ... ok
[INFO] [stdout] test vendor::tera::builtins::filters::string::tests::test_trim_end ... ok
[INFO] [stdout] test vendor::tera::builtins::filters::string::tests::test_trim_end_matches ... ok
[INFO] [stdout] test vendor::tera::builtins::filters::string::tests::test_trim_start ... ok
[INFO] [stdout] test vendor::tera::builtins::filters::string::tests::test_trim_start_matches ... ok
[INFO] [stdout] test vendor::tera::builtins::filters::string::tests::test_upper ... ok
[INFO] [stdout] test vendor::tera::builtins::filters::string::tests::test_upper_error ... ok
[INFO] [stdout] test vendor::tera::builtins::filters::string::tests::test_wordcount ... ok
[INFO] [stdout] test vendor::tera::builtins::filters::string::tests::test_xml_escape ... ok
[INFO] [stdout] test vendor::tera::builtins::functions::tests::get_env_existing ... ok
[INFO] [stdout] test vendor::tera::builtins::functions::tests::get_env_non_existing_no_default ... ok
[INFO] [stdout] test vendor::tera::builtins::functions::tests::get_env_non_existing_with_default ... ok
[INFO] [stdout] test vendor::tera::builtins::functions::tests::range_default ... ok
[INFO] [stdout] test vendor::tera::builtins::functions::tests::range_start ... ok
[INFO] [stdout] test vendor::tera::builtins::functions::tests::range_start_greater_than_end ... ok
[INFO] [stdout] test vendor::tera::builtins::functions::tests::range_step_by ... ok
[INFO] [stdout] test vendor::tera::builtins::functions::tests::throw_errors_with_message ... ok
[INFO] [stdout] test vendor::tera::builtins::testers::tests::test_divisible_by ... ok
[INFO] [stdout] test vendor::tera::builtins::testers::tests::test_containing ... ok
[INFO] [stdout] test vendor::tera::builtins::testers::tests::test_ending_with ... ok
[INFO] [stdout] test vendor::tera::builtins::testers::tests::test_iterable ... ok
[INFO] [stdout] test vendor::tera::builtins::testers::tests::test_number_args_ok ... ok
[INFO] [stdout] test vendor::tera::builtins::filters::string::tests::test_replace_missing_arg ... ok
[INFO] [stdout] test vendor::tera::builtins::filters::array::tests::test_unique_invalid_attribute ... ok
[INFO] [stdout] test vendor::tera::builtins::filters::array::tests::test_filter_no_value ... ok
[INFO] [stdout] test vendor::tera::builtins::testers::tests::test_object ... ok
[INFO] [stdout] test vendor::tera::builtins::testers::tests::test_starting_with ... ok
[INFO] [stdout] test vendor::tera::builtins::testers::tests::test_too_many_args ... ok
[INFO] [stdout] test vendor::tera::context::tests::can_create_context_from_value ... ok
[INFO] [stdout] test vendor::tera::errors::tests::test_error_is_send_and_sync ... ok
[INFO] [stdout] test vendor::tera::context::tests::can_extend_context ... ok
[INFO] [stdout] test vendor::tera::context::tests::can_create_context_from_impl_serialize ... ok
[INFO] [stdout] test vendor::tera::builtins::testers::tests::test_value_defined ... ok
[INFO] [stdout] test vendor::tera::parser::tests::errors::invalid_block_missing_name ... ok
[INFO] [stdout] test vendor::tera::parser::tests::errors::invalid_continue_outside_loop ... ok
[INFO] [stdout] test vendor::tera::parser::tests::errors::invalid_extends_no_string ... ok
[INFO] [stdout] test vendor::tera::parser::tests::errors::invalid_extends_position ... ok
[INFO] [stdout] test vendor::tera::parser::tests::errors::invalid_filter_section_missing_name ... ok
[INFO] [stdout] test vendor::tera::parser::tests::errors::invalid_break_outside_loop ... ok
[INFO] [stdout] test vendor::tera::parser::tests::errors::invalid_elif ... ok
[INFO] [stdout] test vendor::tera::parser::tests::errors::invalid_fn_call_missing_value ... ok
[INFO] [stdout] test vendor::tera::parser::tests::errors::invalid_macro_default_arg_value ... ok
[INFO] [stdout] test vendor::tera::parser::tests::errors::invalid_macro_content ... ok
[INFO] [stdout] test vendor::tera::parser::tests::errors::invalid_macro_call ... ok
[INFO] [stdout] test vendor::tera::parser::tests::errors::invalid_import_macros_missing_namespace ... ok
[INFO] [stdout] test vendor::tera::parser::tests::errors::missing_container_name_in_forloop ... ok
[INFO] [stdout] test vendor::tera::parser::tests::errors::missing_expression_with_not ... ok
[INFO] [stdout] test vendor::tera::parser::tests::errors::invalid_else ... ok
[INFO] [stdout] test vendor::tera::parser::tests::errors::missing_value_in_set ... ok
[INFO] [stdout] test vendor::tera::parser::tests::errors::unterminated_extends ... ok
[INFO] [stdout] test vendor::tera::parser::tests::errors::invalid_test_argument ... ok
[INFO] [stdout] test vendor::tera::parser::tests::errors::invalid_include_no_string ... ok
[INFO] [stdout] test vendor::tera::parser::tests::errors::invalid_number ... ok
[INFO] [stdout] test vendor::tera::parser::tests::errors::unterminated_if_tag ... ok
[INFO] [stdout] test vendor::tera::parser::tests::errors::unterminated_macro_call ... ok
[INFO] [stdout] test vendor::tera::parser::tests::errors::unterminated_variable_block ... ok
[INFO] [stdout] test vendor::tera::parser::tests::errors::invalid_import_macros_missing_filename ... ok
[INFO] [stdout] test vendor::tera::parser::tests::errors::missing_expression_in_if ... ok
[INFO] [stdout] test vendor::tera::parser::tests::errors::unterminated_fn_call ... ok
[INFO] [stdout] test vendor::tera::parser::tests::lexer::lex_continue_tag ... ok
[INFO] [stdout] test vendor::tera::parser::tests::errors::wrong_end_block ... ok
[INFO] [stdout] test vendor::tera::parser::tests::lexer::lex_dotted_ident ... ok
[INFO] [stdout] test vendor::tera::parser::tests::lexer::lex_else_tag ... ok
[INFO] [stdout] test vendor::tera::parser::tests::lexer::lex_extends_tag ... ok
[INFO] [stdout] test vendor::tera::parser::tests::lexer::lex_dotted_square_bracket_ident ... ok
[INFO] [stdout] test vendor::tera::parser::tests::lexer::lex_float ... ok
[INFO] [stdout] test vendor::tera::parser::tests::lexer::lex_extends_with_imports ... ok
[INFO] [stdout] test vendor::tera::parser::tests::lexer::lex_ident ... ok
[INFO] [stdout] test vendor::tera::parser::tests::errors::wrong_start_block ... ok
[INFO] [stdout] test vendor::tera::parser::tests::lexer::lex_int ... ok
[INFO] [stdout] test vendor::tera::parser::tests::errors::missing_variable_name_in_set ... ok
[INFO] [stdout] test vendor::tera::parser::tests::lexer::lex_import_macro_tag ... ok
[INFO] [stdout] test vendor::tera::parser::tests::errors::unterminated_string ... ok
[INFO] [stdout] test vendor::tera::parser::tests::lexer::lex_include_tag ... ok
[INFO] [stdout] test vendor::tera::parser::tests::lexer::lex_filter ... ok
[INFO] [stdout] test vendor::tera::parser::tests::lexer::lex_macro_tag ... ok
[INFO] [stdout] test vendor::tera::parser::tests::lexer::lex_string ... ok
[INFO] [stdout] test vendor::tera::parser::tests::lexer::lex_macro_definition ... ok
[INFO] [stdout] test vendor::tera::parser::tests::parser::parse_comment_tag ... ok
[INFO] [stdout] test vendor::tera::parser::tests::parser::parse_extends ... ok
[INFO] [stdout] test vendor::tera::parser::tests::errors::invalid_op ... ok
[INFO] [stdout] test vendor::tera::parser::tests::errors::unterminated_include ... ok
[INFO] [stdout] test vendor::tera::parser::tests::lexer::lex_test ... ok
[INFO] [stdout] test vendor::tera::parser::tests::errors::unterminated_raw_tag ... ok
[INFO] [stdout] test vendor::tera::parser::tests::errors::unterminated_filter_section ... ok
[INFO] [stdout] test vendor::tera::parser::tests::lexer::lex_boolean ... ok
[INFO] [stdout] test vendor::tera::parser::tests::lexer::lex_block_tag ... ok
[INFO] [stdout] test vendor::tera::parser::tests::lexer::lex_break_tag ... ok
[INFO] [stdout] test vendor::tera::parser::tests::lexer::lex_string_expr_with_filter ... ok
[INFO] [stdout] test vendor::tera::parser::tests::parser::parse_continue ... ok
[INFO] [stdout] test vendor::tera::parser::tests::lexer::lex_comparison_val ... ok
[INFO] [stdout] test vendor::tera::parser::tests::parser::parse_block ... ok
[INFO] [stdout] test vendor::tera::parser::tests::errors::invalid_operator ... ok
[INFO] [stdout] test vendor::tera::parser::tests::lexer::lex_comment_tag ... ok
[INFO] [stdout] test vendor::tera::parser::tests::parser::parse_import_macro ... ok
[INFO] [stdout] test vendor::tera::parser::tests::lexer::lex_template ... ok
[INFO] [stdout] test vendor::tera::parser::tests::parser::parse_key_value_forloop ... ok
[INFO] [stdout] test vendor::tera::parser::tests::parser::parse_negated_in_condition ... ok
[INFO] [stdout] test vendor::tera::parser::tests::parser::parse_raw_tag ... ok
[INFO] [stdout] test vendor::tera::parser::tests::parser::parse_set_global_tag ... ok
[INFO] [stdout] test vendor::tera::parser::tests::parser::parse_set_tag_fn_call ... ok
[INFO] [stdout] test vendor::tera::parser::tests::parser::parse_set_tag_lit ... ok
[INFO] [stdout] test vendor::tera::parser::tests::parser::parse_set_tag_macro_call ... ok
[INFO] [stdout] test vendor::tera::parser::tests::parser::parse_simple_macro_definition ... ok
[INFO] [stdout] test vendor::tera::parser::tests::parser::parse_string_concat_can_merge ... ok
[INFO] [stdout] test vendor::tera::parser::tests::parser::parse_string_concat ... ok
[INFO] [stdout] test vendor::tera::parser::tests::parser::parse_string_concat_multiple ... ok
[INFO] [stdout] test vendor::tera::parser::tests::parser::parse_test ... ok
[INFO] [stdout] test vendor::tera::parser::tests::parser::parse_text ... ok
[INFO] [stdout] test vendor::tera::parser::tests::parser::parse_text_with_whitespace ... ok
[INFO] [stdout] test vendor::tera::parser::tests::parser::parse_empty_template ... ok
[INFO] [stdout] test vendor::tera::parser::tests::parser::parse_value_forloop ... ok
[INFO] [stdout] test vendor::tera::parser::tests::parser::parse_value_forloop_array ... ok
[INFO] [stdout] test vendor::tera::parser::tests::parser::parse_value_forloop_array_with_filter ... ok
[INFO] [stdout] test vendor::tera::parser::tests::parser::parse_comments_before_extends ... ok
[INFO] [stdout] test vendor::tera::parser::tests::parser::parse_value_forloop_empty ... ok
[INFO] [stdout] test vendor::tera::parser::tests::parser::parse_variable_math_on_filter ... ok
[INFO] [stdout] test vendor::tera::parser::tests::parser::parse_include_tag ... ok
[INFO] [stdout] test vendor::tera::parser::tests::lexer::lex_requires_whitespace_between_things ... ok
[INFO] [stdout] test vendor::tera::parser::tests::parser::parse_variable_tag_lit_math_expression_with_parentheses ... ok
[INFO] [stdout] test vendor::tera::parser::tests::parser::parse_variable_tag_lit_math_expression_with_parentheses_and_filter ... ok
[INFO] [stdout] test vendor::tera::parser::tests::parser::parse_variable_tag_macro_call ... ok
[INFO] [stdout] test vendor::tera::builtins::filters::string::tests::test_striptags ... ok
[INFO] [stdout] test vendor::tera::parser::tests::parser::parse_variable_tag_macro_call_with_array_with_filters ... ok
[INFO] [stdout] test vendor::tera::parser::tests::lexer::lex_string_concat ... ok
[INFO] [stdout] test vendor::tera::parser::tests::parser::parse_variable_tag_macro_call_with_filter ... ok
[INFO] [stdout] test vendor::tera::parser::tests::parser::parse_variable_tag_math_and_logic_expression ... ok
[INFO] [stdout] test vendor::tera::parser::tests::parser::parse_variable_tag_math_with_filters_and_logic_expression ... ok
[INFO] [stdout] test vendor::tera::parser::tests::parser::parse_variable_tag_negated_expr ... ok
[INFO] [stdout] test vendor::tera::parser::tests::parser::parse_set_array_with_filter ... ok
[INFO] [stdout] test vendor::tera::parser::tests::parser::parse_variable_tag_simple_logic_expression ... ok
[INFO] [stdout] test vendor::tera::parser::tests::parser::parse_variable_tag_simple_negated_expr ... ok
[INFO] [stdout] test vendor::tera::parser::tests::parser::parse_variable_tag_simple_negated_test ... ok
[INFO] [stdout] test vendor::tera::parser::tests::parser::parse_variable_tag_simple_test ... ok
[INFO] [stdout] test vendor::tera::parser::tests::parser::parse_variable_tag_test_as_expression ... ok
[INFO] [stdout] test vendor::tera::parser::tests::errors::unterminated_test ... ok
[INFO] [stdout] test vendor::tera::parser::tests::parser::parse_break ... ok
[INFO] [stdout] test vendor::tera::parser::tests::parser::parse_raw_tag_with_ws ... ok
[INFO] [stdout] test vendor::tera::parser::tests::parser::parse_variable_with_whitespace_trimming ... ok
[INFO] [stdout] test vendor::tera::parser::tests::parser::parse_filter_section_without_args ... ok
[INFO] [stdout] test vendor::tera::parser::tests::whitespace::handle_ws_both_sides_for_forloop_tag_and_remove_empty_node ... ok
[INFO] [stdout] test vendor::tera::parser::tests::parser::parse_in_condition ... ok
[INFO] [stdout] test vendor::tera::parser::tests::parser::parse_if ... ok
[INFO] [stdout] test vendor::tera::parser::tests::parser::parse_allow_block_in_filter_section ... ok
[INFO] [stdout] test vendor::tera::parser::tests::whitespace::do_nothing_if_unneeded ... ok
[INFO] [stdout] test vendor::tera::parser::tests::lexer::lex_content ... ok
[INFO] [stdout] test vendor::tera::parser::tests::parser::parse_variable_tag_ident ... ok
[INFO] [stdout] test vendor::tera::parser::tests::lexer::lex_comparison_expr ... ok
[INFO] [stdout] test vendor::tera::parser::tests::lexer::lex_kwargs ... ok
[INFO] [stdout] test vendor::tera::parser::tests::whitespace::handle_ws_both_sides_for_raw_tag ... ok
[INFO] [stdout] test vendor::tera::parser::tests::whitespace::handle_ws_for_if_nodes_with_else ... ok
[INFO] [stdout] test vendor::tera::parser::tests::whitespace::remove_next_ws_if_single_opening_tag_requires_it ... ok
[INFO] [stdout] test vendor::tera::parser::tests::lexer::lex_elif_tag ... ok
[INFO] [stdout] test vendor::tera::renderer::square_brackets::tests::can_pull_out_square_bracket ... ok
[INFO] [stdout] test vendor::tera::renderer::tests::basic::can_set_variable_in_global_context_in_forloop ... ok
[INFO] [stdout] test vendor::tera::renderer::tests::basic::can_use_concat_to_push_to_array ... ok
[INFO] [stdout] test vendor::tera::parser::tests::parser::parse_set_array ... ok
[INFO] [stdout] test vendor::tera::parser::tests::whitespace::remove_previous_ws_if_single_opening_tag_requires_it ... ok
[INFO] [stdout] test vendor::tera::renderer::tests::basic::does_render_owned_for_loop_with_objects ... ok
[INFO] [stdout] test vendor::tera::renderer::tests::basic::filter_args_are_not_escaped ... ok
[INFO] [stdout] test vendor::tera::renderer::tests::basic::filter_filter_works ... ok
[INFO] [stdout] test vendor::tera::parser::tests::parser::parse_variable_tag_global_function_with_filter ... ok
[INFO] [stdout] test vendor::tera::renderer::tests::basic::escaping_happens_at_the_end ... ok
[INFO] [stdout] test vendor::tera::parser::tests::parser::parse_filter_section_with_args ... ok
[INFO] [stdout] test vendor::tera::parser::tests::parser::parse_variable_tag_array_lit_with_filter ... ok
[INFO] [stdout] test vendor::tera::parser::tests::parser::parse_variable_tag_array_lit ... ok
[INFO] [stdout] test vendor::tera::parser::tests::parser::parse_variable_tag_lit ... ok
[INFO] [stdout] test vendor::tera::parser::tests::lexer::lex_filter_tag ... ok
[INFO] [stdout] test vendor::tera::renderer::tests::basic::can_fail_rendering_from_template ... ok
[INFO] [stdout] test vendor::tera::parser::tests::lexer::lex_set_global_tag ... ok
[INFO] [stdout] test vendor::tera::parser::tests::parser::parse_variable_tag_lit_math_expression ... ok
[INFO] [stdout] test vendor::tera::parser::tests::lexer::lex_basic_expr ... ok
[INFO] [stdout] test vendor::tera::parser::tests::lexer::lex_in_cond ... ok
[INFO] [stdout] test vendor::tera::parser::tests::parser::parse_filter_section_preserves_ws ... ok
[INFO] [stdout] test vendor::tera::renderer::tests::basic::comments_are_ignored ... ok
[INFO] [stdout] test vendor::tera::renderer::tests::basic::can_do_string_concat ... ok
[INFO] [stdout] test vendor::tera::parser::tests::lexer::lex_basic_expr_with_filter ... ok
[INFO] [stdout] test vendor::tera::parser::tests::lexer::lex_logic_expr ... ok
[INFO] [stdout] test vendor::tera::parser::tests::parser::parse_variable_tag_macro_call_with_array ... ok
[INFO] [stdout] test vendor::tera::parser::tests::parser::parse_variable_tag_global_function ... ok
[INFO] [stdout] test vendor::tera::parser::tests::whitespace::handle_ws_for_if_nodes ... ok
[INFO] [stdout] test vendor::tera::renderer::tests::basic::can_set_variables_in_included_templates ... ok
[INFO] [stdout] test vendor::tera::renderer::tests::basic::filter_on_array_literal_works ... ok
[INFO] [stdout] test vendor::tera::parser::tests::lexer::lex_kwarg ... ok
[INFO] [stdout] test vendor::tera::renderer::tests::basic::render_include_tag ... ok
[INFO] [stdout] test vendor::tera::renderer::tests::basic::render_magic_variable_isnt_escaped ... ok
[INFO] [stdout] test vendor::tera::renderer::tests::basic::render_magic_variable_macro_doesnt_leak ... ok
[INFO] [stdout] test vendor::tera::renderer::tests::basic::render_magic_variable_gets_all_contexts ... ok
[INFO] [stdout] test vendor::tera::renderer::tests::basic::render_include_array_tag ... ok
[INFO] [stdout] test vendor::tera::renderer::tests::basic::render_raw_tag ... ok
[INFO] [stdout] test vendor::tera::renderer::tests::basic::render_simple_string ... ok
[INFO] [stdout] test vendor::tera::parser::tests::lexer::lex_logic_val ... ok
[INFO] [stdout] test vendor::tera::parser::tests::parser::parse_variable_tag_ident_with_simple_filters ... ok
[INFO] [stdout] test vendor::tera::parser::tests::whitespace::handle_ws_both_sides_for_macro_definitions ... ok
[INFO] [stdout] test vendor::tera::parser::tests::lexer::lex_fn_call ... ok
[INFO] [stdout] test vendor::tera::parser::tests::lexer::lex_variable_tag ... ok
[INFO] [stdout] test vendor::tera::renderer::tests::basic::safe_filter_works ... ok
[INFO] [stdout] test vendor::tera::renderer::tests::basic::render_include_tag_missing ... ok
[INFO] [stdout] test vendor::tera::parser::tests::lexer::lex_if_tag ... ok
[INFO] [stdout] test vendor::tera::parser::tests::lexer::lex_array ... ok
[INFO] [stdout] test vendor::tera::renderer::tests::basic::redefining_loop_value_doesnt_break_loop ... ok
[INFO] [stdout] test vendor::tera::renderer::tests::basic::default_filter_works_in_condition ... ok
[INFO] [stdout] test vendor::tera::renderer::tests::basic::add_set_values_in_context ... ok
[INFO] [stdout] test vendor::tera::renderer::tests::basic::does_render_owned_for_loop_with_objects_string_keys ... ok
[INFO] [stdout] test vendor::tera::renderer::tests::basic::split_on_context_value ... ok
[INFO] [stdout] test vendor::tera::renderer::tests::basic::stateful_global_fn ... ok
[INFO] [stdout] test vendor::tera::parser::tests::lexer::lex_for_tag ... ok
[INFO] [stdout] test vendor::tera::renderer::tests::errors::error_invalid_type_index_variable ... ok
[INFO] [stdout] test vendor::tera::renderer::tests::errors::error_loading_macro_from_unloaded_namespace ... ok
[INFO] [stdout] test vendor::tera::renderer::tests::errors::error_gives_source_on_tests ... ok
[INFO] [stdout] test vendor::tera::renderer::tests::errors::error_location_base_template ... ok
[INFO] [stdout] test vendor::tera::renderer::tests::errors::error_location_basic ... ok
[INFO] [stdout] test vendor::tera::renderer::tests::errors::error_location_in_parent_block ... ok
[INFO] [stdout] test vendor::tera::renderer::tests::errors::error_location_in_parent_in_macro ... ok
[INFO] [stdout] test vendor::tera::renderer::tests::errors::error_location_inside_macro ... ok
[INFO] [stdout] test vendor::tera::renderer::tests::errors::error_out_of_range_index ... ok
[INFO] [stdout] test vendor::tera::renderer::tests::basic::render_if_elif_else ... ok
[INFO] [stdout] test vendor::tera::renderer::tests::basic::render_variable_block_lit_expr ... ok
[INFO] [stdout] test vendor::tera::renderer::tests::errors::error_string_concat_math_logic ... ok
[INFO] [stdout] test vendor::tera::renderer::tests::errors::error_unknown_index_variable ... ok
[INFO] [stdout] test vendor::tera::renderer::tests::errors::error_when_missing_macro_templates ... ok
[INFO] [stdout] test vendor::tera::renderer::tests::errors::errors_when_calling_macros_defined_in_file ... ok
[INFO] [stdout] test vendor::tera::renderer::tests::errors::errors_with_inheritance_in_included_template ... ok
[INFO] [stdout] test vendor::tera::renderer::tests::basic::ok_many_variable_blocks ... ok
[INFO] [stdout] test vendor::tera::renderer::tests::inheritance::render_filter_section_inheritance ... ok
[INFO] [stdout] test vendor::tera::renderer::tests::inheritance::render_nested_block_multiple_inheritance_no_super ... ok
[INFO] [stdout] test vendor::tera::renderer::tests::inheritance::render_filter_section_inheritance_no_override ... ok
[INFO] [stdout] test vendor::tera::renderer::tests::inheritance::render_multiple_inheritance_with_super ... ok
[INFO] [stdout] test vendor::tera::renderer::tests::errors::right_variable_name_is_needed_in_for_loop ... ok
[INFO] [stdout] test vendor::tera::renderer::tests::inheritance::render_simple_inheritance ... ok
[INFO] [stdout] test vendor::tera::renderer::tests::inheritance::render_simple_inheritance_super ... ok
[INFO] [stdout] test vendor::tera::renderer::tests::basic::render_for ... ok
[INFO] [stdout] test vendor::tera::renderer::tests::errors::error_when_using_variable_set_in_included_templates_outside ... ok
[INFO] [stdout] test vendor::tera::renderer::tests::inheritance::render_super_multiple_inheritance_nested_block ... ok
[INFO] [stdout] test vendor::tera::renderer::tests::macros::can_inherit_macro_import_from_parent ... ok
[INFO] [stdout] test vendor::tera::renderer::tests::macros::can_load_macro_in_child ... ok
[INFO] [stdout] test vendor::tera::renderer::tests::basic::default_filter_works ... ok
[INFO] [stdout] test vendor::tera::renderer::tests::basic::render_variable_block_autoescaping_disabled ... ok
[INFO] [stdout] test vendor::tera::renderer::tests::macros::import_macros_into_other_macro_files ... ok
[INFO] [stdout] test vendor::tera::renderer::tests::macros::can_load_parent_macro_in_child ... ok
[INFO] [stdout] test vendor::tera::renderer::tests::macros::render_macros_in_included ... ok
[INFO] [stdout] test vendor::tera::renderer::tests::basic::safe_function_works ... ok
[INFO] [stdout] test vendor::tera::renderer::tests::macros::render_macros_in_child_templates_different_namespace ... ok
[INFO] [stdout] test vendor::tera::renderer::tests::macros::render_macros_override_default_args ... ok
[INFO] [stdout] test vendor::tera::renderer::tests::macros::render_macros_with_default_args ... ok
[INFO] [stdout] test vendor::tera::renderer::tests::macros::render_set_tag_macro ... ok
[INFO] [stdout] test vendor::tera::renderer::tests::macros::template_cant_access_macros_context ... ok
[INFO] [stdout] test vendor::tera::parser::tests::lexer::lex_set_tag ... ok
[INFO] [stdout] test vendor::tera::renderer::tests::macros::macro_can_access_global_context ... ok
[INFO] [stdout] test vendor::tera::renderer::tests::basic::render_variable_block_ident ... ok
[INFO] [stdout] test vendor::tera::renderer::tests::inheritance::render_multiple_inheritance ... ok
[INFO] [stdout] test vendor::tera::renderer::tests::macros::render_macros_in_child_templates_same_namespace ... ok
[INFO] [stdout] test vendor::tera::renderer::tests::inheritance::render_super_in_grandchild_without_redefining_in_parent_works ... ok
[INFO] [stdout] test vendor::tera::renderer::tests::inheritance::render_super_in_grandchild_without_redefining_works ... ok
[INFO] [stdout] test vendor::tera::renderer::tests::inheritance::render_super_in_top_block_errors ... ok
[INFO] [stdout] test vendor::tera::renderer::tests::macros::render_macros_expression_arg ... ok
[INFO] [stdout] test vendor::tera::renderer::tests::macros::render_macros ... ok
[INFO] [stdout] test vendor::tera::renderer::tests::macros::macro_param_arent_escaped ... ok
[INFO] [stdout] test vendor::tera::renderer::tests::macros::macro_can_load_macro_from_macro_files ... ok
[INFO] [stdout] test vendor::tera::builtins::testers::tests::test_matching ... ok
[INFO] [stdout] test vendor::tera::renderer::tests::whitespace::make_sure_not_to_delete_whitespaces ... ok
[INFO] [stdout] test vendor::tera::renderer::tests::whitespace::can_remove_whitespace_macros ... ok
[INFO] [stdout] test vendor::tera::renderer::tests::macros::can_inherit_macro_import_from_grandparent ... ok
[INFO] [stdout] test vendor::tera::renderer::tests::square_brackets::var_access_by_loop_index ... ok
[INFO] [stdout] test vendor::tera::renderer::tests::basic::render_tests ... ok
[INFO] [stdout] test vendor::tera::renderer::tests::whitespace::can_remove_whitespace_inheritance ... ok
[INFO] [stdout] test vendor::tera::renderer::tests::square_brackets::var_access_by_loop_index_with_set ... ok
[INFO] [stdout] test vendor::tera::renderer::tests::macros::can_load_macro_in_parent_with_grandparent ... ok
[INFO] [stdout] test vendor::tera::renderer::tests::whitespace::works_with_filter_section ... ok
[INFO] [stdout] test vendor::tera::renderer::tests::macros::parent_macro_cant_access_child_macro_context ... ok
[INFO] [stdout] test vendor::tera::renderer::tests::macros::render_macros_in_parent_template_with_inheritance ... ok
[INFO] [stdout] test vendor::tera::renderer::tests::whitespace::can_remove_whitespace_include ... ok
[INFO] [stdout] test vendor::tera::template::tests::can_find_blocks ... ok
[INFO] [stdout] test vendor::tera::template::tests::can_find_imported_macros ... ok
[INFO] [stdout] test vendor::tera::template::tests::can_find_parent_template ... ok
[INFO] [stdout] test vendor::tera::template::tests::can_parse_ok_template ... ok
[INFO] [stdout] test vendor::tera::renderer::tests::square_brackets::var_access_by_square_brackets ... ok
[INFO] [stdout] test vendor::tera::template::tests::can_find_macros ... ok
[INFO] [stdout] test vendor::tera::tera::tests::glob_work_with_absolute_paths ... ok
[INFO] [stdout] test vendor::tera::renderer::tests::square_brackets::var_access_by_square_brackets_errors ... ok
[INFO] [stdout] test vendor::tera::renderer::tests::basic::render_variable_block_logic_expr ... ok
[INFO] [stdout] test vendor::tera::renderer::tests::whitespace::can_remove_whitespace_basic ... ok
[INFO] [stdout] test vendor::tera::tera::tests::glob_work_with_absolute_paths_and_double_star ... ok
[INFO] [stdout] test vendor::tera::tera::tests::issues_found_fuzzing_expressions_are_fixed ... ok
[INFO] [stdout] test vendor::tera::tera::tests::issues_found_fuzzing_conditions_are_fixed ... ok
[INFO] [stdout] test vendor::tera::renderer::tests::macros::recursive_macro_with_loops ... ok
[INFO] [stdout] test vendor::tera::tera::tests::test_can_autoescape_one_off_template ... ok
[INFO] [stdout] test vendor::tera::renderer::tests::macros::render_recursive_macro ... ok
[INFO] [stdout] test vendor::tera::template::tests::can_find_nested_blocks ... ok
[INFO] [stdout] test vendor::tera::tera::tests::test_circular_extends ... ok
[INFO] [stdout] test vendor::tera::tera::tests::test_extend_new_filter ... ok
[INFO] [stdout] test vendor::tera::tera::tests::test_extend_new_tester ... ok
[INFO] [stdout] test vendor::tera::tera::tests::can_load_from_glob_with_patterns ... ok
[INFO] [stdout] test vendor::tera::tera::tests::test_extend_no_overlap ... ok
[INFO] [stdout] test vendor::tera::tera::tests::test_get_parent_blocks_definition ... ok
[INFO] [stdout] test vendor::tera::tera::tests::test_get_inheritance_chain ... ok
[INFO] [stdout] test vendor::tera::tera::tests::test_can_disable_autoescape_one_off_template ... ok
[INFO] [stdout] test vendor::tera::tera::tests::test_missing_parent_template ... ok
[INFO] [stdout] test vendor::tera::tera::tests::test_get_parent_blocks_definition_nested_block ... ok
[INFO] [stdout] test vendor::tera::utils::tests::test_escape_html ... ok
[INFO] [stdout] test vendor::tera::tera::tests::test_reset_escape_function ... ok
[INFO] [stdout] test vendor::tera::utils::tests::test_render_to_string ... ok
[INFO] [stdout] test vendor::tera::tera::tests::full_reload_with_glob_after_extending ... ok
[INFO] [stdout] test vendor::tera::tera::tests::full_reload_with_glob ... ok
[INFO] [stdout] test vendor::tera::tera::tests::test_render_map_with_dotted_keys ... ok
[INFO] [stdout] test vendor::tera::tera::tests::test_render_str_with_custom_function ... ok
[INFO] [stdout] test vendor::tera::tera::tests::test_extend_with_overlap ... ok
[INFO] [stdout] test vendor::tera::tera::tests::test_set_escape_function ... ok
[INFO] [stdout] test vendor::tera::tera::tests::test_value_one_off_template ... ok
[INFO] [stdout] test vendor::tera::tera::tests::can_load_from_glob ... ok
[INFO] [stdout] test vendor::tera::renderer::tests::basic::render_filter_section ... ok
[INFO] [stdout] test vendor::tera::builtins::filters::string::tests::test_title ... ok
[INFO] [stdout] test vendor::tera::tera::tests::test_can_only_parse_templates - should panic ... ok
[INFO] [stdout] 
[INFO] [stdout] test result: ok. 541 passed; 0 failed; 0 ignored; 0 measured; 0 filtered out; finished in 0.45s
[INFO] [stdout] 
[INFO] [stderr]      Running tests/archetype_render_test.rs (/opt/rustwide/target/debug/deps/archetype_render_test-456ca32fb3c57870)
[INFO] [stdout] 
[INFO] [stdout] running 1 test
[INFO] [stdout] test render_archetypes ... ok
[INFO] [stdout] 
[INFO] [stdout] test result: ok. 1 passed; 0 failed; 0 ignored; 0 measured; 0 filtered out; finished in 0.00s
[INFO] [stdout] 
[INFO] [stderr]    Doc-tests archetect-core
[INFO] [stdout] 
[INFO] [stdout] running 28 tests
[INFO] [stdout] test src/vendor/tera/macros.rs - try_get_value (line 11) ... ignored
[INFO] [stdout] test src/vendor/tera/tera.rs - vendor::tera::tera::Tera::add_raw_template (line 393) ... ignored
[INFO] [stdout] test src/vendor/tera/tera.rs - vendor::tera::tera::Tera::add_raw_templates (line 410) ... ignored
[INFO] [stdout] test src/vendor/tera/tera.rs - vendor::tera::tera::Tera::add_template_file (line 440) ... ignored
[INFO] [stdout] test src/vendor/tera/tera.rs - vendor::tera::tera::Tera::add_template_files (line 459) ... ignored
[INFO] [stdout] test src/vendor/tera/tera.rs - vendor::tera::tera::Tera::autoescape_on (line 627) ... ignored
[INFO] [stdout] test src/vendor/tera/tera.rs - vendor::tera::tera::Tera::extend (line 687) ... ignored
[INFO] [stdout] test src/vendor/tera/tera.rs - vendor::tera::tera::Tera::new (line 79) ... ignored
[INFO] [stdout] test src/vendor/tera/tera.rs - vendor::tera::tera::Tera::one_off (line 363) ... ignored
[INFO] [stdout] test src/vendor/tera/tera.rs - vendor::tera::tera::Tera::parse (line 98) ... ignored
[INFO] [stdout] test src/vendor/tera/tera.rs - vendor::tera::tera::Tera::register_filter (line 492) ... ignored
[INFO] [stdout] test src/vendor/tera/tera.rs - vendor::tera::tera::Tera::register_function (line 532) ... ignored
[INFO] [stdout] test src/vendor/tera/tera.rs - vendor::tera::tera::Tera::register_tester (line 512) ... ignored
[INFO] [stdout] test src/vendor/tera/tera.rs - vendor::tera::tera::Tera::render (line 302) ... ignored
[INFO] [stdout] test src/vendor/tera/tera.rs - vendor::tera::tera::Tera::render_str (line 343) ... ignored
[INFO] [stdout] test src/vendor/tera/tera.rs - vendor::tera::tera::Tera::render_to (line 323) ... ignored
[INFO] [stdout] test src/vendor/tera/tera.rs - vendor::tera::tera::Tera::set_escape_fn (line 645) ... ignored
[INFO] [stdout] test src/vendor/tera/context.rs - vendor::tera::context::Context::insert (line 28) ... FAILED
[INFO] [stdout] test src/vendor/tera/context.rs - vendor::tera::context::Context::extend (line 69) ... FAILED
[INFO] [stdout] test src/vendor/heck/constant.rs - vendor::heck::constant::ConstantCase (line 8) ... FAILED
[INFO] [stdout] test src/vendor/tera/context.rs - vendor::tera::context::Context::try_insert (line 41) ... FAILED
[INFO] [stdout] test src/vendor/heck/pascal.rs - vendor::heck::pascal::PascalCase (line 8) ... FAILED
[INFO] [stdout] test src/vendor/heck/package.rs - vendor::heck::package::PackageCase (line 7) ... FAILED
[INFO] [stdout] test src/vendor/heck/snake.rs - vendor::heck::snake::SnakeCase (line 7) ... ok
[INFO] [stdout] test src/vendor/heck/title.rs - vendor::heck::title::TitleCase (line 8) ... ok
[INFO] [stdout] test src/vendor/heck/directory.rs - vendor::heck::directory::DirectoryCase (line 7) ... ok
[INFO] [stdout] test src/vendor/heck/camel.rs - vendor::heck::camel::CamelCase (line 8) ... ok
[INFO] [stdout] test src/vendor/heck/train.rs - vendor::heck::train::TrainCase (line 7) ... ok
[INFO] [stdout] 
[INFO] [stdout] failures:
[INFO] [stdout] 
[INFO] [stdout] ---- src/vendor/tera/context.rs - vendor::tera::context::Context::insert (line 28) stdout ----
[INFO] [stdout] error: linking with `cc` failed: exit status: 1
[INFO] [stdout]   |
[INFO] [stdout]   = note: "cc" "-m64" "/tmp/rustdoctestKRapFo/rust_out.rust_out.7rcbfp3g-cgu.0.rcgu.o" "/tmp/rustdoctestKRapFo/rust_out.33dyzt1ekirinwy8.rcgu.o" "-Wl,--as-needed" "-L" "/opt/rustwide/target/debug/deps" "-L" "/opt/rustwide/target/debug/deps" "-L" "/opt/rustwide/rustup-home/toolchains/1.54.0-x86_64-unknown-linux-gnu/lib/rustlib/x86_64-unknown-linux-gnu/lib" "-Wl,-Bstatic" "/opt/rustwide/target/debug/deps/libarchetect_core-3a42c05db5eeea7d.rlib" "/opt/rustwide/target/debug/deps/libfarmhash-f469cedccad9660d.rlib" "/opt/rustwide/target/debug/deps/libuuid-235b3e05397fbe39.rlib" "/opt/rustwide/target/debug/deps/libinflector-fda69e20121f757b.rlib" "/opt/rustwide/target/debug/deps/libglob-b2b3e3431c476f53.rlib" "/opt/rustwide/target/debug/deps/libserde_yaml-a6894338552a8bd7.rlib" "/opt/rustwide/target/debug/deps/libdtoa-52b57fd4907803fb.rlib" "/opt/rustwide/target/debug/deps/libyaml_rust-cf6b237ff91df225.rlib" "/opt/rustwide/target/debug/deps/libshellexpand-76ad00dc65ae848a.rlib" "/opt/rustwide/target/debug/deps/libdirs-11e09ad517e7e836.rlib" "/opt/rustwide/target/debug/deps/libthiserror-b18e4f16bbd1b898.rlib" "/opt/rustwide/target/debug/deps/liburl-98505fcfc663a9d7.rlib" "/opt/rustwide/target/debug/deps/libidna-144743a1c87fc8e9.rlib" "/opt/rustwide/target/debug/deps/libunicode_normalization-f88ccced2be4bc93.rlib" "/opt/rustwide/target/debug/deps/libtinyvec-b0b99c866aca13aa.rlib" "/opt/rustwide/target/debug/deps/libtinyvec_macros-f6b5563d3767ea26.rlib" "/opt/rustwide/target/debug/deps/libunicode_bidi-cd5d16f1476c6336.rlib" "/opt/rustwide/target/debug/deps/libform_urlencoded-64c48050f569228e.rlib" "/opt/rustwide/target/debug/deps/libpercent_encoding-549c334c22432c49.rlib" "/opt/rustwide/target/debug/deps/libmatches-5bfcef5685786a07.rlib" "/opt/rustwide/target/debug/deps/libglobwalk-713a56efe8370c98.rlib" "/opt/rustwide/target/debug/deps/libignore-1472f3f823b9e22e.rlib" "/opt/rustwide/target/debug/deps/libcrossbeam_utils-474a25da0caf94b2.rlib" "/opt/rustwide/target/debug/deps/libwalkdir-e990d787991df0fa.rlib" "/opt/rustwide/target/debug/deps/libsame_file-6c7da3b22554f6bc.rlib" "/opt/rustwide/target/debug/deps/libthread_local-680cbed8abfdcd6f.rlib" "/opt/rustwide/target/debug/deps/libonce_cell-a76c90beb999d50a.rlib" "/opt/rustwide/target/debug/deps/libglobset-a1bb2f6fe4c5bbba.rlib" "/opt/rustwide/target/debug/deps/libfnv-56e05e18a5751d51.rlib" "/opt/rustwide/target/debug/deps/libbstr-6d3764c8e0c6f0e9.rlib" "/opt/rustwide/target/debug/deps/libchrono-6069502b77b85e94.rlib" "/opt/rustwide/target/debug/deps/libnum_integer-016eaeb10a6f0eb9.rlib" "/opt/rustwide/target/debug/deps/libnum_traits-3ea67f5534c2ade7.rlib" "/opt/rustwide/target/debug/deps/libtime-d4a9aeba39d16586.rlib" "/opt/rustwide/target/debug/deps/libregex-c0311ef87925025d.rlib" "/opt/rustwide/target/debug/deps/libaho_corasick-f751c074981e5308.rlib" "/opt/rustwide/target/debug/deps/libmemchr-0721f17babcb5610.rlib" "/opt/rustwide/target/debug/deps/libregex_syntax-b672c9191f2c7225.rlib" "/opt/rustwide/target/debug/deps/libtempfile-2f4d41dc77174eba.rlib" "/opt/rustwide/target/debug/deps/librand-08af1d871362c2fe.rlib" "/opt/rustwide/target/debug/deps/librand_chacha-cbc694fa134c6e01.rlib" "/opt/rustwide/target/debug/deps/libppv_lite86-545d86392ea1d8e4.rlib" "/opt/rustwide/target/debug/deps/librand_core-8b6215ce75f700d0.rlib" "/opt/rustwide/target/debug/deps/libgetrandom-d801f701964b43b4.rlib" "/opt/rustwide/target/debug/deps/libremove_dir_all-80ef6726c25ad48c.rlib" "/opt/rustwide/target/debug/deps/libdirectories-cf066fff19840448.rlib" "/opt/rustwide/target/debug/deps/libdirs_sys-a5704029601e4c68.rlib" "/opt/rustwide/target/debug/deps/libcfg_if-e7a28af79b261e75.rlib" "/opt/rustwide/target/debug/deps/libpest-1fd504d61df9f5b0.rlib" "/opt/rustwide/target/debug/deps/libucd_trie-bb7f8c75dd4129d2.rlib" "/opt/rustwide/target/debug/deps/libserde_json-d62683b0f8e26acc.rlib" "/opt/rustwide/target/debug/deps/libryu-059aa1fbb24cd15e.rlib" "/opt/rustwide/target/debug/deps/libitoa-e8b11f69ec08d8ae.rlib" "/opt/rustwide/target/debug/deps/liblinked_hash_map-e0a1f5f4c5b21bd4.rlib" "/opt/rustwide/target/debug/deps/libsemver-21ce50e674fd9637.rlib" "/opt/rustwide/target/debug/deps/libserde-1d37970d7e69b8e5.rlib" "/opt/rustwide/target/debug/deps/libsemver_parser-24fc5579b2134304.rlib" "/opt/rustwide/target/debug/deps/liblog-c7a6438e9780af3a.rlib" "/opt/rustwide/target/debug/deps/libcfg_if-38c8a3e888ecb06a.rlib" "/opt/rustwide/target/debug/deps/libclap-09447a1a63f643f8.rlib" "/opt/rustwide/target/debug/deps/libvec_map-07385fbe5fb99a77.rlib" "/opt/rustwide/target/debug/deps/libtextwrap-3bb22fb43a400e8d.rlib" "/opt/rustwide/target/debug/deps/libunicode_width-5cf7ed896e8bb5a9.rlib" "/opt/rustwide/target/debug/deps/libstrsim-b10957d572414a9c.rlib" "/opt/rustwide/target/debug/deps/libbitflags-f89ae4b715176e2d.rlib" "/opt/rustwide/target/debug/deps/libatty-1d479c4d87937971.rlib" "/opt/rustwide/target/debug/deps/liblibc-ef703b7b559de845.rlib" "/opt/rustwide/target/debug/deps/libansi_term-e2a35aae900e64a8.rlib" "/opt/rustwide/target/debug/deps/libunicode_segmentation-bb2ad42c819b8773.rlib" "/opt/rustwide/target/debug/deps/liblazy_static-5c53d641eb010a81.rlib" "-Wl,--start-group" "/opt/rustwide/rustup-home/toolchains/1.54.0-x86_64-unknown-linux-gnu/lib/rustlib/x86_64-unknown-linux-gnu/lib/libstd-2420485b9e5ef5e1.rlib" "/opt/rustwide/rustup-home/toolchains/1.54.0-x86_64-unknown-linux-gnu/lib/rustlib/x86_64-unknown-linux-gnu/lib/libpanic_unwind-785e3cb61c4b1960.rlib" "/opt/rustwide/rustup-home/toolchains/1.54.0-x86_64-unknown-linux-gnu/lib/rustlib/x86_64-unknown-linux-gnu/lib/libminiz_oxide-087191a88bdaa22d.rlib" "/opt/rustwide/rustup-home/toolchains/1.54.0-x86_64-unknown-linux-gnu/lib/rustlib/x86_64-unknown-linux-gnu/lib/libadler-9981842c02975178.rlib" "/opt/rustwide/rustup-home/toolchains/1.54.0-x86_64-unknown-linux-gnu/lib/rustlib/x86_64-unknown-linux-gnu/lib/libobject-6fb405869b015fde.rlib" "/opt/rustwide/rustup-home/toolchains/1.54.0-x86_64-unknown-linux-gnu/lib/rustlib/x86_64-unknown-linux-gnu/lib/libaddr2line-d05c5c3c56004b7b.rlib" "/opt/rustwide/rustup-home/toolchains/1.54.0-x86_64-unknown-linux-gnu/lib/rustlib/x86_64-unknown-linux-gnu/lib/libgimli-42d74d2097528b38.rlib" "/opt/rustwide/rustup-home/toolchains/1.54.0-x86_64-unknown-linux-gnu/lib/rustlib/x86_64-unknown-linux-gnu/lib/libstd_detect-fb36534c113d2209.rlib" "/opt/rustwide/rustup-home/toolchains/1.54.0-x86_64-unknown-linux-gnu/lib/rustlib/x86_64-unknown-linux-gnu/lib/librustc_demangle-b56b9042c12b6535.rlib" "/opt/rustwide/rustup-home/toolchains/1.54.0-x86_64-unknown-linux-gnu/lib/rustlib/x86_64-unknown-linux-gnu/lib/libhashbrown-491902d6cb3e76df.rlib" "/opt/rustwide/rustup-home/toolchains/1.54.0-x86_64-unknown-linux-gnu/lib/rustlib/x86_64-unknown-linux-gnu/lib/librustc_std_workspace_alloc-61834e0981b8c367.rlib" "/opt/rustwide/rustup-home/toolchains/1.54.0-x86_64-unknown-linux-gnu/lib/rustlib/x86_64-unknown-linux-gnu/lib/libunwind-f78aa99d613a55bc.rlib" "/opt/rustwide/rustup-home/toolchains/1.54.0-x86_64-unknown-linux-gnu/lib/rustlib/x86_64-unknown-linux-gnu/lib/libcfg_if-53ee54cd7fed2c57.rlib" "/opt/rustwide/rustup-home/toolchains/1.54.0-x86_64-unknown-linux-gnu/lib/rustlib/x86_64-unknown-linux-gnu/lib/liblibc-544ecdbd6cda3c58.rlib" "/opt/rustwide/rustup-home/toolchains/1.54.0-x86_64-unknown-linux-gnu/lib/rustlib/x86_64-unknown-linux-gnu/lib/liballoc-379cc252b6943a79.rlib" "/opt/rustwide/rustup-home/toolchains/1.54.0-x86_64-unknown-linux-gnu/lib/rustlib/x86_64-unknown-linux-gnu/lib/librustc_std_workspace_core-8063eea38dcc5e62.rlib" "/opt/rustwide/rustup-home/toolchains/1.54.0-x86_64-unknown-linux-gnu/lib/rustlib/x86_64-unknown-linux-gnu/lib/libcore-5b228734afae15ee.rlib" "-Wl,--end-group" "/opt/rustwide/rustup-home/toolchains/1.54.0-x86_64-unknown-linux-gnu/lib/rustlib/x86_64-unknown-linux-gnu/lib/libcompiler_builtins-d6c7a399d95d173f.rlib" "-Wl,-Bdynamic" "-lgcc_s" "-lutil" "-lrt" "-lpthread" "-lm" "-ldl" "-lc" "-Wl,--eh-frame-hdr" "-Wl,-znoexecstack" "-L" "/opt/rustwide/rustup-home/toolchains/1.54.0-x86_64-unknown-linux-gnu/lib/rustlib/x86_64-unknown-linux-gnu/lib" "-o" "/tmp/rustdoctestKRapFo/rust_out" "-Wl,--gc-sections" "-pie" "-Wl,-zrelro" "-Wl,-znow" "-nodefaultlibs"
[INFO] [stdout]   = note: collect2: fatal error: ld terminated with signal 9 [Killed]
[INFO] [stdout]           compilation terminated.
[INFO] [stdout]           
[INFO] [stdout] 
[INFO] [stdout] error: aborting due to previous error
[INFO] [stdout] 
[INFO] [stdout] Couldn't compile the test.
[INFO] [stdout] ---- src/vendor/tera/context.rs - vendor::tera::context::Context::extend (line 69) stdout ----
[INFO] [stdout] error: linking with `cc` failed: exit status: 1
[INFO] [stdout]   |
[INFO] [stdout]   = note: "cc" "-m64" "/tmp/rustdoctest0OEbF4/rust_out.rust_out.7rcbfp3g-cgu.0.rcgu.o" "/tmp/rustdoctest0OEbF4/rust_out.33dyzt1ekirinwy8.rcgu.o" "-Wl,--as-needed" "-L" "/opt/rustwide/target/debug/deps" "-L" "/opt/rustwide/target/debug/deps" "-L" "/opt/rustwide/rustup-home/toolchains/1.54.0-x86_64-unknown-linux-gnu/lib/rustlib/x86_64-unknown-linux-gnu/lib" "-Wl,-Bstatic" "/opt/rustwide/target/debug/deps/libarchetect_core-3a42c05db5eeea7d.rlib" "/opt/rustwide/target/debug/deps/libfarmhash-f469cedccad9660d.rlib" "/opt/rustwide/target/debug/deps/libuuid-235b3e05397fbe39.rlib" "/opt/rustwide/target/debug/deps/libinflector-fda69e20121f757b.rlib" "/opt/rustwide/target/debug/deps/libglob-b2b3e3431c476f53.rlib" "/opt/rustwide/target/debug/deps/libserde_yaml-a6894338552a8bd7.rlib" "/opt/rustwide/target/debug/deps/libdtoa-52b57fd4907803fb.rlib" "/opt/rustwide/target/debug/deps/libyaml_rust-cf6b237ff91df225.rlib" "/opt/rustwide/target/debug/deps/libshellexpand-76ad00dc65ae848a.rlib" "/opt/rustwide/target/debug/deps/libdirs-11e09ad517e7e836.rlib" "/opt/rustwide/target/debug/deps/libthiserror-b18e4f16bbd1b898.rlib" "/opt/rustwide/target/debug/deps/liburl-98505fcfc663a9d7.rlib" "/opt/rustwide/target/debug/deps/libidna-144743a1c87fc8e9.rlib" "/opt/rustwide/target/debug/deps/libunicode_normalization-f88ccced2be4bc93.rlib" "/opt/rustwide/target/debug/deps/libtinyvec-b0b99c866aca13aa.rlib" "/opt/rustwide/target/debug/deps/libtinyvec_macros-f6b5563d3767ea26.rlib" "/opt/rustwide/target/debug/deps/libunicode_bidi-cd5d16f1476c6336.rlib" "/opt/rustwide/target/debug/deps/libform_urlencoded-64c48050f569228e.rlib" "/opt/rustwide/target/debug/deps/libpercent_encoding-549c334c22432c49.rlib" "/opt/rustwide/target/debug/deps/libmatches-5bfcef5685786a07.rlib" "/opt/rustwide/target/debug/deps/libglobwalk-713a56efe8370c98.rlib" "/opt/rustwide/target/debug/deps/libignore-1472f3f823b9e22e.rlib" "/opt/rustwide/target/debug/deps/libcrossbeam_utils-474a25da0caf94b2.rlib" "/opt/rustwide/target/debug/deps/libwalkdir-e990d787991df0fa.rlib" "/opt/rustwide/target/debug/deps/libsame_file-6c7da3b22554f6bc.rlib" "/opt/rustwide/target/debug/deps/libthread_local-680cbed8abfdcd6f.rlib" "/opt/rustwide/target/debug/deps/libonce_cell-a76c90beb999d50a.rlib" "/opt/rustwide/target/debug/deps/libglobset-a1bb2f6fe4c5bbba.rlib" "/opt/rustwide/target/debug/deps/libfnv-56e05e18a5751d51.rlib" "/opt/rustwide/target/debug/deps/libbstr-6d3764c8e0c6f0e9.rlib" "/opt/rustwide/target/debug/deps/libchrono-6069502b77b85e94.rlib" "/opt/rustwide/target/debug/deps/libnum_integer-016eaeb10a6f0eb9.rlib" "/opt/rustwide/target/debug/deps/libnum_traits-3ea67f5534c2ade7.rlib" "/opt/rustwide/target/debug/deps/libtime-d4a9aeba39d16586.rlib" "/opt/rustwide/target/debug/deps/libregex-c0311ef87925025d.rlib" "/opt/rustwide/target/debug/deps/libaho_corasick-f751c074981e5308.rlib" "/opt/rustwide/target/debug/deps/libmemchr-0721f17babcb5610.rlib" "/opt/rustwide/target/debug/deps/libregex_syntax-b672c9191f2c7225.rlib" "/opt/rustwide/target/debug/deps/libtempfile-2f4d41dc77174eba.rlib" "/opt/rustwide/target/debug/deps/librand-08af1d871362c2fe.rlib" "/opt/rustwide/target/debug/deps/librand_chacha-cbc694fa134c6e01.rlib" "/opt/rustwide/target/debug/deps/libppv_lite86-545d86392ea1d8e4.rlib" "/opt/rustwide/target/debug/deps/librand_core-8b6215ce75f700d0.rlib" "/opt/rustwide/target/debug/deps/libgetrandom-d801f701964b43b4.rlib" "/opt/rustwide/target/debug/deps/libremove_dir_all-80ef6726c25ad48c.rlib" "/opt/rustwide/target/debug/deps/libdirectories-cf066fff19840448.rlib" "/opt/rustwide/target/debug/deps/libdirs_sys-a5704029601e4c68.rlib" "/opt/rustwide/target/debug/deps/libcfg_if-e7a28af79b261e75.rlib" "/opt/rustwide/target/debug/deps/libpest-1fd504d61df9f5b0.rlib" "/opt/rustwide/target/debug/deps/libucd_trie-bb7f8c75dd4129d2.rlib" "/opt/rustwide/target/debug/deps/libserde_json-d62683b0f8e26acc.rlib" "/opt/rustwide/target/debug/deps/libryu-059aa1fbb24cd15e.rlib" "/opt/rustwide/target/debug/deps/libitoa-e8b11f69ec08d8ae.rlib" "/opt/rustwide/target/debug/deps/liblinked_hash_map-e0a1f5f4c5b21bd4.rlib" "/opt/rustwide/target/debug/deps/libsemver-21ce50e674fd9637.rlib" "/opt/rustwide/target/debug/deps/libserde-1d37970d7e69b8e5.rlib" "/opt/rustwide/target/debug/deps/libsemver_parser-24fc5579b2134304.rlib" "/opt/rustwide/target/debug/deps/liblog-c7a6438e9780af3a.rlib" "/opt/rustwide/target/debug/deps/libcfg_if-38c8a3e888ecb06a.rlib" "/opt/rustwide/target/debug/deps/libclap-09447a1a63f643f8.rlib" "/opt/rustwide/target/debug/deps/libvec_map-07385fbe5fb99a77.rlib" "/opt/rustwide/target/debug/deps/libtextwrap-3bb22fb43a400e8d.rlib" "/opt/rustwide/target/debug/deps/libunicode_width-5cf7ed896e8bb5a9.rlib" "/opt/rustwide/target/debug/deps/libstrsim-b10957d572414a9c.rlib" "/opt/rustwide/target/debug/deps/libbitflags-f89ae4b715176e2d.rlib" "/opt/rustwide/target/debug/deps/libatty-1d479c4d87937971.rlib" "/opt/rustwide/target/debug/deps/liblibc-ef703b7b559de845.rlib" "/opt/rustwide/target/debug/deps/libansi_term-e2a35aae900e64a8.rlib" "/opt/rustwide/target/debug/deps/libunicode_segmentation-bb2ad42c819b8773.rlib" "/opt/rustwide/target/debug/deps/liblazy_static-5c53d641eb010a81.rlib" "-Wl,--start-group" "/opt/rustwide/rustup-home/toolchains/1.54.0-x86_64-unknown-linux-gnu/lib/rustlib/x86_64-unknown-linux-gnu/lib/libstd-2420485b9e5ef5e1.rlib" "/opt/rustwide/rustup-home/toolchains/1.54.0-x86_64-unknown-linux-gnu/lib/rustlib/x86_64-unknown-linux-gnu/lib/libpanic_unwind-785e3cb61c4b1960.rlib" "/opt/rustwide/rustup-home/toolchains/1.54.0-x86_64-unknown-linux-gnu/lib/rustlib/x86_64-unknown-linux-gnu/lib/libminiz_oxide-087191a88bdaa22d.rlib" "/opt/rustwide/rustup-home/toolchains/1.54.0-x86_64-unknown-linux-gnu/lib/rustlib/x86_64-unknown-linux-gnu/lib/libadler-9981842c02975178.rlib" "/opt/rustwide/rustup-home/toolchains/1.54.0-x86_64-unknown-linux-gnu/lib/rustlib/x86_64-unknown-linux-gnu/lib/libobject-6fb405869b015fde.rlib" "/opt/rustwide/rustup-home/toolchains/1.54.0-x86_64-unknown-linux-gnu/lib/rustlib/x86_64-unknown-linux-gnu/lib/libaddr2line-d05c5c3c56004b7b.rlib" "/opt/rustwide/rustup-home/toolchains/1.54.0-x86_64-unknown-linux-gnu/lib/rustlib/x86_64-unknown-linux-gnu/lib/libgimli-42d74d2097528b38.rlib" "/opt/rustwide/rustup-home/toolchains/1.54.0-x86_64-unknown-linux-gnu/lib/rustlib/x86_64-unknown-linux-gnu/lib/libstd_detect-fb36534c113d2209.rlib" "/opt/rustwide/rustup-home/toolchains/1.54.0-x86_64-unknown-linux-gnu/lib/rustlib/x86_64-unknown-linux-gnu/lib/librustc_demangle-b56b9042c12b6535.rlib" "/opt/rustwide/rustup-home/toolchains/1.54.0-x86_64-unknown-linux-gnu/lib/rustlib/x86_64-unknown-linux-gnu/lib/libhashbrown-491902d6cb3e76df.rlib" "/opt/rustwide/rustup-home/toolchains/1.54.0-x86_64-unknown-linux-gnu/lib/rustlib/x86_64-unknown-linux-gnu/lib/librustc_std_workspace_alloc-61834e0981b8c367.rlib" "/opt/rustwide/rustup-home/toolchains/1.54.0-x86_64-unknown-linux-gnu/lib/rustlib/x86_64-unknown-linux-gnu/lib/libunwind-f78aa99d613a55bc.rlib" "/opt/rustwide/rustup-home/toolchains/1.54.0-x86_64-unknown-linux-gnu/lib/rustlib/x86_64-unknown-linux-gnu/lib/libcfg_if-53ee54cd7fed2c57.rlib" "/opt/rustwide/rustup-home/toolchains/1.54.0-x86_64-unknown-linux-gnu/lib/rustlib/x86_64-unknown-linux-gnu/lib/liblibc-544ecdbd6cda3c58.rlib" "/opt/rustwide/rustup-home/toolchains/1.54.0-x86_64-unknown-linux-gnu/lib/rustlib/x86_64-unknown-linux-gnu/lib/liballoc-379cc252b6943a79.rlib" "/opt/rustwide/rustup-home/toolchains/1.54.0-x86_64-unknown-linux-gnu/lib/rustlib/x86_64-unknown-linux-gnu/lib/librustc_std_workspace_core-8063eea38dcc5e62.rlib" "/opt/rustwide/rustup-home/toolchains/1.54.0-x86_64-unknown-linux-gnu/lib/rustlib/x86_64-unknown-linux-gnu/lib/libcore-5b228734afae15ee.rlib" "-Wl,--end-group" "/opt/rustwide/rustup-home/toolchains/1.54.0-x86_64-unknown-linux-gnu/lib/rustlib/x86_64-unknown-linux-gnu/lib/libcompiler_builtins-d6c7a399d95d173f.rlib" "-Wl,-Bdynamic" "-lgcc_s" "-lutil" "-lrt" "-lpthread" "-lm" "-ldl" "-lc" "-Wl,--eh-frame-hdr" "-Wl,-znoexecstack" "-L" "/opt/rustwide/rustup-home/toolchains/1.54.0-x86_64-unknown-linux-gnu/lib/rustlib/x86_64-unknown-linux-gnu/lib" "-o" "/tmp/rustdoctest0OEbF4/rust_out" "-Wl,--gc-sections" "-pie" "-Wl,-zrelro" "-Wl,-znow" "-nodefaultlibs"
[INFO] [stdout]   = note: collect2: fatal error: ld terminated with signal 9 [Killed]
[INFO] [stdout]           compilation terminated.
[INFO] [stdout]           
[INFO] [stdout] 
[INFO] [stdout] error: aborting due to previous error
[INFO] [stdout] 
[INFO] [stdout] Couldn't compile the test.
[INFO] [stdout] ---- src/vendor/heck/constant.rs - vendor::heck::constant::ConstantCase (line 8) stdout ----
[INFO] [stdout] error: linking with `cc` failed: exit status: 1
[INFO] [stdout]   |
[INFO] [stdout]   = note: "cc" "-m64" "/tmp/rustdoctestGc7we0/rust_out.rust_out.7rcbfp3g-cgu.0.rcgu.o" "/tmp/rustdoctestGc7we0/rust_out.33dyzt1ekirinwy8.rcgu.o" "-Wl,--as-needed" "-L" "/opt/rustwide/target/debug/deps" "-L" "/opt/rustwide/target/debug/deps" "-L" "/opt/rustwide/rustup-home/toolchains/1.54.0-x86_64-unknown-linux-gnu/lib/rustlib/x86_64-unknown-linux-gnu/lib" "-Wl,-Bstatic" "/opt/rustwide/target/debug/deps/libarchetect_core-3a42c05db5eeea7d.rlib" "/opt/rustwide/target/debug/deps/libfarmhash-f469cedccad9660d.rlib" "/opt/rustwide/target/debug/deps/libuuid-235b3e05397fbe39.rlib" "/opt/rustwide/target/debug/deps/libinflector-fda69e20121f757b.rlib" "/opt/rustwide/target/debug/deps/libglob-b2b3e3431c476f53.rlib" "/opt/rustwide/target/debug/deps/libserde_yaml-a6894338552a8bd7.rlib" "/opt/rustwide/target/debug/deps/libdtoa-52b57fd4907803fb.rlib" "/opt/rustwide/target/debug/deps/libyaml_rust-cf6b237ff91df225.rlib" "/opt/rustwide/target/debug/deps/libshellexpand-76ad00dc65ae848a.rlib" "/opt/rustwide/target/debug/deps/libdirs-11e09ad517e7e836.rlib" "/opt/rustwide/target/debug/deps/libthiserror-b18e4f16bbd1b898.rlib" "/opt/rustwide/target/debug/deps/liburl-98505fcfc663a9d7.rlib" "/opt/rustwide/target/debug/deps/libidna-144743a1c87fc8e9.rlib" "/opt/rustwide/target/debug/deps/libunicode_normalization-f88ccced2be4bc93.rlib" "/opt/rustwide/target/debug/deps/libtinyvec-b0b99c866aca13aa.rlib" "/opt/rustwide/target/debug/deps/libtinyvec_macros-f6b5563d3767ea26.rlib" "/opt/rustwide/target/debug/deps/libunicode_bidi-cd5d16f1476c6336.rlib" "/opt/rustwide/target/debug/deps/libform_urlencoded-64c48050f569228e.rlib" "/opt/rustwide/target/debug/deps/libpercent_encoding-549c334c22432c49.rlib" "/opt/rustwide/target/debug/deps/libmatches-5bfcef5685786a07.rlib" "/opt/rustwide/target/debug/deps/libglobwalk-713a56efe8370c98.rlib" "/opt/rustwide/target/debug/deps/libignore-1472f3f823b9e22e.rlib" "/opt/rustwide/target/debug/deps/libcrossbeam_utils-474a25da0caf94b2.rlib" "/opt/rustwide/target/debug/deps/libwalkdir-e990d787991df0fa.rlib" "/opt/rustwide/target/debug/deps/libsame_file-6c7da3b22554f6bc.rlib" "/opt/rustwide/target/debug/deps/libthread_local-680cbed8abfdcd6f.rlib" "/opt/rustwide/target/debug/deps/libonce_cell-a76c90beb999d50a.rlib" "/opt/rustwide/target/debug/deps/libglobset-a1bb2f6fe4c5bbba.rlib" "/opt/rustwide/target/debug/deps/libfnv-56e05e18a5751d51.rlib" "/opt/rustwide/target/debug/deps/libbstr-6d3764c8e0c6f0e9.rlib" "/opt/rustwide/target/debug/deps/libchrono-6069502b77b85e94.rlib" "/opt/rustwide/target/debug/deps/libnum_integer-016eaeb10a6f0eb9.rlib" "/opt/rustwide/target/debug/deps/libnum_traits-3ea67f5534c2ade7.rlib" "/opt/rustwide/target/debug/deps/libtime-d4a9aeba39d16586.rlib" "/opt/rustwide/target/debug/deps/libregex-c0311ef87925025d.rlib" "/opt/rustwide/target/debug/deps/libaho_corasick-f751c074981e5308.rlib" "/opt/rustwide/target/debug/deps/libmemchr-0721f17babcb5610.rlib" "/opt/rustwide/target/debug/deps/libregex_syntax-b672c9191f2c7225.rlib" "/opt/rustwide/target/debug/deps/libtempfile-2f4d41dc77174eba.rlib" "/opt/rustwide/target/debug/deps/librand-08af1d871362c2fe.rlib" "/opt/rustwide/target/debug/deps/librand_chacha-cbc694fa134c6e01.rlib" "/opt/rustwide/target/debug/deps/libppv_lite86-545d86392ea1d8e4.rlib" "/opt/rustwide/target/debug/deps/librand_core-8b6215ce75f700d0.rlib" "/opt/rustwide/target/debug/deps/libgetrandom-d801f701964b43b4.rlib" "/opt/rustwide/target/debug/deps/libremove_dir_all-80ef6726c25ad48c.rlib" "/opt/rustwide/target/debug/deps/libdirectories-cf066fff19840448.rlib" "/opt/rustwide/target/debug/deps/libdirs_sys-a5704029601e4c68.rlib" "/opt/rustwide/target/debug/deps/libcfg_if-e7a28af79b261e75.rlib" "/opt/rustwide/target/debug/deps/libpest-1fd504d61df9f5b0.rlib" "/opt/rustwide/target/debug/deps/libucd_trie-bb7f8c75dd4129d2.rlib" "/opt/rustwide/target/debug/deps/libserde_json-d62683b0f8e26acc.rlib" "/opt/rustwide/target/debug/deps/libryu-059aa1fbb24cd15e.rlib" "/opt/rustwide/target/debug/deps/libitoa-e8b11f69ec08d8ae.rlib" "/opt/rustwide/target/debug/deps/liblinked_hash_map-e0a1f5f4c5b21bd4.rlib" "/opt/rustwide/target/debug/deps/libsemver-21ce50e674fd9637.rlib" "/opt/rustwide/target/debug/deps/libserde-1d37970d7e69b8e5.rlib" "/opt/rustwide/target/debug/deps/libsemver_parser-24fc5579b2134304.rlib" "/opt/rustwide/target/debug/deps/liblog-c7a6438e9780af3a.rlib" "/opt/rustwide/target/debug/deps/libcfg_if-38c8a3e888ecb06a.rlib" "/opt/rustwide/target/debug/deps/libclap-09447a1a63f643f8.rlib" "/opt/rustwide/target/debug/deps/libvec_map-07385fbe5fb99a77.rlib" "/opt/rustwide/target/debug/deps/libtextwrap-3bb22fb43a400e8d.rlib" "/opt/rustwide/target/debug/deps/libunicode_width-5cf7ed896e8bb5a9.rlib" "/opt/rustwide/target/debug/deps/libstrsim-b10957d572414a9c.rlib" "/opt/rustwide/target/debug/deps/libbitflags-f89ae4b715176e2d.rlib" "/opt/rustwide/target/debug/deps/libatty-1d479c4d87937971.rlib" "/opt/rustwide/target/debug/deps/liblibc-ef703b7b559de845.rlib" "/opt/rustwide/target/debug/deps/libansi_term-e2a35aae900e64a8.rlib" "/opt/rustwide/target/debug/deps/libunicode_segmentation-bb2ad42c819b8773.rlib" "/opt/rustwide/target/debug/deps/liblazy_static-5c53d641eb010a81.rlib" "-Wl,--start-group" "/opt/rustwide/rustup-home/toolchains/1.54.0-x86_64-unknown-linux-gnu/lib/rustlib/x86_64-unknown-linux-gnu/lib/libstd-2420485b9e5ef5e1.rlib" "/opt/rustwide/rustup-home/toolchains/1.54.0-x86_64-unknown-linux-gnu/lib/rustlib/x86_64-unknown-linux-gnu/lib/libpanic_unwind-785e3cb61c4b1960.rlib" "/opt/rustwide/rustup-home/toolchains/1.54.0-x86_64-unknown-linux-gnu/lib/rustlib/x86_64-unknown-linux-gnu/lib/libminiz_oxide-087191a88bdaa22d.rlib" "/opt/rustwide/rustup-home/toolchains/1.54.0-x86_64-unknown-linux-gnu/lib/rustlib/x86_64-unknown-linux-gnu/lib/libadler-9981842c02975178.rlib" "/opt/rustwide/rustup-home/toolchains/1.54.0-x86_64-unknown-linux-gnu/lib/rustlib/x86_64-unknown-linux-gnu/lib/libobject-6fb405869b015fde.rlib" "/opt/rustwide/rustup-home/toolchains/1.54.0-x86_64-unknown-linux-gnu/lib/rustlib/x86_64-unknown-linux-gnu/lib/libaddr2line-d05c5c3c56004b7b.rlib" "/opt/rustwide/rustup-home/toolchains/1.54.0-x86_64-unknown-linux-gnu/lib/rustlib/x86_64-unknown-linux-gnu/lib/libgimli-42d74d2097528b38.rlib" "/opt/rustwide/rustup-home/toolchains/1.54.0-x86_64-unknown-linux-gnu/lib/rustlib/x86_64-unknown-linux-gnu/lib/libstd_detect-fb36534c113d2209.rlib" "/opt/rustwide/rustup-home/toolchains/1.54.0-x86_64-unknown-linux-gnu/lib/rustlib/x86_64-unknown-linux-gnu/lib/librustc_demangle-b56b9042c12b6535.rlib" "/opt/rustwide/rustup-home/toolchains/1.54.0-x86_64-unknown-linux-gnu/lib/rustlib/x86_64-unknown-linux-gnu/lib/libhashbrown-491902d6cb3e76df.rlib" "/opt/rustwide/rustup-home/toolchains/1.54.0-x86_64-unknown-linux-gnu/lib/rustlib/x86_64-unknown-linux-gnu/lib/librustc_std_workspace_alloc-61834e0981b8c367.rlib" "/opt/rustwide/rustup-home/toolchains/1.54.0-x86_64-unknown-linux-gnu/lib/rustlib/x86_64-unknown-linux-gnu/lib/libunwind-f78aa99d613a55bc.rlib" "/opt/rustwide/rustup-home/toolchains/1.54.0-x86_64-unknown-linux-gnu/lib/rustlib/x86_64-unknown-linux-gnu/lib/libcfg_if-53ee54cd7fed2c57.rlib" "/opt/rustwide/rustup-home/toolchains/1.54.0-x86_64-unknown-linux-gnu/lib/rustlib/x86_64-unknown-linux-gnu/lib/liblibc-544ecdbd6cda3c58.rlib" "/opt/rustwide/rustup-home/toolchains/1.54.0-x86_64-unknown-linux-gnu/lib/rustlib/x86_64-unknown-linux-gnu/lib/liballoc-379cc252b6943a79.rlib" "/opt/rustwide/rustup-home/toolchains/1.54.0-x86_64-unknown-linux-gnu/lib/rustlib/x86_64-unknown-linux-gnu/lib/librustc_std_workspace_core-8063eea38dcc5e62.rlib" "/opt/rustwide/rustup-home/toolchains/1.54.0-x86_64-unknown-linux-gnu/lib/rustlib/x86_64-unknown-linux-gnu/lib/libcore-5b228734afae15ee.rlib" "-Wl,--end-group" "/opt/rustwide/rustup-home/toolchains/1.54.0-x86_64-unknown-linux-gnu/lib/rustlib/x86_64-unknown-linux-gnu/lib/libcompiler_builtins-d6c7a399d95d173f.rlib" "-Wl,-Bdynamic" "-lgcc_s" "-lutil" "-lrt" "-lpthread" "-lm" "-ldl" "-lc" "-Wl,--eh-frame-hdr" "-Wl,-znoexecstack" "-L" "/opt/rustwide/rustup-home/toolchains/1.54.0-x86_64-unknown-linux-gnu/lib/rustlib/x86_64-unknown-linux-gnu/lib" "-o" "/tmp/rustdoctestGc7we0/rust_out" "-Wl,--gc-sections" "-pie" "-Wl,-zrelro" "-Wl,-znow" "-nodefaultlibs"
[INFO] [stdout]   = note: collect2: fatal error: ld terminated with signal 9 [Killed]
[INFO] [stdout]           compilation terminated.
[INFO] [stdout]           
[INFO] [stdout] 
[INFO] [stdout] error: aborting due to previous error
[INFO] [stdout] 
[INFO] [stdout] Couldn't compile the test.
[INFO] [stdout] ---- src/vendor/tera/context.rs - vendor::tera::context::Context::try_insert (line 41) stdout ----
[INFO] [stdout] error: linking with `cc` failed: exit status: 1
[INFO] [stdout]   |
[INFO] [stdout]   = note: "cc" "-m64" "/tmp/rustdoctestqbHXdm/rust_out.rust_out.7rcbfp3g-cgu.0.rcgu.o" "/tmp/rustdoctestqbHXdm/rust_out.33dyzt1ekirinwy8.rcgu.o" "-Wl,--as-needed" "-L" "/opt/rustwide/target/debug/deps" "-L" "/opt/rustwide/target/debug/deps" "-L" "/opt/rustwide/rustup-home/toolchains/1.54.0-x86_64-unknown-linux-gnu/lib/rustlib/x86_64-unknown-linux-gnu/lib" "-Wl,-Bstatic" "/opt/rustwide/target/debug/deps/libarchetect_core-3a42c05db5eeea7d.rlib" "/opt/rustwide/target/debug/deps/libfarmhash-f469cedccad9660d.rlib" "/opt/rustwide/target/debug/deps/libuuid-235b3e05397fbe39.rlib" "/opt/rustwide/target/debug/deps/libinflector-fda69e20121f757b.rlib" "/opt/rustwide/target/debug/deps/libglob-b2b3e3431c476f53.rlib" "/opt/rustwide/target/debug/deps/libserde_yaml-a6894338552a8bd7.rlib" "/opt/rustwide/target/debug/deps/libdtoa-52b57fd4907803fb.rlib" "/opt/rustwide/target/debug/deps/libyaml_rust-cf6b237ff91df225.rlib" "/opt/rustwide/target/debug/deps/libshellexpand-76ad00dc65ae848a.rlib" "/opt/rustwide/target/debug/deps/libdirs-11e09ad517e7e836.rlib" "/opt/rustwide/target/debug/deps/libthiserror-b18e4f16bbd1b898.rlib" "/opt/rustwide/target/debug/deps/liburl-98505fcfc663a9d7.rlib" "/opt/rustwide/target/debug/deps/libidna-144743a1c87fc8e9.rlib" "/opt/rustwide/target/debug/deps/libunicode_normalization-f88ccced2be4bc93.rlib" "/opt/rustwide/target/debug/deps/libtinyvec-b0b99c866aca13aa.rlib" "/opt/rustwide/target/debug/deps/libtinyvec_macros-f6b5563d3767ea26.rlib" "/opt/rustwide/target/debug/deps/libunicode_bidi-cd5d16f1476c6336.rlib" "/opt/rustwide/target/debug/deps/libform_urlencoded-64c48050f569228e.rlib" "/opt/rustwide/target/debug/deps/libpercent_encoding-549c334c22432c49.rlib" "/opt/rustwide/target/debug/deps/libmatches-5bfcef5685786a07.rlib" "/opt/rustwide/target/debug/deps/libglobwalk-713a56efe8370c98.rlib" "/opt/rustwide/target/debug/deps/libignore-1472f3f823b9e22e.rlib" "/opt/rustwide/target/debug/deps/libcrossbeam_utils-474a25da0caf94b2.rlib" "/opt/rustwide/target/debug/deps/libwalkdir-e990d787991df0fa.rlib" "/opt/rustwide/target/debug/deps/libsame_file-6c7da3b22554f6bc.rlib" "/opt/rustwide/target/debug/deps/libthread_local-680cbed8abfdcd6f.rlib" "/opt/rustwide/target/debug/deps/libonce_cell-a76c90beb999d50a.rlib" "/opt/rustwide/target/debug/deps/libglobset-a1bb2f6fe4c5bbba.rlib" "/opt/rustwide/target/debug/deps/libfnv-56e05e18a5751d51.rlib" "/opt/rustwide/target/debug/deps/libbstr-6d3764c8e0c6f0e9.rlib" "/opt/rustwide/target/debug/deps/libchrono-6069502b77b85e94.rlib" "/opt/rustwide/target/debug/deps/libnum_integer-016eaeb10a6f0eb9.rlib" "/opt/rustwide/target/debug/deps/libnum_traits-3ea67f5534c2ade7.rlib" "/opt/rustwide/target/debug/deps/libtime-d4a9aeba39d16586.rlib" "/opt/rustwide/target/debug/deps/libregex-c0311ef87925025d.rlib" "/opt/rustwide/target/debug/deps/libaho_corasick-f751c074981e5308.rlib" "/opt/rustwide/target/debug/deps/libmemchr-0721f17babcb5610.rlib" "/opt/rustwide/target/debug/deps/libregex_syntax-b672c9191f2c7225.rlib" "/opt/rustwide/target/debug/deps/libtempfile-2f4d41dc77174eba.rlib" "/opt/rustwide/target/debug/deps/librand-08af1d871362c2fe.rlib" "/opt/rustwide/target/debug/deps/librand_chacha-cbc694fa134c6e01.rlib" "/opt/rustwide/target/debug/deps/libppv_lite86-545d86392ea1d8e4.rlib" "/opt/rustwide/target/debug/deps/librand_core-8b6215ce75f700d0.rlib" "/opt/rustwide/target/debug/deps/libgetrandom-d801f701964b43b4.rlib" "/opt/rustwide/target/debug/deps/libremove_dir_all-80ef6726c25ad48c.rlib" "/opt/rustwide/target/debug/deps/libdirectories-cf066fff19840448.rlib" "/opt/rustwide/target/debug/deps/libdirs_sys-a5704029601e4c68.rlib" "/opt/rustwide/target/debug/deps/libcfg_if-e7a28af79b261e75.rlib" "/opt/rustwide/target/debug/deps/libpest-1fd504d61df9f5b0.rlib" "/opt/rustwide/target/debug/deps/libucd_trie-bb7f8c75dd4129d2.rlib" "/opt/rustwide/target/debug/deps/libserde_json-d62683b0f8e26acc.rlib" "/opt/rustwide/target/debug/deps/libryu-059aa1fbb24cd15e.rlib" "/opt/rustwide/target/debug/deps/libitoa-e8b11f69ec08d8ae.rlib" "/opt/rustwide/target/debug/deps/liblinked_hash_map-e0a1f5f4c5b21bd4.rlib" "/opt/rustwide/target/debug/deps/libsemver-21ce50e674fd9637.rlib" "/opt/rustwide/target/debug/deps/libserde-1d37970d7e69b8e5.rlib" "/opt/rustwide/target/debug/deps/libsemver_parser-24fc5579b2134304.rlib" "/opt/rustwide/target/debug/deps/liblog-c7a6438e9780af3a.rlib" "/opt/rustwide/target/debug/deps/libcfg_if-38c8a3e888ecb06a.rlib" "/opt/rustwide/target/debug/deps/libclap-09447a1a63f643f8.rlib" "/opt/rustwide/target/debug/deps/libvec_map-07385fbe5fb99a77.rlib" "/opt/rustwide/target/debug/deps/libtextwrap-3bb22fb43a400e8d.rlib" "/opt/rustwide/target/debug/deps/libunicode_width-5cf7ed896e8bb5a9.rlib" "/opt/rustwide/target/debug/deps/libstrsim-b10957d572414a9c.rlib" "/opt/rustwide/target/debug/deps/libbitflags-f89ae4b715176e2d.rlib" "/opt/rustwide/target/debug/deps/libatty-1d479c4d87937971.rlib" "/opt/rustwide/target/debug/deps/liblibc-ef703b7b559de845.rlib" "/opt/rustwide/target/debug/deps/libansi_term-e2a35aae900e64a8.rlib" "/opt/rustwide/target/debug/deps/libunicode_segmentation-bb2ad42c819b8773.rlib" "/opt/rustwide/target/debug/deps/liblazy_static-5c53d641eb010a81.rlib" "-Wl,--start-group" "/opt/rustwide/rustup-home/toolchains/1.54.0-x86_64-unknown-linux-gnu/lib/rustlib/x86_64-unknown-linux-gnu/lib/libstd-2420485b9e5ef5e1.rlib" "/opt/rustwide/rustup-home/toolchains/1.54.0-x86_64-unknown-linux-gnu/lib/rustlib/x86_64-unknown-linux-gnu/lib/libpanic_unwind-785e3cb61c4b1960.rlib" "/opt/rustwide/rustup-home/toolchains/1.54.0-x86_64-unknown-linux-gnu/lib/rustlib/x86_64-unknown-linux-gnu/lib/libminiz_oxide-087191a88bdaa22d.rlib" "/opt/rustwide/rustup-home/toolchains/1.54.0-x86_64-unknown-linux-gnu/lib/rustlib/x86_64-unknown-linux-gnu/lib/libadler-9981842c02975178.rlib" "/opt/rustwide/rustup-home/toolchains/1.54.0-x86_64-unknown-linux-gnu/lib/rustlib/x86_64-unknown-linux-gnu/lib/libobject-6fb405869b015fde.rlib" "/opt/rustwide/rustup-home/toolchains/1.54.0-x86_64-unknown-linux-gnu/lib/rustlib/x86_64-unknown-linux-gnu/lib/libaddr2line-d05c5c3c56004b7b.rlib" "/opt/rustwide/rustup-home/toolchains/1.54.0-x86_64-unknown-linux-gnu/lib/rustlib/x86_64-unknown-linux-gnu/lib/libgimli-42d74d2097528b38.rlib" "/opt/rustwide/rustup-home/toolchains/1.54.0-x86_64-unknown-linux-gnu/lib/rustlib/x86_64-unknown-linux-gnu/lib/libstd_detect-fb36534c113d2209.rlib" "/opt/rustwide/rustup-home/toolchains/1.54.0-x86_64-unknown-linux-gnu/lib/rustlib/x86_64-unknown-linux-gnu/lib/librustc_demangle-b56b9042c12b6535.rlib" "/opt/rustwide/rustup-home/toolchains/1.54.0-x86_64-unknown-linux-gnu/lib/rustlib/x86_64-unknown-linux-gnu/lib/libhashbrown-491902d6cb3e76df.rlib" "/opt/rustwide/rustup-home/toolchains/1.54.0-x86_64-unknown-linux-gnu/lib/rustlib/x86_64-unknown-linux-gnu/lib/librustc_std_workspace_alloc-61834e0981b8c367.rlib" "/opt/rustwide/rustup-home/toolchains/1.54.0-x86_64-unknown-linux-gnu/lib/rustlib/x86_64-unknown-linux-gnu/lib/libunwind-f78aa99d613a55bc.rlib" "/opt/rustwide/rustup-home/toolchains/1.54.0-x86_64-unknown-linux-gnu/lib/rustlib/x86_64-unknown-linux-gnu/lib/libcfg_if-53ee54cd7fed2c57.rlib" "/opt/rustwide/rustup-home/toolchains/1.54.0-x86_64-unknown-linux-gnu/lib/rustlib/x86_64-unknown-linux-gnu/lib/liblibc-544ecdbd6cda3c58.rlib" "/opt/rustwide/rustup-home/toolchains/1.54.0-x86_64-unknown-linux-gnu/lib/rustlib/x86_64-unknown-linux-gnu/lib/liballoc-379cc252b6943a79.rlib" "/opt/rustwide/rustup-home/toolchains/1.54.0-x86_64-unknown-linux-gnu/lib/rustlib/x86_64-unknown-linux-gnu/lib/librustc_std_workspace_core-8063eea38dcc5e62.rlib" "/opt/rustwide/rustup-home/toolchains/1.54.0-x86_64-unknown-linux-gnu/lib/rustlib/x86_64-unknown-linux-gnu/lib/libcore-5b228734afae15ee.rlib" "-Wl,--end-group" "/opt/rustwide/rustup-home/toolchains/1.54.0-x86_64-unknown-linux-gnu/lib/rustlib/x86_64-unknown-linux-gnu/lib/libcompiler_builtins-d6c7a399d95d173f.rlib" "-Wl,-Bdynamic" "-lgcc_s" "-lutil" "-lrt" "-lpthread" "-lm" "-ldl" "-lc" "-Wl,--eh-frame-hdr" "-Wl,-znoexecstack" "-L" "/opt/rustwide/rustup-home/toolchains/1.54.0-x86_64-unknown-linux-gnu/lib/rustlib/x86_64-unknown-linux-gnu/lib" "-o" "/tmp/rustdoctestqbHXdm/rust_out" "-Wl,--gc-sections" "-pie" "-Wl,-zrelro" "-Wl,-znow" "-nodefaultlibs"
[INFO] [stdout]   = note: collect2: fatal error: ld terminated with signal 9 [Killed]
[INFO] [stdout]           compilation terminated.
[INFO] [stdout]           
[INFO] [stdout] 
[INFO] [stdout] error: aborting due to previous error
[INFO] [stdout] 
[INFO] [stdout] Couldn't compile the test.
[INFO] [stdout] ---- src/vendor/heck/pascal.rs - vendor::heck::pascal::PascalCase (line 8) stdout ----
[INFO] [stdout] error: linking with `cc` failed: exit status: 1
[INFO] [stdout]   |
[INFO] [stdout]   = note: "cc" "-m64" "/tmp/rustdoctestpjVCgV/rust_out.rust_out.7rcbfp3g-cgu.0.rcgu.o" "/tmp/rustdoctestpjVCgV/rust_out.33dyzt1ekirinwy8.rcgu.o" "-Wl,--as-needed" "-L" "/opt/rustwide/target/debug/deps" "-L" "/opt/rustwide/target/debug/deps" "-L" "/opt/rustwide/rustup-home/toolchains/1.54.0-x86_64-unknown-linux-gnu/lib/rustlib/x86_64-unknown-linux-gnu/lib" "-Wl,-Bstatic" "/opt/rustwide/target/debug/deps/libarchetect_core-3a42c05db5eeea7d.rlib" "/opt/rustwide/target/debug/deps/libfarmhash-f469cedccad9660d.rlib" "/opt/rustwide/target/debug/deps/libuuid-235b3e05397fbe39.rlib" "/opt/rustwide/target/debug/deps/libinflector-fda69e20121f757b.rlib" "/opt/rustwide/target/debug/deps/libglob-b2b3e3431c476f53.rlib" "/opt/rustwide/target/debug/deps/libserde_yaml-a6894338552a8bd7.rlib" "/opt/rustwide/target/debug/deps/libdtoa-52b57fd4907803fb.rlib" "/opt/rustwide/target/debug/deps/libyaml_rust-cf6b237ff91df225.rlib" "/opt/rustwide/target/debug/deps/libshellexpand-76ad00dc65ae848a.rlib" "/opt/rustwide/target/debug/deps/libdirs-11e09ad517e7e836.rlib" "/opt/rustwide/target/debug/deps/libthiserror-b18e4f16bbd1b898.rlib" "/opt/rustwide/target/debug/deps/liburl-98505fcfc663a9d7.rlib" "/opt/rustwide/target/debug/deps/libidna-144743a1c87fc8e9.rlib" "/opt/rustwide/target/debug/deps/libunicode_normalization-f88ccced2be4bc93.rlib" "/opt/rustwide/target/debug/deps/libtinyvec-b0b99c866aca13aa.rlib" "/opt/rustwide/target/debug/deps/libtinyvec_macros-f6b5563d3767ea26.rlib" "/opt/rustwide/target/debug/deps/libunicode_bidi-cd5d16f1476c6336.rlib" "/opt/rustwide/target/debug/deps/libform_urlencoded-64c48050f569228e.rlib" "/opt/rustwide/target/debug/deps/libpercent_encoding-549c334c22432c49.rlib" "/opt/rustwide/target/debug/deps/libmatches-5bfcef5685786a07.rlib" "/opt/rustwide/target/debug/deps/libglobwalk-713a56efe8370c98.rlib" "/opt/rustwide/target/debug/deps/libignore-1472f3f823b9e22e.rlib" "/opt/rustwide/target/debug/deps/libcrossbeam_utils-474a25da0caf94b2.rlib" "/opt/rustwide/target/debug/deps/libwalkdir-e990d787991df0fa.rlib" "/opt/rustwide/target/debug/deps/libsame_file-6c7da3b22554f6bc.rlib" "/opt/rustwide/target/debug/deps/libthread_local-680cbed8abfdcd6f.rlib" "/opt/rustwide/target/debug/deps/libonce_cell-a76c90beb999d50a.rlib" "/opt/rustwide/target/debug/deps/libglobset-a1bb2f6fe4c5bbba.rlib" "/opt/rustwide/target/debug/deps/libfnv-56e05e18a5751d51.rlib" "/opt/rustwide/target/debug/deps/libbstr-6d3764c8e0c6f0e9.rlib" "/opt/rustwide/target/debug/deps/libchrono-6069502b77b85e94.rlib" "/opt/rustwide/target/debug/deps/libnum_integer-016eaeb10a6f0eb9.rlib" "/opt/rustwide/target/debug/deps/libnum_traits-3ea67f5534c2ade7.rlib" "/opt/rustwide/target/debug/deps/libtime-d4a9aeba39d16586.rlib" "/opt/rustwide/target/debug/deps/libregex-c0311ef87925025d.rlib" "/opt/rustwide/target/debug/deps/libaho_corasick-f751c074981e5308.rlib" "/opt/rustwide/target/debug/deps/libmemchr-0721f17babcb5610.rlib" "/opt/rustwide/target/debug/deps/libregex_syntax-b672c9191f2c7225.rlib" "/opt/rustwide/target/debug/deps/libtempfile-2f4d41dc77174eba.rlib" "/opt/rustwide/target/debug/deps/librand-08af1d871362c2fe.rlib" "/opt/rustwide/target/debug/deps/librand_chacha-cbc694fa134c6e01.rlib" "/opt/rustwide/target/debug/deps/libppv_lite86-545d86392ea1d8e4.rlib" "/opt/rustwide/target/debug/deps/librand_core-8b6215ce75f700d0.rlib" "/opt/rustwide/target/debug/deps/libgetrandom-d801f701964b43b4.rlib" "/opt/rustwide/target/debug/deps/libremove_dir_all-80ef6726c25ad48c.rlib" "/opt/rustwide/target/debug/deps/libdirectories-cf066fff19840448.rlib" "/opt/rustwide/target/debug/deps/libdirs_sys-a5704029601e4c68.rlib" "/opt/rustwide/target/debug/deps/libcfg_if-e7a28af79b261e75.rlib" "/opt/rustwide/target/debug/deps/libpest-1fd504d61df9f5b0.rlib" "/opt/rustwide/target/debug/deps/libucd_trie-bb7f8c75dd4129d2.rlib" "/opt/rustwide/target/debug/deps/libserde_json-d62683b0f8e26acc.rlib" "/opt/rustwide/target/debug/deps/libryu-059aa1fbb24cd15e.rlib" "/opt/rustwide/target/debug/deps/libitoa-e8b11f69ec08d8ae.rlib" "/opt/rustwide/target/debug/deps/liblinked_hash_map-e0a1f5f4c5b21bd4.rlib" "/opt/rustwide/target/debug/deps/libsemver-21ce50e674fd9637.rlib" "/opt/rustwide/target/debug/deps/libserde-1d37970d7e69b8e5.rlib" "/opt/rustwide/target/debug/deps/libsemver_parser-24fc5579b2134304.rlib" "/opt/rustwide/target/debug/deps/liblog-c7a6438e9780af3a.rlib" "/opt/rustwide/target/debug/deps/libcfg_if-38c8a3e888ecb06a.rlib" "/opt/rustwide/target/debug/deps/libclap-09447a1a63f643f8.rlib" "/opt/rustwide/target/debug/deps/libvec_map-07385fbe5fb99a77.rlib" "/opt/rustwide/target/debug/deps/libtextwrap-3bb22fb43a400e8d.rlib" "/opt/rustwide/target/debug/deps/libunicode_width-5cf7ed896e8bb5a9.rlib" "/opt/rustwide/target/debug/deps/libstrsim-b10957d572414a9c.rlib" "/opt/rustwide/target/debug/deps/libbitflags-f89ae4b715176e2d.rlib" "/opt/rustwide/target/debug/deps/libatty-1d479c4d87937971.rlib" "/opt/rustwide/target/debug/deps/liblibc-ef703b7b559de845.rlib" "/opt/rustwide/target/debug/deps/libansi_term-e2a35aae900e64a8.rlib" "/opt/rustwide/target/debug/deps/libunicode_segmentation-bb2ad42c819b8773.rlib" "/opt/rustwide/target/debug/deps/liblazy_static-5c53d641eb010a81.rlib" "-Wl,--start-group" "/opt/rustwide/rustup-home/toolchains/1.54.0-x86_64-unknown-linux-gnu/lib/rustlib/x86_64-unknown-linux-gnu/lib/libstd-2420485b9e5ef5e1.rlib" "/opt/rustwide/rustup-home/toolchains/1.54.0-x86_64-unknown-linux-gnu/lib/rustlib/x86_64-unknown-linux-gnu/lib/libpanic_unwind-785e3cb61c4b1960.rlib" "/opt/rustwide/rustup-home/toolchains/1.54.0-x86_64-unknown-linux-gnu/lib/rustlib/x86_64-unknown-linux-gnu/lib/libminiz_oxide-087191a88bdaa22d.rlib" "/opt/rustwide/rustup-home/toolchains/1.54.0-x86_64-unknown-linux-gnu/lib/rustlib/x86_64-unknown-linux-gnu/lib/libadler-9981842c02975178.rlib" "/opt/rustwide/rustup-home/toolchains/1.54.0-x86_64-unknown-linux-gnu/lib/rustlib/x86_64-unknown-linux-gnu/lib/libobject-6fb405869b015fde.rlib" "/opt/rustwide/rustup-home/toolchains/1.54.0-x86_64-unknown-linux-gnu/lib/rustlib/x86_64-unknown-linux-gnu/lib/libaddr2line-d05c5c3c56004b7b.rlib" "/opt/rustwide/rustup-home/toolchains/1.54.0-x86_64-unknown-linux-gnu/lib/rustlib/x86_64-unknown-linux-gnu/lib/libgimli-42d74d2097528b38.rlib" "/opt/rustwide/rustup-home/toolchains/1.54.0-x86_64-unknown-linux-gnu/lib/rustlib/x86_64-unknown-linux-gnu/lib/libstd_detect-fb36534c113d2209.rlib" "/opt/rustwide/rustup-home/toolchains/1.54.0-x86_64-unknown-linux-gnu/lib/rustlib/x86_64-unknown-linux-gnu/lib/librustc_demangle-b56b9042c12b6535.rlib" "/opt/rustwide/rustup-home/toolchains/1.54.0-x86_64-unknown-linux-gnu/lib/rustlib/x86_64-unknown-linux-gnu/lib/libhashbrown-491902d6cb3e76df.rlib" "/opt/rustwide/rustup-home/toolchains/1.54.0-x86_64-unknown-linux-gnu/lib/rustlib/x86_64-unknown-linux-gnu/lib/librustc_std_workspace_alloc-61834e0981b8c367.rlib" "/opt/rustwide/rustup-home/toolchains/1.54.0-x86_64-unknown-linux-gnu/lib/rustlib/x86_64-unknown-linux-gnu/lib/libunwind-f78aa99d613a55bc.rlib" "/opt/rustwide/rustup-home/toolchains/1.54.0-x86_64-unknown-linux-gnu/lib/rustlib/x86_64-unknown-linux-gnu/lib/libcfg_if-53ee54cd7fed2c57.rlib" "/opt/rustwide/rustup-home/toolchains/1.54.0-x86_64-unknown-linux-gnu/lib/rustlib/x86_64-unknown-linux-gnu/lib/liblibc-544ecdbd6cda3c58.rlib" "/opt/rustwide/rustup-home/toolchains/1.54.0-x86_64-unknown-linux-gnu/lib/rustlib/x86_64-unknown-linux-gnu/lib/liballoc-379cc252b6943a79.rlib" "/opt/rustwide/rustup-home/toolchains/1.54.0-x86_64-unknown-linux-gnu/lib/rustlib/x86_64-unknown-linux-gnu/lib/librustc_std_workspace_core-8063eea38dcc5e62.rlib" "/opt/rustwide/rustup-home/toolchains/1.54.0-x86_64-unknown-linux-gnu/lib/rustlib/x86_64-unknown-linux-gnu/lib/libcore-5b228734afae15ee.rlib" "-Wl,--end-group" "/opt/rustwide/rustup-home/toolchains/1.54.0-x86_64-unknown-linux-gnu/lib/rustlib/x86_64-unknown-linux-gnu/lib/libcompiler_builtins-d6c7a399d95d173f.rlib" "-Wl,-Bdynamic" "-lgcc_s" "-lutil" "-lrt" "-lpthread" "-lm" "-ldl" "-lc" "-Wl,--eh-frame-hdr" "-Wl,-znoexecstack" "-L" "/opt/rustwide/rustup-home/toolchains/1.54.0-x86_64-unknown-linux-gnu/lib/rustlib/x86_64-unknown-linux-gnu/lib" "-o" "/tmp/rustdoctestpjVCgV/rust_out" "-Wl,--gc-sections" "-pie" "-Wl,-zrelro" "-Wl,-znow" "-nodefaultlibs"
[INFO] [stdout]   = note: collect2: fatal error: ld terminated with signal 9 [Killed]
[INFO] [stdout]           compilation terminated.
[INFO] [stdout]           
[INFO] [stdout] 
[INFO] [stdout] error: aborting due to previous error
[INFO] [stdout] 
[INFO] [stdout] Couldn't compile the test.
[INFO] [stdout] ---- src/vendor/heck/package.rs - vendor::heck::package::PackageCase (line 7) stdout ----
[INFO] [stdout] error: linking with `cc` failed: exit status: 1
[INFO] [stdout]   |
[INFO] [stdout]   = note: "cc" "-m64" "/tmp/rustdoctestRJHdui/rust_out.rust_out.7rcbfp3g-cgu.0.rcgu.o" "/tmp/rustdoctestRJHdui/rust_out.33dyzt1ekirinwy8.rcgu.o" "-Wl,--as-needed" "-L" "/opt/rustwide/target/debug/deps" "-L" "/opt/rustwide/target/debug/deps" "-L" "/opt/rustwide/rustup-home/toolchains/1.54.0-x86_64-unknown-linux-gnu/lib/rustlib/x86_64-unknown-linux-gnu/lib" "-Wl,-Bstatic" "/opt/rustwide/target/debug/deps/libarchetect_core-3a42c05db5eeea7d.rlib" "/opt/rustwide/target/debug/deps/libfarmhash-f469cedccad9660d.rlib" "/opt/rustwide/target/debug/deps/libuuid-235b3e05397fbe39.rlib" "/opt/rustwide/target/debug/deps/libinflector-fda69e20121f757b.rlib" "/opt/rustwide/target/debug/deps/libglob-b2b3e3431c476f53.rlib" "/opt/rustwide/target/debug/deps/libserde_yaml-a6894338552a8bd7.rlib" "/opt/rustwide/target/debug/deps/libdtoa-52b57fd4907803fb.rlib" "/opt/rustwide/target/debug/deps/libyaml_rust-cf6b237ff91df225.rlib" "/opt/rustwide/target/debug/deps/libshellexpand-76ad00dc65ae848a.rlib" "/opt/rustwide/target/debug/deps/libdirs-11e09ad517e7e836.rlib" "/opt/rustwide/target/debug/deps/libthiserror-b18e4f16bbd1b898.rlib" "/opt/rustwide/target/debug/deps/liburl-98505fcfc663a9d7.rlib" "/opt/rustwide/target/debug/deps/libidna-144743a1c87fc8e9.rlib" "/opt/rustwide/target/debug/deps/libunicode_normalization-f88ccced2be4bc93.rlib" "/opt/rustwide/target/debug/deps/libtinyvec-b0b99c866aca13aa.rlib" "/opt/rustwide/target/debug/deps/libtinyvec_macros-f6b5563d3767ea26.rlib" "/opt/rustwide/target/debug/deps/libunicode_bidi-cd5d16f1476c6336.rlib" "/opt/rustwide/target/debug/deps/libform_urlencoded-64c48050f569228e.rlib" "/opt/rustwide/target/debug/deps/libpercent_encoding-549c334c22432c49.rlib" "/opt/rustwide/target/debug/deps/libmatches-5bfcef5685786a07.rlib" "/opt/rustwide/target/debug/deps/libglobwalk-713a56efe8370c98.rlib" "/opt/rustwide/target/debug/deps/libignore-1472f3f823b9e22e.rlib" "/opt/rustwide/target/debug/deps/libcrossbeam_utils-474a25da0caf94b2.rlib" "/opt/rustwide/target/debug/deps/libwalkdir-e990d787991df0fa.rlib" "/opt/rustwide/target/debug/deps/libsame_file-6c7da3b22554f6bc.rlib" "/opt/rustwide/target/debug/deps/libthread_local-680cbed8abfdcd6f.rlib" "/opt/rustwide/target/debug/deps/libonce_cell-a76c90beb999d50a.rlib" "/opt/rustwide/target/debug/deps/libglobset-a1bb2f6fe4c5bbba.rlib" "/opt/rustwide/target/debug/deps/libfnv-56e05e18a5751d51.rlib" "/opt/rustwide/target/debug/deps/libbstr-6d3764c8e0c6f0e9.rlib" "/opt/rustwide/target/debug/deps/libchrono-6069502b77b85e94.rlib" "/opt/rustwide/target/debug/deps/libnum_integer-016eaeb10a6f0eb9.rlib" "/opt/rustwide/target/debug/deps/libnum_traits-3ea67f5534c2ade7.rlib" "/opt/rustwide/target/debug/deps/libtime-d4a9aeba39d16586.rlib" "/opt/rustwide/target/debug/deps/libregex-c0311ef87925025d.rlib" "/opt/rustwide/target/debug/deps/libaho_corasick-f751c074981e5308.rlib" "/opt/rustwide/target/debug/deps/libmemchr-0721f17babcb5610.rlib" "/opt/rustwide/target/debug/deps/libregex_syntax-b672c9191f2c7225.rlib" "/opt/rustwide/target/debug/deps/libtempfile-2f4d41dc77174eba.rlib" "/opt/rustwide/target/debug/deps/librand-08af1d871362c2fe.rlib" "/opt/rustwide/target/debug/deps/librand_chacha-cbc694fa134c6e01.rlib" "/opt/rustwide/target/debug/deps/libppv_lite86-545d86392ea1d8e4.rlib" "/opt/rustwide/target/debug/deps/librand_core-8b6215ce75f700d0.rlib" "/opt/rustwide/target/debug/deps/libgetrandom-d801f701964b43b4.rlib" "/opt/rustwide/target/debug/deps/libremove_dir_all-80ef6726c25ad48c.rlib" "/opt/rustwide/target/debug/deps/libdirectories-cf066fff19840448.rlib" "/opt/rustwide/target/debug/deps/libdirs_sys-a5704029601e4c68.rlib" "/opt/rustwide/target/debug/deps/libcfg_if-e7a28af79b261e75.rlib" "/opt/rustwide/target/debug/deps/libpest-1fd504d61df9f5b0.rlib" "/opt/rustwide/target/debug/deps/libucd_trie-bb7f8c75dd4129d2.rlib" "/opt/rustwide/target/debug/deps/libserde_json-d62683b0f8e26acc.rlib" "/opt/rustwide/target/debug/deps/libryu-059aa1fbb24cd15e.rlib" "/opt/rustwide/target/debug/deps/libitoa-e8b11f69ec08d8ae.rlib" "/opt/rustwide/target/debug/deps/liblinked_hash_map-e0a1f5f4c5b21bd4.rlib" "/opt/rustwide/target/debug/deps/libsemver-21ce50e674fd9637.rlib" "/opt/rustwide/target/debug/deps/libserde-1d37970d7e69b8e5.rlib" "/opt/rustwide/target/debug/deps/libsemver_parser-24fc5579b2134304.rlib" "/opt/rustwide/target/debug/deps/liblog-c7a6438e9780af3a.rlib" "/opt/rustwide/target/debug/deps/libcfg_if-38c8a3e888ecb06a.rlib" "/opt/rustwide/target/debug/deps/libclap-09447a1a63f643f8.rlib" "/opt/rustwide/target/debug/deps/libvec_map-07385fbe5fb99a77.rlib" "/opt/rustwide/target/debug/deps/libtextwrap-3bb22fb43a400e8d.rlib" "/opt/rustwide/target/debug/deps/libunicode_width-5cf7ed896e8bb5a9.rlib" "/opt/rustwide/target/debug/deps/libstrsim-b10957d572414a9c.rlib" "/opt/rustwide/target/debug/deps/libbitflags-f89ae4b715176e2d.rlib" "/opt/rustwide/target/debug/deps/libatty-1d479c4d87937971.rlib" "/opt/rustwide/target/debug/deps/liblibc-ef703b7b559de845.rlib" "/opt/rustwide/target/debug/deps/libansi_term-e2a35aae900e64a8.rlib" "/opt/rustwide/target/debug/deps/libunicode_segmentation-bb2ad42c819b8773.rlib" "/opt/rustwide/target/debug/deps/liblazy_static-5c53d641eb010a81.rlib" "-Wl,--start-group" "/opt/rustwide/rustup-home/toolchains/1.54.0-x86_64-unknown-linux-gnu/lib/rustlib/x86_64-unknown-linux-gnu/lib/libstd-2420485b9e5ef5e1.rlib" "/opt/rustwide/rustup-home/toolchains/1.54.0-x86_64-unknown-linux-gnu/lib/rustlib/x86_64-unknown-linux-gnu/lib/libpanic_unwind-785e3cb61c4b1960.rlib" "/opt/rustwide/rustup-home/toolchains/1.54.0-x86_64-unknown-linux-gnu/lib/rustlib/x86_64-unknown-linux-gnu/lib/libminiz_oxide-087191a88bdaa22d.rlib" "/opt/rustwide/rustup-home/toolchains/1.54.0-x86_64-unknown-linux-gnu/lib/rustlib/x86_64-unknown-linux-gnu/lib/libadler-9981842c02975178.rlib" "/opt/rustwide/rustup-home/toolchains/1.54.0-x86_64-unknown-linux-gnu/lib/rustlib/x86_64-unknown-linux-gnu/lib/libobject-6fb405869b015fde.rlib" "/opt/rustwide/rustup-home/toolchains/1.54.0-x86_64-unknown-linux-gnu/lib/rustlib/x86_64-unknown-linux-gnu/lib/libaddr2line-d05c5c3c56004b7b.rlib" "/opt/rustwide/rustup-home/toolchains/1.54.0-x86_64-unknown-linux-gnu/lib/rustlib/x86_64-unknown-linux-gnu/lib/libgimli-42d74d2097528b38.rlib" "/opt/rustwide/rustup-home/toolchains/1.54.0-x86_64-unknown-linux-gnu/lib/rustlib/x86_64-unknown-linux-gnu/lib/libstd_detect-fb36534c113d2209.rlib" "/opt/rustwide/rustup-home/toolchains/1.54.0-x86_64-unknown-linux-gnu/lib/rustlib/x86_64-unknown-linux-gnu/lib/librustc_demangle-b56b9042c12b6535.rlib" "/opt/rustwide/rustup-home/toolchains/1.54.0-x86_64-unknown-linux-gnu/lib/rustlib/x86_64-unknown-linux-gnu/lib/libhashbrown-491902d6cb3e76df.rlib" "/opt/rustwide/rustup-home/toolchains/1.54.0-x86_64-unknown-linux-gnu/lib/rustlib/x86_64-unknown-linux-gnu/lib/librustc_std_workspace_alloc-61834e0981b8c367.rlib" "/opt/rustwide/rustup-home/toolchains/1.54.0-x86_64-unknown-linux-gnu/lib/rustlib/x86_64-unknown-linux-gnu/lib/libunwind-f78aa99d613a55bc.rlib" "/opt/rustwide/rustup-home/toolchains/1.54.0-x86_64-unknown-linux-gnu/lib/rustlib/x86_64-unknown-linux-gnu/lib/libcfg_if-53ee54cd7fed2c57.rlib" "/opt/rustwide/rustup-home/toolchains/1.54.0-x86_64-unknown-linux-gnu/lib/rustlib/x86_64-unknown-linux-gnu/lib/liblibc-544ecdbd6cda3c58.rlib" "/opt/rustwide/rustup-home/toolchains/1.54.0-x86_64-unknown-linux-gnu/lib/rustlib/x86_64-unknown-linux-gnu/lib/liballoc-379cc252b6943a79.rlib" "/opt/rustwide/rustup-home/toolchains/1.54.0-x86_64-unknown-linux-gnu/lib/rustlib/x86_64-unknown-linux-gnu/lib/librustc_std_workspace_core-8063eea38dcc5e62.rlib" "/opt/rustwide/rustup-home/toolchains/1.54.0-x86_64-unknown-linux-gnu/lib/rustlib/x86_64-unknown-linux-gnu/lib/libcore-5b228734afae15ee.rlib" "-Wl,--end-group" "/opt/rustwide/rustup-home/toolchains/1.54.0-x86_64-unknown-linux-gnu/lib/rustlib/x86_64-unknown-linux-gnu/lib/libcompiler_builtins-d6c7a399d95d173f.rlib" "-Wl,-Bdynamic" "-lgcc_s" "-lutil" "-lrt" "-lpthread" "-lm" "-ldl" "-lc" "-Wl,--eh-frame-hdr" "-Wl,-znoexecstack" "-L" "/opt/rustwide/rustup-home/toolchains/1.54.0-x86_64-unknown-linux-gnu/lib/rustlib/x86_64-unknown-linux-gnu/lib" "-o" "/tmp/rustdoctestRJHdui/rust_out" "-Wl,--gc-sections" "-pie" "-Wl,-zrelro" "-Wl,-znow" "-nodefaultlibs"
[INFO] [stdout]   = note: collect2: fatal error: ld terminated with signal 9 [Killed]
[INFO] [stdout]           compilation terminated.
[INFO] [stdout]           
[INFO] [stdout] 
[INFO] [stdout] error: aborting due to previous error
[INFO] [stdout] 
[INFO] [stdout] Couldn't compile the test.
[INFO] [stdout] 
[INFO] [stdout] failures:
[INFO] [stdout]     src/vendor/heck/constant.rs - vendor::heck::constant::ConstantCase (line 8)
[INFO] [stdout]     src/vendor/heck/package.rs - vendor::heck::package::PackageCase (line 7)
[INFO] [stdout]     src/vendor/heck/pascal.rs - vendor::heck::pascal::PascalCase (line 8)
[INFO] [stdout]     src/vendor/tera/context.rs - vendor::tera::context::Context::extend (line 69)
[INFO] [stdout]     src/vendor/tera/context.rs - vendor::tera::context::Context::insert (line 28)
[INFO] [stdout]     src/vendor/tera/context.rs - vendor::tera::context::Context::try_insert (line 41)
[INFO] [stdout] 
[INFO] [stdout] test result: FAILED. 5 passed; 6 failed; 17 ignored; 0 measured; 0 filtered out; finished in 3.77s
[INFO] [stdout] 
[INFO] [stderr] error: test failed, to rerun pass '--doc'
[INFO] running `Command { std: "docker" "inspect" "e27ea64467ebc34a10ba79fffbdd5e3c4e40e2e8254fb35cb29ad89b2e1518fb", kill_on_drop: false }`
[INFO] running `Command { std: "docker" "rm" "-f" "e27ea64467ebc34a10ba79fffbdd5e3c4e40e2e8254fb35cb29ad89b2e1518fb", kill_on_drop: false }`
[INFO] [stdout] e27ea64467ebc34a10ba79fffbdd5e3c4e40e2e8254fb35cb29ad89b2e1518fb
