[INFO] fetching crate arbintrary 0.4.0...
[INFO] testing arbintrary-0.4.0 against beta-2021-08-01 for beta-1.55-1
[INFO] extracting crate arbintrary 0.4.0 into /workspace/builds/worker-89/source
[INFO] validating manifest of crates.io crate arbintrary 0.4.0 on toolchain beta-2021-08-01
[INFO] running `Command { std: "/workspace/cargo-home/bin/cargo" "+beta-2021-08-01" "metadata" "--manifest-path" "Cargo.toml" "--no-deps", kill_on_drop: false }`
[INFO] started tweaking crates.io crate arbintrary 0.4.0
[INFO] finished tweaking crates.io crate arbintrary 0.4.0
[INFO] tweaked toml for crates.io crate arbintrary 0.4.0 written to /workspace/builds/worker-89/source/Cargo.toml
[INFO] running `Command { std: "/workspace/cargo-home/bin/cargo" "+beta-2021-08-01" "generate-lockfile" "--manifest-path" "Cargo.toml" "-Zno-index-update", kill_on_drop: false }`
[INFO] [stderr]     Blocking waiting for file lock on package cache
[INFO] running `Command { std: "/workspace/cargo-home/bin/cargo" "+beta-2021-08-01" "fetch" "--manifest-path" "Cargo.toml", kill_on_drop: false }`
[INFO] [stderr]     Blocking waiting for file lock on package cache
[INFO] [stderr]     Blocking waiting for file lock on package cache
[INFO] running `Command { std: "docker" "create" "-v" "/var/lib/crater-agent-workspace/builds/worker-89/target:/opt/rustwide/target:rw,Z" "-v" "/var/lib/crater-agent-workspace/builds/worker-89/source:/opt/rustwide/workdir:ro,Z" "-v" "/var/lib/crater-agent-workspace/cargo-home:/opt/rustwide/cargo-home:ro,Z" "-v" "/var/lib/crater-agent-workspace/rustup-home:/opt/rustwide/rustup-home:ro,Z" "-e" "SOURCE_DIR=/opt/rustwide/workdir" "-e" "CARGO_TARGET_DIR=/opt/rustwide/target" "-e" "CARGO_HOME=/opt/rustwide/cargo-home" "-e" "RUSTUP_HOME=/opt/rustwide/rustup-home" "-w" "/opt/rustwide/workdir" "-m" "1610612736" "--user" "0:0" "--network" "none" "ghcr.io/rust-lang/crates-build-env/linux@sha256:34b6a614d2c27851fe6cbf88fbd1137609cefab8b10d0615aaeb6fd47975d74e" "/opt/rustwide/cargo-home/bin/cargo" "+beta-2021-08-01" "metadata" "--no-deps" "--format-version=1", kill_on_drop: false }`
[INFO] [stdout] 192701c40f4f1a50f4516e59feecab7497e90d1aa7bfbe4d05d95ae91fc6cb61
[INFO] running `Command { std: "docker" "start" "-a" "192701c40f4f1a50f4516e59feecab7497e90d1aa7bfbe4d05d95ae91fc6cb61", kill_on_drop: false }`
[INFO] running `Command { std: "docker" "inspect" "192701c40f4f1a50f4516e59feecab7497e90d1aa7bfbe4d05d95ae91fc6cb61", kill_on_drop: false }`
[INFO] running `Command { std: "docker" "rm" "-f" "192701c40f4f1a50f4516e59feecab7497e90d1aa7bfbe4d05d95ae91fc6cb61", kill_on_drop: false }`
[INFO] [stdout] 192701c40f4f1a50f4516e59feecab7497e90d1aa7bfbe4d05d95ae91fc6cb61
[INFO] running `Command { std: "docker" "create" "-v" "/var/lib/crater-agent-workspace/builds/worker-89/target:/opt/rustwide/target:rw,Z" "-v" "/var/lib/crater-agent-workspace/builds/worker-89/source:/opt/rustwide/workdir:ro,Z" "-v" "/var/lib/crater-agent-workspace/cargo-home:/opt/rustwide/cargo-home:ro,Z" "-v" "/var/lib/crater-agent-workspace/rustup-home:/opt/rustwide/rustup-home:ro,Z" "-e" "SOURCE_DIR=/opt/rustwide/workdir" "-e" "CARGO_TARGET_DIR=/opt/rustwide/target" "-e" "CARGO_INCREMENTAL=0" "-e" "RUST_BACKTRACE=full" "-e" "RUSTFLAGS=--cap-lints=warn" "-e" "CARGO_HOME=/opt/rustwide/cargo-home" "-e" "RUSTUP_HOME=/opt/rustwide/rustup-home" "-w" "/opt/rustwide/workdir" "-m" "1610612736" "--user" "0:0" "--network" "none" "ghcr.io/rust-lang/crates-build-env/linux@sha256:34b6a614d2c27851fe6cbf88fbd1137609cefab8b10d0615aaeb6fd47975d74e" "/opt/rustwide/cargo-home/bin/cargo" "+beta-2021-08-01" "build" "--frozen" "--message-format=json", kill_on_drop: false }`
[INFO] [stdout] a7af0c763e025b268699791c955778b22d004ed8d0dfdd747b30e392ab0a002d
[INFO] running `Command { std: "docker" "start" "-a" "a7af0c763e025b268699791c955778b22d004ed8d0dfdd747b30e392ab0a002d", kill_on_drop: false }`
[INFO] [stderr]    Compiling arbintrary v0.4.0 (/opt/rustwide/workdir)
[INFO] [stderr]     Finished dev [unoptimized + debuginfo] target(s) in 1m 34s
[INFO] running `Command { std: "docker" "inspect" "a7af0c763e025b268699791c955778b22d004ed8d0dfdd747b30e392ab0a002d", kill_on_drop: false }`
[INFO] running `Command { std: "docker" "rm" "-f" "a7af0c763e025b268699791c955778b22d004ed8d0dfdd747b30e392ab0a002d", kill_on_drop: false }`
[INFO] [stdout] a7af0c763e025b268699791c955778b22d004ed8d0dfdd747b30e392ab0a002d
[INFO] running `Command { std: "docker" "create" "-v" "/var/lib/crater-agent-workspace/builds/worker-89/target:/opt/rustwide/target:rw,Z" "-v" "/var/lib/crater-agent-workspace/builds/worker-89/source:/opt/rustwide/workdir:ro,Z" "-v" "/var/lib/crater-agent-workspace/cargo-home:/opt/rustwide/cargo-home:ro,Z" "-v" "/var/lib/crater-agent-workspace/rustup-home:/opt/rustwide/rustup-home:ro,Z" "-e" "SOURCE_DIR=/opt/rustwide/workdir" "-e" "CARGO_TARGET_DIR=/opt/rustwide/target" "-e" "CARGO_INCREMENTAL=0" "-e" "RUST_BACKTRACE=full" "-e" "RUSTFLAGS=--cap-lints=warn" "-e" "CARGO_HOME=/opt/rustwide/cargo-home" "-e" "RUSTUP_HOME=/opt/rustwide/rustup-home" "-w" "/opt/rustwide/workdir" "-m" "1610612736" "--user" "0:0" "--network" "none" "ghcr.io/rust-lang/crates-build-env/linux@sha256:34b6a614d2c27851fe6cbf88fbd1137609cefab8b10d0615aaeb6fd47975d74e" "/opt/rustwide/cargo-home/bin/cargo" "+beta-2021-08-01" "test" "--frozen" "--no-run" "--message-format=json", kill_on_drop: false }`
[INFO] [stdout] bb614c6e4b846d10fdabd38f9732c7857e7aba518c9008d740a33f0963778a10
[INFO] running `Command { std: "docker" "start" "-a" "bb614c6e4b846d10fdabd38f9732c7857e7aba518c9008d740a33f0963778a10", kill_on_drop: false }`
[INFO] [stderr]    Compiling arbintrary v0.4.0 (/opt/rustwide/workdir)
[INFO] [stderr]     Finished test [unoptimized + debuginfo] target(s) in 1m 07s
[INFO] running `Command { std: "docker" "inspect" "bb614c6e4b846d10fdabd38f9732c7857e7aba518c9008d740a33f0963778a10", kill_on_drop: false }`
[INFO] running `Command { std: "docker" "rm" "-f" "bb614c6e4b846d10fdabd38f9732c7857e7aba518c9008d740a33f0963778a10", kill_on_drop: false }`
[INFO] [stdout] bb614c6e4b846d10fdabd38f9732c7857e7aba518c9008d740a33f0963778a10
[INFO] running `Command { std: "docker" "create" "-v" "/var/lib/crater-agent-workspace/builds/worker-89/target:/opt/rustwide/target:rw,Z" "-v" "/var/lib/crater-agent-workspace/builds/worker-89/source:/opt/rustwide/workdir:ro,Z" "-v" "/var/lib/crater-agent-workspace/cargo-home:/opt/rustwide/cargo-home:ro,Z" "-v" "/var/lib/crater-agent-workspace/rustup-home:/opt/rustwide/rustup-home:ro,Z" "-e" "SOURCE_DIR=/opt/rustwide/workdir" "-e" "CARGO_TARGET_DIR=/opt/rustwide/target" "-e" "CARGO_INCREMENTAL=0" "-e" "RUST_BACKTRACE=full" "-e" "RUSTFLAGS=--cap-lints=warn" "-e" "CARGO_HOME=/opt/rustwide/cargo-home" "-e" "RUSTUP_HOME=/opt/rustwide/rustup-home" "-w" "/opt/rustwide/workdir" "-m" "1610612736" "--user" "0:0" "--network" "none" "ghcr.io/rust-lang/crates-build-env/linux@sha256:34b6a614d2c27851fe6cbf88fbd1137609cefab8b10d0615aaeb6fd47975d74e" "/opt/rustwide/cargo-home/bin/cargo" "+beta-2021-08-01" "test" "--frozen", kill_on_drop: false }`
[INFO] [stdout] d11a75d634f779e592019d915cf647693e3ae6f5279e84952996e5099509c0bf
[INFO] running `Command { std: "docker" "start" "-a" "d11a75d634f779e592019d915cf647693e3ae6f5279e84952996e5099509c0bf", kill_on_drop: false }`
[INFO] [stderr]     Finished test [unoptimized + debuginfo] target(s) in 0.04s
[INFO] [stdout] 
[INFO] [stderr]      Running unittests (/opt/rustwide/target/debug/deps/arbintrary-135950f9d97508c5)
[INFO] [stdout] running 28 tests
[INFO] [stdout] test tests::min_max_values ... ok
[INFO] [stdout] test tests::test_add ... ok
[INFO] [stdout] test tests::test_as ... ok
[INFO] [stdout] test tests::test_bitand ... ok
[INFO] [stdout] test tests::test_bitand_assign ... ok
[INFO] [stdout] test tests::test_bitor ... ok
[INFO] [stdout] test tests::test_bitor_assign ... ok
[INFO] [stdout] test tests::test_bitxor ... ok
[INFO] [stdout] test tests::test_bitxor_assign ... ok
[INFO] [stdout] test tests::test_from ... ok
[INFO] [stdout] test tests::test_not ... ok
[INFO] [stdout] test tests::test_shl ... ok
[INFO] [stdout] test tests::test_shl_assign ... ok
[INFO] [stdout] test tests::test_shr ... ok
[INFO] [stdout] test tests::test_from_primitive ... ok
[INFO] [stdout] test tests::test_shr_assign ... ok
[INFO] [stdout] test tests::test_sub ... ok
[INFO] [stdout] test tests::test_try_from ... ok
[INFO] [stdout] test tests::test_try_from_primitive ... ok
[INFO] [stdout] test tests::test_wrapping_add ... ok
[INFO] [stdout] test tests::test_add_overflow_i96 - should panic ... ok
[INFO] [stdout] test tests::test_add_overflow_u5 - should panic ... ok
[INFO] [stdout] test tests::test_add_underflow_i17 - should panic ... ok
[INFO] [stdout] test tests::test_add_overflow_u127 - should panic ... ok
[INFO] [stdout] test tests::test_sub_overflow_i23 - should panic ... ok
[INFO] [stdout] test tests::test_sub_underflow_u5 - should panic ... ok
[INFO] [stdout] test tests::test_sub_underflow_i5 - should panic ... ok
[INFO] [stdout] test tests::test_add_underflow_i96 - should panic ... ok
[INFO] [stdout] 
[INFO] [stdout] test result: ok. 28 passed; 0 failed; 0 ignored; 0 measured; 0 filtered out; finished in 0.02s
[INFO] [stdout] 
[INFO] [stderr]    Doc-tests arbintrary
[INFO] [stdout] 
[INFO] [stdout] running 21 tests
[INFO] [stdout] test src/lib.rs - implementation::Int64Impl<N>::wrapping_sub (line 525) ... FAILED
[INFO] [stdout] test src/lib.rs - implementation::Int32Impl<N>::wrapping_add (line 524) ... FAILED
[INFO] [stdout] test src/lib.rs - implementation::UInt64Impl<N>::wrapping_sub (line 502) ... FAILED
[INFO] [stdout] test src/lib.rs - implementation::Int8Impl<N>::wrapping_sub (line 522) ... FAILED
[INFO] [stdout] test src/lib.rs - implementation::Int16Impl<N>::wrapping_sub (line 523) ... FAILED
[INFO] [stdout] test src/lib.rs - implementation::UInt32Impl<N>::wrapping_sub (line 501) ... FAILED
[INFO] [stdout] test src/lib.rs - implementation::Int32Impl<N>::wrapping_sub (line 524) ... FAILED
[INFO] [stdout] test src/lib.rs - implementation::Int16Impl<N>::wrapping_add (line 523) ... FAILED
[INFO] [stdout] test src/lib.rs - implementation::UInt8Impl<N>::wrapping_add (line 499) ... FAILED
[INFO] [stdout] test src/lib.rs - implementation::UInt64Impl<N>::wrapping_add (line 502) ... FAILED
[INFO] [stdout] test src/lib.rs - implementation::Int64Impl<N>::wrapping_add (line 525) ... FAILED
[INFO] [stdout] test src/lib.rs - implementation::Int128Impl<N>::wrapping_add (line 534) ... FAILED
[INFO] [stdout] test src/lib.rs - As::as_ (line 33) ... FAILED
[INFO] [stdout] test src/lib.rs - implementation::Int128Impl<N>::wrapping_sub (line 534) ... FAILED
[INFO] [stdout] test src/lib.rs - implementation::Int8Impl<N>::wrapping_add (line 522) ... FAILED
[INFO] [stdout] test src/lib.rs - implementation::UInt128Impl<N>::wrapping_add (line 511) ... FAILED
[INFO] [stdout] test src/lib.rs - implementation::UInt32Impl<N>::wrapping_add (line 501) ... FAILED
[INFO] [stdout] test src/lib.rs - implementation::UInt128Impl<N>::wrapping_sub (line 511) ... FAILED
[INFO] [stdout] test src/lib.rs - implementation::UInt16Impl<N>::wrapping_sub (line 500) ... FAILED
[INFO] [stdout] test src/lib.rs - implementation::UInt16Impl<N>::wrapping_add (line 500) ... FAILED
[INFO] [stdout] test src/lib.rs - implementation::UInt8Impl<N>::wrapping_sub (line 499) ... FAILED
[INFO] [stdout] 
[INFO] [stdout] failures:
[INFO] [stdout] 
[INFO] [stdout] ---- src/lib.rs - implementation::Int64Impl<N>::wrapping_sub (line 525) stdout ----
[INFO] [stdout] Couldn't compile the test.
[INFO] [stdout] ---- src/lib.rs - implementation::Int32Impl<N>::wrapping_add (line 524) stdout ----
[INFO] [stdout] Couldn't compile the test.
[INFO] [stdout] ---- src/lib.rs - implementation::UInt64Impl<N>::wrapping_sub (line 502) stdout ----
[INFO] [stdout] Couldn't compile the test.
[INFO] [stdout] ---- src/lib.rs - implementation::Int8Impl<N>::wrapping_sub (line 522) stdout ----
[INFO] [stdout] Couldn't compile the test.
[INFO] [stdout] ---- src/lib.rs - implementation::Int16Impl<N>::wrapping_sub (line 523) stdout ----
[INFO] [stdout] Couldn't compile the test.
[INFO] [stdout] ---- src/lib.rs - implementation::UInt32Impl<N>::wrapping_sub (line 501) stdout ----
[INFO] [stdout] Couldn't compile the test.
[INFO] [stdout] ---- src/lib.rs - implementation::Int32Impl<N>::wrapping_sub (line 524) stdout ----
[INFO] [stdout] Couldn't compile the test.
[INFO] [stdout] ---- src/lib.rs - implementation::Int16Impl<N>::wrapping_add (line 523) stdout ----
[INFO] [stdout] Couldn't compile the test.
[INFO] [stdout] ---- src/lib.rs - implementation::UInt8Impl<N>::wrapping_add (line 499) stdout ----
[INFO] [stdout] Couldn't compile the test.
[INFO] [stdout] ---- src/lib.rs - implementation::UInt64Impl<N>::wrapping_add (line 502) stdout ----
[INFO] [stdout] Couldn't compile the test.
[INFO] [stdout] ---- src/lib.rs - implementation::Int64Impl<N>::wrapping_add (line 525) stdout ----
[INFO] [stdout] Couldn't compile the test.
[INFO] [stdout] ---- src/lib.rs - implementation::Int128Impl<N>::wrapping_add (line 534) stdout ----
[INFO] [stdout] Couldn't compile the test.
[INFO] [stdout] ---- src/lib.rs - As::as_ (line 33) stdout ----
[INFO] [stdout] Couldn't compile the test.
[INFO] [stdout] ---- src/lib.rs - implementation::Int128Impl<N>::wrapping_sub (line 534) stdout ----
[INFO] [stdout] Couldn't compile the test.
[INFO] [stdout] ---- src/lib.rs - implementation::Int8Impl<N>::wrapping_add (line 522) stdout ----
[INFO] [stdout] Couldn't compile the test.
[INFO] [stdout] ---- src/lib.rs - implementation::UInt128Impl<N>::wrapping_add (line 511) stdout ----
[INFO] [stdout] Couldn't compile the test.
[INFO] [stdout] ---- src/lib.rs - implementation::UInt32Impl<N>::wrapping_add (line 501) stdout ----
[INFO] [stdout] Couldn't compile the test.
[INFO] [stdout] ---- src/lib.rs - implementation::UInt128Impl<N>::wrapping_sub (line 511) stdout ----
[INFO] [stdout] Couldn't compile the test.
[INFO] [stdout] ---- src/lib.rs - implementation::UInt16Impl<N>::wrapping_sub (line 500) stdout ----
[INFO] [stdout] Couldn't compile the test.
[INFO] [stdout] ---- src/lib.rs - implementation::UInt16Impl<N>::wrapping_add (line 500) stdout ----
[INFO] [stdout] Couldn't compile the test.
[INFO] [stdout] ---- src/lib.rs - implementation::UInt8Impl<N>::wrapping_sub (line 499) stdout ----
[INFO] [stdout] Couldn't compile the test.
[INFO] [stdout] 
[INFO] [stdout] failures:
[INFO] [stdout]     src/lib.rs - As::as_ (line 33)
[INFO] [stdout]     src/lib.rs - implementation::Int128Impl<N>::wrapping_add (line 534)
[INFO] [stdout]     src/lib.rs - implementation::Int128Impl<N>::wrapping_sub (line 534)
[INFO] [stdout]     src/lib.rs - implementation::Int16Impl<N>::wrapping_add (line 523)
[INFO] [stdout]     src/lib.rs - implementation::Int16Impl<N>::wrapping_sub (line 523)
[INFO] [stdout]     src/lib.rs - implementation::Int32Impl<N>::wrapping_add (line 524)
[INFO] [stdout]     src/lib.rs - implementation::Int32Impl<N>::wrapping_sub (line 524)
[INFO] [stdout]     src/lib.rs - implementation::Int64Impl<N>::wrapping_add (line 525)
[INFO] [stdout]     src/lib.rs - implementation::Int64Impl<N>::wrapping_sub (line 525)
[INFO] [stdout]     src/lib.rs - implementation::Int8Impl<N>::wrapping_add (line 522)
[INFO] [stdout]     src/lib.rs - implementation::Int8Impl<N>::wrapping_sub (line 522)
[INFO] [stdout]     src/lib.rs - implementation::UInt128Impl<N>::wrapping_add (line 511)
[INFO] [stdout]     src/lib.rs - implementation::UInt128Impl<N>::wrapping_sub (line 511)
[INFO] [stdout]     src/lib.rs - implementation::UInt16Impl<N>::wrapping_add (line 500)
[INFO] [stdout]     src/lib.rs - implementation::UInt16Impl<N>::wrapping_sub (line 500)
[INFO] [stdout]     src/lib.rs - implementation::UInt32Impl<N>::wrapping_add (line 501)
[INFO] [stdout]     src/lib.rs - implementation::UInt32Impl<N>::wrapping_sub (line 501)
[INFO] [stdout]     src/lib.rs - implementation::UInt64Impl<N>::wrapping_add (line 502)
[INFO] [stdout]     src/lib.rs - implementation::UInt64Impl<N>::wrapping_sub (line 502)
[INFO] [stdout]     src/lib.rs - implementation::UInt8Impl<N>::wrapping_add (line 499)
[INFO] [stdout]     src/lib.rs - implementation::UInt8Impl<N>::wrapping_sub (line 499)
[INFO] [stdout] 
[INFO] [stdout] test result: FAILED. 0 passed; 21 failed; 0 ignored; 0 measured; 0 filtered out; finished in 1.34s
[INFO] [stdout] 
[INFO] [stderr] error: test failed, to rerun pass '--doc'
[INFO] running `Command { std: "docker" "inspect" "d11a75d634f779e592019d915cf647693e3ae6f5279e84952996e5099509c0bf", kill_on_drop: false }`
[INFO] running `Command { std: "docker" "rm" "-f" "d11a75d634f779e592019d915cf647693e3ae6f5279e84952996e5099509c0bf", kill_on_drop: false }`
[INFO] [stdout] d11a75d634f779e592019d915cf647693e3ae6f5279e84952996e5099509c0bf
