[INFO] fetching crate aquamarine 0.1.10...
[INFO] testing aquamarine-0.1.10 against 1.54.0 for beta-1.55-1
[INFO] extracting crate aquamarine 0.1.10 into /workspace/builds/worker-116/source
[INFO] validating manifest of crates.io crate aquamarine 0.1.10 on toolchain 1.54.0
[INFO] running `Command { std: "/workspace/cargo-home/bin/cargo" "+1.54.0" "metadata" "--manifest-path" "Cargo.toml" "--no-deps", kill_on_drop: false }`
[INFO] started tweaking crates.io crate aquamarine 0.1.10
[INFO] finished tweaking crates.io crate aquamarine 0.1.10
[INFO] tweaked toml for crates.io crate aquamarine 0.1.10 written to /workspace/builds/worker-116/source/Cargo.toml
[INFO] running `Command { std: "/workspace/cargo-home/bin/cargo" "+1.54.0" "generate-lockfile" "--manifest-path" "Cargo.toml" "-Zno-index-update", kill_on_drop: false }`
[INFO] [stderr]     Blocking waiting for file lock on package cache
[INFO] running `Command { std: "/workspace/cargo-home/bin/cargo" "+1.54.0" "fetch" "--manifest-path" "Cargo.toml", kill_on_drop: false }`
[INFO] [stderr]     Blocking waiting for file lock on package cache
[INFO] [stderr]     Blocking waiting for file lock on package cache
[INFO] running `Command { std: "docker" "create" "-v" "/var/lib/crater-agent-workspace/builds/worker-116/target:/opt/rustwide/target:rw,Z" "-v" "/var/lib/crater-agent-workspace/builds/worker-116/source:/opt/rustwide/workdir:ro,Z" "-v" "/var/lib/crater-agent-workspace/cargo-home:/opt/rustwide/cargo-home:ro,Z" "-v" "/var/lib/crater-agent-workspace/rustup-home:/opt/rustwide/rustup-home:ro,Z" "-e" "SOURCE_DIR=/opt/rustwide/workdir" "-e" "CARGO_TARGET_DIR=/opt/rustwide/target" "-e" "CARGO_HOME=/opt/rustwide/cargo-home" "-e" "RUSTUP_HOME=/opt/rustwide/rustup-home" "-w" "/opt/rustwide/workdir" "-m" "1610612736" "--user" "0:0" "--network" "none" "ghcr.io/rust-lang/crates-build-env/linux@sha256:34b6a614d2c27851fe6cbf88fbd1137609cefab8b10d0615aaeb6fd47975d74e" "/opt/rustwide/cargo-home/bin/cargo" "+1.54.0" "metadata" "--no-deps" "--format-version=1", kill_on_drop: false }`
[INFO] [stdout] c5b9bd41517abe956211d9f12cd2f670666c004ede3b9987cbc5f25c1db8e606
[INFO] running `Command { std: "docker" "start" "-a" "c5b9bd41517abe956211d9f12cd2f670666c004ede3b9987cbc5f25c1db8e606", kill_on_drop: false }`
[INFO] running `Command { std: "docker" "inspect" "c5b9bd41517abe956211d9f12cd2f670666c004ede3b9987cbc5f25c1db8e606", kill_on_drop: false }`
[INFO] running `Command { std: "docker" "rm" "-f" "c5b9bd41517abe956211d9f12cd2f670666c004ede3b9987cbc5f25c1db8e606", kill_on_drop: false }`
[INFO] [stdout] c5b9bd41517abe956211d9f12cd2f670666c004ede3b9987cbc5f25c1db8e606
[INFO] running `Command { std: "docker" "create" "-v" "/var/lib/crater-agent-workspace/builds/worker-116/target:/opt/rustwide/target:rw,Z" "-v" "/var/lib/crater-agent-workspace/builds/worker-116/source:/opt/rustwide/workdir:ro,Z" "-v" "/var/lib/crater-agent-workspace/cargo-home:/opt/rustwide/cargo-home:ro,Z" "-v" "/var/lib/crater-agent-workspace/rustup-home:/opt/rustwide/rustup-home:ro,Z" "-e" "SOURCE_DIR=/opt/rustwide/workdir" "-e" "CARGO_TARGET_DIR=/opt/rustwide/target" "-e" "CARGO_INCREMENTAL=0" "-e" "RUST_BACKTRACE=full" "-e" "RUSTFLAGS=--cap-lints=warn" "-e" "CARGO_HOME=/opt/rustwide/cargo-home" "-e" "RUSTUP_HOME=/opt/rustwide/rustup-home" "-w" "/opt/rustwide/workdir" "-m" "1610612736" "--user" "0:0" "--network" "none" "ghcr.io/rust-lang/crates-build-env/linux@sha256:34b6a614d2c27851fe6cbf88fbd1137609cefab8b10d0615aaeb6fd47975d74e" "/opt/rustwide/cargo-home/bin/cargo" "+1.54.0" "build" "--frozen" "--message-format=json", kill_on_drop: false }`
[INFO] [stdout] ed57e51077fe8e266ee5e62790133259ab6ccfd6e0ec8f9555b5215d1f0f7142
[INFO] running `Command { std: "docker" "start" "-a" "ed57e51077fe8e266ee5e62790133259ab6ccfd6e0ec8f9555b5215d1f0f7142", kill_on_drop: false }`
[INFO] [stderr]    Compiling proc-macro2 v1.0.28
[INFO] [stderr]    Compiling version_check v0.9.3
[INFO] [stderr]    Compiling unicode-xid v0.2.2
[INFO] [stderr]    Compiling syn v1.0.74
[INFO] [stderr]    Compiling either v1.6.1
[INFO] [stderr]    Compiling itertools v0.9.0
[INFO] [stderr]    Compiling proc-macro-error-attr v1.0.4
[INFO] [stderr]    Compiling proc-macro-error v1.0.4
[INFO] [stderr]    Compiling quote v1.0.9
[INFO] [stderr]    Compiling aquamarine v0.1.10 (/opt/rustwide/workdir)
[INFO] [stderr]     Finished dev [unoptimized + debuginfo] target(s) in 23.62s
[INFO] running `Command { std: "docker" "inspect" "ed57e51077fe8e266ee5e62790133259ab6ccfd6e0ec8f9555b5215d1f0f7142", kill_on_drop: false }`
[INFO] running `Command { std: "docker" "rm" "-f" "ed57e51077fe8e266ee5e62790133259ab6ccfd6e0ec8f9555b5215d1f0f7142", kill_on_drop: false }`
[INFO] [stdout] ed57e51077fe8e266ee5e62790133259ab6ccfd6e0ec8f9555b5215d1f0f7142
[INFO] running `Command { std: "docker" "create" "-v" "/var/lib/crater-agent-workspace/builds/worker-116/target:/opt/rustwide/target:rw,Z" "-v" "/var/lib/crater-agent-workspace/builds/worker-116/source:/opt/rustwide/workdir:ro,Z" "-v" "/var/lib/crater-agent-workspace/cargo-home:/opt/rustwide/cargo-home:ro,Z" "-v" "/var/lib/crater-agent-workspace/rustup-home:/opt/rustwide/rustup-home:ro,Z" "-e" "SOURCE_DIR=/opt/rustwide/workdir" "-e" "CARGO_TARGET_DIR=/opt/rustwide/target" "-e" "CARGO_INCREMENTAL=0" "-e" "RUST_BACKTRACE=full" "-e" "RUSTFLAGS=--cap-lints=warn" "-e" "CARGO_HOME=/opt/rustwide/cargo-home" "-e" "RUSTUP_HOME=/opt/rustwide/rustup-home" "-w" "/opt/rustwide/workdir" "-m" "1610612736" "--user" "0:0" "--network" "none" "ghcr.io/rust-lang/crates-build-env/linux@sha256:34b6a614d2c27851fe6cbf88fbd1137609cefab8b10d0615aaeb6fd47975d74e" "/opt/rustwide/cargo-home/bin/cargo" "+1.54.0" "test" "--frozen" "--no-run" "--message-format=json", kill_on_drop: false }`
[INFO] [stdout] 2211cd1b858b1edf70e99e48877f89c2ae1fa80163ee8085c4e8cc8cd6adef27
[INFO] running `Command { std: "docker" "start" "-a" "2211cd1b858b1edf70e99e48877f89c2ae1fa80163ee8085c4e8cc8cd6adef27", kill_on_drop: false }`
[INFO] [stderr]    Compiling difference v2.0.0
[INFO] [stderr]    Compiling ansi_term v0.11.0
[INFO] [stderr]    Compiling pretty_assertions v0.6.1
[INFO] [stderr]    Compiling aquamarine v0.1.10 (/opt/rustwide/workdir)
[INFO] [stderr]     Finished test [unoptimized + debuginfo] target(s) in 4.56s
[INFO] running `Command { std: "docker" "inspect" "2211cd1b858b1edf70e99e48877f89c2ae1fa80163ee8085c4e8cc8cd6adef27", kill_on_drop: false }`
[INFO] running `Command { std: "docker" "rm" "-f" "2211cd1b858b1edf70e99e48877f89c2ae1fa80163ee8085c4e8cc8cd6adef27", kill_on_drop: false }`
[INFO] [stdout] 2211cd1b858b1edf70e99e48877f89c2ae1fa80163ee8085c4e8cc8cd6adef27
[INFO] running `Command { std: "docker" "create" "-v" "/var/lib/crater-agent-workspace/builds/worker-116/target:/opt/rustwide/target:rw,Z" "-v" "/var/lib/crater-agent-workspace/builds/worker-116/source:/opt/rustwide/workdir:ro,Z" "-v" "/var/lib/crater-agent-workspace/cargo-home:/opt/rustwide/cargo-home:ro,Z" "-v" "/var/lib/crater-agent-workspace/rustup-home:/opt/rustwide/rustup-home:ro,Z" "-e" "SOURCE_DIR=/opt/rustwide/workdir" "-e" "CARGO_TARGET_DIR=/opt/rustwide/target" "-e" "CARGO_INCREMENTAL=0" "-e" "RUST_BACKTRACE=full" "-e" "RUSTFLAGS=--cap-lints=warn" "-e" "CARGO_HOME=/opt/rustwide/cargo-home" "-e" "RUSTUP_HOME=/opt/rustwide/rustup-home" "-w" "/opt/rustwide/workdir" "-m" "1610612736" "--user" "0:0" "--network" "none" "ghcr.io/rust-lang/crates-build-env/linux@sha256:34b6a614d2c27851fe6cbf88fbd1137609cefab8b10d0615aaeb6fd47975d74e" "/opt/rustwide/cargo-home/bin/cargo" "+1.54.0" "test" "--frozen", kill_on_drop: false }`
[INFO] [stdout] eac823cf992b458a2903511726e5f0b7b82cb1658fa7edbe59aa53633206074e
[INFO] running `Command { std: "docker" "start" "-a" "eac823cf992b458a2903511726e5f0b7b82cb1658fa7edbe59aa53633206074e", kill_on_drop: false }`
[INFO] [stderr]     Blocking waiting for file lock on package cache
[INFO] [stderr]     Finished test [unoptimized + debuginfo] target(s) in 0.30s
[INFO] [stderr]      Running unittests (/opt/rustwide/target/debug/deps/aquamarine-70b85cf72aa476ea)
[INFO] [stdout] 
[INFO] [stdout] running 8 tests
[INFO] [stdout] test attrs::tests::temp_split_inclusive ... ok
[INFO] [stdout] test attrs::tests::split_attr_body_tests::multiline_termination_single_token ... ok
[INFO] [stdout] test attrs::tests::split_attr_body_tests::multiline_termination ... ok
[INFO] [stdout] test attrs::tests::split_attr_body_tests::other_snippet ... ok
[INFO] [stdout] test attrs::tests::split_attr_body_tests::multiline_termination_carry ... ok
[INFO] [stdout] test attrs::tests::split_attr_body_tests::one_line_one_diagram ... ok
[INFO] [stdout] test attrs::tests::split_attr_body_tests::carry_over ... ok
[INFO] [stderr]    Doc-tests aquamarine
[INFO] [stdout] test attrs::tests::split_attr_body_tests::one_line_multiple_diagrams ... ok
[INFO] [stdout] 
[INFO] [stdout] test result: ok. 8 passed; 0 failed; 0 ignored; 0 measured; 0 filtered out; finished in 0.00s
[INFO] [stdout] 
[INFO] [stdout] 
[INFO] [stdout] running 3 tests
[INFO] [stdout] test src/lib.rs - (line 39) - compile ... FAILED
[INFO] [stdout] test src/lib.rs - aquamarine (line 73) ... ok
[INFO] [stdout] test src/lib.rs - (line 8) ... ok
[INFO] [stdout] 
[INFO] [stdout] failures:
[INFO] [stdout] 
[INFO] [stdout] ---- src/lib.rs - (line 39) stdout ----
[INFO] [stdout] error[E0585]: found a documentation comment that doesn't document anything
[INFO] [stdout]   --> src/lib.rs:51:1
[INFO] [stdout]    |
[INFO] [stdout] 14 | /// ```
[INFO] [stdout]    | ^^^^^^^
[INFO] [stdout]    |
[INFO] [stdout]    = help: doc comments must come before what they document, maybe a comment was intended with `//`?
[INFO] [stdout] 
[INFO] [stdout] error: aborting due to previous error
[INFO] [stdout] 
[INFO] [stdout] For more information about this error, try `rustc --explain E0585`.
[INFO] [stdout] Couldn't compile the test.
[INFO] [stdout] 
[INFO] [stdout] failures:
[INFO] [stdout]     src/lib.rs - (line 39)
[INFO] [stdout] 
[INFO] [stdout] test result: FAILED. 2 passed; 1 failed; 0 ignored; 0 measured; 0 filtered out; finished in 0.42s
[INFO] [stdout] 
[INFO] [stderr] error: test failed, to rerun pass '--doc'
[INFO] running `Command { std: "docker" "inspect" "eac823cf992b458a2903511726e5f0b7b82cb1658fa7edbe59aa53633206074e", kill_on_drop: false }`
[INFO] running `Command { std: "docker" "rm" "-f" "eac823cf992b458a2903511726e5f0b7b82cb1658fa7edbe59aa53633206074e", kill_on_drop: false }`
[INFO] [stdout] eac823cf992b458a2903511726e5f0b7b82cb1658fa7edbe59aa53633206074e
