[INFO] fetching crate appinsights 0.1.5...
[INFO] testing appinsights-0.1.5 against beta-2021-08-01 for beta-1.55-1
[INFO] extracting crate appinsights 0.1.5 into /workspace/builds/worker-1/source
[INFO] validating manifest of crates.io crate appinsights 0.1.5 on toolchain beta-2021-08-01
[INFO] running `Command { std: "/workspace/cargo-home/bin/cargo" "+beta-2021-08-01" "metadata" "--manifest-path" "Cargo.toml" "--no-deps", kill_on_drop: false }`
[INFO] started tweaking crates.io crate appinsights 0.1.5
[INFO] finished tweaking crates.io crate appinsights 0.1.5
[INFO] tweaked toml for crates.io crate appinsights 0.1.5 written to /workspace/builds/worker-1/source/Cargo.toml
[INFO] crate crates.io crate appinsights 0.1.5 already has a lockfile, it will not be regenerated
[INFO] running `Command { std: "/workspace/cargo-home/bin/cargo" "+beta-2021-08-01" "fetch" "--manifest-path" "Cargo.toml", kill_on_drop: false }`
[INFO] [stderr]     Blocking waiting for file lock on package cache
[INFO] running `Command { std: "docker" "create" "-v" "/var/lib/crater-agent-workspace/builds/worker-1/target:/opt/rustwide/target:rw,Z" "-v" "/var/lib/crater-agent-workspace/builds/worker-1/source:/opt/rustwide/workdir:ro,Z" "-v" "/var/lib/crater-agent-workspace/cargo-home:/opt/rustwide/cargo-home:ro,Z" "-v" "/var/lib/crater-agent-workspace/rustup-home:/opt/rustwide/rustup-home:ro,Z" "-e" "SOURCE_DIR=/opt/rustwide/workdir" "-e" "CARGO_TARGET_DIR=/opt/rustwide/target" "-e" "CARGO_HOME=/opt/rustwide/cargo-home" "-e" "RUSTUP_HOME=/opt/rustwide/rustup-home" "-w" "/opt/rustwide/workdir" "-m" "1610612736" "--user" "0:0" "--network" "none" "ghcr.io/rust-lang/crates-build-env/linux@sha256:34b6a614d2c27851fe6cbf88fbd1137609cefab8b10d0615aaeb6fd47975d74e" "/opt/rustwide/cargo-home/bin/cargo" "+beta-2021-08-01" "metadata" "--no-deps" "--format-version=1", kill_on_drop: false }`
[INFO] [stdout] c526c8d92dd7485826307a725b2da942df1782e5ee76996689f5cda6e17c947f
[INFO] [stderr] WARNING: Your kernel does not support swap limit capabilities or the cgroup is not mounted. Memory limited without swap.
[INFO] running `Command { std: "docker" "start" "-a" "c526c8d92dd7485826307a725b2da942df1782e5ee76996689f5cda6e17c947f", kill_on_drop: false }`
[INFO] running `Command { std: "docker" "inspect" "c526c8d92dd7485826307a725b2da942df1782e5ee76996689f5cda6e17c947f", kill_on_drop: false }`
[INFO] running `Command { std: "docker" "rm" "-f" "c526c8d92dd7485826307a725b2da942df1782e5ee76996689f5cda6e17c947f", kill_on_drop: false }`
[INFO] [stdout] c526c8d92dd7485826307a725b2da942df1782e5ee76996689f5cda6e17c947f
[INFO] running `Command { std: "docker" "create" "-v" "/var/lib/crater-agent-workspace/builds/worker-1/target:/opt/rustwide/target:rw,Z" "-v" "/var/lib/crater-agent-workspace/builds/worker-1/source:/opt/rustwide/workdir:ro,Z" "-v" "/var/lib/crater-agent-workspace/cargo-home:/opt/rustwide/cargo-home:ro,Z" "-v" "/var/lib/crater-agent-workspace/rustup-home:/opt/rustwide/rustup-home:ro,Z" "-e" "SOURCE_DIR=/opt/rustwide/workdir" "-e" "CARGO_TARGET_DIR=/opt/rustwide/target" "-e" "CARGO_INCREMENTAL=0" "-e" "RUST_BACKTRACE=full" "-e" "RUSTFLAGS=--cap-lints=warn" "-e" "CARGO_HOME=/opt/rustwide/cargo-home" "-e" "RUSTUP_HOME=/opt/rustwide/rustup-home" "-w" "/opt/rustwide/workdir" "-m" "1610612736" "--user" "0:0" "--network" "none" "ghcr.io/rust-lang/crates-build-env/linux@sha256:34b6a614d2c27851fe6cbf88fbd1137609cefab8b10d0615aaeb6fd47975d74e" "/opt/rustwide/cargo-home/bin/cargo" "+beta-2021-08-01" "build" "--frozen" "--message-format=json", kill_on_drop: false }`
[INFO] [stderr] WARNING: Your kernel does not support swap limit capabilities or the cgroup is not mounted. Memory limited without swap.
[INFO] [stdout] ae026e8bf98e30d9710b2943d9b73a0891a40d24395ddf3e829cf4ae67e37b68
[INFO] running `Command { std: "docker" "start" "-a" "ae026e8bf98e30d9710b2943d9b73a0891a40d24395ddf3e829cf4ae67e37b68", kill_on_drop: false }`
[INFO] [stderr]    Compiling autocfg v1.0.0
[INFO] [stderr]    Compiling libc v0.2.73
[INFO] [stderr]    Compiling cfg-if v0.1.10
[INFO] [stderr]    Compiling proc-macro2 v1.0.19
[INFO] [stderr]    Compiling unicode-xid v0.2.1
[INFO] [stderr]    Compiling syn v1.0.35
[INFO] [stderr]    Compiling log v0.4.11
[INFO] [stderr]    Compiling cc v1.0.58
[INFO] [stderr]    Compiling pkg-config v0.3.18
[INFO] [stderr]    Compiling memchr v2.3.3
[INFO] [stderr]    Compiling futures-core v0.3.5
[INFO] [stderr]    Compiling bytes v0.5.6
[INFO] [stderr]    Compiling slab v0.4.2
[INFO] [stderr]    Compiling itoa v0.4.6
[INFO] [stderr]    Compiling pin-project-internal v0.4.22
[INFO] [stderr]    Compiling bitflags v1.2.1
[INFO] [stderr]    Compiling pin-project-lite v0.1.7
[INFO] [stderr]    Compiling version_check v0.9.2
[INFO] [stderr]    Compiling futures-sink v0.3.5
[INFO] [stderr]    Compiling getrandom v0.1.14
[INFO] [stderr]    Compiling foreign-types-shared v0.1.1
[INFO] [stderr]    Compiling proc-macro2 v0.4.30
[INFO] [stderr]    Compiling once_cell v1.4.0
[INFO] [stderr]    Compiling openssl v0.10.30
[INFO] [stderr]    Compiling serde_derive v1.0.114
[INFO] [stderr]    Compiling serde v1.0.114
[INFO] [stderr]    Compiling tinyvec v0.3.3
[INFO] [stderr]    Compiling futures-io v0.3.5
[INFO] [stderr]    Compiling unicode-xid v0.1.0
[INFO] [stderr]    Compiling pin-utils v0.1.0
[INFO] [stderr]    Compiling httparse v1.3.4
[INFO] [stderr]    Compiling native-tls v0.2.4
[INFO] [stderr]    Compiling openssl-probe v0.1.2
[INFO] [stderr]    Compiling try-lock v0.2.3
[INFO] [stderr]    Compiling ryu v1.0.5
[INFO] [stderr]    Compiling syn v0.15.44
[INFO] [stderr]    Compiling tower-service v0.3.0
[INFO] [stderr]    Compiling ppv-lite86 v0.2.8
[INFO] [stderr]    Compiling encoding_rs v0.8.23
[INFO] [stderr]    Compiling serde_json v1.0.56
[INFO] [stderr]    Compiling mime v0.3.16
[INFO] [stderr]    Compiling proc-macro-hack v0.5.16
[INFO] [stderr]    Compiling dtoa v0.4.6
[INFO] [stderr]    Compiling match_cfg v0.1.0
[INFO] [stderr]    Compiling base64 v0.12.3
[INFO] [stderr]    Compiling ipnet v2.3.0
[INFO] [stderr]    Compiling tracing-core v0.1.11
[INFO] [stderr]    Compiling futures-channel v0.3.5
[INFO] [stderr]    Compiling foreign-types v0.3.2
[INFO] [stderr]    Compiling futures-task v0.3.5
[INFO] [stderr]    Compiling unicode-bidi v0.3.4
[INFO] [stderr]    Compiling http v0.2.1
[INFO] [stderr]    Compiling unicase v2.6.0
[INFO] [stderr]    Compiling hashbrown v0.8.1
[INFO] [stderr]    Compiling indexmap v1.5.0
[INFO] [stderr]    Compiling num-traits v0.2.12
[INFO] [stderr]    Compiling crossbeam-utils v0.7.2
[INFO] [stderr]    Compiling num-integer v0.1.43
[INFO] [stderr]    Compiling unicode-normalization v0.1.13
[INFO] [stderr]    Compiling tracing v0.1.17
[INFO] [stderr]    Compiling want v0.3.0
[INFO] [stderr]    Compiling quote v1.0.7
[INFO] [stderr]    Compiling iovec v0.1.4
[INFO] [stderr]    Compiling net2 v0.2.34
[INFO] [stderr]    Compiling num_cpus v1.13.0
[INFO] [stderr]    Compiling time v0.1.43
[INFO] [stderr]    Compiling socket2 v0.3.12
[INFO] [stderr]    Compiling hostname v0.3.1
[INFO] [stderr]    Compiling quote v0.6.13
[INFO] [stderr]    Compiling idna v0.2.0
[INFO] [stderr]    Compiling openssl-sys v0.9.58
[INFO] [stderr]    Compiling paste-impl v0.1.18
[INFO] [stderr]    Compiling mio v0.6.22
[INFO] [stderr]    Compiling rand_core v0.5.1
[INFO] [stderr]    Compiling mime_guess v2.0.3
[INFO] [stderr]    Compiling url v2.1.1
[INFO] [stderr]    Compiling rand_chacha v0.2.2
[INFO] [stderr]    Compiling crossbeam-channel v0.4.3
[INFO] [stderr]    Compiling rand v0.7.3
[INFO] [stderr]    Compiling tokio v0.2.22
[INFO] [stderr]    Compiling chrono v0.4.13
[INFO] [stderr]    Compiling http-body v0.3.1
[INFO] [stderr]    Compiling paste v0.1.18
[INFO] [stderr]    Compiling uuid v0.8.1
[INFO] [stderr]    Compiling sm_macro v0.9.0
[INFO] [stderr]    Compiling tokio-util v0.3.1
[INFO] [stderr]    Compiling tokio-tls v0.3.1
[INFO] [stderr]    Compiling sm v0.9.0
[INFO] [stderr]    Compiling pin-project v0.4.22
[INFO] [stderr]    Compiling futures-util v0.3.5
[INFO] [stderr]    Compiling h2 v0.2.6
[INFO] [stderr]    Compiling serde_urlencoded v0.6.1
[INFO] [stderr]    Compiling hyper v0.13.7
[INFO] [stderr]    Compiling hyper-tls v0.4.3
[INFO] [stderr]    Compiling reqwest v0.10.7
[INFO] [stderr]    Compiling appinsights v0.1.5 (/opt/rustwide/workdir)
[INFO] [stderr]     Finished dev [unoptimized + debuginfo] target(s) in 1m 55s
[INFO] running `Command { std: "docker" "inspect" "ae026e8bf98e30d9710b2943d9b73a0891a40d24395ddf3e829cf4ae67e37b68", kill_on_drop: false }`
[INFO] running `Command { std: "docker" "rm" "-f" "ae026e8bf98e30d9710b2943d9b73a0891a40d24395ddf3e829cf4ae67e37b68", kill_on_drop: false }`
[INFO] [stdout] ae026e8bf98e30d9710b2943d9b73a0891a40d24395ddf3e829cf4ae67e37b68
[INFO] running `Command { std: "docker" "create" "-v" "/var/lib/crater-agent-workspace/builds/worker-1/target:/opt/rustwide/target:rw,Z" "-v" "/var/lib/crater-agent-workspace/builds/worker-1/source:/opt/rustwide/workdir:ro,Z" "-v" "/var/lib/crater-agent-workspace/cargo-home:/opt/rustwide/cargo-home:ro,Z" "-v" "/var/lib/crater-agent-workspace/rustup-home:/opt/rustwide/rustup-home:ro,Z" "-e" "SOURCE_DIR=/opt/rustwide/workdir" "-e" "CARGO_TARGET_DIR=/opt/rustwide/target" "-e" "CARGO_INCREMENTAL=0" "-e" "RUST_BACKTRACE=full" "-e" "RUSTFLAGS=--cap-lints=warn" "-e" "CARGO_HOME=/opt/rustwide/cargo-home" "-e" "RUSTUP_HOME=/opt/rustwide/rustup-home" "-w" "/opt/rustwide/workdir" "-m" "1610612736" "--user" "0:0" "--network" "none" "ghcr.io/rust-lang/crates-build-env/linux@sha256:34b6a614d2c27851fe6cbf88fbd1137609cefab8b10d0615aaeb6fd47975d74e" "/opt/rustwide/cargo-home/bin/cargo" "+beta-2021-08-01" "test" "--frozen" "--no-run" "--message-format=json", kill_on_drop: false }`
[INFO] [stdout] 2dec77b30783921b73c467fb09887e19ada5df7cf0f1cbee59a8c0089bf92fe4
[INFO] [stderr] WARNING: Your kernel does not support swap limit capabilities or the cgroup is not mounted. Memory limited without swap.
[INFO] running `Command { std: "docker" "start" "-a" "2dec77b30783921b73c467fb09887e19ada5df7cf0f1cbee59a8c0089bf92fe4", kill_on_drop: false }`
[INFO] [stderr]    Compiling regex-syntax v0.6.18
[INFO] [stderr]    Compiling quick-error v1.2.3
[INFO] [stderr]    Compiling termcolor v1.1.0
[INFO] [stderr]    Compiling difference v2.0.0
[INFO] [stderr]    Compiling proc-macro-error-attr v1.0.3
[INFO] [stderr]    Compiling proc-macro-error v1.0.3
[INFO] [stderr]    Compiling thread_local v1.0.1
[INFO] [stderr]    Compiling test-case v1.0.0
[INFO] [stderr]    Compiling aho-corasick v0.7.13
[INFO] [stderr]    Compiling atty v0.2.14
[INFO] [stderr]    Compiling syn-mid v0.5.0
[INFO] [stderr]    Compiling futures v0.3.5
[INFO] [stderr]    Compiling humantime v1.3.0
[INFO] [stderr]    Compiling extend v0.1.2
[INFO] [stderr]    Compiling regex v1.3.9
[INFO] [stderr]    Compiling assert-json-diff v1.1.0
[INFO] [stderr]    Compiling env_logger v0.7.1
[INFO] [stderr]    Compiling mockito v0.26.0
[INFO] [stderr]    Compiling appinsights v0.1.5 (/opt/rustwide/workdir)
[INFO] [stdout] warning: function is never used: `reset`
[INFO] [stdout]   --> src/time.rs:38:12
[INFO] [stdout]    |
[INFO] [stdout] 38 |     pub fn reset() {
[INFO] [stdout]    |            ^^^^^
[INFO] [stdout]    |
[INFO] [stdout]    = note: `#[warn(dead_code)]` on by default
[INFO] [stdout] 
[INFO] [stdout] 
[INFO] [stdout] warning: function is never used: `reset`
[INFO] [stdout]   --> src/uuid.rs:39:12
[INFO] [stdout]    |
[INFO] [stdout] 39 |     pub fn reset() {
[INFO] [stdout]    |            ^^^^^
[INFO] [stdout] 
[INFO] [stdout] 
[INFO] [stdout] warning: 2 warnings emitted
[INFO] [stdout] 
[INFO] [stdout] 
[INFO] [stderr]     Finished test [unoptimized + debuginfo] target(s) in 47.80s
[INFO] running `Command { std: "docker" "inspect" "2dec77b30783921b73c467fb09887e19ada5df7cf0f1cbee59a8c0089bf92fe4", kill_on_drop: false }`
[INFO] running `Command { std: "docker" "rm" "-f" "2dec77b30783921b73c467fb09887e19ada5df7cf0f1cbee59a8c0089bf92fe4", kill_on_drop: false }`
[INFO] [stdout] 2dec77b30783921b73c467fb09887e19ada5df7cf0f1cbee59a8c0089bf92fe4
[INFO] running `Command { std: "docker" "create" "-v" "/var/lib/crater-agent-workspace/builds/worker-1/target:/opt/rustwide/target:rw,Z" "-v" "/var/lib/crater-agent-workspace/builds/worker-1/source:/opt/rustwide/workdir:ro,Z" "-v" "/var/lib/crater-agent-workspace/cargo-home:/opt/rustwide/cargo-home:ro,Z" "-v" "/var/lib/crater-agent-workspace/rustup-home:/opt/rustwide/rustup-home:ro,Z" "-e" "SOURCE_DIR=/opt/rustwide/workdir" "-e" "CARGO_TARGET_DIR=/opt/rustwide/target" "-e" "CARGO_INCREMENTAL=0" "-e" "RUST_BACKTRACE=full" "-e" "RUSTFLAGS=--cap-lints=warn" "-e" "CARGO_HOME=/opt/rustwide/cargo-home" "-e" "RUSTUP_HOME=/opt/rustwide/rustup-home" "-w" "/opt/rustwide/workdir" "-m" "1610612736" "--user" "0:0" "--network" "none" "ghcr.io/rust-lang/crates-build-env/linux@sha256:34b6a614d2c27851fe6cbf88fbd1137609cefab8b10d0615aaeb6fd47975d74e" "/opt/rustwide/cargo-home/bin/cargo" "+beta-2021-08-01" "test" "--frozen", kill_on_drop: false }`
[INFO] [stdout] c362f3985b497bae563534ea8dff9bc42b81122585f7a8394045a85a783fb142
[INFO] [stderr] WARNING: Your kernel does not support swap limit capabilities or the cgroup is not mounted. Memory limited without swap.
[INFO] running `Command { std: "docker" "start" "-a" "c362f3985b497bae563534ea8dff9bc42b81122585f7a8394045a85a783fb142", kill_on_drop: false }`
[INFO] [stderr]     Blocking waiting for file lock on package cache
[INFO] [stderr]     Blocking waiting for file lock on package cache
[INFO] [stderr] warning: function is never used: `reset`
[INFO] [stderr]   --> src/time.rs:38:12
[INFO] [stderr]    |
[INFO] [stderr] 38 |     pub fn reset() {
[INFO] [stderr]    |            ^^^^^
[INFO] [stderr]    |
[INFO] [stderr]    = note: `#[warn(dead_code)]` on by default
[INFO] [stderr] 
[INFO] [stderr] warning: function is never used: `reset`
[INFO] [stderr]   --> src/uuid.rs:39:12
[INFO] [stderr]    |
[INFO] [stderr] 39 |     pub fn reset() {
[INFO] [stderr]    |            ^^^^^
[INFO] [stderr] 
[INFO] [stderr] warning: `appinsights` (lib test) generated 2 warnings
[INFO] [stderr]     Finished test [unoptimized + debuginfo] target(s) in 0.92s
[INFO] [stdout] 
[INFO] [stderr]      Running unittests (/opt/rustwide/target/debug/deps/appinsights-d218c78df9f9e3ac)
[INFO] [stdout] running 74 tests
[INFO] [stdout] test config::tests::it_creates_config_with_default_values ... ok
[INFO] [stdout] test config::tests::it_builds_config_with_custom_parameters ... ok
[INFO] [stdout] test context::tests::it_updates_common_properties ... ok
[INFO] [stdout] test contracts::severity_level::tests::it_json_serializes_valid_constants ... ok
[INFO] [stdout] test telemetry::availability::tests::it_overrides_properties_from_context ... ok
[INFO] [stdout] test telemetry::availability::tests::it_overrides_tags_from_context ... ok
[INFO] [stdout] test telemetry::event::tests::it_overrides_properties_from_context ... ok
[INFO] [stdout] test telemetry::event::tests::it_overrides_tags_from_context ... ok
[INFO] [stdout] test telemetry::metric::aggregation::tests::it_overrides_properties_from_context ... ok
[INFO] [stdout] test telemetry::metric::aggregation::tests::it_overrides_tags_from_context ... ok
[INFO] [stdout] test telemetry::metric::aggregation::tests::it_updates_properties ... ok
[INFO] [stdout] test telemetry::metric::aggregation::tests::it_updates_stats ... ok
[INFO] [stdout] test telemetry::metric::aggregation::tests::it_updates_tags ... ok
[INFO] [stdout] test telemetry::metric::measurement::tests::it_overrides_properties_from_context ... ok
[INFO] [stdout] test telemetry::metric::measurement::tests::it_overrides_tags_from_context ... ok
[INFO] [stdout] test telemetry::metric::stats::tests::it_calculates_sampled_stats::for_empty_collection ... ok
[INFO] [stdout] test telemetry::metric::stats::tests::it_calculates_sampled_stats::for_single_non_zero_value ... ok
[INFO] [stdout] test telemetry::metric::stats::tests::it_calculates_sampled_stats::for_several_values ... ok
[INFO] [stdout] test telemetry::metric::stats::tests::it_calculates_sampled_stats::for_single_zero_value ... ok
[INFO] [stdout] test telemetry::metric::stats::tests::it_calculates_sampled_stats::for_two_equal_non_zero_values ... ok
[INFO] [stdout] test telemetry::metric::stats::tests::it_calculates_sampled_stats::for_two_non_equal_non_zero_values ... ok
[INFO] [stdout] test telemetry::metric::stats::tests::it_calculates_stats::for_empty_collection ... ok
[INFO] [stdout] test telemetry::metric::stats::tests::it_calculates_stats::for_several_values ... ok
[INFO] [stdout] test telemetry::metric::stats::tests::it_calculates_stats::for_single_non_zero_value ... ok
[INFO] [stdout] test telemetry::metric::stats::tests::it_calculates_stats::for_single_zero_value ... ok
[INFO] [stdout] test telemetry::metric::stats::tests::it_calculates_stats::for_two_equal_non_zero_values ... ok
[INFO] [stdout] test telemetry::metric::stats::tests::it_calculates_stats::for_two_non_equal_non_zero_values ... ok
[INFO] [stdout] test context::tests::it_creates_a_context_with_default_values ... ok
[INFO] [stdout] test telemetry::page_view::tests::it_overrides_properties_from_context ... ok
[INFO] [stdout] test telemetry::page_view::tests::it_overrides_tags_from_context ... ok
[INFO] [stdout] test telemetry::remote_dependency::tests::it_overrides_tags_from_context ... ok
[INFO] [stdout] test telemetry::remote_dependency::tests::it_overrides_properties_from_context ... ok
[INFO] [stdout] test client::tests::it_swallows_telemetry_when_disabled ... ok
[INFO] [stdout] test telemetry::remote_dependency::tests::it_uses_specified_id ... ok
[INFO] [stdout] test telemetry::request::tests::it_overrides_tags_from_context ... ok
[INFO] [stdout] test client::tests::it_submits_telemetry ... ok
[INFO] [stdout] test telemetry::request::tests::it_overrides_properties_from_context ... ok
[INFO] [stdout] test telemetry::tags::tests::it_updates_example_tags ... ok
[INFO] [stdout] test time::tests::it_converts_duration_to_string::custom ... ok
[INFO] [stdout] test telemetry::trace::tests::it_overrides_properties_from_context ... ok
[INFO] [stdout] test telemetry::trace::tests::it_overrides_tags_from_context ... ok
[INFO] [stdout] test telemetry::request::tests::it_uses_specified_id ... ok
[INFO] [stdout] test telemetry::tags::tests::it_updates_example_tags_even_when_example_shared ... ok
[INFO] [stdout] test time::tests::it_converts_duration_to_string::tick ... ok
[INFO] [stdout] test time::tests::it_converts_duration_to_string::minute ... ok
[INFO] [stdout] test time::tests::it_converts_duration_to_string::millisecond ... ok
[INFO] [stdout] test time::tests::it_converts_duration_to_string::second ... ok
[INFO] [stdout] test time::tests::it_converts_duration_to_string::hour ... ok
[INFO] [stdout] test client::tests::it_disables_telemetry ... ok
[INFO] [stdout] test client::tests::it_enabled_by_default ... ok
[INFO] [stdout] test client::tests::it_creates_client_with_default_tags ... ok
[INFO] [stdout] test transmitter::tests::it_sends_telemetry_and_handles_server_response::bad_request_no_retry ... ok
[INFO] [stdout] test transmitter::tests::it_sends_telemetry_and_handles_server_response::partial_everything_accepted ... ok
[INFO] [stdout] test transmitter::tests::it_sends_telemetry_and_handles_server_response::partial_resend_everything ... ok
[INFO] [stdout] test transmitter::tests::it_sends_telemetry_and_handles_server_response::partial_nothing_to_resend ... ok
[INFO] [stdout] test transmitter::tests::it_sends_telemetry_and_handles_server_response::server_error_resend_everything ... ok
[INFO] [stdout] test transmitter::tests::it_sends_telemetry_and_handles_server_response::server_error_resend_some_items ... ok
[INFO] [stdout] test transmitter::tests::it_sends_telemetry_and_handles_server_response::partial_resend_some_items ... ok
[INFO] [stdout] test transmitter::tests::it_sends_telemetry_and_handles_server_response::service_unavailable_resend_everything ... ok
[INFO] [stdout] test transmitter::tests::it_sends_telemetry_and_handles_server_response::success ... ok
[INFO] [stdout] test transmitter::tests::it_sends_telemetry_and_handles_server_response::timeout_resend_everything ... ok
[INFO] [stdout] test transmitter::tests::it_sends_telemetry_and_handles_server_response::timeout_resend_some_items ... ok
[INFO] [stdout] test transmitter::tests::it_sends_telemetry_and_handles_server_response::timeout_throttled ... ok
[INFO] [stdout] test transmitter::tests::it_sends_telemetry_and_handles_server_response::too_many_requests_no_retry_after_resend_everything ... ok
[INFO] [stdout] test transmitter::tests::it_sends_telemetry_and_handles_server_response::too_many_requests_retry_after_throttled ... ok
[INFO] [stdout] test transmitter::tests::it_sends_telemetry_and_handles_server_response::unauthorized_no_retry ... ok
[INFO] [stdout] test client::integration_tests::it_retries_when_partial_content ... FAILED
[INFO] [stdout] test client::integration_tests::it_does_not_resend_submitted_telemetry_items ... ok
[INFO] [stdout] test client::integration_tests::it_does_not_send_any_pending_telemetry_items_when_drop_client ... ok
[INFO] [stdout] test client::integration_tests::it_sends_one_telemetry_item ... ok
[INFO] [stdout] test client::integration_tests::it_retries_when_previous_submission_failed ... ok
[INFO] [stdout] test client::integration_tests::it_flushes_all_pending_telemetry_items ... ok
[INFO] [stdout] test client::integration_tests::it_sends_telemetry_items_in_several_batches ... ok
[INFO] [stdout] test client::integration_tests::it_tries_to_send_pending_telemetry_items_when_close_channel_requested ... ok
[INFO] [stdout] 
[INFO] [stdout] failures:
[INFO] [stdout] 
[INFO] [stdout] ---- client::integration_tests::it_retries_when_partial_content stdout ----
[INFO] [stdout] thread 'client::integration_tests::it_retries_when_partial_content' panicked at 'assertion failed: `(left == right)`
[INFO] [stdout]   left: `0`,
[INFO] [stdout]  right: `1`', src/client/integration_tests.rs:312:9
[INFO] [stdout] stack backtrace:
[INFO] [stdout]    0:     0x558aa159f620 - std::backtrace_rs::backtrace::libunwind::trace::hff4d1766e93f64f1
[INFO] [stdout]                                at /rustc/53fd98ca776cb875bc9e5514f56b52eb74f9e7a9/library/std/src/../../backtrace/src/backtrace/libunwind.rs:90:5
[INFO] [stdout]    1:     0x558aa159f620 - std::backtrace_rs::backtrace::trace_unsynchronized::h56bbc8eb78770bcb
[INFO] [stdout]                                at /rustc/53fd98ca776cb875bc9e5514f56b52eb74f9e7a9/library/std/src/../../backtrace/src/backtrace/mod.rs:66:5
[INFO] [stdout]    2:     0x558aa159f620 - std::sys_common::backtrace::_print_fmt::h5c8e75464faca780
[INFO] [stdout]                                at /rustc/53fd98ca776cb875bc9e5514f56b52eb74f9e7a9/library/std/src/sys_common/backtrace.rs:67:5
[INFO] [stdout]    3:     0x558aa159f620 - <std::sys_common::backtrace::_print::DisplayBacktrace as core::fmt::Display>::fmt::h48b88277def8b362
[INFO] [stdout]                                at /rustc/53fd98ca776cb875bc9e5514f56b52eb74f9e7a9/library/std/src/sys_common/backtrace.rs:46:22
[INFO] [stdout]    4:     0x558aa15c3fcc - core::fmt::write::h3381b3176fe2b3d3
[INFO] [stdout]                                at /rustc/53fd98ca776cb875bc9e5514f56b52eb74f9e7a9/library/core/src/fmt/mod.rs:1115:17
[INFO] [stdout]    5:     0x558aa1598765 - std::io::Write::write_fmt::h5f34a676f60246b5
[INFO] [stdout]                                at /rustc/53fd98ca776cb875bc9e5514f56b52eb74f9e7a9/library/std/src/io/mod.rs:1665:15
[INFO] [stdout]    6:     0x558aa15a197b - std::sys_common::backtrace::_print::ha537687d6c17dd0d
[INFO] [stdout]                                at /rustc/53fd98ca776cb875bc9e5514f56b52eb74f9e7a9/library/std/src/sys_common/backtrace.rs:49:5
[INFO] [stdout]    7:     0x558aa15a197b - std::sys_common::backtrace::print::h61376ae57d131d72
[INFO] [stdout]                                at /rustc/53fd98ca776cb875bc9e5514f56b52eb74f9e7a9/library/std/src/sys_common/backtrace.rs:36:9
[INFO] [stdout]    8:     0x558aa15a197b - std::panicking::default_hook::{{closure}}::h0f7208c0b9644a54
[INFO] [stdout]                                at /rustc/53fd98ca776cb875bc9e5514f56b52eb74f9e7a9/library/std/src/panicking.rs:208:50
[INFO] [stdout]    9:     0x558aa15a148c - std::panicking::default_hook::hdac7fc06578c14ce
[INFO] [stdout]                                at /rustc/53fd98ca776cb875bc9e5514f56b52eb74f9e7a9/library/std/src/panicking.rs:222:9
[INFO] [stdout]   10:     0x558aa15a2044 - std::panicking::rust_panic_with_hook::h72b21c283da3d1ef
[INFO] [stdout]                                at /rustc/53fd98ca776cb875bc9e5514f56b52eb74f9e7a9/library/std/src/panicking.rs:622:17
[INFO] [stdout]   11:     0x558aa15a1b27 - std::panicking::begin_panic_handler::{{closure}}::he5778f1729cff84a
[INFO] [stdout]                                at /rustc/53fd98ca776cb875bc9e5514f56b52eb74f9e7a9/library/std/src/panicking.rs:519:13
[INFO] [stdout]   12:     0x558aa159fafc - std::sys_common::backtrace::__rust_end_short_backtrace::h2d11ca8b453b4b1d
[INFO] [stdout]                                at /rustc/53fd98ca776cb875bc9e5514f56b52eb74f9e7a9/library/std/src/sys_common/backtrace.rs:141:18
[INFO] [stdout]   13:     0x558aa15a1a89 - rust_begin_unwind
[INFO] [stdout]                                at /rustc/53fd98ca776cb875bc9e5514f56b52eb74f9e7a9/library/std/src/panicking.rs:515:5
[INFO] [stdout]   14:     0x558aa0bffaa1 - core::panicking::panic_fmt::hf9de31d4acbce4db
[INFO] [stdout]                                at /rustc/53fd98ca776cb875bc9e5514f56b52eb74f9e7a9/library/core/src/panicking.rs:92:14
[INFO] [stdout]   15:     0x558aa15c2058 - core::panicking::assert_failed_inner::h62e8cb2847a6e7ec
[INFO] [stdout]   16:     0x558aa129bf8a - core::panicking::assert_failed::hdad92e64110b6fa1
[INFO] [stdout]                                at /rustc/53fd98ca776cb875bc9e5514f56b52eb74f9e7a9/library/core/src/panicking.rs:117:5
[INFO] [stdout]   17:     0x558aa0c695ab - appinsights::client::integration_tests::it_retries_when_partial_content::{{closure}}::h9247685050041a30
[INFO] [stdout]                                at /opt/rustwide/workdir/src/client/integration_tests.rs:312:9
[INFO] [stdout]   18:     0x558aa0cb499c - std::panicking::try::do_call::hede318547f853d3e
[INFO] [stdout]                                at /rustc/53fd98ca776cb875bc9e5514f56b52eb74f9e7a9/library/std/src/panicking.rs:401:40
[INFO] [stdout]   19:     0x558aa0cd0fed - __rust_try
[INFO] [stdout]   20:     0x558aa0cb3761 - std::panicking::try::h23d0b6576b5ea529
[INFO] [stdout]                                at /rustc/53fd98ca776cb875bc9e5514f56b52eb74f9e7a9/library/std/src/panicking.rs:365:19
[INFO] [stdout]   21:     0x558aa0c5c989 - std::panic::catch_unwind::h56b1116204a88d43
[INFO] [stdout]                                at /rustc/53fd98ca776cb875bc9e5514f56b52eb74f9e7a9/library/std/src/panic.rs:434:14
[INFO] [stdout]   22:     0x558aa0c6766e - appinsights::client::integration_tests::it_retries_when_partial_content::h89b9a40d347b44d9
[INFO] [stdout]                                at /opt/rustwide/workdir/src/client/integration_tests.rs:36:31
[INFO] [stdout]   23:     0x558aa0c675fa - appinsights::client::integration_tests::it_retries_when_partial_content::{{closure}}::h2ad741e0b9fd1cee
[INFO] [stdout]                                at /opt/rustwide/workdir/src/client/integration_tests.rs:31:9
[INFO] [stdout]   24:     0x558aa0d73efe - core::ops::function::FnOnce::call_once::h7c7f196381e4e0ab
[INFO] [stdout]                                at /rustc/53fd98ca776cb875bc9e5514f56b52eb74f9e7a9/library/core/src/ops/function.rs:227:5
[INFO] [stdout]   25:     0x558aa0deb723 - core::ops::function::FnOnce::call_once::hbb52c4519d3137b0
[INFO] [stdout]                                at /rustc/53fd98ca776cb875bc9e5514f56b52eb74f9e7a9/library/core/src/ops/function.rs:227:5
[INFO] [stdout]   26:     0x558aa0deb723 - test::__rust_begin_short_backtrace::h86fe3a2a5a5121af
[INFO] [stdout]                                at /rustc/53fd98ca776cb875bc9e5514f56b52eb74f9e7a9/library/test/src/lib.rs:578:5
[INFO] [stdout]   27:     0x558aa0dea1d8 - <alloc::boxed::Box<F,A> as core::ops::function::FnOnce<Args>>::call_once::hfd956bc3d57399be
[INFO] [stdout]                                at /rustc/53fd98ca776cb875bc9e5514f56b52eb74f9e7a9/library/alloc/src/boxed.rs:1572:9
[INFO] [stdout]   28:     0x558aa0dea1d8 - <std::panic::AssertUnwindSafe<F> as core::ops::function::FnOnce<()>>::call_once::h40dc93e0ddb5938a
[INFO] [stdout]                                at /rustc/53fd98ca776cb875bc9e5514f56b52eb74f9e7a9/library/std/src/panic.rs:347:9
[INFO] [stdout]   29:     0x558aa0dea1d8 - std::panicking::try::do_call::h90d07750cb47c562
[INFO] [stdout]                                at /rustc/53fd98ca776cb875bc9e5514f56b52eb74f9e7a9/library/std/src/panicking.rs:401:40
[INFO] [stdout]   30:     0x558aa0dea1d8 - std::panicking::try::h063c84733ad2a629
[INFO] [stdout]                                at /rustc/53fd98ca776cb875bc9e5514f56b52eb74f9e7a9/library/std/src/panicking.rs:365:19
[INFO] [stdout]   31:     0x558aa0dea1d8 - std::panic::catch_unwind::h0c464836a84e7c08
[INFO] [stdout]                                at /rustc/53fd98ca776cb875bc9e5514f56b52eb74f9e7a9/library/std/src/panic.rs:434:14
[INFO] [stdout]   32:     0x558aa0dea1d8 - test::run_test_in_process::h5cb06ef620b157fc
[INFO] [stdout]                                at /rustc/53fd98ca776cb875bc9e5514f56b52eb74f9e7a9/library/test/src/lib.rs:601:18
[INFO] [stdout]   33:     0x558aa0dea1d8 - test::run_test::run_test_inner::{{closure}}::h76f677f4b93f9828
[INFO] [stdout]                                at /rustc/53fd98ca776cb875bc9e5514f56b52eb74f9e7a9/library/test/src/lib.rs:493:39
[INFO] [stdout]   34:     0x558aa0db896d - test::run_test::run_test_inner::{{closure}}::h366d01fe04f4d67a
[INFO] [stdout]                                at /rustc/53fd98ca776cb875bc9e5514f56b52eb74f9e7a9/library/test/src/lib.rs:520:37
[INFO] [stdout]   35:     0x558aa0db896d - std::sys_common::backtrace::__rust_begin_short_backtrace::h7dfa0de4eb395af2
[INFO] [stdout]                                at /rustc/53fd98ca776cb875bc9e5514f56b52eb74f9e7a9/library/std/src/sys_common/backtrace.rs:125:18
[INFO] [stdout]   36:     0x558aa0dbd138 - std::thread::Builder::spawn_unchecked::{{closure}}::{{closure}}::hf0a74bb58798037f
[INFO] [stdout]                                at /rustc/53fd98ca776cb875bc9e5514f56b52eb74f9e7a9/library/std/src/thread/mod.rs:476:17
[INFO] [stdout]   37:     0x558aa0dbd138 - <std::panic::AssertUnwindSafe<F> as core::ops::function::FnOnce<()>>::call_once::hb024e854818586ac
[INFO] [stdout]                                at /rustc/53fd98ca776cb875bc9e5514f56b52eb74f9e7a9/library/std/src/panic.rs:347:9
[INFO] [stdout]   38:     0x558aa0dbd138 - std::panicking::try::do_call::hb2dd9f1d0d48e41d
[INFO] [stdout]                                at /rustc/53fd98ca776cb875bc9e5514f56b52eb74f9e7a9/library/std/src/panicking.rs:401:40
[INFO] [stdout]   39:     0x558aa0dbd138 - std::panicking::try::h4717ae7bac8b2bf3
[INFO] [stdout]                                at /rustc/53fd98ca776cb875bc9e5514f56b52eb74f9e7a9/library/std/src/panicking.rs:365:19
[INFO] [stdout]   40:     0x558aa0dbd138 - std::panic::catch_unwind::h0dc8a061326ce8d8
[INFO] [stdout]                                at /rustc/53fd98ca776cb875bc9e5514f56b52eb74f9e7a9/library/std/src/panic.rs:434:14
[INFO] [stdout]   41:     0x558aa0dbd138 - std::thread::Builder::spawn_unchecked::{{closure}}::haa369e2d6fd00aa1
[INFO] [stdout]                                at /rustc/53fd98ca776cb875bc9e5514f56b52eb74f9e7a9/library/std/src/thread/mod.rs:475:30
[INFO] [stdout]   42:     0x558aa0dbd138 - core::ops::function::FnOnce::call_once{{vtable.shim}}::h36dcf3de8b056f17
[INFO] [stdout]                                at /rustc/53fd98ca776cb875bc9e5514f56b52eb74f9e7a9/library/core/src/ops/function.rs:227:5
[INFO] [stdout]   43:     0x558aa15a76f7 - <alloc::boxed::Box<F,A> as core::ops::function::FnOnce<Args>>::call_once::h65c29e4642be2358
[INFO] [stdout]                                at /rustc/53fd98ca776cb875bc9e5514f56b52eb74f9e7a9/library/alloc/src/boxed.rs:1572:9
[INFO] [stdout]   44:     0x558aa15a76f7 - <alloc::boxed::Box<F,A> as core::ops::function::FnOnce<Args>>::call_once::hd0f8f7fbbd9fffbf
[INFO] [stdout]                                at /rustc/53fd98ca776cb875bc9e5514f56b52eb74f9e7a9/library/alloc/src/boxed.rs:1572:9
[INFO] [stdout]   45:     0x558aa15a76f7 - std::sys::unix::thread::Thread::new::thread_start::h2fd22fee3ca77b65
[INFO] [stdout]                                at /rustc/53fd98ca776cb875bc9e5514f56b52eb74f9e7a9/library/std/src/sys/unix/thread.rs:74:17
[INFO] [stdout]   46:     0x7fc71089d609 - start_thread
[INFO] [stdout]   47:     0x7fc710673293 - clone
[INFO] [stdout]   48:                0x0 - <unknown>
[INFO] [stdout] 
[INFO] [stdout] 
[INFO] [stdout] failures:
[INFO] [stdout]     client::integration_tests::it_retries_when_partial_content
[INFO] [stdout] 
[INFO] [stdout] test result: FAILED. 73 passed; 1 failed; 0 ignored; 0 measured; 0 filtered out; finished in 3.99s
[INFO] [stdout] 
[INFO] [stderr] error: test failed, to rerun pass '--lib'
[INFO] running `Command { std: "docker" "inspect" "c362f3985b497bae563534ea8dff9bc42b81122585f7a8394045a85a783fb142", kill_on_drop: false }`
[INFO] running `Command { std: "docker" "rm" "-f" "c362f3985b497bae563534ea8dff9bc42b81122585f7a8394045a85a783fb142", kill_on_drop: false }`
[INFO] [stdout] c362f3985b497bae563534ea8dff9bc42b81122585f7a8394045a85a783fb142
