[INFO] fetching crate ansi-hex-color 0.1.1...
[INFO] testing ansi-hex-color-0.1.1 against 1.54.0 for beta-1.55-1
[INFO] extracting crate ansi-hex-color 0.1.1 into /workspace/builds/worker-4/source
[INFO] validating manifest of crates.io crate ansi-hex-color 0.1.1 on toolchain 1.54.0
[INFO] running `Command { std: "/workspace/cargo-home/bin/cargo" "+1.54.0" "metadata" "--manifest-path" "Cargo.toml" "--no-deps", kill_on_drop: false }`
[INFO] started tweaking crates.io crate ansi-hex-color 0.1.1
[INFO] finished tweaking crates.io crate ansi-hex-color 0.1.1
[INFO] tweaked toml for crates.io crate ansi-hex-color 0.1.1 written to /workspace/builds/worker-4/source/Cargo.toml
[INFO] crate crates.io crate ansi-hex-color 0.1.1 already has a lockfile, it will not be regenerated
[INFO] running `Command { std: "/workspace/cargo-home/bin/cargo" "+1.54.0" "fetch" "--manifest-path" "Cargo.toml", kill_on_drop: false }`
[INFO] running `Command { std: "docker" "create" "-v" "/var/lib/crater-agent-workspace/builds/worker-4/target:/opt/rustwide/target:rw,Z" "-v" "/var/lib/crater-agent-workspace/builds/worker-4/source:/opt/rustwide/workdir:ro,Z" "-v" "/var/lib/crater-agent-workspace/cargo-home:/opt/rustwide/cargo-home:ro,Z" "-v" "/var/lib/crater-agent-workspace/rustup-home:/opt/rustwide/rustup-home:ro,Z" "-e" "SOURCE_DIR=/opt/rustwide/workdir" "-e" "CARGO_TARGET_DIR=/opt/rustwide/target" "-e" "CARGO_HOME=/opt/rustwide/cargo-home" "-e" "RUSTUP_HOME=/opt/rustwide/rustup-home" "-w" "/opt/rustwide/workdir" "-m" "1610612736" "--user" "0:0" "--network" "none" "ghcr.io/rust-lang/crates-build-env/linux@sha256:34b6a614d2c27851fe6cbf88fbd1137609cefab8b10d0615aaeb6fd47975d74e" "/opt/rustwide/cargo-home/bin/cargo" "+1.54.0" "metadata" "--no-deps" "--format-version=1", kill_on_drop: false }`
[INFO] [stdout] 3d142b63ff5b644dfb4e1a3e90d990039f4ef771ab203458c40b438737227f7f
[INFO] [stderr] WARNING: Your kernel does not support swap limit capabilities or the cgroup is not mounted. Memory limited without swap.
[INFO] running `Command { std: "docker" "start" "-a" "3d142b63ff5b644dfb4e1a3e90d990039f4ef771ab203458c40b438737227f7f", kill_on_drop: false }`
[INFO] running `Command { std: "docker" "inspect" "3d142b63ff5b644dfb4e1a3e90d990039f4ef771ab203458c40b438737227f7f", kill_on_drop: false }`
[INFO] running `Command { std: "docker" "rm" "-f" "3d142b63ff5b644dfb4e1a3e90d990039f4ef771ab203458c40b438737227f7f", kill_on_drop: false }`
[INFO] [stdout] 3d142b63ff5b644dfb4e1a3e90d990039f4ef771ab203458c40b438737227f7f
[INFO] running `Command { std: "docker" "create" "-v" "/var/lib/crater-agent-workspace/builds/worker-4/target:/opt/rustwide/target:rw,Z" "-v" "/var/lib/crater-agent-workspace/builds/worker-4/source:/opt/rustwide/workdir:ro,Z" "-v" "/var/lib/crater-agent-workspace/cargo-home:/opt/rustwide/cargo-home:ro,Z" "-v" "/var/lib/crater-agent-workspace/rustup-home:/opt/rustwide/rustup-home:ro,Z" "-e" "SOURCE_DIR=/opt/rustwide/workdir" "-e" "CARGO_TARGET_DIR=/opt/rustwide/target" "-e" "CARGO_INCREMENTAL=0" "-e" "RUST_BACKTRACE=full" "-e" "RUSTFLAGS=--cap-lints=warn" "-e" "CARGO_HOME=/opt/rustwide/cargo-home" "-e" "RUSTUP_HOME=/opt/rustwide/rustup-home" "-w" "/opt/rustwide/workdir" "-m" "1610612736" "--user" "0:0" "--network" "none" "ghcr.io/rust-lang/crates-build-env/linux@sha256:34b6a614d2c27851fe6cbf88fbd1137609cefab8b10d0615aaeb6fd47975d74e" "/opt/rustwide/cargo-home/bin/cargo" "+1.54.0" "build" "--frozen" "--message-format=json", kill_on_drop: false }`
[INFO] [stdout] 8c1029689cdf28d3246f3e7a2bbfa75a60fdfda788507e9fa6eae73bbeceae45
[INFO] [stderr] WARNING: Your kernel does not support swap limit capabilities or the cgroup is not mounted. Memory limited without swap.
[INFO] running `Command { std: "docker" "start" "-a" "8c1029689cdf28d3246f3e7a2bbfa75a60fdfda788507e9fa6eae73bbeceae45", kill_on_drop: false }`
[INFO] [stderr]    Compiling libc v0.2.94
[INFO] [stderr]    Compiling rayon-core v1.9.0
[INFO] [stderr]    Compiling cc v1.0.67
[INFO] [stderr]    Compiling memchr v2.3.4
[INFO] [stderr]    Compiling bitflags v0.7.0
[INFO] [stderr]    Compiling color_quant v1.1.0
[INFO] [stderr]    Compiling lzw v0.10.0
[INFO] [stderr]    Compiling byteorder v0.5.3
[INFO] [stderr]    Compiling inflate v0.1.1
[INFO] [stderr]    Compiling glob v0.2.11
[INFO] [stderr]    Compiling regex-syntax v0.6.23
[INFO] [stderr]    Compiling crossbeam-utils v0.8.3
[INFO] [stderr]    Compiling memoffset v0.6.3
[INFO] [stderr]    Compiling num-integer v0.1.44
[INFO] [stderr]    Compiling rayon v1.5.0
[INFO] [stderr]    Compiling num-traits v0.1.43
[INFO] [stderr]    Compiling enum_primitive v0.1.1
[INFO] [stderr]    Compiling gif v0.9.2
[INFO] [stderr]    Compiling aho-corasick v0.7.15
[INFO] [stderr]    Compiling num-iter v0.1.42
[INFO] [stderr]    Compiling miniz-sys v0.1.12
[INFO] [stderr]    Compiling num_cpus v1.13.0
[INFO] [stderr]    Compiling rand v0.4.6
[INFO] [stderr]    Compiling crossbeam-epoch v0.9.3
[INFO] [stderr]    Compiling crossbeam-channel v0.5.1
[INFO] [stderr]    Compiling crossbeam-deque v0.8.0
[INFO] [stderr]    Compiling num-bigint v0.1.44
[INFO] [stderr]    Compiling flate2 v0.2.20
[INFO] [stderr]    Compiling png v0.5.2
[INFO] [stderr]    Compiling num-rational v0.1.42
[INFO] [stderr]    Compiling regex v1.4.6
[INFO] [stderr]    Compiling jpeg-decoder v0.1.22
[INFO] [stderr]    Compiling image v0.10.4
[INFO] [stderr]    Compiling raster v0.2.0
[INFO] [stderr]    Compiling ansi-hex-color v0.1.1 (/opt/rustwide/workdir)
[INFO] [stderr]     Finished dev [unoptimized + debuginfo] target(s) in 39.70s
[INFO] running `Command { std: "docker" "inspect" "8c1029689cdf28d3246f3e7a2bbfa75a60fdfda788507e9fa6eae73bbeceae45", kill_on_drop: false }`
[INFO] running `Command { std: "docker" "rm" "-f" "8c1029689cdf28d3246f3e7a2bbfa75a60fdfda788507e9fa6eae73bbeceae45", kill_on_drop: false }`
[INFO] [stdout] 8c1029689cdf28d3246f3e7a2bbfa75a60fdfda788507e9fa6eae73bbeceae45
[INFO] running `Command { std: "docker" "create" "-v" "/var/lib/crater-agent-workspace/builds/worker-4/target:/opt/rustwide/target:rw,Z" "-v" "/var/lib/crater-agent-workspace/builds/worker-4/source:/opt/rustwide/workdir:ro,Z" "-v" "/var/lib/crater-agent-workspace/cargo-home:/opt/rustwide/cargo-home:ro,Z" "-v" "/var/lib/crater-agent-workspace/rustup-home:/opt/rustwide/rustup-home:ro,Z" "-e" "SOURCE_DIR=/opt/rustwide/workdir" "-e" "CARGO_TARGET_DIR=/opt/rustwide/target" "-e" "CARGO_INCREMENTAL=0" "-e" "RUST_BACKTRACE=full" "-e" "RUSTFLAGS=--cap-lints=warn" "-e" "CARGO_HOME=/opt/rustwide/cargo-home" "-e" "RUSTUP_HOME=/opt/rustwide/rustup-home" "-w" "/opt/rustwide/workdir" "-m" "1610612736" "--user" "0:0" "--network" "none" "ghcr.io/rust-lang/crates-build-env/linux@sha256:34b6a614d2c27851fe6cbf88fbd1137609cefab8b10d0615aaeb6fd47975d74e" "/opt/rustwide/cargo-home/bin/cargo" "+1.54.0" "test" "--frozen" "--no-run" "--message-format=json", kill_on_drop: false }`
[INFO] [stdout] 6484b7703e90f7f3470f6d8e0ef2ea8b6d11d7bf719d444c867a3b10bbaae696
[INFO] [stderr] WARNING: Your kernel does not support swap limit capabilities or the cgroup is not mounted. Memory limited without swap.
[INFO] running `Command { std: "docker" "start" "-a" "6484b7703e90f7f3470f6d8e0ef2ea8b6d11d7bf719d444c867a3b10bbaae696", kill_on_drop: false }`
[INFO] [stderr]    Compiling ansi-hex-color v0.1.1 (/opt/rustwide/workdir)
[INFO] [stderr]     Finished test [unoptimized + debuginfo] target(s) in 2.33s
[INFO] running `Command { std: "docker" "inspect" "6484b7703e90f7f3470f6d8e0ef2ea8b6d11d7bf719d444c867a3b10bbaae696", kill_on_drop: false }`
[INFO] running `Command { std: "docker" "rm" "-f" "6484b7703e90f7f3470f6d8e0ef2ea8b6d11d7bf719d444c867a3b10bbaae696", kill_on_drop: false }`
[INFO] [stdout] 6484b7703e90f7f3470f6d8e0ef2ea8b6d11d7bf719d444c867a3b10bbaae696
[INFO] running `Command { std: "docker" "create" "-v" "/var/lib/crater-agent-workspace/builds/worker-4/target:/opt/rustwide/target:rw,Z" "-v" "/var/lib/crater-agent-workspace/builds/worker-4/source:/opt/rustwide/workdir:ro,Z" "-v" "/var/lib/crater-agent-workspace/cargo-home:/opt/rustwide/cargo-home:ro,Z" "-v" "/var/lib/crater-agent-workspace/rustup-home:/opt/rustwide/rustup-home:ro,Z" "-e" "SOURCE_DIR=/opt/rustwide/workdir" "-e" "CARGO_TARGET_DIR=/opt/rustwide/target" "-e" "CARGO_INCREMENTAL=0" "-e" "RUST_BACKTRACE=full" "-e" "RUSTFLAGS=--cap-lints=warn" "-e" "CARGO_HOME=/opt/rustwide/cargo-home" "-e" "RUSTUP_HOME=/opt/rustwide/rustup-home" "-w" "/opt/rustwide/workdir" "-m" "1610612736" "--user" "0:0" "--network" "none" "ghcr.io/rust-lang/crates-build-env/linux@sha256:34b6a614d2c27851fe6cbf88fbd1137609cefab8b10d0615aaeb6fd47975d74e" "/opt/rustwide/cargo-home/bin/cargo" "+1.54.0" "test" "--frozen", kill_on_drop: false }`
[INFO] [stdout] f1f62d0fa8ff833a87c5f609aef62d6ab811304098d0b70ee68f2eb3286274ef
[INFO] [stderr] WARNING: Your kernel does not support swap limit capabilities or the cgroup is not mounted. Memory limited without swap.
[INFO] running `Command { std: "docker" "start" "-a" "f1f62d0fa8ff833a87c5f609aef62d6ab811304098d0b70ee68f2eb3286274ef", kill_on_drop: false }`
[INFO] [stderr]     Finished test [unoptimized + debuginfo] target(s) in 0.04s
[INFO] [stderr]      Running unittests (/opt/rustwide/target/debug/deps/ansi_hex_color-b514fd8ec9a8ef06)
[INFO] [stdout] 
[INFO] [stderr]    Doc-tests ansi_hex_color
[INFO] [stdout] running 1 test
[INFO] [stdout] test tests::it_works ... ok
[INFO] [stdout] 
[INFO] [stdout] test result: ok. 1 passed; 0 failed; 0 ignored; 0 measured; 0 filtered out; finished in 0.00s
[INFO] [stdout] 
[INFO] [stdout] 
[INFO] [stdout] running 1 test
[INFO] [stdout] test src/lib.rs - (line 5) ... FAILED
[INFO] [stdout] 
[INFO] [stdout] failures:
[INFO] [stdout] 
[INFO] [stdout] ---- src/lib.rs - (line 5) stdout ----
[INFO] [stdout] error[E0254]: the name `ansi_hex_color` is defined multiple times
[INFO] [stdout]  --> src/lib.rs:6:5
[INFO] [stdout]   |
[INFO] [stdout] 2 | extern crate r#ansi_hex_color;
[INFO] [stdout]   | ------------------------------ previous import of the extern crate `ansi_hex_color` here
[INFO] [stdout] 3 | use ansi_hex_color;
[INFO] [stdout]   |     ^^^^^^^^^^^^^^ `ansi_hex_color` reimported here
[INFO] [stdout]   |
[INFO] [stdout]   = note: `ansi_hex_color` must be defined only once in the type namespace of this module
[INFO] [stdout] 
[INFO] [stdout] error: aborting due to previous error
[INFO] [stdout] 
[INFO] [stdout] For more information about this error, try `rustc --explain E0254`.
[INFO] [stdout] Couldn't compile the test.
[INFO] [stdout] 
[INFO] [stdout] failures:
[INFO] [stdout]     src/lib.rs - (line 5)
[INFO] [stdout] 
[INFO] [stdout] test result: FAILED. 0 passed; 1 failed; 0 ignored; 0 measured; 0 filtered out; finished in 0.12s
[INFO] [stdout] 
[INFO] [stderr] error: test failed, to rerun pass '--doc'
[INFO] running `Command { std: "docker" "inspect" "f1f62d0fa8ff833a87c5f609aef62d6ab811304098d0b70ee68f2eb3286274ef", kill_on_drop: false }`
[INFO] running `Command { std: "docker" "rm" "-f" "f1f62d0fa8ff833a87c5f609aef62d6ab811304098d0b70ee68f2eb3286274ef", kill_on_drop: false }`
[INFO] [stdout] f1f62d0fa8ff833a87c5f609aef62d6ab811304098d0b70ee68f2eb3286274ef
