[INFO] fetching crate anchor-experiment 0.0.0...
[INFO] testing anchor-experiment-0.0.0 against beta-2021-08-01 for beta-1.55-1
[INFO] extracting crate anchor-experiment 0.0.0 into /workspace/builds/worker-1/source
[INFO] validating manifest of crates.io crate anchor-experiment 0.0.0 on toolchain beta-2021-08-01
[INFO] running `Command { std: "/workspace/cargo-home/bin/cargo" "+beta-2021-08-01" "metadata" "--manifest-path" "Cargo.toml" "--no-deps", kill_on_drop: false }`
[INFO] started tweaking crates.io crate anchor-experiment 0.0.0
[INFO] finished tweaking crates.io crate anchor-experiment 0.0.0
[INFO] tweaked toml for crates.io crate anchor-experiment 0.0.0 written to /workspace/builds/worker-1/source/Cargo.toml
[INFO] running `Command { std: "/workspace/cargo-home/bin/cargo" "+beta-2021-08-01" "generate-lockfile" "--manifest-path" "Cargo.toml" "-Zno-index-update", kill_on_drop: false }`
[INFO] [stderr]     Blocking waiting for file lock on package cache
[INFO] running `Command { std: "/workspace/cargo-home/bin/cargo" "+beta-2021-08-01" "fetch" "--manifest-path" "Cargo.toml", kill_on_drop: false }`
[INFO] running `Command { std: "docker" "create" "-v" "/var/lib/crater-agent-workspace/builds/worker-1/target:/opt/rustwide/target:rw,Z" "-v" "/var/lib/crater-agent-workspace/builds/worker-1/source:/opt/rustwide/workdir:ro,Z" "-v" "/var/lib/crater-agent-workspace/cargo-home:/opt/rustwide/cargo-home:ro,Z" "-v" "/var/lib/crater-agent-workspace/rustup-home:/opt/rustwide/rustup-home:ro,Z" "-e" "SOURCE_DIR=/opt/rustwide/workdir" "-e" "CARGO_TARGET_DIR=/opt/rustwide/target" "-e" "CARGO_HOME=/opt/rustwide/cargo-home" "-e" "RUSTUP_HOME=/opt/rustwide/rustup-home" "-w" "/opt/rustwide/workdir" "-m" "1610612736" "--user" "0:0" "--network" "none" "ghcr.io/rust-lang/crates-build-env/linux@sha256:34b6a614d2c27851fe6cbf88fbd1137609cefab8b10d0615aaeb6fd47975d74e" "/opt/rustwide/cargo-home/bin/cargo" "+beta-2021-08-01" "metadata" "--no-deps" "--format-version=1", kill_on_drop: false }`
[INFO] [stdout] bcbdc0da17a564d8c8fffb37f3f38ba5d1b7ebb51329bbdaa7474c2f3b32352a
[INFO] [stderr] WARNING: Your kernel does not support swap limit capabilities or the cgroup is not mounted. Memory limited without swap.
[INFO] running `Command { std: "docker" "start" "-a" "bcbdc0da17a564d8c8fffb37f3f38ba5d1b7ebb51329bbdaa7474c2f3b32352a", kill_on_drop: false }`
[INFO] running `Command { std: "docker" "inspect" "bcbdc0da17a564d8c8fffb37f3f38ba5d1b7ebb51329bbdaa7474c2f3b32352a", kill_on_drop: false }`
[INFO] running `Command { std: "docker" "rm" "-f" "bcbdc0da17a564d8c8fffb37f3f38ba5d1b7ebb51329bbdaa7474c2f3b32352a", kill_on_drop: false }`
[INFO] [stdout] bcbdc0da17a564d8c8fffb37f3f38ba5d1b7ebb51329bbdaa7474c2f3b32352a
[INFO] running `Command { std: "docker" "create" "-v" "/var/lib/crater-agent-workspace/builds/worker-1/target:/opt/rustwide/target:rw,Z" "-v" "/var/lib/crater-agent-workspace/builds/worker-1/source:/opt/rustwide/workdir:ro,Z" "-v" "/var/lib/crater-agent-workspace/cargo-home:/opt/rustwide/cargo-home:ro,Z" "-v" "/var/lib/crater-agent-workspace/rustup-home:/opt/rustwide/rustup-home:ro,Z" "-e" "SOURCE_DIR=/opt/rustwide/workdir" "-e" "CARGO_TARGET_DIR=/opt/rustwide/target" "-e" "CARGO_INCREMENTAL=0" "-e" "RUST_BACKTRACE=full" "-e" "RUSTFLAGS=--cap-lints=warn" "-e" "CARGO_HOME=/opt/rustwide/cargo-home" "-e" "RUSTUP_HOME=/opt/rustwide/rustup-home" "-w" "/opt/rustwide/workdir" "-m" "1610612736" "--user" "0:0" "--network" "none" "ghcr.io/rust-lang/crates-build-env/linux@sha256:34b6a614d2c27851fe6cbf88fbd1137609cefab8b10d0615aaeb6fd47975d74e" "/opt/rustwide/cargo-home/bin/cargo" "+beta-2021-08-01" "build" "--frozen" "--message-format=json", kill_on_drop: false }`
[INFO] [stdout] 36062dcdd2048e615b98c0d350ed26dfb96f9c0919ba9a8a4231646da83e7453
[INFO] [stderr] WARNING: Your kernel does not support swap limit capabilities or the cgroup is not mounted. Memory limited without swap.
[INFO] running `Command { std: "docker" "start" "-a" "36062dcdd2048e615b98c0d350ed26dfb96f9c0919ba9a8a4231646da83e7453", kill_on_drop: false }`
[INFO] [stderr]    Compiling anchor-experiment v0.0.0 (/opt/rustwide/workdir)
[INFO] [stderr]     Finished dev [unoptimized + debuginfo] target(s) in 1.05s
[INFO] running `Command { std: "docker" "inspect" "36062dcdd2048e615b98c0d350ed26dfb96f9c0919ba9a8a4231646da83e7453", kill_on_drop: false }`
[INFO] running `Command { std: "docker" "rm" "-f" "36062dcdd2048e615b98c0d350ed26dfb96f9c0919ba9a8a4231646da83e7453", kill_on_drop: false }`
[INFO] [stdout] 36062dcdd2048e615b98c0d350ed26dfb96f9c0919ba9a8a4231646da83e7453
[INFO] running `Command { std: "docker" "create" "-v" "/var/lib/crater-agent-workspace/builds/worker-1/target:/opt/rustwide/target:rw,Z" "-v" "/var/lib/crater-agent-workspace/builds/worker-1/source:/opt/rustwide/workdir:ro,Z" "-v" "/var/lib/crater-agent-workspace/cargo-home:/opt/rustwide/cargo-home:ro,Z" "-v" "/var/lib/crater-agent-workspace/rustup-home:/opt/rustwide/rustup-home:ro,Z" "-e" "SOURCE_DIR=/opt/rustwide/workdir" "-e" "CARGO_TARGET_DIR=/opt/rustwide/target" "-e" "CARGO_INCREMENTAL=0" "-e" "RUST_BACKTRACE=full" "-e" "RUSTFLAGS=--cap-lints=warn" "-e" "CARGO_HOME=/opt/rustwide/cargo-home" "-e" "RUSTUP_HOME=/opt/rustwide/rustup-home" "-w" "/opt/rustwide/workdir" "-m" "1610612736" "--user" "0:0" "--network" "none" "ghcr.io/rust-lang/crates-build-env/linux@sha256:34b6a614d2c27851fe6cbf88fbd1137609cefab8b10d0615aaeb6fd47975d74e" "/opt/rustwide/cargo-home/bin/cargo" "+beta-2021-08-01" "test" "--frozen" "--no-run" "--message-format=json", kill_on_drop: false }`
[INFO] [stdout] 33ad1498be49cbc904df6cf6efe1316d0e3aa95f0fba28d59e59d4d39099dd73
[INFO] [stderr] WARNING: Your kernel does not support swap limit capabilities or the cgroup is not mounted. Memory limited without swap.
[INFO] running `Command { std: "docker" "start" "-a" "33ad1498be49cbc904df6cf6efe1316d0e3aa95f0fba28d59e59d4d39099dd73", kill_on_drop: false }`
[INFO] [stderr]    Compiling anchor-experiment v0.0.0 (/opt/rustwide/workdir)
[INFO] [stderr]     Finished test [unoptimized + debuginfo] target(s) in 0.78s
[INFO] running `Command { std: "docker" "inspect" "33ad1498be49cbc904df6cf6efe1316d0e3aa95f0fba28d59e59d4d39099dd73", kill_on_drop: false }`
[INFO] running `Command { std: "docker" "rm" "-f" "33ad1498be49cbc904df6cf6efe1316d0e3aa95f0fba28d59e59d4d39099dd73", kill_on_drop: false }`
[INFO] [stdout] 33ad1498be49cbc904df6cf6efe1316d0e3aa95f0fba28d59e59d4d39099dd73
[INFO] running `Command { std: "docker" "create" "-v" "/var/lib/crater-agent-workspace/builds/worker-1/target:/opt/rustwide/target:rw,Z" "-v" "/var/lib/crater-agent-workspace/builds/worker-1/source:/opt/rustwide/workdir:ro,Z" "-v" "/var/lib/crater-agent-workspace/cargo-home:/opt/rustwide/cargo-home:ro,Z" "-v" "/var/lib/crater-agent-workspace/rustup-home:/opt/rustwide/rustup-home:ro,Z" "-e" "SOURCE_DIR=/opt/rustwide/workdir" "-e" "CARGO_TARGET_DIR=/opt/rustwide/target" "-e" "CARGO_INCREMENTAL=0" "-e" "RUST_BACKTRACE=full" "-e" "RUSTFLAGS=--cap-lints=warn" "-e" "CARGO_HOME=/opt/rustwide/cargo-home" "-e" "RUSTUP_HOME=/opt/rustwide/rustup-home" "-w" "/opt/rustwide/workdir" "-m" "1610612736" "--user" "0:0" "--network" "none" "ghcr.io/rust-lang/crates-build-env/linux@sha256:34b6a614d2c27851fe6cbf88fbd1137609cefab8b10d0615aaeb6fd47975d74e" "/opt/rustwide/cargo-home/bin/cargo" "+beta-2021-08-01" "test" "--frozen", kill_on_drop: false }`
[INFO] [stderr] WARNING: Your kernel does not support swap limit capabilities or the cgroup is not mounted. Memory limited without swap.
[INFO] [stdout] 7df0e1fe97e5274b7150ceefec2baaa291bbb47db9b237bf5ecf7bd2e21755bf
[INFO] running `Command { std: "docker" "start" "-a" "7df0e1fe97e5274b7150ceefec2baaa291bbb47db9b237bf5ecf7bd2e21755bf", kill_on_drop: false }`
[INFO] [stderr]     Finished test [unoptimized + debuginfo] target(s) in 0.01s
[INFO] [stderr]      Running unittests (/opt/rustwide/target/debug/deps/anchor_experiment-919101513e6a08b7)
[INFO] [stdout] 
[INFO] [stdout] running 0 tests
[INFO] [stdout] 
[INFO] [stdout] test result: ok. 0 passed; 0 failed; 0 ignored; 0 measured; 0 filtered out; finished in 0.00s
[INFO] [stdout] 
[INFO] [stderr]    Doc-tests anchor-experiment
[INFO] [stdout] 
[INFO] [stdout] running 2 tests
[INFO] [stdout] test src/mem.rs - mem::Anchor<&'a mut T>::pinned (line 91) ... FAILED
[INFO] [stdout] test src/mem.rs - mem::Anchor<&'a T>::pinned (line 104) ... FAILED
[INFO] [stdout] 
[INFO] [stdout] failures:
[INFO] [stdout] 
[INFO] [stdout] ---- src/mem.rs - mem::Anchor<&'a mut T>::pinned (line 91) stdout ----
[INFO] [stdout] error[E0433]: failed to resolve: use of undeclared type `Anchor`
[INFO] [stdout]  --> src/mem.rs:92:1
[INFO] [stdout]   |
[INFO] [stdout] 3 | Anchor::pinned(&mut pin(0));
[INFO] [stdout]   | ^^^^^^ use of undeclared type `Anchor`
[INFO] [stdout] 
[INFO] [stdout] error[E0425]: cannot find function `pin` in this scope
[INFO] [stdout]  --> src/mem.rs:92:21
[INFO] [stdout]   |
[INFO] [stdout] 3 | Anchor::pinned(&mut pin(0));
[INFO] [stdout]   |                     ^^^ not found in this scope
[INFO] [stdout] 
[INFO] [stdout] error: aborting due to 2 previous errors
[INFO] [stdout] 
[INFO] [stdout] Some errors have detailed explanations: E0425, E0433.
[INFO] [stdout] For more information about an error, try `rustc --explain E0425`.
[INFO] [stdout] Couldn't compile the test.
[INFO] [stdout] ---- src/mem.rs - mem::Anchor<&'a T>::pinned (line 104) stdout ----
[INFO] [stdout] error[E0433]: failed to resolve: use of undeclared type `Anchor`
[INFO] [stdout]  --> src/mem.rs:105:1
[INFO] [stdout]   |
[INFO] [stdout] 3 | Anchor::pinned(&pin(0));
[INFO] [stdout]   | ^^^^^^ use of undeclared type `Anchor`
[INFO] [stdout] 
[INFO] [stdout] error[E0425]: cannot find function `pin` in this scope
[INFO] [stdout]  --> src/mem.rs:105:17
[INFO] [stdout]   |
[INFO] [stdout] 3 | Anchor::pinned(&pin(0));
[INFO] [stdout]   |                 ^^^ not found in this scope
[INFO] [stdout] 
[INFO] [stdout] error: aborting due to 2 previous errors
[INFO] [stdout] 
[INFO] [stdout] Some errors have detailed explanations: E0425, E0433.
[INFO] [stdout] For more information about an error, try `rustc --explain E0425`.
[INFO] [stdout] Couldn't compile the test.
[INFO] [stdout] 
[INFO] [stdout] failures:
[INFO] [stdout]     src/mem.rs - mem::Anchor<&'a T>::pinned (line 104)
[INFO] [stdout]     src/mem.rs - mem::Anchor<&'a mut T>::pinned (line 91)
[INFO] [stdout] 
[INFO] [stdout] test result: FAILED. 0 passed; 2 failed; 0 ignored; 0 measured; 0 filtered out; finished in 0.21s
[INFO] [stdout] 
[INFO] [stderr] error: test failed, to rerun pass '--doc'
[INFO] running `Command { std: "docker" "inspect" "7df0e1fe97e5274b7150ceefec2baaa291bbb47db9b237bf5ecf7bd2e21755bf", kill_on_drop: false }`
[INFO] running `Command { std: "docker" "rm" "-f" "7df0e1fe97e5274b7150ceefec2baaa291bbb47db9b237bf5ecf7bd2e21755bf", kill_on_drop: false }`
[INFO] [stdout] 7df0e1fe97e5274b7150ceefec2baaa291bbb47db9b237bf5ecf7bd2e21755bf
