[INFO] fetching crate analog-multiplexer 1.0.2...
[INFO] testing analog-multiplexer-1.0.2 against 1.54.0 for beta-1.55-1
[INFO] extracting crate analog-multiplexer 1.0.2 into /workspace/builds/worker-10/source
[INFO] validating manifest of crates.io crate analog-multiplexer 1.0.2 on toolchain 1.54.0
[INFO] running `Command { std: "/workspace/cargo-home/bin/cargo" "+1.54.0" "metadata" "--manifest-path" "Cargo.toml" "--no-deps", kill_on_drop: false }`
[INFO] started tweaking crates.io crate analog-multiplexer 1.0.2
[INFO] finished tweaking crates.io crate analog-multiplexer 1.0.2
[INFO] tweaked toml for crates.io crate analog-multiplexer 1.0.2 written to /workspace/builds/worker-10/source/Cargo.toml
[INFO] running `Command { std: "/workspace/cargo-home/bin/cargo" "+1.54.0" "generate-lockfile" "--manifest-path" "Cargo.toml" "-Zno-index-update", kill_on_drop: false }`
[INFO] running `Command { std: "/workspace/cargo-home/bin/cargo" "+1.54.0" "fetch" "--manifest-path" "Cargo.toml", kill_on_drop: false }`
[INFO] running `Command { std: "docker" "create" "-v" "/var/lib/crater-agent-workspace/builds/worker-10/target:/opt/rustwide/target:rw,Z" "-v" "/var/lib/crater-agent-workspace/builds/worker-10/source:/opt/rustwide/workdir:ro,Z" "-v" "/var/lib/crater-agent-workspace/cargo-home:/opt/rustwide/cargo-home:ro,Z" "-v" "/var/lib/crater-agent-workspace/rustup-home:/opt/rustwide/rustup-home:ro,Z" "-e" "SOURCE_DIR=/opt/rustwide/workdir" "-e" "CARGO_TARGET_DIR=/opt/rustwide/target" "-e" "CARGO_HOME=/opt/rustwide/cargo-home" "-e" "RUSTUP_HOME=/opt/rustwide/rustup-home" "-w" "/opt/rustwide/workdir" "-m" "1610612736" "--user" "0:0" "--network" "none" "ghcr.io/rust-lang/crates-build-env/linux@sha256:34b6a614d2c27851fe6cbf88fbd1137609cefab8b10d0615aaeb6fd47975d74e" "/opt/rustwide/cargo-home/bin/cargo" "+1.54.0" "metadata" "--no-deps" "--format-version=1", kill_on_drop: false }`
[INFO] [stdout] cf439717041ba3d64310c2158992914a1780d5f82ef01af9cee6d79ecfaa9b49
[INFO] [stderr] WARNING: Your kernel does not support swap limit capabilities or the cgroup is not mounted. Memory limited without swap.
[INFO] running `Command { std: "docker" "start" "-a" "cf439717041ba3d64310c2158992914a1780d5f82ef01af9cee6d79ecfaa9b49", kill_on_drop: false }`
[INFO] running `Command { std: "docker" "inspect" "cf439717041ba3d64310c2158992914a1780d5f82ef01af9cee6d79ecfaa9b49", kill_on_drop: false }`
[INFO] running `Command { std: "docker" "rm" "-f" "cf439717041ba3d64310c2158992914a1780d5f82ef01af9cee6d79ecfaa9b49", kill_on_drop: false }`
[INFO] [stdout] cf439717041ba3d64310c2158992914a1780d5f82ef01af9cee6d79ecfaa9b49
[INFO] running `Command { std: "docker" "create" "-v" "/var/lib/crater-agent-workspace/builds/worker-10/target:/opt/rustwide/target:rw,Z" "-v" "/var/lib/crater-agent-workspace/builds/worker-10/source:/opt/rustwide/workdir:ro,Z" "-v" "/var/lib/crater-agent-workspace/cargo-home:/opt/rustwide/cargo-home:ro,Z" "-v" "/var/lib/crater-agent-workspace/rustup-home:/opt/rustwide/rustup-home:ro,Z" "-e" "SOURCE_DIR=/opt/rustwide/workdir" "-e" "CARGO_TARGET_DIR=/opt/rustwide/target" "-e" "CARGO_INCREMENTAL=0" "-e" "RUST_BACKTRACE=full" "-e" "RUSTFLAGS=--cap-lints=warn" "-e" "CARGO_HOME=/opt/rustwide/cargo-home" "-e" "RUSTUP_HOME=/opt/rustwide/rustup-home" "-w" "/opt/rustwide/workdir" "-m" "1610612736" "--user" "0:0" "--network" "none" "ghcr.io/rust-lang/crates-build-env/linux@sha256:34b6a614d2c27851fe6cbf88fbd1137609cefab8b10d0615aaeb6fd47975d74e" "/opt/rustwide/cargo-home/bin/cargo" "+1.54.0" "build" "--frozen" "--message-format=json", kill_on_drop: false }`
[INFO] [stderr] WARNING: Your kernel does not support swap limit capabilities or the cgroup is not mounted. Memory limited without swap.
[INFO] [stdout] 1c86b1af0baf4718e083d4888f8a98ba64119e770d4f9ca3fa29c2c06ca13b73
[INFO] running `Command { std: "docker" "start" "-a" "1c86b1af0baf4718e083d4888f8a98ba64119e770d4f9ca3fa29c2c06ca13b73", kill_on_drop: false }`
[INFO] [stderr]    Compiling nb v1.0.0
[INFO] [stderr]    Compiling void v1.0.2
[INFO] [stderr]    Compiling nb v0.1.3
[INFO] [stderr]    Compiling embedded-hal v0.2.6
[INFO] [stderr]    Compiling analog-multiplexer v1.0.2 (/opt/rustwide/workdir)
[INFO] [stderr]     Finished dev [unoptimized + debuginfo] target(s) in 1.65s
[INFO] running `Command { std: "docker" "inspect" "1c86b1af0baf4718e083d4888f8a98ba64119e770d4f9ca3fa29c2c06ca13b73", kill_on_drop: false }`
[INFO] running `Command { std: "docker" "rm" "-f" "1c86b1af0baf4718e083d4888f8a98ba64119e770d4f9ca3fa29c2c06ca13b73", kill_on_drop: false }`
[INFO] [stdout] 1c86b1af0baf4718e083d4888f8a98ba64119e770d4f9ca3fa29c2c06ca13b73
[INFO] running `Command { std: "docker" "create" "-v" "/var/lib/crater-agent-workspace/builds/worker-10/target:/opt/rustwide/target:rw,Z" "-v" "/var/lib/crater-agent-workspace/builds/worker-10/source:/opt/rustwide/workdir:ro,Z" "-v" "/var/lib/crater-agent-workspace/cargo-home:/opt/rustwide/cargo-home:ro,Z" "-v" "/var/lib/crater-agent-workspace/rustup-home:/opt/rustwide/rustup-home:ro,Z" "-e" "SOURCE_DIR=/opt/rustwide/workdir" "-e" "CARGO_TARGET_DIR=/opt/rustwide/target" "-e" "CARGO_INCREMENTAL=0" "-e" "RUST_BACKTRACE=full" "-e" "RUSTFLAGS=--cap-lints=warn" "-e" "CARGO_HOME=/opt/rustwide/cargo-home" "-e" "RUSTUP_HOME=/opt/rustwide/rustup-home" "-w" "/opt/rustwide/workdir" "-m" "1610612736" "--user" "0:0" "--network" "none" "ghcr.io/rust-lang/crates-build-env/linux@sha256:34b6a614d2c27851fe6cbf88fbd1137609cefab8b10d0615aaeb6fd47975d74e" "/opt/rustwide/cargo-home/bin/cargo" "+1.54.0" "test" "--frozen" "--no-run" "--message-format=json", kill_on_drop: false }`
[INFO] [stdout] 42bf24df1dfc2f1842dec261407bafe94ce6fc64163c15d47cf0810b38376495
[INFO] [stderr] WARNING: Your kernel does not support swap limit capabilities or the cgroup is not mounted. Memory limited without swap.
[INFO] running `Command { std: "docker" "start" "-a" "42bf24df1dfc2f1842dec261407bafe94ce6fc64163c15d47cf0810b38376495", kill_on_drop: false }`
[INFO] [stderr]    Compiling analog-multiplexer v1.0.2 (/opt/rustwide/workdir)
[INFO] [stderr]     Finished test [unoptimized + debuginfo] target(s) in 0.83s
[INFO] running `Command { std: "docker" "inspect" "42bf24df1dfc2f1842dec261407bafe94ce6fc64163c15d47cf0810b38376495", kill_on_drop: false }`
[INFO] running `Command { std: "docker" "rm" "-f" "42bf24df1dfc2f1842dec261407bafe94ce6fc64163c15d47cf0810b38376495", kill_on_drop: false }`
[INFO] [stdout] 42bf24df1dfc2f1842dec261407bafe94ce6fc64163c15d47cf0810b38376495
[INFO] running `Command { std: "docker" "create" "-v" "/var/lib/crater-agent-workspace/builds/worker-10/target:/opt/rustwide/target:rw,Z" "-v" "/var/lib/crater-agent-workspace/builds/worker-10/source:/opt/rustwide/workdir:ro,Z" "-v" "/var/lib/crater-agent-workspace/cargo-home:/opt/rustwide/cargo-home:ro,Z" "-v" "/var/lib/crater-agent-workspace/rustup-home:/opt/rustwide/rustup-home:ro,Z" "-e" "SOURCE_DIR=/opt/rustwide/workdir" "-e" "CARGO_TARGET_DIR=/opt/rustwide/target" "-e" "CARGO_INCREMENTAL=0" "-e" "RUST_BACKTRACE=full" "-e" "RUSTFLAGS=--cap-lints=warn" "-e" "CARGO_HOME=/opt/rustwide/cargo-home" "-e" "RUSTUP_HOME=/opt/rustwide/rustup-home" "-w" "/opt/rustwide/workdir" "-m" "1610612736" "--user" "0:0" "--network" "none" "ghcr.io/rust-lang/crates-build-env/linux@sha256:34b6a614d2c27851fe6cbf88fbd1137609cefab8b10d0615aaeb6fd47975d74e" "/opt/rustwide/cargo-home/bin/cargo" "+1.54.0" "test" "--frozen", kill_on_drop: false }`
[INFO] [stdout] d18032f676a5facb55b57e95b27a042753895c878a42406b197afe10cf991a0f
[INFO] [stderr] WARNING: Your kernel does not support swap limit capabilities or the cgroup is not mounted. Memory limited without swap.
[INFO] running `Command { std: "docker" "start" "-a" "d18032f676a5facb55b57e95b27a042753895c878a42406b197afe10cf991a0f", kill_on_drop: false }`
[INFO] [stderr]     Finished test [unoptimized + debuginfo] target(s) in 0.02s
[INFO] [stderr]      Running unittests (/opt/rustwide/target/debug/deps/analog_multiplexer-d8573b850566f7bf)
[INFO] [stdout] 
[INFO] [stderr]    Doc-tests analog-multiplexer
[INFO] [stdout] running 0 tests
[INFO] [stdout] 
[INFO] [stdout] test result: ok. 0 passed; 0 failed; 0 ignored; 0 measured; 0 filtered out; finished in 0.00s
[INFO] [stdout] 
[INFO] [stdout] 
[INFO] [stdout] running 1 test
[INFO] [stdout] test src/lib.rs - (line 10) ... FAILED
[INFO] [stdout] 
[INFO] [stdout] failures:
[INFO] [stdout] 
[INFO] [stdout] ---- src/lib.rs - (line 10) stdout ----
[INFO] [stdout] error[E0433]: failed to resolve: use of undeclared crate or module `stm32f1xx_hal`
[INFO] [stdout]  --> src/lib.rs:14:5
[INFO] [stdout]   |
[INFO] [stdout] 6 | use stm32f1xx_hal::gpio::State;
[INFO] [stdout]   |     ^^^^^^^^^^^^^ use of undeclared crate or module `stm32f1xx_hal`
[INFO] [stdout] 
[INFO] [stdout] error[E0433]: failed to resolve: use of undeclared crate or module `stm32f1xx_hal`
[INFO] [stdout]  --> src/lib.rs:16:5
[INFO] [stdout]   |
[INFO] [stdout] 8 | use stm32f1xx_hal::gpio::gpiob::{PB0, PB5, PB12, PB13, PB14, PB15};
[INFO] [stdout]   |     ^^^^^^^^^^^^^ use of undeclared crate or module `stm32f1xx_hal`
[INFO] [stdout] 
[INFO] [stdout] error[E0432]: unresolved import `stm32f1xx_hal`
[INFO] [stdout]  --> src/lib.rs:17:5
[INFO] [stdout]   |
[INFO] [stdout] 9 | use stm32f1xx_hal::{adc}; // So we can read an analog pin (PB0)
[INFO] [stdout]   |     ^^^^^^^^^^^^^ use of undeclared crate or module `stm32f1xx_hal`
[INFO] [stdout] 
[INFO] [stdout] error[E0433]: failed to resolve: use of undeclared crate or module `pac`
[INFO] [stdout]   --> src/lib.rs:21:18
[INFO] [stdout]    |
[INFO] [stdout] 13 |     let device = pac::Peripherals::take().unwrap();
[INFO] [stdout]    |                  ^^^ use of undeclared crate or module `pac`
[INFO] [stdout] 
[INFO] [stdout] error[E0433]: failed to resolve: use of undeclared type `State`
[INFO] [stdout]   --> src/lib.rs:40:59
[INFO] [stdout]    |
[INFO] [stdout] 32 |         .into_push_pull_output_with_state(&mut gpiob.crh, State::Low);
[INFO] [stdout]    |                                                           ^^^^^ use of undeclared type `State`
[INFO] [stdout] 
[INFO] [stdout] error[E0433]: failed to resolve: use of undeclared type `State`
[INFO] [stdout]   --> src/lib.rs:43:59
[INFO] [stdout]    |
[INFO] [stdout] 35 |         .into_push_pull_output_with_state(&mut gpiob.crh, State::Low);
[INFO] [stdout]    |                                                           ^^^^^ use of undeclared type `State`
[INFO] [stdout] 
[INFO] [stdout] error[E0433]: failed to resolve: use of undeclared type `State`
[INFO] [stdout]   --> src/lib.rs:46:59
[INFO] [stdout]    |
[INFO] [stdout] 38 |         .into_push_pull_output_with_state(&mut gpiob.crh, State::Low);
[INFO] [stdout]    |                                                           ^^^^^ use of undeclared type `State`
[INFO] [stdout] 
[INFO] [stdout] error[E0433]: failed to resolve: use of undeclared type `State`
[INFO] [stdout]   --> src/lib.rs:49:59
[INFO] [stdout]    |
[INFO] [stdout] 41 |         .into_push_pull_output_with_state(&mut gpiob.crh, State::Low);
[INFO] [stdout]    |                                                           ^^^^^ use of undeclared type `State`
[INFO] [stdout] 
[INFO] [stdout] error[E0433]: failed to resolve: use of undeclared type `State`
[INFO] [stdout]   --> src/lib.rs:54:59
[INFO] [stdout]    |
[INFO] [stdout] 46 |         .into_push_pull_output_with_state(&mut gpiob.crl, State::Low);
[INFO] [stdout]    |                                                           ^^^^^ use of undeclared type `State`
[INFO] [stdout] 
[INFO] [stdout] error[E0599]: no method named `mhz` found for type `{integer}` in the current scope
[INFO] [stdout]   --> src/lib.rs:27:20
[INFO] [stdout]    |
[INFO] [stdout] 19 |         .use_hse(8.mhz())
[INFO] [stdout]    |                    ^^^ method not found in `{integer}`
[INFO] [stdout] 
[INFO] [stdout] error[E0599]: no method named `mhz` found for type `{integer}` in the current scope
[INFO] [stdout]   --> src/lib.rs:28:20
[INFO] [stdout]    |
[INFO] [stdout] 20 |         .sysclk(72.mhz())
[INFO] [stdout]    |                    ^^^ method not found in `{integer}`
[INFO] [stdout] 
[INFO] [stdout] error[E0599]: no method named `mhz` found for type `{integer}` in the current scope
[INFO] [stdout]   --> src/lib.rs:29:19
[INFO] [stdout]    |
[INFO] [stdout] 21 |         .pclk1(36.mhz())
[INFO] [stdout]    |                   ^^^ method not found in `{integer}`
[INFO] [stdout] 
[INFO] [stdout] error: aborting due to 12 previous errors
[INFO] [stdout] 
[INFO] [stdout] Some errors have detailed explanations: E0432, E0433, E0599.
[INFO] [stdout] For more information about an error, try `rustc --explain E0432`.
[INFO] [stdout] Couldn't compile the test.
[INFO] [stdout] 
[INFO] [stdout] failures:
[INFO] [stdout]     src/lib.rs - (line 10)
[INFO] [stdout] 
[INFO] [stdout] test result: FAILED. 0 passed; 1 failed; 0 ignored; 0 measured; 0 filtered out; finished in 0.23s
[INFO] [stdout] 
[INFO] [stderr] error: test failed, to rerun pass '--doc'
[INFO] running `Command { std: "docker" "inspect" "d18032f676a5facb55b57e95b27a042753895c878a42406b197afe10cf991a0f", kill_on_drop: false }`
[INFO] running `Command { std: "docker" "rm" "-f" "d18032f676a5facb55b57e95b27a042753895c878a42406b197afe10cf991a0f", kill_on_drop: false }`
[INFO] [stdout] d18032f676a5facb55b57e95b27a042753895c878a42406b197afe10cf991a0f
