[INFO] fetching crate amplify_derive 2.8.0...
[INFO] testing amplify_derive-2.8.0 against 1.54.0 for beta-1.55-1
[INFO] extracting crate amplify_derive 2.8.0 into /workspace/builds/worker-4/source
[INFO] validating manifest of crates.io crate amplify_derive 2.8.0 on toolchain 1.54.0
[INFO] running `Command { std: "/workspace/cargo-home/bin/cargo" "+1.54.0" "metadata" "--manifest-path" "Cargo.toml" "--no-deps", kill_on_drop: false }`
[INFO] started tweaking crates.io crate amplify_derive 2.8.0
[INFO] finished tweaking crates.io crate amplify_derive 2.8.0
[INFO] tweaked toml for crates.io crate amplify_derive 2.8.0 written to /workspace/builds/worker-4/source/Cargo.toml
[INFO] running `Command { std: "/workspace/cargo-home/bin/cargo" "+1.54.0" "generate-lockfile" "--manifest-path" "Cargo.toml" "-Zno-index-update", kill_on_drop: false }`
[INFO] running `Command { std: "/workspace/cargo-home/bin/cargo" "+1.54.0" "fetch" "--manifest-path" "Cargo.toml", kill_on_drop: false }`
[INFO] running `Command { std: "docker" "create" "-v" "/var/lib/crater-agent-workspace/builds/worker-4/target:/opt/rustwide/target:rw,Z" "-v" "/var/lib/crater-agent-workspace/builds/worker-4/source:/opt/rustwide/workdir:ro,Z" "-v" "/var/lib/crater-agent-workspace/cargo-home:/opt/rustwide/cargo-home:ro,Z" "-v" "/var/lib/crater-agent-workspace/rustup-home:/opt/rustwide/rustup-home:ro,Z" "-e" "SOURCE_DIR=/opt/rustwide/workdir" "-e" "CARGO_TARGET_DIR=/opt/rustwide/target" "-e" "CARGO_HOME=/opt/rustwide/cargo-home" "-e" "RUSTUP_HOME=/opt/rustwide/rustup-home" "-w" "/opt/rustwide/workdir" "-m" "1610612736" "--user" "0:0" "--network" "none" "ghcr.io/rust-lang/crates-build-env/linux@sha256:34b6a614d2c27851fe6cbf88fbd1137609cefab8b10d0615aaeb6fd47975d74e" "/opt/rustwide/cargo-home/bin/cargo" "+1.54.0" "metadata" "--no-deps" "--format-version=1", kill_on_drop: false }`
[INFO] [stderr] WARNING: Your kernel does not support swap limit capabilities or the cgroup is not mounted. Memory limited without swap.
[INFO] [stdout] 352d537e887355aabbfe93da050da7481782b700bbf0f8b6c27bdcfe88d4b3e6
[INFO] running `Command { std: "docker" "start" "-a" "352d537e887355aabbfe93da050da7481782b700bbf0f8b6c27bdcfe88d4b3e6", kill_on_drop: false }`
[INFO] running `Command { std: "docker" "inspect" "352d537e887355aabbfe93da050da7481782b700bbf0f8b6c27bdcfe88d4b3e6", kill_on_drop: false }`
[INFO] running `Command { std: "docker" "rm" "-f" "352d537e887355aabbfe93da050da7481782b700bbf0f8b6c27bdcfe88d4b3e6", kill_on_drop: false }`
[INFO] [stdout] 352d537e887355aabbfe93da050da7481782b700bbf0f8b6c27bdcfe88d4b3e6
[INFO] running `Command { std: "docker" "create" "-v" "/var/lib/crater-agent-workspace/builds/worker-4/target:/opt/rustwide/target:rw,Z" "-v" "/var/lib/crater-agent-workspace/builds/worker-4/source:/opt/rustwide/workdir:ro,Z" "-v" "/var/lib/crater-agent-workspace/cargo-home:/opt/rustwide/cargo-home:ro,Z" "-v" "/var/lib/crater-agent-workspace/rustup-home:/opt/rustwide/rustup-home:ro,Z" "-e" "SOURCE_DIR=/opt/rustwide/workdir" "-e" "CARGO_TARGET_DIR=/opt/rustwide/target" "-e" "CARGO_INCREMENTAL=0" "-e" "RUST_BACKTRACE=full" "-e" "RUSTFLAGS=--cap-lints=warn" "-e" "CARGO_HOME=/opt/rustwide/cargo-home" "-e" "RUSTUP_HOME=/opt/rustwide/rustup-home" "-w" "/opt/rustwide/workdir" "-m" "1610612736" "--user" "0:0" "--network" "none" "ghcr.io/rust-lang/crates-build-env/linux@sha256:34b6a614d2c27851fe6cbf88fbd1137609cefab8b10d0615aaeb6fd47975d74e" "/opt/rustwide/cargo-home/bin/cargo" "+1.54.0" "build" "--frozen" "--message-format=json", kill_on_drop: false }`
[INFO] [stdout] cade106566be956a63ff744b4d297b39eedbba60cbd19efee620fa49cd2f0d2c
[INFO] [stderr] WARNING: Your kernel does not support swap limit capabilities or the cgroup is not mounted. Memory limited without swap.
[INFO] running `Command { std: "docker" "start" "-a" "cade106566be956a63ff744b4d297b39eedbba60cbd19efee620fa49cd2f0d2c", kill_on_drop: false }`
[INFO] [stderr]    Compiling amplify_syn v1.1.4
[INFO] [stderr]    Compiling amplify_derive v2.8.0 (/opt/rustwide/workdir)
[INFO] [stderr]     Finished dev [unoptimized + debuginfo] target(s) in 7.99s
[INFO] running `Command { std: "docker" "inspect" "cade106566be956a63ff744b4d297b39eedbba60cbd19efee620fa49cd2f0d2c", kill_on_drop: false }`
[INFO] running `Command { std: "docker" "rm" "-f" "cade106566be956a63ff744b4d297b39eedbba60cbd19efee620fa49cd2f0d2c", kill_on_drop: false }`
[INFO] [stdout] cade106566be956a63ff744b4d297b39eedbba60cbd19efee620fa49cd2f0d2c
[INFO] running `Command { std: "docker" "create" "-v" "/var/lib/crater-agent-workspace/builds/worker-4/target:/opt/rustwide/target:rw,Z" "-v" "/var/lib/crater-agent-workspace/builds/worker-4/source:/opt/rustwide/workdir:ro,Z" "-v" "/var/lib/crater-agent-workspace/cargo-home:/opt/rustwide/cargo-home:ro,Z" "-v" "/var/lib/crater-agent-workspace/rustup-home:/opt/rustwide/rustup-home:ro,Z" "-e" "SOURCE_DIR=/opt/rustwide/workdir" "-e" "CARGO_TARGET_DIR=/opt/rustwide/target" "-e" "CARGO_INCREMENTAL=0" "-e" "RUST_BACKTRACE=full" "-e" "RUSTFLAGS=--cap-lints=warn" "-e" "CARGO_HOME=/opt/rustwide/cargo-home" "-e" "RUSTUP_HOME=/opt/rustwide/rustup-home" "-w" "/opt/rustwide/workdir" "-m" "1610612736" "--user" "0:0" "--network" "none" "ghcr.io/rust-lang/crates-build-env/linux@sha256:34b6a614d2c27851fe6cbf88fbd1137609cefab8b10d0615aaeb6fd47975d74e" "/opt/rustwide/cargo-home/bin/cargo" "+1.54.0" "test" "--frozen" "--no-run" "--message-format=json", kill_on_drop: false }`
[INFO] [stdout] ec9144b143065eee781a9ff42081532c6a0c4911a364ec18ce68fa7fc1a741ff
[INFO] [stderr] WARNING: Your kernel does not support swap limit capabilities or the cgroup is not mounted. Memory limited without swap.
[INFO] running `Command { std: "docker" "start" "-a" "ec9144b143065eee781a9ff42081532c6a0c4911a364ec18ce68fa7fc1a741ff", kill_on_drop: false }`
[INFO] [stderr]    Compiling amplify_derive v2.8.0 (/opt/rustwide/workdir)
[INFO] [stderr]     Finished test [unoptimized + debuginfo] target(s) in 2.11s
[INFO] running `Command { std: "docker" "inspect" "ec9144b143065eee781a9ff42081532c6a0c4911a364ec18ce68fa7fc1a741ff", kill_on_drop: false }`
[INFO] running `Command { std: "docker" "rm" "-f" "ec9144b143065eee781a9ff42081532c6a0c4911a364ec18ce68fa7fc1a741ff", kill_on_drop: false }`
[INFO] [stdout] ec9144b143065eee781a9ff42081532c6a0c4911a364ec18ce68fa7fc1a741ff
[INFO] running `Command { std: "docker" "create" "-v" "/var/lib/crater-agent-workspace/builds/worker-4/target:/opt/rustwide/target:rw,Z" "-v" "/var/lib/crater-agent-workspace/builds/worker-4/source:/opt/rustwide/workdir:ro,Z" "-v" "/var/lib/crater-agent-workspace/cargo-home:/opt/rustwide/cargo-home:ro,Z" "-v" "/var/lib/crater-agent-workspace/rustup-home:/opt/rustwide/rustup-home:ro,Z" "-e" "SOURCE_DIR=/opt/rustwide/workdir" "-e" "CARGO_TARGET_DIR=/opt/rustwide/target" "-e" "CARGO_INCREMENTAL=0" "-e" "RUST_BACKTRACE=full" "-e" "RUSTFLAGS=--cap-lints=warn" "-e" "CARGO_HOME=/opt/rustwide/cargo-home" "-e" "RUSTUP_HOME=/opt/rustwide/rustup-home" "-w" "/opt/rustwide/workdir" "-m" "1610612736" "--user" "0:0" "--network" "none" "ghcr.io/rust-lang/crates-build-env/linux@sha256:34b6a614d2c27851fe6cbf88fbd1137609cefab8b10d0615aaeb6fd47975d74e" "/opt/rustwide/cargo-home/bin/cargo" "+1.54.0" "test" "--frozen", kill_on_drop: false }`
[INFO] [stdout] acc62cd6d8f241fae910254714c124e0b33238e4da56ca7caf9b056596607a48
[INFO] [stderr] WARNING: Your kernel does not support swap limit capabilities or the cgroup is not mounted. Memory limited without swap.
[INFO] running `Command { std: "docker" "start" "-a" "acc62cd6d8f241fae910254714c124e0b33238e4da56ca7caf9b056596607a48", kill_on_drop: false }`
[INFO] [stderr]     Finished test [unoptimized + debuginfo] target(s) in 0.02s
[INFO] [stderr]      Running unittests (/opt/rustwide/target/debug/deps/amplify_derive-a71b9775a93b48e5)
[INFO] [stdout] 
[INFO] [stderr]    Doc-tests amplify_derive
[INFO] [stdout] running 0 tests
[INFO] [stdout] 
[INFO] [stdout] test result: ok. 0 passed; 0 failed; 0 ignored; 0 measured; 0 filtered out; finished in 0.00s
[INFO] [stdout] 
[INFO] [stdout] 
[INFO] [stdout] running 18 tests
[INFO] [stdout] test src/lib.rs - derive_from (line 350) ... ignored
[INFO] [stdout] test src/lib.rs - derive_as_any (line 382) ... FAILED
[INFO] [stdout] test src/lib.rs - derive_display (line 126) ... FAILED
[INFO] [stdout] test src/lib.rs - derive_display (line 66) ... FAILED
[INFO] [stdout] test src/lib.rs - derive_wrapper (line 631) ... FAILED
[INFO] [stdout] test src/lib.rs - derive_wrapper (line 648) ... FAILED
[INFO] [stdout] test src/lib.rs - derive_wrapper (line 671) ... FAILED
[INFO] [stdout] test src/lib.rs - derive_display (line 178) ... ok
[INFO] [stdout] test src/lib.rs - derive_display (line 115) ... ok
[INFO] [stdout] test src/lib.rs - derive_display (line 168) ... ok
[INFO] [stdout] test src/lib.rs - derive_display (line 55) ... ok
[INFO] [stdout] test src/lib.rs - derive_display (line 227) ... ok
[INFO] [stdout] test src/lib.rs - derive_error (line 271) ... ok
[INFO] [stdout] test src/lib.rs - derive_getters (line 519) ... ok
[INFO] [stdout] test src/lib.rs - derive_display (line 242) ... ok
[INFO] [stdout] test src/lib.rs - derive_from (line 305) ... ok
[INFO] [stdout] test src/lib.rs - derive_display (line 106) ... ok
[INFO] [stdout] test src/lib.rs - derive_getters (line 489) ... ok
[INFO] [stdout] 
[INFO] [stdout] failures:
[INFO] [stdout] 
[INFO] [stdout] ---- src/lib.rs - derive_as_any (line 382) stdout ----
[INFO] [stdout] error[E0463]: can't find crate for `amplify`
[INFO] [stdout]  --> src/lib.rs:383:1
[INFO] [stdout]   |
[INFO] [stdout] 3 | extern crate amplify;
[INFO] [stdout]   | ^^^^^^^^^^^^^^^^^^^^^ can't find crate
[INFO] [stdout] 
[INFO] [stdout] error: aborting due to previous error
[INFO] [stdout] 
[INFO] [stdout] For more information about this error, try `rustc --explain E0463`.
[INFO] [stdout] Couldn't compile the test.
[INFO] [stdout] ---- src/lib.rs - derive_display (line 126) stdout ----
[INFO] [stdout] error[E0463]: can't find crate for `amplify`
[INFO] [stdout]  --> src/lib.rs:127:15
[INFO] [stdout]   |
[INFO] [stdout] 3 |  #[macro_use] extern crate amplify;
[INFO] [stdout]   |               ^^^^^^^^^^^^^^^^^^^^^ can't find crate
[INFO] [stdout] 
[INFO] [stdout] error: aborting due to previous error
[INFO] [stdout] 
[INFO] [stdout] For more information about this error, try `rustc --explain E0463`.
[INFO] [stdout] Couldn't compile the test.
[INFO] [stdout] ---- src/lib.rs - derive_display (line 66) stdout ----
[INFO] [stdout] error[E0463]: can't find crate for `amplify`
[INFO] [stdout]  --> src/lib.rs:67:15
[INFO] [stdout]   |
[INFO] [stdout] 3 |  #[macro_use] extern crate amplify;
[INFO] [stdout]   |               ^^^^^^^^^^^^^^^^^^^^^ can't find crate
[INFO] [stdout] 
[INFO] [stdout] error: aborting due to previous error
[INFO] [stdout] 
[INFO] [stdout] For more information about this error, try `rustc --explain E0463`.
[INFO] [stdout] Couldn't compile the test.
[INFO] [stdout] ---- src/lib.rs - derive_wrapper (line 631) stdout ----
[INFO] [stdout] error[E0432]: unresolved import `amplify`
[INFO] [stdout]  --> src/lib.rs:633:5
[INFO] [stdout]   |
[INFO] [stdout] 4 | use amplify::Wrapper;
[INFO] [stdout]   |     ^^^^^^^ use of undeclared crate or module `amplify`
[INFO] [stdout] 
[INFO] [stdout] error: cannot determine resolution for the derive macro `Wrapper`
[INFO] [stdout]  --> src/lib.rs:636:5
[INFO] [stdout]   |
[INFO] [stdout] 7 |     Wrapper, Clone, Copy, PartialEq, Eq, PartialOrd, Ord, Default, From, Debug, Display,
[INFO] [stdout]   |     ^^^^^^^
[INFO] [stdout]   |
[INFO] [stdout]   = note: import resolution is stuck, try simplifying macro imports
[INFO] [stdout] 
[INFO] [stdout] error: cannot find attribute `wrapper` in this scope
[INFO] [stdout]   --> src/lib.rs:639:3
[INFO] [stdout]    |
[INFO] [stdout] 10 | #[wrapper(LowerHex, UpperHex, Octal)]
[INFO] [stdout]    |   ^^^^^^^
[INFO] [stdout] 
[INFO] [stdout] error: cannot find attribute `wrapper` in this scope
[INFO] [stdout]   --> src/lib.rs:640:3
[INFO] [stdout]    |
[INFO] [stdout] 11 | #[wrapper(Neg, Add, Sub, Div, Mul, Rem)]
[INFO] [stdout]    |   ^^^^^^^
[INFO] [stdout] 
[INFO] [stdout] error: cannot find attribute `wrapper` in this scope
[INFO] [stdout]   --> src/lib.rs:641:3
[INFO] [stdout]    |
[INFO] [stdout] 12 | #[wrapper(AddAssign, SubAssign, DivAssign, MulAssign, RemAssign)]
[INFO] [stdout]    |   ^^^^^^^
[INFO] [stdout] 
[INFO] [stdout] error: cannot find attribute `wrapper` in this scope
[INFO] [stdout]   --> src/lib.rs:642:3
[INFO] [stdout]    |
[INFO] [stdout] 13 | #[wrapper(Not, Shl, Shr, BitAnd, BitOr, BitXor)]
[INFO] [stdout]    |   ^^^^^^^
[INFO] [stdout] 
[INFO] [stdout] error: cannot find attribute `wrapper` in this scope
[INFO] [stdout]   --> src/lib.rs:643:3
[INFO] [stdout]    |
[INFO] [stdout] 14 | #[wrapper(ShlAssign, ShrAssign, BitAndAssign, BitOrAssign, BitXorAssign)]
[INFO] [stdout]    |   ^^^^^^^
[INFO] [stdout] 
[INFO] [stdout] error: aborting due to 7 previous errors
[INFO] [stdout] 
[INFO] [stdout] For more information about this error, try `rustc --explain E0432`.
[INFO] [stdout] Couldn't compile the test.
[INFO] [stdout] ---- src/lib.rs - derive_wrapper (line 648) stdout ----
[INFO] [stdout] error[E0432]: unresolved import `amplify`
[INFO] [stdout]  --> src/lib.rs:653:5
[INFO] [stdout]   |
[INFO] [stdout] 7 | use amplify::Wrapper;
[INFO] [stdout]   |     ^^^^^^^ use of undeclared crate or module `amplify`
[INFO] [stdout] 
[INFO] [stdout] error: cannot determine resolution for the derive macro `Wrapper`
[INFO] [stdout]  --> src/lib.rs:655:17
[INFO] [stdout]   |
[INFO] [stdout] 9 | #[derive(Clone, Wrapper, Default, From)]
[INFO] [stdout]   |                 ^^^^^^^
[INFO] [stdout]   |
[INFO] [stdout]   = note: import resolution is stuck, try simplifying macro imports
[INFO] [stdout] 
[INFO] [stdout] error: cannot find attribute `wrapper` in this scope
[INFO] [stdout]   --> src/lib.rs:656:3
[INFO] [stdout]    |
[INFO] [stdout] 10 | #[wrapper(Debug)]
[INFO] [stdout]    |   ^^^^^^^
[INFO] [stdout] 
[INFO] [stdout] error: cannot find attribute `wrap` in this scope
[INFO] [stdout]   --> src/lib.rs:658:7
[INFO] [stdout]    |
[INFO] [stdout] 12 |     #[wrap]
[INFO] [stdout]    |       ^^^^
[INFO] [stdout] 
[INFO] [stdout] error[E0599]: no method named `into_inner` found for struct `Wrapped` in the current scope
[INFO] [stdout]   --> src/lib.rs:667:14
[INFO] [stdout]    |
[INFO] [stdout] 11 | / struct Wrapped<T, U>(
[INFO] [stdout] 12 | |     #[wrap]
[INFO] [stdout] 13 | |     #[from]
[INFO] [stdout] 14 | |     HashMap<usize, Vec<U>>,
[INFO] [stdout] ...  |
[INFO] [stdout] 17 | | where
[INFO] [stdout] 18 | |     U: Sized + Clone + Debug;
[INFO] [stdout]    | |_____________________________- method `into_inner` not found for this
[INFO] [stdout] ...
[INFO] [stdout] 21 |   assert_eq!(w.into_inner(), HashMap::<usize, Vec<u8>>::default());
[INFO] [stdout]    |                ^^^^^^^^^^ method not found in `Wrapped<(), u8>`
[INFO] [stdout]    |
[INFO] [stdout]    = help: items from traits can only be used if the trait is implemented and in scope
[INFO] [stdout]    = note: the following trait defines an item `into_inner`, perhaps you need to implement it:
[INFO] [stdout]            candidate #1: `std::sys_common::IntoInner`
[INFO] [stdout] 
[INFO] [stdout] error: aborting due to 5 previous errors
[INFO] [stdout] 
[INFO] [stdout] Some errors have detailed explanations: E0432, E0599.
[INFO] [stdout] For more information about an error, try `rustc --explain E0432`.
[INFO] [stdout] Couldn't compile the test.
[INFO] [stdout] ---- src/lib.rs - derive_wrapper (line 671) stdout ----
[INFO] [stdout] error[E0432]: unresolved import `amplify`
[INFO] [stdout]  --> src/lib.rs:673:5
[INFO] [stdout]   |
[INFO] [stdout] 4 | use amplify::Wrapper;
[INFO] [stdout]   |     ^^^^^^^ use of undeclared crate or module `amplify`
[INFO] [stdout] 
[INFO] [stdout] error: cannot determine resolution for the derive macro `Wrapper`
[INFO] [stdout]  --> src/lib.rs:675:10
[INFO] [stdout]   |
[INFO] [stdout] 6 | #[derive(Wrapper, From)]
[INFO] [stdout]   |          ^^^^^^^
[INFO] [stdout]   |
[INFO] [stdout]   = note: import resolution is stuck, try simplifying macro imports
[INFO] [stdout] 
[INFO] [stdout] error: cannot find attribute `wrapper` in this scope
[INFO] [stdout]  --> src/lib.rs:676:3
[INFO] [stdout]   |
[INFO] [stdout] 7 | #[wrapper(Index, IndexRange, IndexFrom, IndexTo, IndexInclusive, IndexFull)]
[INFO] [stdout]   |   ^^^^^^^
[INFO] [stdout] 
[INFO] [stdout] error: aborting due to 3 previous errors
[INFO] [stdout] 
[INFO] [stdout] For more information about this error, try `rustc --explain E0432`.
[INFO] [stdout] Couldn't compile the test.
[INFO] [stdout] 
[INFO] [stdout] failures:
[INFO] [stdout]     src/lib.rs - derive_as_any (line 382)
[INFO] [stdout]     src/lib.rs - derive_display (line 126)
[INFO] [stdout]     src/lib.rs - derive_display (line 66)
[INFO] [stdout]     src/lib.rs - derive_wrapper (line 631)
[INFO] [stdout]     src/lib.rs - derive_wrapper (line 648)
[INFO] [stdout]     src/lib.rs - derive_wrapper (line 671)
[INFO] [stdout] 
[INFO] [stdout] test result: FAILED. 11 passed; 6 failed; 1 ignored; 0 measured; 0 filtered out; finished in 2.96s
[INFO] [stdout] 
[INFO] [stderr] error: test failed, to rerun pass '--doc'
[INFO] running `Command { std: "docker" "inspect" "acc62cd6d8f241fae910254714c124e0b33238e4da56ca7caf9b056596607a48", kill_on_drop: false }`
[INFO] running `Command { std: "docker" "rm" "-f" "acc62cd6d8f241fae910254714c124e0b33238e4da56ca7caf9b056596607a48", kill_on_drop: false }`
[INFO] [stdout] acc62cd6d8f241fae910254714c124e0b33238e4da56ca7caf9b056596607a48
