[INFO] fetching crate ambassador 0.2.1...
[INFO] testing ambassador-0.2.1 against 1.54.0 for beta-1.55-1
[INFO] extracting crate ambassador 0.2.1 into /workspace/builds/worker-9/source
[INFO] validating manifest of crates.io crate ambassador 0.2.1 on toolchain 1.54.0
[INFO] running `Command { std: "/workspace/cargo-home/bin/cargo" "+1.54.0" "metadata" "--manifest-path" "Cargo.toml" "--no-deps", kill_on_drop: false }`
[INFO] started tweaking crates.io crate ambassador 0.2.1
[INFO] finished tweaking crates.io crate ambassador 0.2.1
[INFO] tweaked toml for crates.io crate ambassador 0.2.1 written to /workspace/builds/worker-9/source/Cargo.toml
[INFO] running `Command { std: "/workspace/cargo-home/bin/cargo" "+1.54.0" "generate-lockfile" "--manifest-path" "Cargo.toml" "-Zno-index-update", kill_on_drop: false }`
[INFO] running `Command { std: "/workspace/cargo-home/bin/cargo" "+1.54.0" "fetch" "--manifest-path" "Cargo.toml", kill_on_drop: false }`
[INFO] running `Command { std: "docker" "create" "-v" "/var/lib/crater-agent-workspace/builds/worker-9/target:/opt/rustwide/target:rw,Z" "-v" "/var/lib/crater-agent-workspace/builds/worker-9/source:/opt/rustwide/workdir:ro,Z" "-v" "/var/lib/crater-agent-workspace/cargo-home:/opt/rustwide/cargo-home:ro,Z" "-v" "/var/lib/crater-agent-workspace/rustup-home:/opt/rustwide/rustup-home:ro,Z" "-e" "SOURCE_DIR=/opt/rustwide/workdir" "-e" "CARGO_TARGET_DIR=/opt/rustwide/target" "-e" "CARGO_HOME=/opt/rustwide/cargo-home" "-e" "RUSTUP_HOME=/opt/rustwide/rustup-home" "-w" "/opt/rustwide/workdir" "-m" "1610612736" "--user" "0:0" "--network" "none" "ghcr.io/rust-lang/crates-build-env/linux@sha256:34b6a614d2c27851fe6cbf88fbd1137609cefab8b10d0615aaeb6fd47975d74e" "/opt/rustwide/cargo-home/bin/cargo" "+1.54.0" "metadata" "--no-deps" "--format-version=1", kill_on_drop: false }`
[INFO] [stdout] e3973f37278f06f54ef4ea6580ed47e8e3e4e747827fa630268db0e2f6327d4e
[INFO] [stderr] WARNING: Your kernel does not support swap limit capabilities or the cgroup is not mounted. Memory limited without swap.
[INFO] running `Command { std: "docker" "start" "-a" "e3973f37278f06f54ef4ea6580ed47e8e3e4e747827fa630268db0e2f6327d4e", kill_on_drop: false }`
[INFO] running `Command { std: "docker" "inspect" "e3973f37278f06f54ef4ea6580ed47e8e3e4e747827fa630268db0e2f6327d4e", kill_on_drop: false }`
[INFO] running `Command { std: "docker" "rm" "-f" "e3973f37278f06f54ef4ea6580ed47e8e3e4e747827fa630268db0e2f6327d4e", kill_on_drop: false }`
[INFO] [stdout] e3973f37278f06f54ef4ea6580ed47e8e3e4e747827fa630268db0e2f6327d4e
[INFO] running `Command { std: "docker" "create" "-v" "/var/lib/crater-agent-workspace/builds/worker-9/target:/opt/rustwide/target:rw,Z" "-v" "/var/lib/crater-agent-workspace/builds/worker-9/source:/opt/rustwide/workdir:ro,Z" "-v" "/var/lib/crater-agent-workspace/cargo-home:/opt/rustwide/cargo-home:ro,Z" "-v" "/var/lib/crater-agent-workspace/rustup-home:/opt/rustwide/rustup-home:ro,Z" "-e" "SOURCE_DIR=/opt/rustwide/workdir" "-e" "CARGO_TARGET_DIR=/opt/rustwide/target" "-e" "CARGO_INCREMENTAL=0" "-e" "RUST_BACKTRACE=full" "-e" "RUSTFLAGS=--cap-lints=warn" "-e" "CARGO_HOME=/opt/rustwide/cargo-home" "-e" "RUSTUP_HOME=/opt/rustwide/rustup-home" "-w" "/opt/rustwide/workdir" "-m" "1610612736" "--user" "0:0" "--network" "none" "ghcr.io/rust-lang/crates-build-env/linux@sha256:34b6a614d2c27851fe6cbf88fbd1137609cefab8b10d0615aaeb6fd47975d74e" "/opt/rustwide/cargo-home/bin/cargo" "+1.54.0" "build" "--frozen" "--message-format=json", kill_on_drop: false }`
[INFO] [stdout] c050f6e383065072a9256a77cc71564bf40759e569b0b48ff6c41dff58d75d92
[INFO] [stderr] WARNING: Your kernel does not support swap limit capabilities or the cgroup is not mounted. Memory limited without swap.
[INFO] running `Command { std: "docker" "start" "-a" "c050f6e383065072a9256a77cc71564bf40759e569b0b48ff6c41dff58d75d92", kill_on_drop: false }`
[INFO] [stderr]    Compiling syn v1.0.74
[INFO] [stderr]    Compiling ambassador v0.2.1 (/opt/rustwide/workdir)
[INFO] [stderr]     Finished dev [unoptimized + debuginfo] target(s) in 21.84s
[INFO] running `Command { std: "docker" "inspect" "c050f6e383065072a9256a77cc71564bf40759e569b0b48ff6c41dff58d75d92", kill_on_drop: false }`
[INFO] running `Command { std: "docker" "rm" "-f" "c050f6e383065072a9256a77cc71564bf40759e569b0b48ff6c41dff58d75d92", kill_on_drop: false }`
[INFO] [stdout] c050f6e383065072a9256a77cc71564bf40759e569b0b48ff6c41dff58d75d92
[INFO] running `Command { std: "docker" "create" "-v" "/var/lib/crater-agent-workspace/builds/worker-9/target:/opt/rustwide/target:rw,Z" "-v" "/var/lib/crater-agent-workspace/builds/worker-9/source:/opt/rustwide/workdir:ro,Z" "-v" "/var/lib/crater-agent-workspace/cargo-home:/opt/rustwide/cargo-home:ro,Z" "-v" "/var/lib/crater-agent-workspace/rustup-home:/opt/rustwide/rustup-home:ro,Z" "-e" "SOURCE_DIR=/opt/rustwide/workdir" "-e" "CARGO_TARGET_DIR=/opt/rustwide/target" "-e" "CARGO_INCREMENTAL=0" "-e" "RUST_BACKTRACE=full" "-e" "RUSTFLAGS=--cap-lints=warn" "-e" "CARGO_HOME=/opt/rustwide/cargo-home" "-e" "RUSTUP_HOME=/opt/rustwide/rustup-home" "-w" "/opt/rustwide/workdir" "-m" "1610612736" "--user" "0:0" "--network" "none" "ghcr.io/rust-lang/crates-build-env/linux@sha256:34b6a614d2c27851fe6cbf88fbd1137609cefab8b10d0615aaeb6fd47975d74e" "/opt/rustwide/cargo-home/bin/cargo" "+1.54.0" "test" "--frozen" "--no-run" "--message-format=json", kill_on_drop: false }`
[INFO] [stdout] ea9d5c69d669612b9715f90f2174dc95dfe9582df0f8ec77c9485442303e08ff
[INFO] [stderr] WARNING: Your kernel does not support swap limit capabilities or the cgroup is not mounted. Memory limited without swap.
[INFO] running `Command { std: "docker" "start" "-a" "ea9d5c69d669612b9715f90f2174dc95dfe9582df0f8ec77c9485442303e08ff", kill_on_drop: false }`
[INFO] [stderr]    Compiling failure_derive v0.1.8
[INFO] [stderr]    Compiling compiletest_rs v0.3.26
[INFO] [stderr]    Compiling diff v0.1.12
[INFO] [stderr]    Compiling getopts v0.2.21
[INFO] [stderr]    Compiling dirs-sys v0.3.6
[INFO] [stderr]    Compiling filetime v0.2.14
[INFO] [stderr]    Compiling serde_derive v1.0.127
[INFO] [stderr]    Compiling synstructure v0.12.5
[INFO] [stderr]    Compiling dirs v2.0.2
[INFO] [stderr]    Compiling term v0.6.1
[INFO] [stderr]    Compiling tester v0.6.0
[INFO] [stderr]    Compiling failure v0.1.8
[INFO] [stderr]    Compiling serde v1.0.127
[INFO] [stderr]    Compiling serde_json v1.0.66
[INFO] [stderr]    Compiling rustfix v0.4.6
[INFO] [stderr]    Compiling ambassador v0.2.1 (/opt/rustwide/workdir)
[INFO] [stderr]     Finished test [unoptimized + debuginfo] target(s) in 46.56s
[INFO] running `Command { std: "docker" "inspect" "ea9d5c69d669612b9715f90f2174dc95dfe9582df0f8ec77c9485442303e08ff", kill_on_drop: false }`
[INFO] running `Command { std: "docker" "rm" "-f" "ea9d5c69d669612b9715f90f2174dc95dfe9582df0f8ec77c9485442303e08ff", kill_on_drop: false }`
[INFO] [stdout] ea9d5c69d669612b9715f90f2174dc95dfe9582df0f8ec77c9485442303e08ff
[INFO] running `Command { std: "docker" "create" "-v" "/var/lib/crater-agent-workspace/builds/worker-9/target:/opt/rustwide/target:rw,Z" "-v" "/var/lib/crater-agent-workspace/builds/worker-9/source:/opt/rustwide/workdir:ro,Z" "-v" "/var/lib/crater-agent-workspace/cargo-home:/opt/rustwide/cargo-home:ro,Z" "-v" "/var/lib/crater-agent-workspace/rustup-home:/opt/rustwide/rustup-home:ro,Z" "-e" "SOURCE_DIR=/opt/rustwide/workdir" "-e" "CARGO_TARGET_DIR=/opt/rustwide/target" "-e" "CARGO_INCREMENTAL=0" "-e" "RUST_BACKTRACE=full" "-e" "RUSTFLAGS=--cap-lints=warn" "-e" "CARGO_HOME=/opt/rustwide/cargo-home" "-e" "RUSTUP_HOME=/opt/rustwide/rustup-home" "-w" "/opt/rustwide/workdir" "-m" "1610612736" "--user" "0:0" "--network" "none" "ghcr.io/rust-lang/crates-build-env/linux@sha256:34b6a614d2c27851fe6cbf88fbd1137609cefab8b10d0615aaeb6fd47975d74e" "/opt/rustwide/cargo-home/bin/cargo" "+1.54.0" "test" "--frozen", kill_on_drop: false }`
[INFO] [stdout] 5dfb1806711b56f78b2a9aff58b1a0d714c6aeb32a7f1a412b802521f3b4c14a
[INFO] [stderr] WARNING: Your kernel does not support swap limit capabilities or the cgroup is not mounted. Memory limited without swap.
[INFO] running `Command { std: "docker" "start" "-a" "5dfb1806711b56f78b2a9aff58b1a0d714c6aeb32a7f1a412b802521f3b4c14a", kill_on_drop: false }`
[INFO] [stderr]     Finished test [unoptimized + debuginfo] target(s) in 0.05s
[INFO] [stderr]      Running unittests (/opt/rustwide/target/debug/deps/ambassador-57c7c261fe21c1f9)
[INFO] [stdout] 
[INFO] [stderr]      Running tests/compiletest.rs (/opt/rustwide/target/debug/deps/compiletest-907224f790564a16)
[INFO] [stdout] running 0 tests
[INFO] [stdout] 
[INFO] [stdout] test result: ok. 0 passed; 0 failed; 0 ignored; 0 measured; 0 filtered out; finished in 0.00s
[INFO] [stdout] 
[INFO] [stdout] 
[INFO] [stdout] running 1 test
[INFO] [stdout] 
[INFO] [stdout] running 2 tests
[INFO] [stdout] test [compile-fail] compile-fail/missing_delegate_attribute.rs ... FAILED
[INFO] [stdout] test [compile-fail] compile-fail/method_no_self.rs ... FAILED
[INFO] [stdout] 
[INFO] [stdout] failures:
[INFO] [stdout] 
[INFO] [stdout] failures:
[INFO] [stdout]     [compile-fail] compile-fail/method_no_self.rs
[INFO] [stdout]     [compile-fail] compile-fail/missing_delegate_attribute.rs
[INFO] [stdout] 
[INFO] [stdout] test result: FAILED. 0 passed; 2 failed; 0 ignored; 0 measured; 0 filtered out
[INFO] [stdout] 
[INFO] [stdout] test compile_test ... FAILED
[INFO] [stdout] 
[INFO] [stdout] failures:
[INFO] [stdout] 
[INFO] [stdout] ---- compile_test stdout ----
[INFO] [stdout] 
[INFO] [stdout] error: tests/compile-fail/missing_delegate_attribute.rs:34: unexpected error: '34:31: 34:36: no method named `shout` found for enum `Animals` in the current scope [E0599]'
[INFO] [stdout] 
[INFO] [stdout] error: 1 unexpected errors found, 0 expected errors not found
[INFO] [stdout] status: exit status: 1
[INFO] [stdout] command: "rustc" "tests/compile-fail/missing_delegate_attribute.rs" "-L" "/tmp" "--target=x86_64-unknown-linux-gnu" "--error-format" "json" "-C" "prefer-dynamic" "-o" "/tmp/missing_delegate_attribute.stage-id" "-L" "../target/debug/deps" "-L" "/opt/rustwide/target/debug/deps" "-L" "/opt/rustwide/target/debug" "-L" "/opt/rustwide/rustup-home/toolchains/1.54.0-x86_64-unknown-linux-gnu/lib/rustlib/x86_64-unknown-linux-gnu/lib" "-L" "/opt/rustwide/rustup-home/toolchains/1.54.0-x86_64-unknown-linux-gnu/lib" "-L" "/tmp/missing_delegate_attribute.stage-id.aux" "-A" "unused"
[INFO] [stdout] unexpected errors (from JSON output): [
[INFO] [stdout]     Error {
[INFO] [stdout]         line_num: 34,
[INFO] [stdout]         kind: Some(
[INFO] [stdout]             Error,
[INFO] [stdout]         ),
[INFO] [stdout]         msg: "34:31: 34:36: no method named `shout` found for enum `Animals` in the current scope [E0599]",
[INFO] [stdout]     },
[INFO] [stdout] ]
[INFO] [stdout] 
[INFO] [stdout] thread '[compile-fail] compile-fail/missing_delegate_attribute.rs' panicked at 'explicit panic', /opt/rustwide/cargo-home/registry/src/github.com-1ecc6299db9ec823/compiletest_rs-0.3.26/src/runtest.rs:1091:13
[INFO] [stdout] stack backtrace:
[INFO] [stdout]    0:     0x5598fe78e590 - std::backtrace_rs::backtrace::libunwind::trace::h34055254b57d8e79
[INFO] [stdout]                                at /rustc/a178d0322ce20e33eac124758e837cbd80a6f633/library/std/src/../../backtrace/src/backtrace/libunwind.rs:90:5
[INFO] [stdout]    1:     0x5598fe78e590 - std::backtrace_rs::backtrace::trace_unsynchronized::h8f1e3fbd9afff6ec
[INFO] [stdout]                                at /rustc/a178d0322ce20e33eac124758e837cbd80a6f633/library/std/src/../../backtrace/src/backtrace/mod.rs:66:5
[INFO] [stdout]    2:     0x5598fe78e590 - std::sys_common::backtrace::_print_fmt::h3a99a796b770c360
[INFO] [stdout]                                at /rustc/a178d0322ce20e33eac124758e837cbd80a6f633/library/std/src/sys_common/backtrace.rs:67:5
[INFO] [stdout]    3:     0x5598fe78e590 - <std::sys_common::backtrace::_print::DisplayBacktrace as core::fmt::Display>::fmt::h32d1f94a80615d18
[INFO] [stdout]                                at /rustc/a178d0322ce20e33eac124758e837cbd80a6f633/library/std/src/sys_common/backtrace.rs:46:22
[INFO] [stdout]    4:     0x5598fe7b374c - core::fmt::write::h306731c068f7162c
[INFO] [stdout]                                at /rustc/a178d0322ce20e33eac124758e837cbd80a6f633/library/core/src/fmt/mod.rs:1110:17
[INFO] [stdout]    5:     0x5598fe78a705 - std::io::Write::write_fmt::h87f19b0a2cd190bc
[INFO] [stdout]                                at /rustc/a178d0322ce20e33eac124758e837cbd80a6f633/library/std/src/io/mod.rs:1588:15
[INFO] [stdout]    6:     0x5598fe79129b - std::sys_common::backtrace::_print::h5abaa2601a852287
[INFO] [stdout]                                at /rustc/a178d0322ce20e33eac124758e837cbd80a6f633/library/std/src/sys_common/backtrace.rs:49:5
[INFO] [stdout]    7:     0x5598fe79129b - std::sys_common::backtrace::print::h8d81445442bb638f
[INFO] [stdout]                                at /rustc/a178d0322ce20e33eac124758e837cbd80a6f633/library/std/src/sys_common/backtrace.rs:36:9
[INFO] [stdout]    8:     0x5598fe79129b - std::panicking::default_hook::{{closure}}::hcfe804496a9fa747
[INFO] [stdout]                                at /rustc/a178d0322ce20e33eac124758e837cbd80a6f633/library/std/src/panicking.rs:208:50
[INFO] [stdout]    9:     0x5598fe790dac - std::panicking::default_hook::hbea8e3ccf2ba8901
[INFO] [stdout]                                at /rustc/a178d0322ce20e33eac124758e837cbd80a6f633/library/std/src/panicking.rs:222:9
[INFO] [stdout]   10:     0x5598fe791964 - std::panicking::rust_panic_with_hook::h7ee9e1a2d0f8975a
[INFO] [stdout]                                at /rustc/a178d0322ce20e33eac124758e837cbd80a6f633/library/std/src/panicking.rs:622:17
[INFO] [stdout]   11:     0x5598fe768b13 - std::panicking::begin_panic::{{closure}}::haa2259a5d090943e
[INFO] [stdout]                                at /rustc/a178d0322ce20e33eac124758e837cbd80a6f633/library/std/src/panicking.rs:542:9
[INFO] [stdout]   12:     0x5598fe76c8a9 - std::sys_common::backtrace::__rust_end_short_backtrace::hab24bff5d543af40
[INFO] [stdout]                                at /rustc/a178d0322ce20e33eac124758e837cbd80a6f633/library/std/src/sys_common/backtrace.rs:141:18
[INFO] [stdout]   13:     0x5598fe768a49 - std::panicking::begin_panic::hb0ad47222346dbe6
[INFO] [stdout]                                at /rustc/a178d0322ce20e33eac124758e837cbd80a6f633/library/std/src/panicking.rs:541:12
[INFO] [stdout]   14:     0x5598fe333fa9 - compiletest_rs::runtest::TestCx::check_expected_errors::hc8da33d9e34b5bbe
[INFO] [stdout]                                at /opt/rustwide/cargo-home/registry/src/github.com-1ecc6299db9ec823/compiletest_rs-0.3.26/src/runtest.rs:1091:13
[INFO] [stdout]   15:     0x5598fe325ab1 - compiletest_rs::runtest::TestCx::run_cfail_test::hbace238a65999753
[INFO] [stdout]                                at /opt/rustwide/cargo-home/registry/src/github.com-1ecc6299db9ec823/compiletest_rs-0.3.26/src/runtest.rs:178:13
[INFO] [stdout]   16:     0x5598fe32562e - compiletest_rs::runtest::TestCx::run_revision::h55493a055fe2dd52
[INFO] [stdout]                                at /opt/rustwide/cargo-home/registry/src/github.com-1ecc6299db9ec823/compiletest_rs-0.3.26/src/runtest.rs:131:26
[INFO] [stdout]   17:     0x5598fe3252b3 - compiletest_rs::runtest::run::h40c5479c9886e7d7
[INFO] [stdout]                                at /opt/rustwide/cargo-home/registry/src/github.com-1ecc6299db9ec823/compiletest_rs-0.3.26/src/runtest.rs:83:9
[INFO] [stdout]   18:     0x5598fe319a75 - compiletest_rs::make_test_closure::{{closure}}::h91ad05e607705885
[INFO] [stdout]                                at /opt/rustwide/cargo-home/registry/src/github.com-1ecc6299db9ec823/compiletest_rs-0.3.26/src/lib.rs:292:9
[INFO] [stdout]   19:     0x5598fe3a61be - core::ops::function::FnOnce::call_once{{vtable.shim}}::h49afdc113288b403
[INFO] [stdout]                                at /rustc/a178d0322ce20e33eac124758e837cbd80a6f633/library/core/src/ops/function.rs:227:5
[INFO] [stdout]   20:     0x5598fe71855d - <alloc::boxed::Box<F,A> as core::ops::function::FnOnce<Args>>::call_once::hff7799a97f89a3ee
[INFO] [stdout]                                at /rustc/a178d0322ce20e33eac124758e837cbd80a6f633/library/alloc/src/boxed.rs:1575:9
[INFO] [stdout]   21:     0x5598fe6caae4 - test::__rust_begin_short_backtrace::hf3168ec3977e9bfb
[INFO] [stdout]                                at /opt/rustwide/cargo-home/registry/src/github.com-1ecc6299db9ec823/tester-0.6.0/src/lib.rs:545:5
[INFO] [stdout]   22:     0x5598fe6ca293 - test::run_test::{{closure}}::h35ee55626ee8c5e8
[INFO] [stdout]                                at /opt/rustwide/cargo-home/registry/src/github.com-1ecc6299db9ec823/tester-0.6.0/src/lib.rs:529:34
[INFO] [stdout]   23:     0x5598fe6e8be8 - core::ops::function::FnOnce::call_once{{vtable.shim}}::h469154a54d56d0f5
[INFO] [stdout]                                at /rustc/a178d0322ce20e33eac124758e837cbd80a6f633/library/core/src/ops/function.rs:227:5
[INFO] [stdout]   24:     0x5598fe71855d - <alloc::boxed::Box<F,A> as core::ops::function::FnOnce<Args>>::call_once::hff7799a97f89a3ee
[INFO] [stdout]                                at /rustc/a178d0322ce20e33eac124758e837cbd80a6f633/library/alloc/src/boxed.rs:1575:9
[INFO] [stdout]   25:     0x5598fe6eeeb4 - <std::panic::AssertUnwindSafe<F> as core::ops::function::FnOnce<()>>::call_once::h9ec9f3f080e58c86
[INFO] [stdout]                                at /rustc/a178d0322ce20e33eac124758e837cbd80a6f633/library/std/src/panic.rs:347:9
[INFO] [stdout]   26:     0x5598fe6cd97d - std::panicking::try::do_call::hdb3b889b747c3c9a
[INFO] [stdout]                                at /rustc/a178d0322ce20e33eac124758e837cbd80a6f633/library/std/src/panicking.rs:401:40
[INFO] [stdout]   27:     0x5598fe6d0d7d - __rust_try
[INFO] [stdout]   28:     0x5598fe6cd34d - std::panicking::try::h7e462cbd97958428
[INFO] [stdout]                                at /rustc/a178d0322ce20e33eac124758e837cbd80a6f633/library/std/src/panicking.rs:365:19
[INFO] [stdout]   29:     0x5598fe6ef764 - std::panic::catch_unwind::h582452351cf122f2
[INFO] [stdout]                                at /rustc/a178d0322ce20e33eac124758e837cbd80a6f633/library/std/src/panic.rs:434:14
[INFO] [stdout]   30:     0x5598fe6cacec - test::run_test_in_process::h79381dc76802a939
[INFO] [stdout]                                at /opt/rustwide/cargo-home/registry/src/github.com-1ecc6299db9ec823/tester-0.6.0/src/lib.rs:580:18
[INFO] [stdout]   31:     0x5598fe6ca9d5 - test::run_test::run_test_inner::{{closure}}::hf00472e5213ef411
[INFO] [stdout]                                at /opt/rustwide/cargo-home/registry/src/github.com-1ecc6299db9ec823/tester-0.6.0/src/lib.rs:476:21
[INFO] [stdout]   32:     0x5598fe6e4de3 - std::sys_common::backtrace::__rust_begin_short_backtrace::hdd96e164773488c0
[INFO] [stdout]                                at /rustc/a178d0322ce20e33eac124758e837cbd80a6f633/library/std/src/sys_common/backtrace.rs:125:18
[INFO] [stdout]   33:     0x5598fe6fb100 - std::thread::Builder::spawn_unchecked::{{closure}}::{{closure}}::h74b849bb8f9615cf
[INFO] [stdout]                                at /rustc/a178d0322ce20e33eac124758e837cbd80a6f633/library/std/src/thread/mod.rs:481:17
[INFO] [stdout]   34:     0x5598fe6eef14 - <std::panic::AssertUnwindSafe<F> as core::ops::function::FnOnce<()>>::call_once::hee341203b6b63715
[INFO] [stdout]                                at /rustc/a178d0322ce20e33eac124758e837cbd80a6f633/library/std/src/panic.rs:347:9
[INFO] [stdout]   35:     0x5598fe6cd7d2 - std::panicking::try::do_call::h364121db2dd98844
[INFO] [stdout]                                at /rustc/a178d0322ce20e33eac124758e837cbd80a6f633/library/std/src/panicking.rs:401:40
[INFO] [stdout]   36:     0x5598fe6d0d7d - __rust_try
[INFO] [stdout]   37:     0x5598fe6cd447 - std::panicking::try::h989d8e4a7435f757
[INFO] [stdout]                                at /rustc/a178d0322ce20e33eac124758e837cbd80a6f633/library/std/src/panicking.rs:365:19
[INFO] [stdout]   38:     0x5598fe6ef7d4 - std::panic::catch_unwind::h998f9d3e4833841d
[INFO] [stdout]                                at /rustc/a178d0322ce20e33eac124758e837cbd80a6f633/library/std/src/panic.rs:434:14
[INFO] [stdout]   39:     0x5598fe6faf0e - std::thread::Builder::spawn_unchecked::{{closure}}::hac2dae255cece7e6
[INFO] [stdout]                                at /rustc/a178d0322ce20e33eac124758e837cbd80a6f633/library/std/src/thread/mod.rs:480:30
[INFO] [stdout]   40:     0x5598fe6e8bff - core::ops::function::FnOnce::call_once{{vtable.shim}}::h51b0b3efb1e17d1a
[INFO] [stdout]                                at /rustc/a178d0322ce20e33eac124758e837cbd80a6f633/library/core/src/ops/function.rs:227:5
[INFO] [stdout]   41:     0x5598fe797897 - <alloc::boxed::Box<F,A> as core::ops::function::FnOnce<Args>>::call_once::h7ece6cfefaff1005
[INFO] [stdout]                                at /rustc/a178d0322ce20e33eac124758e837cbd80a6f633/library/alloc/src/boxed.rs:1575:9
[INFO] [stdout]   42:     0x5598fe797897 - <alloc::boxed::Box<F,A> as core::ops::function::FnOnce<Args>>::call_once::hb8b48e55c21f193e
[INFO] [stdout]                                at /rustc/a178d0322ce20e33eac124758e837cbd80a6f633/library/alloc/src/boxed.rs:1575:9
[INFO] [stdout]   43:     0x5598fe797897 - std::sys::unix::thread::Thread::new::thread_start::h8c7c4450dba62914
[INFO] [stdout]                                at /rustc/a178d0322ce20e33eac124758e837cbd80a6f633/library/std/src/sys/unix/thread.rs:71:17
[INFO] [stdout]   44:     0x7f3d8d468609 - start_thread
[INFO] [stdout]   45:     0x7f3d8d23a293 - clone
[INFO] [stdout]   46:                0x0 - <unknown>
[INFO] [stdout] 
[INFO] [stdout] error: tests/compile-fail/method_no_self.rs:7: unexpected error: '7:8: 7:13: no method named `shout` found for struct `Cat` in the current scope [E0599]'
[INFO] [stdout] 
[INFO] [stdout] error: tests/compile-fail/method_no_self.rs:7: unexpected error: '7:8: 7:13: no method named `shout` found for struct `Dog` in the current scope [E0599]'
[INFO] [stdout] 
[INFO] [stdout] error: tests/compile-fail/method_no_self.rs:7: expected error not found: no method named `shout` found for type `Cat` in the current scope
[INFO] [stdout] 
[INFO] [stdout] error: tests/compile-fail/method_no_self.rs:7: expected error not found: no method named `shout` found for type `Dog` in the current scope
[INFO] [stdout] 
[INFO] [stdout] error: 2 unexpected errors found, 2 expected errors not found
[INFO] [stdout] status: exit status: 1
[INFO] [stdout] command: "rustc" "tests/compile-fail/method_no_self.rs" "-L" "/tmp" "--target=x86_64-unknown-linux-gnu" "--error-format" "json" "-C" "prefer-dynamic" "-o" "/tmp/method_no_self.stage-id" "-L" "../target/debug/deps" "-L" "/opt/rustwide/target/debug/deps" "-L" "/opt/rustwide/target/debug" "-L" "/opt/rustwide/rustup-home/toolchains/1.54.0-x86_64-unknown-linux-gnu/lib/rustlib/x86_64-unknown-linux-gnu/lib" "-L" "/opt/rustwide/rustup-home/toolchains/1.54.0-x86_64-unknown-linux-gnu/lib" "-L" "/tmp/method_no_self.stage-id.aux" "-A" "unused"
[INFO] [stdout] unexpected errors (from JSON output): [
[INFO] [stdout]     Error {
[INFO] [stdout]         line_num: 7,
[INFO] [stdout]         kind: Some(
[INFO] [stdout]             Error,
[INFO] [stdout]         ),
[INFO] [stdout]         msg: "7:8: 7:13: no method named `shout` found for struct `Cat` in the current scope [E0599]",
[INFO] [stdout]     },
[INFO] [stdout]     Error {
[INFO] [stdout]         line_num: 7,
[INFO] [stdout]         kind: Some(
[INFO] [stdout]             Error,
[INFO] [stdout]         ),
[INFO] [stdout]         msg: "7:8: 7:13: no method named `shout` found for struct `Dog` in the current scope [E0599]",
[INFO] [stdout]     },
[INFO] [stdout] ]
[INFO] [stdout] 
[INFO] [stdout] not found errors (from test file): [
[INFO] [stdout]     Error {
[INFO] [stdout]         line_num: 7,
[INFO] [stdout]         kind: Some(
[INFO] [stdout]             Error,
[INFO] [stdout]         ),
[INFO] [stdout]         msg: "no method named `shout` found for type `Cat` in the current scope",
[INFO] [stdout]     },
[INFO] [stdout]     Error {
[INFO] [stdout]         line_num: 7,
[INFO] [stdout]         kind: Some(
[INFO] [stdout]             Error,
[INFO] [stdout]         ),
[INFO] [stdout]         msg: "no method named `shout` found for type `Dog` in the current scope",
[INFO] [stdout]     },
[INFO] [stdout] ]
[INFO] [stdout] 
[INFO] [stdout] thread '[compile-fail] compile-fail/method_no_self.rs' panicked at 'explicit panic', /opt/rustwide/cargo-home/registry/src/github.com-1ecc6299db9ec823/compiletest_rs-0.3.26/src/runtest.rs:1091:13
[INFO] [stdout] stack backtrace:
[INFO] [stdout]    0:     0x5598fe78e590 - std::backtrace_rs::backtrace::libunwind::trace::h34055254b57d8e79
[INFO] [stdout]                                at /rustc/a178d0322ce20e33eac124758e837cbd80a6f633/library/std/src/../../backtrace/src/backtrace/libunwind.rs:90:5
[INFO] [stdout]    1:     0x5598fe78e590 - std::backtrace_rs::backtrace::trace_unsynchronized::h8f1e3fbd9afff6ec
[INFO] [stdout]                                at /rustc/a178d0322ce20e33eac124758e837cbd80a6f633/library/std/src/../../backtrace/src/backtrace/mod.rs:66:5
[INFO] [stdout]    2:     0x5598fe78e590 - std::sys_common::backtrace::_print_fmt::h3a99a796b770c360
[INFO] [stdout]                                at /rustc/a178d0322ce20e33eac124758e837cbd80a6f633/library/std/src/sys_common/backtrace.rs:67:5
[INFO] [stdout]    3:     0x5598fe78e590 - <std::sys_common::backtrace::_print::DisplayBacktrace as core::fmt::Display>::fmt::h32d1f94a80615d18
[INFO] [stdout]                                at /rustc/a178d0322ce20e33eac124758e837cbd80a6f633/library/std/src/sys_common/backtrace.rs:46:22
[INFO] [stdout]    4:     0x5598fe7b374c - core::fmt::write::h306731c068f7162c
[INFO] [stdout]                                at /rustc/a178d0322ce20e33eac124758e837cbd80a6f633/library/core/src/fmt/mod.rs:1110:17
[INFO] [stdout]    5:     0x5598fe78a705 - std::io::Write::write_fmt::h87f19b0a2cd190bc
[INFO] [stdout]                                at /rustc/a178d0322ce20e33eac124758e837cbd80a6f633/library/std/src/io/mod.rs:1588:15
[INFO] [stdout]    6:     0x5598fe79129b - std::sys_common::backtrace::_print::h5abaa2601a852287
[INFO] [stdout]                                at /rustc/a178d0322ce20e33eac124758e837cbd80a6f633/library/std/src/sys_common/backtrace.rs:49:5
[INFO] [stdout]    7:     0x5598fe79129b - std::sys_common::backtrace::print::h8d81445442bb638f
[INFO] [stdout]                                at /rustc/a178d0322ce20e33eac124758e837cbd80a6f633/library/std/src/sys_common/backtrace.rs:36:9
[INFO] [stdout]    8:     0x5598fe79129b - std::panicking::default_hook::{{closure}}::hcfe804496a9fa747
[INFO] [stdout]                                at /rustc/a178d0322ce20e33eac124758e837cbd80a6f633/library/std/src/panicking.rs:208:50
[INFO] [stdout]    9:     0x5598fe790dac - std::panicking::default_hook::hbea8e3ccf2ba8901
[INFO] [stdout]                                at /rustc/a178d0322ce20e33eac124758e837cbd80a6f633/library/std/src/panicking.rs:222:9
[INFO] [stdout]   10:     0x5598fe791964 - std::panicking::rust_panic_with_hook::h7ee9e1a2d0f8975a
[INFO] [stdout]                                at /rustc/a178d0322ce20e33eac124758e837cbd80a6f633/library/std/src/panicking.rs:622:17
[INFO] [stdout]   11:     0x5598fe768b13 - std::panicking::begin_panic::{{closure}}::haa2259a5d090943e
[INFO] [stdout]                                at /rustc/a178d0322ce20e33eac124758e837cbd80a6f633/library/std/src/panicking.rs:542:9
[INFO] [stdout]   12:     0x5598fe76c8a9 - std::sys_common::backtrace::__rust_end_short_backtrace::hab24bff5d543af40
[INFO] [stdout]                                at /rustc/a178d0322ce20e33eac124758e837cbd80a6f633/library/std/src/sys_common/backtrace.rs:141:18
[INFO] [stdout]   13:     0x5598fe768a49 - std::panicking::begin_panic::hb0ad47222346dbe6
[INFO] [stdout]                                at /rustc/a178d0322ce20e33eac124758e837cbd80a6f633/library/std/src/panicking.rs:541:12
[INFO] [stdout]   14:     0x5598fe333fa9 - compiletest_rs::runtest::TestCx::check_expected_errors::hc8da33d9e34b5bbe
[INFO] [stdout]                                at /opt/rustwide/cargo-home/registry/src/github.com-1ecc6299db9ec823/compiletest_rs-0.3.26/src/runtest.rs:1091:13
[INFO] [stdout]   15:     0x5598fe325ab1 - compiletest_rs::runtest::TestCx::run_cfail_test::hbace238a65999753
[INFO] [stdout]                                at /opt/rustwide/cargo-home/registry/src/github.com-1ecc6299db9ec823/compiletest_rs-0.3.26/src/runtest.rs:178:13
[INFO] [stdout]   16:     0x5598fe32562e - compiletest_rs::runtest::TestCx::run_revision::h55493a055fe2dd52
[INFO] [stdout]                                at /opt/rustwide/cargo-home/registry/src/github.com-1ecc6299db9ec823/compiletest_rs-0.3.26/src/runtest.rs:131:26
[INFO] [stdout]   17:     0x5598fe3252b3 - compiletest_rs::runtest::run::h40c5479c9886e7d7
[INFO] [stdout]                                at /opt/rustwide/cargo-home/registry/src/github.com-1ecc6299db9ec823/compiletest_rs-0.3.26/src/runtest.rs:83:9
[INFO] [stdout]   18:     0x5598fe319a75 - compiletest_rs::make_test_closure::{{closure}}::h91ad05e607705885
[INFO] [stdout]                                at /opt/rustwide/cargo-home/registry/src/github.com-1ecc6299db9ec823/compiletest_rs-0.3.26/src/lib.rs:292:9
[INFO] [stdout]   19:     0x5598fe3a61be - core::ops::function::FnOnce::call_once{{vtable.shim}}::h49afdc113288b403
[INFO] [stdout]                                at /rustc/a178d0322ce20e33eac124758e837cbd80a6f633/library/core/src/ops/function.rs:227:5
[INFO] [stdout]   20:     0x5598fe71855d - <alloc::boxed::Box<F,A> as core::ops::function::FnOnce<Args>>::call_once::hff7799a97f89a3ee
[INFO] [stdout]                                at /rustc/a178d0322ce20e33eac124758e837cbd80a6f633/library/alloc/src/boxed.rs:1575:9
[INFO] [stdout]   21:     0x5598fe6caae4 - test::__rust_begin_short_backtrace::hf3168ec3977e9bfb
[INFO] [stdout]                                at /opt/rustwide/cargo-home/registry/src/github.com-1ecc6299db9ec823/tester-0.6.0/src/lib.rs:545:5
[INFO] [stdout]   22:     0x5598fe6ca293 - test::run_test::{{closure}}::h35ee55626ee8c5e8
[INFO] [stdout]                                at /opt/rustwide/cargo-home/registry/src/github.com-1ecc6299db9ec823/tester-0.6.0/src/lib.rs:529:34
[INFO] [stdout]   23:     0x5598fe6e8be8 - core::ops::function::FnOnce::call_once{{vtable.shim}}::h469154a54d56d0f5
[INFO] [stdout]                                at /rustc/a178d0322ce20e33eac124758e837cbd80a6f633/library/core/src/ops/function.rs:227:5
[INFO] [stdout]   24:     0x5598fe71855d - <alloc::boxed::Box<F,A> as core::ops::function::FnOnce<Args>>::call_once::hff7799a97f89a3ee
[INFO] [stdout]                                at /rustc/a178d0322ce20e33eac124758e837cbd80a6f633/library/alloc/src/boxed.rs:1575:9
[INFO] [stdout]   25:     0x5598fe6eeeb4 - <std::panic::AssertUnwindSafe<F> as core::ops::function::FnOnce<()>>::call_once::h9ec9f3f080e58c86
[INFO] [stdout]                                at /rustc/a178d0322ce20e33eac124758e837cbd80a6f633/library/std/src/panic.rs:347:9
[INFO] [stdout]   26:     0x5598fe6cd97d - std::panicking::try::do_call::hdb3b889b747c3c9a
[INFO] [stdout]                                at /rustc/a178d0322ce20e33eac124758e837cbd80a6f633/library/std/src/panicking.rs:401:40
[INFO] [stdout]   27:     0x5598fe6d0d7d - __rust_try
[INFO] [stdout]   28:     0x5598fe6cd34d - std::panicking::try::h7e462cbd97958428
[INFO] [stdout]                                at /rustc/a178d0322ce20e33eac124758e837cbd80a6f633/library/std/src/panicking.rs:365:19
[INFO] [stdout]   29:     0x5598fe6ef764 - std::panic::catch_unwind::h582452351cf122f2
[INFO] [stdout]                                at /rustc/a178d0322ce20e33eac124758e837cbd80a6f633/library/std/src/panic.rs:434:14
[INFO] [stdout]   30:     0x5598fe6cacec - test::run_test_in_process::h79381dc76802a939
[INFO] [stdout]                                at /opt/rustwide/cargo-home/registry/src/github.com-1ecc6299db9ec823/tester-0.6.0/src/lib.rs:580:18
[INFO] [stdout]   31:     0x5598fe6ca9d5 - test::run_test::run_test_inner::{{closure}}::hf00472e5213ef411
[INFO] [stdout]                                at /opt/rustwide/cargo-home/registry/src/github.com-1ecc6299db9ec823/tester-0.6.0/src/lib.rs:476:21
[INFO] [stdout]   32:     0x5598fe6e4de3 - std::sys_common::backtrace::__rust_begin_short_backtrace::hdd96e164773488c0
[INFO] [stdout]                                at /rustc/a178d0322ce20e33eac124758e837cbd80a6f633/library/std/src/sys_common/backtrace.rs:125:18
[INFO] [stdout]   33:     0x5598fe6fb100 - std::thread::Builder::spawn_unchecked::{{closure}}::{{closure}}::h74b849bb8f9615cf
[INFO] [stdout]                                at /rustc/a178d0322ce20e33eac124758e837cbd80a6f633/library/std/src/thread/mod.rs:481:17
[INFO] [stdout]   34:     0x5598fe6eef14 - <std::panic::AssertUnwindSafe<F> as core::ops::function::FnOnce<()>>::call_once::hee341203b6b63715
[INFO] [stdout]                                at /rustc/a178d0322ce20e33eac124758e837cbd80a6f633/library/std/src/panic.rs:347:9
[INFO] [stdout]   35:     0x5598fe6cd7d2 - std::panicking::try::do_call::h364121db2dd98844
[INFO] [stdout]                                at /rustc/a178d0322ce20e33eac124758e837cbd80a6f633/library/std/src/panicking.rs:401:40
[INFO] [stdout]   36:     0x5598fe6d0d7d - __rust_try
[INFO] [stdout]   37:     0x5598fe6cd447 - std::panicking::try::h989d8e4a7435f757
[INFO] [stdout]                                at /rustc/a178d0322ce20e33eac124758e837cbd80a6f633/library/std/src/panicking.rs:365:19
[INFO] [stdout]   38:     0x5598fe6ef7d4 - std::panic::catch_unwind::h998f9d3e4833841d
[INFO] [stdout]                                at /rustc/a178d0322ce20e33eac124758e837cbd80a6f633/library/std/src/panic.rs:434:14
[INFO] [stdout]   39:     0x5598fe6faf0e - std::thread::Builder::spawn_unchecked::{{closure}}::hac2dae255cece7e6
[INFO] [stdout]                                at /rustc/a178d0322ce20e33eac124758e837cbd80a6f633/library/std/src/thread/mod.rs:480:30
[INFO] [stdout]   40:     0x5598fe6e8bff - core::ops::function::FnOnce::call_once{{vtable.shim}}::h51b0b3efb1e17d1a
[INFO] [stdout]                                at /rustc/a178d0322ce20e33eac124758e837cbd80a6f633/library/core/src/ops/function.rs:227:5
[INFO] [stdout]   41:     0x5598fe797897 - <alloc::boxed::Box<F,A> as core::ops::function::FnOnce<Args>>::call_once::h7ece6cfefaff1005
[INFO] [stdout]                                at /rustc/a178d0322ce20e33eac124758e837cbd80a6f633/library/alloc/src/boxed.rs:1575:9
[INFO] [stdout]   42:     0x5598fe797897 - <alloc::boxed::Box<F,A> as core::ops::function::FnOnce<Args>>::call_once::hb8b48e55c21f193e
[INFO] [stdout]                                at /rustc/a178d0322ce20e33eac124758e837cbd80a6f633/library/alloc/src/boxed.rs:1575:9
[INFO] [stdout]   43:     0x5598fe797897 - std::sys::unix::thread::Thread::new::thread_start::h8c7c4450dba62914
[INFO] [stdout]                                at /rustc/a178d0322ce20e33eac124758e837cbd80a6f633/library/std/src/sys/unix/thread.rs:71:17
[INFO] [stdout]   44:     0x7f3d8d468609 - start_thread
[INFO] [stdout]   45:     0x7f3d8d23a293 - clone
[INFO] [stdout]   46:                0x0 - <unknown>
[INFO] [stdout] thread 'compile_test' panicked at 'Some tests failed', /opt/rustwide/cargo-home/registry/src/github.com-1ecc6299db9ec823/compiletest_rs-0.3.26/src/lib.rs:101:22
[INFO] [stdout] stack backtrace:
[INFO] [stdout]    0:     0x5598fe78e590 - std::backtrace_rs::backtrace::libunwind::trace::h34055254b57d8e79
[INFO] [stdout]                                at /rustc/a178d0322ce20e33eac124758e837cbd80a6f633/library/std/src/../../backtrace/src/backtrace/libunwind.rs:90:5
[INFO] [stdout]    1:     0x5598fe78e590 - std::backtrace_rs::backtrace::trace_unsynchronized::h8f1e3fbd9afff6ec
[INFO] [stdout]                                at /rustc/a178d0322ce20e33eac124758e837cbd80a6f633/library/std/src/../../backtrace/src/backtrace/mod.rs:66:5
[INFO] [stdout]    2:     0x5598fe78e590 - std::sys_common::backtrace::_print_fmt::h3a99a796b770c360
[INFO] [stdout]                                at /rustc/a178d0322ce20e33eac124758e837cbd80a6f633/library/std/src/sys_common/backtrace.rs:67:5
[INFO] [stdout]    3:     0x5598fe78e590 - <std::sys_common::backtrace::_print::DisplayBacktrace as core::fmt::Display>::fmt::h32d1f94a80615d18
[INFO] [stdout]                                at /rustc/a178d0322ce20e33eac124758e837cbd80a6f633/library/std/src/sys_common/backtrace.rs:46:22
[INFO] [stdout]    4:     0x5598fe7b374c - core::fmt::write::h306731c068f7162c
[INFO] [stdout]                                at /rustc/a178d0322ce20e33eac124758e837cbd80a6f633/library/core/src/fmt/mod.rs:1110:17
[INFO] [stdout]    5:     0x5598fe78a705 - std::io::Write::write_fmt::h87f19b0a2cd190bc
[INFO] [stdout]                                at /rustc/a178d0322ce20e33eac124758e837cbd80a6f633/library/std/src/io/mod.rs:1588:15
[INFO] [stdout]    6:     0x5598fe79129b - std::sys_common::backtrace::_print::h5abaa2601a852287
[INFO] [stdout]                                at /rustc/a178d0322ce20e33eac124758e837cbd80a6f633/library/std/src/sys_common/backtrace.rs:49:5
[INFO] [stdout]    7:     0x5598fe79129b - std::sys_common::backtrace::print::h8d81445442bb638f
[INFO] [stdout]                                at /rustc/a178d0322ce20e33eac124758e837cbd80a6f633/library/std/src/sys_common/backtrace.rs:36:9
[INFO] [stdout]    8:     0x5598fe79129b - std::panicking::default_hook::{{closure}}::hcfe804496a9fa747
[INFO] [stdout]                                at /rustc/a178d0322ce20e33eac124758e837cbd80a6f633/library/std/src/panicking.rs:208:50
[INFO] [stdout]    9:     0x5598fe790dac - std::panicking::default_hook::hbea8e3ccf2ba8901
[INFO] [stdout]                                at /rustc/a178d0322ce20e33eac124758e837cbd80a6f633/library/std/src/panicking.rs:222:9
[INFO] [stdout]   10:     0x5598fe791964 - std::panicking::rust_panic_with_hook::h7ee9e1a2d0f8975a
[INFO] [stdout]                                at /rustc/a178d0322ce20e33eac124758e837cbd80a6f633/library/std/src/panicking.rs:622:17
[INFO] [stdout]   11:     0x5598fe768b13 - std::panicking::begin_panic::{{closure}}::haa2259a5d090943e
[INFO] [stdout]                                at /rustc/a178d0322ce20e33eac124758e837cbd80a6f633/library/std/src/panicking.rs:542:9
[INFO] [stdout]   12:     0x5598fe76c8a9 - std::sys_common::backtrace::__rust_end_short_backtrace::hab24bff5d543af40
[INFO] [stdout]                                at /rustc/a178d0322ce20e33eac124758e837cbd80a6f633/library/std/src/sys_common/backtrace.rs:141:18
[INFO] [stdout]   13:     0x5598fe768a49 - std::panicking::begin_panic::hb0ad47222346dbe6
[INFO] [stdout]                                at /rustc/a178d0322ce20e33eac124758e837cbd80a6f633/library/std/src/panicking.rs:541:12
[INFO] [stdout]   14:     0x5598fe316877 - compiletest_rs::run_tests::hd086f89ff19ebed9
[INFO] [stdout]                                at /opt/rustwide/cargo-home/registry/src/github.com-1ecc6299db9ec823/compiletest_rs-0.3.26/src/lib.rs:101:22
[INFO] [stdout]   15:     0x5598fe2c29a0 - compiletest::run_mode::h73474e6d40c3c1f7
[INFO] [stdout]                                at /opt/rustwide/workdir/tests/compiletest.rs:15:5
[INFO] [stdout]   16:     0x5598fe2c2a02 - compiletest::compile_test::h3cc68d836e5d3278
[INFO] [stdout]                                at /opt/rustwide/workdir/tests/compiletest.rs:20:5
[INFO] [stdout]   17:     0x5598fe2c29da - compiletest::compile_test::{{closure}}::haa74d198b1e2c0cf
[INFO] [stdout]                                at /opt/rustwide/workdir/tests/compiletest.rs:19:1
[INFO] [stdout]   18:     0x5598fe2c250e - core::ops::function::FnOnce::call_once::h6609541d66cff137
[INFO] [stdout]                                at /rustc/a178d0322ce20e33eac124758e837cbd80a6f633/library/core/src/ops/function.rs:227:5
[INFO] [stdout]   19:     0x5598fe2eaf53 - core::ops::function::FnOnce::call_once::h152e7e439ff59e19
[INFO] [stdout]                                at /rustc/a178d0322ce20e33eac124758e837cbd80a6f633/library/core/src/ops/function.rs:227:5
[INFO] [stdout]   20:     0x5598fe2eaf53 - test::__rust_begin_short_backtrace::h0908f3b1fdbb72ab
[INFO] [stdout]                                at /rustc/a178d0322ce20e33eac124758e837cbd80a6f633/library/test/src/lib.rs:577:5
[INFO] [stdout]   21:     0x5598fe2e9a10 - <alloc::boxed::Box<F,A> as core::ops::function::FnOnce<Args>>::call_once::hf6d2a51e5587546c
[INFO] [stdout]                                at /rustc/a178d0322ce20e33eac124758e837cbd80a6f633/library/alloc/src/boxed.rs:1575:9
[INFO] [stdout]   22:     0x5598fe2e9a10 - <std::panic::AssertUnwindSafe<F> as core::ops::function::FnOnce<()>>::call_once::h8af660f3a89ef593
[INFO] [stdout]                                at /rustc/a178d0322ce20e33eac124758e837cbd80a6f633/library/std/src/panic.rs:347:9
[INFO] [stdout]   23:     0x5598fe2e9a10 - std::panicking::try::do_call::hd36aef60f84b6d36
[INFO] [stdout]                                at /rustc/a178d0322ce20e33eac124758e837cbd80a6f633/library/std/src/panicking.rs:401:40
[INFO] [stdout]   24:     0x5598fe2e9a10 - std::panicking::try::h9932b4480e69817c
[INFO] [stdout]                                at /rustc/a178d0322ce20e33eac124758e837cbd80a6f633/library/std/src/panicking.rs:365:19
[INFO] [stdout]   25:     0x5598fe2e9a10 - std::panic::catch_unwind::h6aa177099cfff5f8
[INFO] [stdout]                                at /rustc/a178d0322ce20e33eac124758e837cbd80a6f633/library/std/src/panic.rs:434:14
[INFO] [stdout]   26:     0x5598fe2e9a10 - test::run_test_in_process::h5884d6f2d99e20c3
[INFO] [stdout]                                at /rustc/a178d0322ce20e33eac124758e837cbd80a6f633/library/test/src/lib.rs:600:18
[INFO] [stdout]   27:     0x5598fe2e9a10 - test::run_test::run_test_inner::{{closure}}::h6fdc58c6d5f5b6e3
[INFO] [stdout]                                at /rustc/a178d0322ce20e33eac124758e837cbd80a6f633/library/test/src/lib.rs:492:39
[INFO] [stdout]   28:     0x5598fe2c30c2 - test::run_test::run_test_inner::{{closure}}::h408365d67a78ade8
[INFO] [stdout]                                at /rustc/a178d0322ce20e33eac124758e837cbd80a6f633/library/test/src/lib.rs:519:37
[INFO] [stdout]   29:     0x5598fe2c30c2 - std::sys_common::backtrace::__rust_begin_short_backtrace::hb560b77c4f701523
[INFO] [stdout]                                at /rustc/a178d0322ce20e33eac124758e837cbd80a6f633/library/std/src/sys_common/backtrace.rs:125:18
[INFO] [stdout]   30:     0x5598fe2c6c78 - std::thread::Builder::spawn_unchecked::{{closure}}::{{closure}}::hf2e7831dad93c597
[INFO] [stdout]                                at /rustc/a178d0322ce20e33eac124758e837cbd80a6f633/library/std/src/thread/mod.rs:481:17
[INFO] [stdout]   31:     0x5598fe2c6c78 - <std::panic::AssertUnwindSafe<F> as core::ops::function::FnOnce<()>>::call_once::hd2e08783d8be4d02
[INFO] [stdout]                                at /rustc/a178d0322ce20e33eac124758e837cbd80a6f633/library/std/src/panic.rs:347:9
[INFO] [stdout]   32:     0x5598fe2c6c78 - std::panicking::try::do_call::h062597b7acfd6b82
[INFO] [stdout]                                at /rustc/a178d0322ce20e33eac124758e837cbd80a6f633/library/std/src/panicking.rs:401:40
[INFO] [stdout]   33:     0x5598fe2c6c78 - std::panicking::try::h0d7b79db04c14552
[INFO] [stdout]                                at /rustc/a178d0322ce20e33eac124758e837cbd80a6f633/library/std/src/panicking.rs:365:19
[INFO] [stdout]   34:     0x5598fe2c6c78 - std::panic::catch_unwind::hb01a0b5e7c8cd43b
[INFO] [stdout]                                at /rustc/a178d0322ce20e33eac124758e837cbd80a6f633/library/std/src/panic.rs:434:14
[INFO] [stdout]   35:     0x5598fe2c6c78 - std::thread::Builder::spawn_unchecked::{{closure}}::h5bde48cc887e0d1e
[INFO] [stdout]                                at /rustc/a178d0322ce20e33eac124758e837cbd80a6f633/library/std/src/thread/mod.rs:480:30
[INFO] [stdout]   36:     0x5598fe2c6c78 - core::ops::function::FnOnce::call_once{{vtable.shim}}::h745ea30807a29e55
[INFO] [stdout]                                at /rustc/a178d0322ce20e33eac124758e837cbd80a6f633/library/core/src/ops/function.rs:227:5
[INFO] [stdout]   37:     0x5598fe797897 - <alloc::boxed::Box<F,A> as core::ops::function::FnOnce<Args>>::call_once::h7ece6cfefaff1005
[INFO] [stdout]                                at /rustc/a178d0322ce20e33eac124758e837cbd80a6f633/library/alloc/src/boxed.rs:1575:9
[INFO] [stdout]   38:     0x5598fe797897 - <alloc::boxed::Box<F,A> as core::ops::function::FnOnce<Args>>::call_once::hb8b48e55c21f193e
[INFO] [stdout]                                at /rustc/a178d0322ce20e33eac124758e837cbd80a6f633/library/alloc/src/boxed.rs:1575:9
[INFO] [stdout]   39:     0x5598fe797897 - std::sys::unix::thread::Thread::new::thread_start::h8c7c4450dba62914
[INFO] [stdout]                                at /rustc/a178d0322ce20e33eac124758e837cbd80a6f633/library/std/src/sys/unix/thread.rs:71:17
[INFO] [stdout]   40:     0x7f3d8d468609 - start_thread
[INFO] [stdout]   41:     0x7f3d8d23a293 - clone
[INFO] [stdout]   42:                0x0 - <unknown>
[INFO] [stdout] 
[INFO] [stdout] 
[INFO] [stdout] failures:
[INFO] [stdout]     compile_test
[INFO] [stdout] 
[INFO] [stdout] test result: FAILED. 0 passed; 1 failed; 0 ignored; 0 measured; 0 filtered out; finished in 0.87s
[INFO] [stdout] 
[INFO] [stderr] error: test failed, to rerun pass '--test compiletest'
[INFO] running `Command { std: "docker" "inspect" "5dfb1806711b56f78b2a9aff58b1a0d714c6aeb32a7f1a412b802521f3b4c14a", kill_on_drop: false }`
[INFO] running `Command { std: "docker" "rm" "-f" "5dfb1806711b56f78b2a9aff58b1a0d714c6aeb32a7f1a412b802521f3b4c14a", kill_on_drop: false }`
[INFO] [stdout] 5dfb1806711b56f78b2a9aff58b1a0d714c6aeb32a7f1a412b802521f3b4c14a
