[INFO] fetching crate ambassade-debug 0.2.0...
[INFO] testing ambassade-debug-0.2.0 against beta-2021-08-01 for beta-1.55-1
[INFO] extracting crate ambassade-debug 0.2.0 into /workspace/builds/worker-14/source
[INFO] validating manifest of crates.io crate ambassade-debug 0.2.0 on toolchain beta-2021-08-01
[INFO] running `Command { std: "/workspace/cargo-home/bin/cargo" "+beta-2021-08-01" "metadata" "--manifest-path" "Cargo.toml" "--no-deps", kill_on_drop: false }`
[INFO] started tweaking crates.io crate ambassade-debug 0.2.0
[INFO] finished tweaking crates.io crate ambassade-debug 0.2.0
[INFO] tweaked toml for crates.io crate ambassade-debug 0.2.0 written to /workspace/builds/worker-14/source/Cargo.toml
[INFO] running `Command { std: "/workspace/cargo-home/bin/cargo" "+beta-2021-08-01" "generate-lockfile" "--manifest-path" "Cargo.toml" "-Zno-index-update", kill_on_drop: false }`
[INFO] running `Command { std: "/workspace/cargo-home/bin/cargo" "+beta-2021-08-01" "fetch" "--manifest-path" "Cargo.toml", kill_on_drop: false }`
[INFO] running `Command { std: "docker" "create" "-v" "/var/lib/crater-agent-workspace/builds/worker-14/target:/opt/rustwide/target:rw,Z" "-v" "/var/lib/crater-agent-workspace/builds/worker-14/source:/opt/rustwide/workdir:ro,Z" "-v" "/var/lib/crater-agent-workspace/cargo-home:/opt/rustwide/cargo-home:ro,Z" "-v" "/var/lib/crater-agent-workspace/rustup-home:/opt/rustwide/rustup-home:ro,Z" "-e" "SOURCE_DIR=/opt/rustwide/workdir" "-e" "CARGO_TARGET_DIR=/opt/rustwide/target" "-e" "CARGO_HOME=/opt/rustwide/cargo-home" "-e" "RUSTUP_HOME=/opt/rustwide/rustup-home" "-w" "/opt/rustwide/workdir" "-m" "1610612736" "--user" "0:0" "--network" "none" "ghcr.io/rust-lang/crates-build-env/linux@sha256:34b6a614d2c27851fe6cbf88fbd1137609cefab8b10d0615aaeb6fd47975d74e" "/opt/rustwide/cargo-home/bin/cargo" "+beta-2021-08-01" "metadata" "--no-deps" "--format-version=1", kill_on_drop: false }`
[INFO] [stdout] ab8ee1635388a3f07a1c729c9d5b5711ce43e649448caf84f21750f7fe7e075f
[INFO] [stderr] WARNING: Your kernel does not support swap limit capabilities or the cgroup is not mounted. Memory limited without swap.
[INFO] running `Command { std: "docker" "start" "-a" "ab8ee1635388a3f07a1c729c9d5b5711ce43e649448caf84f21750f7fe7e075f", kill_on_drop: false }`
[INFO] running `Command { std: "docker" "inspect" "ab8ee1635388a3f07a1c729c9d5b5711ce43e649448caf84f21750f7fe7e075f", kill_on_drop: false }`
[INFO] running `Command { std: "docker" "rm" "-f" "ab8ee1635388a3f07a1c729c9d5b5711ce43e649448caf84f21750f7fe7e075f", kill_on_drop: false }`
[INFO] [stdout] ab8ee1635388a3f07a1c729c9d5b5711ce43e649448caf84f21750f7fe7e075f
[INFO] running `Command { std: "docker" "create" "-v" "/var/lib/crater-agent-workspace/builds/worker-14/target:/opt/rustwide/target:rw,Z" "-v" "/var/lib/crater-agent-workspace/builds/worker-14/source:/opt/rustwide/workdir:ro,Z" "-v" "/var/lib/crater-agent-workspace/cargo-home:/opt/rustwide/cargo-home:ro,Z" "-v" "/var/lib/crater-agent-workspace/rustup-home:/opt/rustwide/rustup-home:ro,Z" "-e" "SOURCE_DIR=/opt/rustwide/workdir" "-e" "CARGO_TARGET_DIR=/opt/rustwide/target" "-e" "CARGO_INCREMENTAL=0" "-e" "RUST_BACKTRACE=full" "-e" "RUSTFLAGS=--cap-lints=warn" "-e" "CARGO_HOME=/opt/rustwide/cargo-home" "-e" "RUSTUP_HOME=/opt/rustwide/rustup-home" "-w" "/opt/rustwide/workdir" "-m" "1610612736" "--user" "0:0" "--network" "none" "ghcr.io/rust-lang/crates-build-env/linux@sha256:34b6a614d2c27851fe6cbf88fbd1137609cefab8b10d0615aaeb6fd47975d74e" "/opt/rustwide/cargo-home/bin/cargo" "+beta-2021-08-01" "build" "--frozen" "--message-format=json", kill_on_drop: false }`
[INFO] [stdout] 8e7443b8093e08d717e2cd5e8c1fd7fbebb9efaf3089351d8c7eb662d2360f7a
[INFO] [stderr] WARNING: Your kernel does not support swap limit capabilities or the cgroup is not mounted. Memory limited without swap.
[INFO] running `Command { std: "docker" "start" "-a" "8e7443b8093e08d717e2cd5e8c1fd7fbebb9efaf3089351d8c7eb662d2360f7a", kill_on_drop: false }`
[INFO] [stderr]    Compiling libz-sys v1.1.3
[INFO] [stderr]    Compiling libssh2-sys v0.2.21
[INFO] [stderr]    Compiling libgit2-sys v0.7.11
[INFO] [stderr]    Compiling curl-sys v0.4.45+curl-7.78.0
[INFO] [stderr]    Compiling git2 v0.8.0
[INFO] [stderr]    Compiling ambassade-debug v0.2.0 (/opt/rustwide/workdir)
[INFO] [stdout] warning: use of deprecated macro `try`: use the `?` operator instead
[INFO] [stdout]   --> src/debug.rs:94:9
[INFO] [stdout]    |
[INFO] [stdout] 94 |         try!(write!(f, "{}", string));
[INFO] [stdout]    |         ^^^
[INFO] [stdout]    |
[INFO] [stdout]    = note: `#[warn(deprecated)]` on by default
[INFO] [stdout] 
[INFO] [stdout] 
[INFO] [stdout] warning: 1 warning emitted
[INFO] [stdout] 
[INFO] [stdout] 
[INFO] [stderr]     Finished dev [unoptimized + debuginfo] target(s) in 1m 14s
[INFO] running `Command { std: "docker" "inspect" "8e7443b8093e08d717e2cd5e8c1fd7fbebb9efaf3089351d8c7eb662d2360f7a", kill_on_drop: false }`
[INFO] running `Command { std: "docker" "rm" "-f" "8e7443b8093e08d717e2cd5e8c1fd7fbebb9efaf3089351d8c7eb662d2360f7a", kill_on_drop: false }`
[INFO] [stdout] 8e7443b8093e08d717e2cd5e8c1fd7fbebb9efaf3089351d8c7eb662d2360f7a
[INFO] running `Command { std: "docker" "create" "-v" "/var/lib/crater-agent-workspace/builds/worker-14/target:/opt/rustwide/target:rw,Z" "-v" "/var/lib/crater-agent-workspace/builds/worker-14/source:/opt/rustwide/workdir:ro,Z" "-v" "/var/lib/crater-agent-workspace/cargo-home:/opt/rustwide/cargo-home:ro,Z" "-v" "/var/lib/crater-agent-workspace/rustup-home:/opt/rustwide/rustup-home:ro,Z" "-e" "SOURCE_DIR=/opt/rustwide/workdir" "-e" "CARGO_TARGET_DIR=/opt/rustwide/target" "-e" "CARGO_INCREMENTAL=0" "-e" "RUST_BACKTRACE=full" "-e" "RUSTFLAGS=--cap-lints=warn" "-e" "CARGO_HOME=/opt/rustwide/cargo-home" "-e" "RUSTUP_HOME=/opt/rustwide/rustup-home" "-w" "/opt/rustwide/workdir" "-m" "1610612736" "--user" "0:0" "--network" "none" "ghcr.io/rust-lang/crates-build-env/linux@sha256:34b6a614d2c27851fe6cbf88fbd1137609cefab8b10d0615aaeb6fd47975d74e" "/opt/rustwide/cargo-home/bin/cargo" "+beta-2021-08-01" "test" "--frozen" "--no-run" "--message-format=json", kill_on_drop: false }`
[INFO] [stdout] f4c07bbe19acf4b3f206dac0cf933793e7f90f9767dbd42132ce98b4db4e8149
[INFO] [stderr] WARNING: Your kernel does not support swap limit capabilities or the cgroup is not mounted. Memory limited without swap.
[INFO] running `Command { std: "docker" "start" "-a" "f4c07bbe19acf4b3f206dac0cf933793e7f90f9767dbd42132ce98b4db4e8149", kill_on_drop: false }`
[INFO] [stderr]    Compiling ambassade-debug v0.2.0 (/opt/rustwide/workdir)
[INFO] [stdout] warning: use of deprecated macro `try`: use the `?` operator instead
[INFO] [stdout]   --> src/debug.rs:94:9
[INFO] [stdout]    |
[INFO] [stdout] 94 |         try!(write!(f, "{}", string));
[INFO] [stdout]    |         ^^^
[INFO] [stdout]    |
[INFO] [stdout]    = note: `#[warn(deprecated)]` on by default
[INFO] [stdout] 
[INFO] [stdout] 
[INFO] [stdout] warning: 1 warning emitted
[INFO] [stdout] 
[INFO] [stdout] 
[INFO] [stdout] warning: use of deprecated macro `try`: use the `?` operator instead
[INFO] [stdout]   --> src/debug.rs:94:9
[INFO] [stdout]    |
[INFO] [stdout] 94 |         try!(write!(f, "{}", string));
[INFO] [stdout]    |         ^^^
[INFO] [stdout]    |
[INFO] [stdout]    = note: `#[warn(deprecated)]` on by default
[INFO] [stdout] 
[INFO] [stdout] 
[INFO] [stdout] warning: 1 warning emitted
[INFO] [stdout] 
[INFO] [stdout] 
[INFO] [stderr]     Finished test [unoptimized + debuginfo] target(s) in 1.32s
[INFO] running `Command { std: "docker" "inspect" "f4c07bbe19acf4b3f206dac0cf933793e7f90f9767dbd42132ce98b4db4e8149", kill_on_drop: false }`
[INFO] running `Command { std: "docker" "rm" "-f" "f4c07bbe19acf4b3f206dac0cf933793e7f90f9767dbd42132ce98b4db4e8149", kill_on_drop: false }`
[INFO] [stdout] f4c07bbe19acf4b3f206dac0cf933793e7f90f9767dbd42132ce98b4db4e8149
[INFO] running `Command { std: "docker" "create" "-v" "/var/lib/crater-agent-workspace/builds/worker-14/target:/opt/rustwide/target:rw,Z" "-v" "/var/lib/crater-agent-workspace/builds/worker-14/source:/opt/rustwide/workdir:ro,Z" "-v" "/var/lib/crater-agent-workspace/cargo-home:/opt/rustwide/cargo-home:ro,Z" "-v" "/var/lib/crater-agent-workspace/rustup-home:/opt/rustwide/rustup-home:ro,Z" "-e" "SOURCE_DIR=/opt/rustwide/workdir" "-e" "CARGO_TARGET_DIR=/opt/rustwide/target" "-e" "CARGO_INCREMENTAL=0" "-e" "RUST_BACKTRACE=full" "-e" "RUSTFLAGS=--cap-lints=warn" "-e" "CARGO_HOME=/opt/rustwide/cargo-home" "-e" "RUSTUP_HOME=/opt/rustwide/rustup-home" "-w" "/opt/rustwide/workdir" "-m" "1610612736" "--user" "0:0" "--network" "none" "ghcr.io/rust-lang/crates-build-env/linux@sha256:34b6a614d2c27851fe6cbf88fbd1137609cefab8b10d0615aaeb6fd47975d74e" "/opt/rustwide/cargo-home/bin/cargo" "+beta-2021-08-01" "test" "--frozen", kill_on_drop: false }`
[INFO] [stdout] ff1754dfaf96f06415d5463e233d2539083f4d6a45a5083de98dd61475a404f6
[INFO] [stderr] WARNING: Your kernel does not support swap limit capabilities or the cgroup is not mounted. Memory limited without swap.
[INFO] running `Command { std: "docker" "start" "-a" "ff1754dfaf96f06415d5463e233d2539083f4d6a45a5083de98dd61475a404f6", kill_on_drop: false }`
[INFO] [stderr]     Blocking waiting for file lock on package cache
[INFO] [stderr] warning: use of deprecated macro `try`: use the `?` operator instead
[INFO] [stderr]   --> src/debug.rs:94:9
[INFO] [stderr]    |
[INFO] [stderr] 94 |         try!(write!(f, "{}", string));
[INFO] [stderr]    |         ^^^
[INFO] [stderr]    |
[INFO] [stderr]    = note: `#[warn(deprecated)]` on by default
[INFO] [stderr] 
[INFO] [stderr] warning: `ambassade-debug` (lib) generated 1 warning
[INFO] [stderr] warning: `ambassade-debug` (lib test) generated 1 warning (1 duplicate)
[INFO] [stderr]     Finished test [unoptimized + debuginfo] target(s) in 0.09s
[INFO] [stderr]      Running unittests (/opt/rustwide/target/debug/deps/ambassade_debug-62ce33f978ee0f98)
[INFO] [stdout] 
[INFO] [stderr]    Doc-tests ambassade-debug
[INFO] [stdout] running 1 test
[INFO] [stdout] test tests::it_works ... ok
[INFO] [stdout] 
[INFO] [stdout] test result: ok. 1 passed; 0 failed; 0 ignored; 0 measured; 0 filtered out; finished in 0.00s
[INFO] [stdout] 
[INFO] [stdout] 
[INFO] [stdout] running 3 tests
[INFO] [stdout] test src/debug.rs - debug::SubmitMethod::submission_succeeded (line 27) ... FAILED
[INFO] [stdout] test src/debug.rs - debug::SubmitMethod (line 8) ... FAILED
[INFO] [stdout] test src/debug.rs - debug::SubmitMethod::submission_failed (line 40) ... FAILED
[INFO] [stdout] 
[INFO] [stdout] failures:
[INFO] [stdout] 
[INFO] [stdout] ---- src/debug.rs - debug::SubmitMethod::submission_succeeded (line 27) stdout ----
[INFO] [stdout] error: `self` parameter is only allowed in associated functions
[INFO] [stdout]  --> src/debug.rs:28:25
[INFO] [stdout]   |
[INFO] [stdout] 3 | fn submission_succeeded(&self, info: &DebugInfo) {
[INFO] [stdout]   |                         ^^^^^ not semantically valid as function parameter
[INFO] [stdout]   |
[INFO] [stdout]   = note: associated functions are those in `impl` or `trait` definitions
[INFO] [stdout] 
[INFO] [stdout] error[E0412]: cannot find type `DebugInfo` in this scope
[INFO] [stdout]  --> src/debug.rs:28:39
[INFO] [stdout]   |
[INFO] [stdout] 3 | fn submission_succeeded(&self, info: &DebugInfo) {
[INFO] [stdout]   |                                       ^^^^^^^^^ not found in this scope
[INFO] [stdout] 
[INFO] [stdout] error: aborting due to 2 previous errors
[INFO] [stdout] 
[INFO] [stdout] For more information about this error, try `rustc --explain E0412`.
[INFO] [stdout] Couldn't compile the test.
[INFO] [stdout] ---- src/debug.rs - debug::SubmitMethod (line 8) stdout ----
[INFO] [stdout] error[E0405]: cannot find trait `SubmitMethod` in this scope
[INFO] [stdout]  --> src/debug.rs:11:6
[INFO] [stdout]   |
[INFO] [stdout] 5 | impl SubmitMethod for MockType {
[INFO] [stdout]   |      ^^^^^^^^^^^^ not found in this scope
[INFO] [stdout] 
[INFO] [stdout] error[E0412]: cannot find type `DebugInfo` in this scope
[INFO] [stdout]  --> src/debug.rs:12:29
[INFO] [stdout]   |
[INFO] [stdout] 6 |     fn submit(&self, info: &DebugInfo) -> bool {
[INFO] [stdout]   |                             ^^^^^^^^^ not found in this scope
[INFO] [stdout] 
[INFO] [stdout] error: aborting due to 2 previous errors
[INFO] [stdout] 
[INFO] [stdout] Some errors have detailed explanations: E0405, E0412.
[INFO] [stdout] For more information about an error, try `rustc --explain E0405`.
[INFO] [stdout] Couldn't compile the test.
[INFO] [stdout] ---- src/debug.rs - debug::SubmitMethod::submission_failed (line 40) stdout ----
[INFO] [stdout] error: expected one of `:`, `@`, or `|`, found `&`
[INFO] [stdout]  --> src/debug.rs:41:34
[INFO] [stdout]   |
[INFO] [stdout] 3 | fn submission_failed(&self, info &DebugInfo) {
[INFO] [stdout]   |                                  ^ expected one of `:`, `@`, or `|`
[INFO] [stdout] 
[INFO] [stdout] error: `self` parameter is only allowed in associated functions
[INFO] [stdout]  --> src/debug.rs:41:22
[INFO] [stdout]   |
[INFO] [stdout] 3 | fn submission_failed(&self, info &DebugInfo) {
[INFO] [stdout]   |                      ^^^^^ not semantically valid as function parameter
[INFO] [stdout]   |
[INFO] [stdout]   = note: associated functions are those in `impl` or `trait` definitions
[INFO] [stdout] 
[INFO] [stdout] error[E0425]: cannot find value `info` in this scope
[INFO] [stdout]  --> src/debug.rs:42:116
[INFO] [stdout]   |
[INFO] [stdout] 4 |     println!("Something went wrong. Our apologies for the inconvenience. This information could not be sent:\n{}", info);
[INFO] [stdout]   |                                                                                                                    ^^^^ not found in this scope
[INFO] [stdout] 
[INFO] [stdout] error: aborting due to 3 previous errors
[INFO] [stdout] 
[INFO] [stdout] For more information about this error, try `rustc --explain E0425`.
[INFO] [stdout] Couldn't compile the test.
[INFO] [stdout] 
[INFO] [stdout] failures:
[INFO] [stdout]     src/debug.rs - debug::SubmitMethod (line 8)
[INFO] [stdout]     src/debug.rs - debug::SubmitMethod::submission_failed (line 40)
[INFO] [stdout]     src/debug.rs - debug::SubmitMethod::submission_succeeded (line 27)
[INFO] [stdout] 
[INFO] [stdout] test result: FAILED. 0 passed; 3 failed; 0 ignored; 0 measured; 0 filtered out; finished in 0.31s
[INFO] [stdout] 
[INFO] [stderr] error: test failed, to rerun pass '--doc'
[INFO] running `Command { std: "docker" "inspect" "ff1754dfaf96f06415d5463e233d2539083f4d6a45a5083de98dd61475a404f6", kill_on_drop: false }`
[INFO] running `Command { std: "docker" "rm" "-f" "ff1754dfaf96f06415d5463e233d2539083f4d6a45a5083de98dd61475a404f6", kill_on_drop: false }`
[INFO] [stdout] ff1754dfaf96f06415d5463e233d2539083f4d6a45a5083de98dd61475a404f6
