[INFO] fetching crate alt_serde 1.0.119...
[INFO] testing alt_serde-1.0.119 against beta-2021-08-01 for beta-1.55-1
[INFO] extracting crate alt_serde 1.0.119 into /workspace/builds/worker-13/source
[INFO] validating manifest of crates.io crate alt_serde 1.0.119 on toolchain beta-2021-08-01
[INFO] running `Command { std: "/workspace/cargo-home/bin/cargo" "+beta-2021-08-01" "metadata" "--manifest-path" "Cargo.toml" "--no-deps", kill_on_drop: false }`
[INFO] started tweaking crates.io crate alt_serde 1.0.119
[INFO] finished tweaking crates.io crate alt_serde 1.0.119
[INFO] tweaked toml for crates.io crate alt_serde 1.0.119 written to /workspace/builds/worker-13/source/Cargo.toml
[INFO] running `Command { std: "/workspace/cargo-home/bin/cargo" "+beta-2021-08-01" "generate-lockfile" "--manifest-path" "Cargo.toml" "-Zno-index-update", kill_on_drop: false }`
[INFO] running `Command { std: "/workspace/cargo-home/bin/cargo" "+beta-2021-08-01" "fetch" "--manifest-path" "Cargo.toml", kill_on_drop: false }`
[INFO] running `Command { std: "docker" "create" "-v" "/var/lib/crater-agent-workspace/builds/worker-13/target:/opt/rustwide/target:rw,Z" "-v" "/var/lib/crater-agent-workspace/builds/worker-13/source:/opt/rustwide/workdir:ro,Z" "-v" "/var/lib/crater-agent-workspace/cargo-home:/opt/rustwide/cargo-home:ro,Z" "-v" "/var/lib/crater-agent-workspace/rustup-home:/opt/rustwide/rustup-home:ro,Z" "-e" "SOURCE_DIR=/opt/rustwide/workdir" "-e" "CARGO_TARGET_DIR=/opt/rustwide/target" "-e" "CARGO_HOME=/opt/rustwide/cargo-home" "-e" "RUSTUP_HOME=/opt/rustwide/rustup-home" "-w" "/opt/rustwide/workdir" "-m" "1610612736" "--user" "0:0" "--network" "none" "ghcr.io/rust-lang/crates-build-env/linux@sha256:34b6a614d2c27851fe6cbf88fbd1137609cefab8b10d0615aaeb6fd47975d74e" "/opt/rustwide/cargo-home/bin/cargo" "+beta-2021-08-01" "metadata" "--no-deps" "--format-version=1", kill_on_drop: false }`
[INFO] [stdout] a29678f96e09c0cfd46282f6254c30a40a95a19f57331ead23c8ec95e32415d9
[INFO] [stderr] WARNING: Your kernel does not support swap limit capabilities or the cgroup is not mounted. Memory limited without swap.
[INFO] running `Command { std: "docker" "start" "-a" "a29678f96e09c0cfd46282f6254c30a40a95a19f57331ead23c8ec95e32415d9", kill_on_drop: false }`
[INFO] running `Command { std: "docker" "inspect" "a29678f96e09c0cfd46282f6254c30a40a95a19f57331ead23c8ec95e32415d9", kill_on_drop: false }`
[INFO] running `Command { std: "docker" "rm" "-f" "a29678f96e09c0cfd46282f6254c30a40a95a19f57331ead23c8ec95e32415d9", kill_on_drop: false }`
[INFO] [stdout] a29678f96e09c0cfd46282f6254c30a40a95a19f57331ead23c8ec95e32415d9
[INFO] running `Command { std: "docker" "create" "-v" "/var/lib/crater-agent-workspace/builds/worker-13/target:/opt/rustwide/target:rw,Z" "-v" "/var/lib/crater-agent-workspace/builds/worker-13/source:/opt/rustwide/workdir:ro,Z" "-v" "/var/lib/crater-agent-workspace/cargo-home:/opt/rustwide/cargo-home:ro,Z" "-v" "/var/lib/crater-agent-workspace/rustup-home:/opt/rustwide/rustup-home:ro,Z" "-e" "SOURCE_DIR=/opt/rustwide/workdir" "-e" "CARGO_TARGET_DIR=/opt/rustwide/target" "-e" "CARGO_INCREMENTAL=0" "-e" "RUST_BACKTRACE=full" "-e" "RUSTFLAGS=--cap-lints=warn" "-e" "CARGO_HOME=/opt/rustwide/cargo-home" "-e" "RUSTUP_HOME=/opt/rustwide/rustup-home" "-w" "/opt/rustwide/workdir" "-m" "1610612736" "--user" "0:0" "--network" "none" "ghcr.io/rust-lang/crates-build-env/linux@sha256:34b6a614d2c27851fe6cbf88fbd1137609cefab8b10d0615aaeb6fd47975d74e" "/opt/rustwide/cargo-home/bin/cargo" "+beta-2021-08-01" "build" "--frozen" "--message-format=json", kill_on_drop: false }`
[INFO] [stdout] e34a24840618a6d0ee66d88835f417d43c82660b61384e3970988f159b32b721
[INFO] [stderr] WARNING: Your kernel does not support swap limit capabilities or the cgroup is not mounted. Memory limited without swap.
[INFO] running `Command { std: "docker" "start" "-a" "e34a24840618a6d0ee66d88835f417d43c82660b61384e3970988f159b32b721", kill_on_drop: false }`
[INFO] [stderr]    Compiling alt_serde v1.0.119 (/opt/rustwide/workdir)
[INFO] [stderr]     Finished dev [unoptimized + debuginfo] target(s) in 6.89s
[INFO] running `Command { std: "docker" "inspect" "e34a24840618a6d0ee66d88835f417d43c82660b61384e3970988f159b32b721", kill_on_drop: false }`
[INFO] running `Command { std: "docker" "rm" "-f" "e34a24840618a6d0ee66d88835f417d43c82660b61384e3970988f159b32b721", kill_on_drop: false }`
[INFO] [stdout] e34a24840618a6d0ee66d88835f417d43c82660b61384e3970988f159b32b721
[INFO] running `Command { std: "docker" "create" "-v" "/var/lib/crater-agent-workspace/builds/worker-13/target:/opt/rustwide/target:rw,Z" "-v" "/var/lib/crater-agent-workspace/builds/worker-13/source:/opt/rustwide/workdir:ro,Z" "-v" "/var/lib/crater-agent-workspace/cargo-home:/opt/rustwide/cargo-home:ro,Z" "-v" "/var/lib/crater-agent-workspace/rustup-home:/opt/rustwide/rustup-home:ro,Z" "-e" "SOURCE_DIR=/opt/rustwide/workdir" "-e" "CARGO_TARGET_DIR=/opt/rustwide/target" "-e" "CARGO_INCREMENTAL=0" "-e" "RUST_BACKTRACE=full" "-e" "RUSTFLAGS=--cap-lints=warn" "-e" "CARGO_HOME=/opt/rustwide/cargo-home" "-e" "RUSTUP_HOME=/opt/rustwide/rustup-home" "-w" "/opt/rustwide/workdir" "-m" "1610612736" "--user" "0:0" "--network" "none" "ghcr.io/rust-lang/crates-build-env/linux@sha256:34b6a614d2c27851fe6cbf88fbd1137609cefab8b10d0615aaeb6fd47975d74e" "/opt/rustwide/cargo-home/bin/cargo" "+beta-2021-08-01" "test" "--frozen" "--no-run" "--message-format=json", kill_on_drop: false }`
[INFO] [stdout] 9899b51491ba0417e32f6cf32af582b1819264b8fb560b5838e8e6fcfcb8fe0e
[INFO] [stderr] WARNING: Your kernel does not support swap limit capabilities or the cgroup is not mounted. Memory limited without swap.
[INFO] running `Command { std: "docker" "start" "-a" "9899b51491ba0417e32f6cf32af582b1819264b8fb560b5838e8e6fcfcb8fe0e", kill_on_drop: false }`
[INFO] [stderr]    Compiling syn v1.0.74
[INFO] [stderr]    Compiling alt_serde_derive v1.0.119
[INFO] [stderr]    Compiling alt_serde v1.0.119 (/opt/rustwide/workdir)
[INFO] [stderr]     Finished test [unoptimized + debuginfo] target(s) in 23.10s
[INFO] running `Command { std: "docker" "inspect" "9899b51491ba0417e32f6cf32af582b1819264b8fb560b5838e8e6fcfcb8fe0e", kill_on_drop: false }`
[INFO] running `Command { std: "docker" "rm" "-f" "9899b51491ba0417e32f6cf32af582b1819264b8fb560b5838e8e6fcfcb8fe0e", kill_on_drop: false }`
[INFO] [stdout] 9899b51491ba0417e32f6cf32af582b1819264b8fb560b5838e8e6fcfcb8fe0e
[INFO] running `Command { std: "docker" "create" "-v" "/var/lib/crater-agent-workspace/builds/worker-13/target:/opt/rustwide/target:rw,Z" "-v" "/var/lib/crater-agent-workspace/builds/worker-13/source:/opt/rustwide/workdir:ro,Z" "-v" "/var/lib/crater-agent-workspace/cargo-home:/opt/rustwide/cargo-home:ro,Z" "-v" "/var/lib/crater-agent-workspace/rustup-home:/opt/rustwide/rustup-home:ro,Z" "-e" "SOURCE_DIR=/opt/rustwide/workdir" "-e" "CARGO_TARGET_DIR=/opt/rustwide/target" "-e" "CARGO_INCREMENTAL=0" "-e" "RUST_BACKTRACE=full" "-e" "RUSTFLAGS=--cap-lints=warn" "-e" "CARGO_HOME=/opt/rustwide/cargo-home" "-e" "RUSTUP_HOME=/opt/rustwide/rustup-home" "-w" "/opt/rustwide/workdir" "-m" "1610612736" "--user" "0:0" "--network" "none" "ghcr.io/rust-lang/crates-build-env/linux@sha256:34b6a614d2c27851fe6cbf88fbd1137609cefab8b10d0615aaeb6fd47975d74e" "/opt/rustwide/cargo-home/bin/cargo" "+beta-2021-08-01" "test" "--frozen", kill_on_drop: false }`
[INFO] [stderr] WARNING: Your kernel does not support swap limit capabilities or the cgroup is not mounted. Memory limited without swap.
[INFO] [stdout] 780dacb68f6263e91b5c661a2334ab95fd93b847c3581256ae5c4cf0ec854e46
[INFO] running `Command { std: "docker" "start" "-a" "780dacb68f6263e91b5c661a2334ab95fd93b847c3581256ae5c4cf0ec854e46", kill_on_drop: false }`
[INFO] [stderr]     Finished test [unoptimized + debuginfo] target(s) in 0.05s
[INFO] [stderr]      Running unittests (/opt/rustwide/target/debug/deps/alt_serde-c3e404631e95f3e9)
[INFO] [stderr]    Doc-tests alt_serde
[INFO] [stdout] 
[INFO] [stdout] running 0 tests
[INFO] [stdout] 
[INFO] [stdout] test result: ok. 0 passed; 0 failed; 0 ignored; 0 measured; 0 filtered out; finished in 0.00s
[INFO] [stdout] 
[INFO] [stdout] 
[INFO] [stdout] running 71 tests
[INFO] [stdout] test src/de/mod.rs - de::DeserializeSeed (line 619) ... FAILED
[INFO] [stdout] test src/de/ignored_any.rs - de::ignored_any::IgnoredAny (line 13) ... FAILED
[INFO] [stdout] test src/de/mod.rs - de::Error::custom (line 302) ... FAILED
[INFO] [stdout] test src/de/mod.rs - de::Expected (line 459) ... FAILED
[INFO] [stdout] test src/de/mod.rs - de::DeserializeSeed (line 633) ... FAILED
[INFO] [stdout] test src/de/mod.rs - de::DeserializeOwned (line 580) ... FAILED
[INFO] [stdout] test src/de/mod.rs - de::VariantAccess::struct_variant (line 2158) ... FAILED
[INFO] [stdout] test src/de/mod.rs - de::Deserializer::is_human_readable (line 1156) ... FAILED
[INFO] [stdout] test src/de/mod.rs - de::Unexpected (line 309) ... FAILED
[INFO] [stdout] test src/de/mod.rs - de::Visitor::expecting (line 1274) ... FAILED
[INFO] [stdout] test src/de/mod.rs - de::VariantAccess::tuple_variant (line 2111) ... FAILED
[INFO] [stdout] test src/de/mod.rs - de::VariantAccess::unit_variant (line 2015) ... FAILED
[INFO] [stdout] test src/de/mod.rs - de::VariantAccess::newtype_variant_seed (line 2055) ... FAILED
[INFO] [stdout] test src/de/mod.rs - de::DeserializeSeed (line 666) ... FAILED
[INFO] [stdout] test src/de/mod.rs - de::Visitor (line 1233) ... FAILED
[INFO] [stdout] test src/de/mod.rs - de::Expected (line 434) ... FAILED
[INFO] [stdout] test src/integer128.rs - serde_if_integer128 (line 12) ... FAILED
[INFO] [stdout] test src/ser/mod.rs - ser::SerializeTuple (line 1520) ... FAILED
[INFO] [stdout] test src/ser/mod.rs - ser::SerializeSeq (line 1456) ... FAILED
[INFO] [stdout] test src/macros.rs - forward_to_deserialize_any (line 50) ... FAILED
[INFO] [stdout] test src/ser/mod.rs - ser::Error::custom (line 192) ... FAILED
[INFO] [stdout] test src/integer128.rs - serde_if_integer128 (line 53) ... ok
[INFO] [stdout] test src/de/mod.rs - de::IntoDeserializer (line 2218) ... FAILED
[INFO] [stdout] test src/macros.rs - forward_to_deserialize_any (line 81) ... FAILED
[INFO] [stdout] test src/ser/mod.rs - ser::SerializeTupleVariant (line 1665) ... FAILED
[INFO] [stdout] test src/ser/impossible.rs - ser::impossible::Impossible (line 18) ... FAILED
[INFO] [stdout] test src/ser/mod.rs - ser::Serialize::serialize (line 222) ... FAILED
[INFO] [stdout] test src/macros.rs - forward_to_deserialize_any (line 14) ... FAILED
[INFO] [stdout] test src/ser/mod.rs - ser::SerializeMap (line 1723) ... FAILED
[INFO] [stdout] test src/ser/mod.rs - ser::SerializeStructVariant (line 1894) ... FAILED
[INFO] [stdout] test src/ser/mod.rs - ser::Serializer::collect_map (line 1294) ... FAILED
[INFO] [stdout] test src/ser/mod.rs - ser::SerializeTupleStruct (line 1620) ... FAILED
[INFO] [stdout] test src/ser/mod.rs - ser::Serializer::serialize_char (line 670) ... FAILED
[INFO] [stdout] test src/ser/mod.rs - ser::SerializeStruct (line 1834) ... FAILED
[INFO] [stdout] test src/ser/mod.rs - ser::Serializer::collect_str (line 1334) ... FAILED
[INFO] [stdout] test src/ser/mod.rs - ser::Serializer::collect_seq (line 1257) ... FAILED
[INFO] [stdout] test src/ser/mod.rs - ser::Serializer::serialize_bytes (line 712) ... FAILED
[INFO] [stdout] test src/de/value.rs - de::value (line 4) ... FAILED
[INFO] [stdout] test src/ser/mod.rs - ser::Serializer::is_human_readable (line 1407) ... FAILED
[INFO] [stdout] test src/ser/mod.rs - ser::Serializer::serialize_f64 (line 649) ... FAILED
[INFO] [stdout] test src/ser/mod.rs - ser::SerializeTuple (line 1550) ... FAILED
[INFO] [stdout] test src/ser/mod.rs - ser::Serializer::serialize_bool (line 389) ... FAILED
[INFO] [stdout] test src/ser/mod.rs - ser::Serializer::serialize_newtype_struct (line 884) ... FAILED
[INFO] [stdout] test src/ser/mod.rs - ser::Serializer::serialize_i16 (line 433) ... FAILED
[INFO] [stdout] test src/ser/mod.rs - ser::Serializer::serialize_i128 (line 492) ... FAILED
[INFO] [stdout] test src/ser/mod.rs - ser::Serializer::serialize_f32 (line 631) ... FAILED
[INFO] [stdout] test src/ser/fmt.rs - ser::fmt::&'a mut fmt::Formatter (line 20) ... FAILED
[INFO] [stdout] test src/ser/mod.rs - ser::Serializer::serialize_none (line 741) ... FAILED
[INFO] [stdout] test src/ser/mod.rs - ser::Serializer::serialize_newtype_variant (line 912) ... FAILED
[INFO] [stdout] test src/ser/mod.rs - ser::Serializer::serialize_i32 (line 455) ... FAILED
[INFO] [stdout] test src/ser/mod.rs - ser::Serializer::serialize_i8 (line 411) ... FAILED
[INFO] [stdout] test src/ser/mod.rs - ser::Serializer::serialize_i64 (line 473) ... FAILED
[INFO] [stdout] test src/ser/mod.rs - ser::Serializer::serialize_some (line 774) ... FAILED
[INFO] [stdout] test src/ser/mod.rs - ser::Serializer::serialize_tuple (line 995) ... FAILED
[INFO] [stdout] test src/ser/mod.rs - ser::Serializer::serialize_struct_variant (line 1215) ... FAILED
[INFO] [stdout] test src/ser/mod.rs - ser::Serializer::serialize_str (line 688) ... FAILED
[INFO] [stdout] test src/ser/mod.rs - ser::Serializer::serialize_u16 (line 543) ... FAILED
[INFO] [stdout] test src/ser/mod.rs - ser::Serializer::serialize_map (line 1131) ... FAILED
[INFO] [stdout] test src/integer128.rs - serde_if_integer128 (line 64) ... ok
[INFO] [stdout] test src/ser/mod.rs - ser::Serializer::serialize_tuple_variant (line 1085) ... FAILED
[INFO] [stdout] test src/ser/mod.rs - ser::Serializer::serialize_struct (line 1179) ... FAILED
[INFO] [stdout] test src/ser/mod.rs - ser::Serializer::serialize_seq (line 950) ... FAILED
[INFO] [stdout] test src/ser/mod.rs - ser::Serializer::serialize_tuple (line 1025) ... FAILED
[INFO] [stdout] test src/ser/mod.rs - ser::Serializer::serialize_tuple_struct (line 1053) ... FAILED
[INFO] [stdout] test src/ser/mod.rs - ser::Serializer::serialize_unit_struct (line 829) ... FAILED
[INFO] [stdout] test src/ser/mod.rs - ser::Serializer::serialize_u128 (line 602) ... FAILED
[INFO] [stdout] test src/ser/mod.rs - ser::Serializer::serialize_u8 (line 521) ... FAILED
[INFO] [stdout] test src/ser/mod.rs - ser::Serializer::serialize_u64 (line 583) ... FAILED
[INFO] [stdout] test src/ser/mod.rs - ser::Serializer::serialize_u32 (line 565) ... FAILED
[INFO] [stdout] test src/ser/mod.rs - ser::Serializer::serialize_unit_variant (line 851) ... FAILED
[INFO] [stdout] test src/ser/mod.rs - ser::Serializer::serialize_unit (line 809) ... FAILED
[INFO] [stdout] 
[INFO] [stdout] failures:
[INFO] [stdout] 
[INFO] [stdout] ---- src/de/mod.rs - de::DeserializeSeed (line 619) stdout ----
[INFO] [stdout] error[E0432]: unresolved import `serde`
[INFO] [stdout]  --> src/de/mod.rs:620:5
[INFO] [stdout]   |
[INFO] [stdout] 3 | use serde::Deserialize;
[INFO] [stdout]   |     ^^^^^ use of undeclared crate or module `serde`
[INFO] [stdout] 
[INFO] [stdout] error: aborting due to previous error
[INFO] [stdout] 
[INFO] [stdout] For more information about this error, try `rustc --explain E0432`.
[INFO] [stdout] Couldn't compile the test.
[INFO] [stdout] ---- src/de/ignored_any.rs - de::ignored_any::IgnoredAny (line 13) stdout ----
[INFO] [stdout] error[E0433]: failed to resolve: use of undeclared crate or module `serde`
[INFO] [stdout]  --> src/de/ignored_any.rs:17:5
[INFO] [stdout]   |
[INFO] [stdout] 6 | use serde::de::{
[INFO] [stdout]   |     ^^^^^ use of undeclared crate or module `serde`
[INFO] [stdout] 
[INFO] [stdout] error[E0432]: unresolved import `serde`
[INFO] [stdout]  --> src/de/ignored_any.rs:17:5
[INFO] [stdout]   |
[INFO] [stdout] 6 | use serde::de::{
[INFO] [stdout]   |     ^^^^^ use of undeclared crate or module `serde`
[INFO] [stdout] 
[INFO] [stdout] error[E0405]: cannot find trait `Visitor` in this scope
[INFO] [stdout]   --> src/de/ignored_any.rs:43:14
[INFO] [stdout]    |
[INFO] [stdout] 32 | impl<'de, T> Visitor<'de> for NthElement<T>
[INFO] [stdout]    |              ^^^^^^^ not found in this scope
[INFO] [stdout]    |
[INFO] [stdout] help: consider importing this trait
[INFO] [stdout]    |
[INFO] [stdout] 2  | use alt_serde::de::Visitor;
[INFO] [stdout]    |
[INFO] [stdout] 
[INFO] [stdout] error[E0405]: cannot find trait `Deserialize` in this scope
[INFO] [stdout]   --> src/de/ignored_any.rs:45:8
[INFO] [stdout]    |
[INFO] [stdout] 34 |     T: Deserialize<'de>,
[INFO] [stdout]    |        ^^^^^^^^^^^ not found in this scope
[INFO] [stdout]    |
[INFO] [stdout] help: consider importing this trait
[INFO] [stdout]    |
[INFO] [stdout] 2  | use alt_serde::Deserialize;
[INFO] [stdout]    |
[INFO] [stdout] 
[INFO] [stdout] error[E0405]: cannot find trait `SeqAccess` in this scope
[INFO] [stdout]   --> src/de/ignored_any.rs:59:12
[INFO] [stdout]    |
[INFO] [stdout] 48 |         A: SeqAccess<'de>,
[INFO] [stdout]    |            ^^^^^^^^^ not found in this scope
[INFO] [stdout]    |
[INFO] [stdout] help: consider importing this trait
[INFO] [stdout]    |
[INFO] [stdout] 2  | use alt_serde::de::SeqAccess;
[INFO] [stdout]    |
[INFO] [stdout] 
[INFO] [stdout] error[E0412]: cannot find type `IgnoredAny` in this scope
[INFO] [stdout]   --> src/de/ignored_any.rs:64:35
[INFO] [stdout]    |
[INFO] [stdout] 53 |             if seq.next_element::<IgnoredAny>()?.is_none() {
[INFO] [stdout]    |                                   ^^^^^^^^^^ not found in this scope
[INFO] [stdout]    |
[INFO] [stdout] help: consider importing this struct
[INFO] [stdout]    |
[INFO] [stdout] 2  | use alt_serde::de::IgnoredAny;
[INFO] [stdout]    |
[INFO] [stdout] 
[INFO] [stdout] error[E0405]: cannot find trait `DeserializeSeed` in this scope
[INFO] [stdout]   --> src/de/ignored_any.rs:86:14
[INFO] [stdout]    |
[INFO] [stdout] 75 | impl<'de, T> DeserializeSeed<'de> for NthElement<T>
[INFO] [stdout]    |              ^^^^^^^^^^^^^^^ not found in this scope
[INFO] [stdout]    |
[INFO] [stdout] help: consider importing this trait
[INFO] [stdout]    |
[INFO] [stdout] 2  | use alt_serde::de::DeserializeSeed;
[INFO] [stdout]    |
[INFO] [stdout] 
[INFO] [stdout] error[E0405]: cannot find trait `Deserialize` in this scope
[INFO] [stdout]   --> src/de/ignored_any.rs:88:8
[INFO] [stdout]    |
[INFO] [stdout] 77 |     T: Deserialize<'de>,
[INFO] [stdout]    |        ^^^^^^^^^^^ not found in this scope
[INFO] [stdout]    |
[INFO] [stdout] help: consider importing this trait
[INFO] [stdout]    |
[INFO] [stdout] 2  | use alt_serde::Deserialize;
[INFO] [stdout]    |
[INFO] [stdout] 
[INFO] [stdout] error[E0405]: cannot find trait `Deserializer` in this scope
[INFO] [stdout]   --> src/de/ignored_any.rs:94:12
[INFO] [stdout]    |
[INFO] [stdout] 83 |         D: Deserializer<'de>,
[INFO] [stdout]    |            ^^^^^^^^^^^^ not found in this scope
[INFO] [stdout]    |
[INFO] [stdout] help: consider importing this trait
[INFO] [stdout]    |
[INFO] [stdout] 2  | use alt_serde::Deserializer;
[INFO] [stdout]    |
[INFO] [stdout] 
[INFO] [stdout] error[E0405]: cannot find trait `Deserializer` in this scope
[INFO] [stdout]   --> src/de/ignored_any.rs:102:8
[INFO] [stdout]    |
[INFO] [stdout] 91 |     D: Deserializer<'de>,
[INFO] [stdout]    |        ^^^^^^^^^^^^ not found in this scope
[INFO] [stdout]    |
[INFO] [stdout] help: consider importing this trait
[INFO] [stdout]    |
[INFO] [stdout] 2  | use alt_serde::Deserializer;
[INFO] [stdout]    |
[INFO] [stdout] 
[INFO] [stdout] error: aborting due to 10 previous errors
[INFO] [stdout] 
[INFO] [stdout] Some errors have detailed explanations: E0405, E0412, E0432, E0433.
[INFO] [stdout] For more information about an error, try `rustc --explain E0405`.
[INFO] [stdout] Couldn't compile the test.
[INFO] [stdout] ---- src/de/mod.rs - de::Error::custom (line 302) stdout ----
[INFO] [stdout] error[E0433]: failed to resolve: use of undeclared crate or module `serde`
[INFO] [stdout]   --> src/de/mod.rs:315:5
[INFO] [stdout]    |
[INFO] [stdout] 15 | use serde::de::{self, Deserialize, Deserializer};
[INFO] [stdout]    |     ^^^^^ use of undeclared crate or module `serde`
[INFO] [stdout] 
[INFO] [stdout] error[E0432]: unresolved import `serde`
[INFO] [stdout]   --> src/de/mod.rs:315:5
[INFO] [stdout]    |
[INFO] [stdout] 15 | use serde::de::{self, Deserialize, Deserializer};
[INFO] [stdout]    |     ^^^^^ use of undeclared crate or module `serde`
[INFO] [stdout] 
[INFO] [stdout] error[E0405]: cannot find trait `Deserialize` in this scope
[INFO] [stdout]   --> src/de/mod.rs:317:11
[INFO] [stdout]    |
[INFO] [stdout] 17 | impl<'de> Deserialize<'de> for IpAddr {
[INFO] [stdout]    |           ^^^^^^^^^^^ not found in this scope
[INFO] [stdout]    |
[INFO] [stdout] help: consider importing this trait
[INFO] [stdout]    |
[INFO] [stdout] 2  | use alt_serde::Deserialize;
[INFO] [stdout]    |
[INFO] [stdout] 
[INFO] [stdout] error[E0405]: cannot find trait `Deserializer` in this scope
[INFO] [stdout]   --> src/de/mod.rs:320:12
[INFO] [stdout]    |
[INFO] [stdout] 20 |         D: Deserializer<'de>,
[INFO] [stdout]    |            ^^^^^^^^^^^^ not found in this scope
[INFO] [stdout]    |
[INFO] [stdout] help: consider importing this trait
[INFO] [stdout]    |
[INFO] [stdout] 2  | use alt_serde::Deserializer;
[INFO] [stdout]    |
[INFO] [stdout] 
[INFO] [stdout] error: aborting due to 4 previous errors
[INFO] [stdout] 
[INFO] [stdout] Some errors have detailed explanations: E0405, E0432, E0433.
[INFO] [stdout] For more information about an error, try `rustc --explain E0405`.
[INFO] [stdout] Couldn't compile the test.
[INFO] [stdout] ---- src/de/mod.rs - de::Expected (line 459) stdout ----
[INFO] [stdout] error[E0433]: failed to resolve: use of undeclared crate or module `serde`
[INFO] [stdout]  --> src/de/mod.rs:460:5
[INFO] [stdout]   |
[INFO] [stdout] 3 | use serde::de::{self, Unexpected};
[INFO] [stdout]   |     ^^^^^ use of undeclared crate or module `serde`
[INFO] [stdout] 
[INFO] [stdout] error[E0432]: unresolved import `serde`
[INFO] [stdout]  --> src/de/mod.rs:460:5
[INFO] [stdout]   |
[INFO] [stdout] 3 | use serde::de::{self, Unexpected};
[INFO] [stdout]   |     ^^^^^ use of undeclared crate or module `serde`
[INFO] [stdout] 
[INFO] [stdout] error[E0433]: failed to resolve: use of undeclared type `Unexpected`
[INFO] [stdout]   --> src/de/mod.rs:467:36
[INFO] [stdout]    |
[INFO] [stdout] 10 | return Err(de::Error::invalid_type(Unexpected::Bool(v), &"a negative integer"));
[INFO] [stdout]    |                                    ^^^^^^^^^^ not found in this scope
[INFO] [stdout]    |
[INFO] [stdout] help: consider importing this enum
[INFO] [stdout]    |
[INFO] [stdout] 2  | use alt_serde::de::Unexpected;
[INFO] [stdout]    |
[INFO] [stdout] 
[INFO] [stdout] error: aborting due to 3 previous errors
[INFO] [stdout] 
[INFO] [stdout] Some errors have detailed explanations: E0432, E0433.
[INFO] [stdout] For more information about an error, try `rustc --explain E0432`.
[INFO] [stdout] Couldn't compile the test.
[INFO] [stdout] ---- src/de/mod.rs - de::DeserializeSeed (line 633) stdout ----
[INFO] [stdout] error[E0433]: failed to resolve: use of undeclared crate or module `serde`
[INFO] [stdout]  --> src/de/mod.rs:634:5
[INFO] [stdout]   |
[INFO] [stdout] 3 | use serde::de::DeserializeSeed;
[INFO] [stdout]   |     ^^^^^ use of undeclared crate or module `serde`
[INFO] [stdout] 
[INFO] [stdout] error[E0405]: cannot find trait `DeserializeSeed` in this scope
[INFO] [stdout]  --> src/de/mod.rs:638:22
[INFO] [stdout]   |
[INFO] [stdout] 7 | fn func_seed<'de, T: DeserializeSeed<'de>>(seed: T) -> Result<T::Value, Error>
[INFO] [stdout]   |                      ^^^^^^^^^^^^^^^ not found in this scope
[INFO] [stdout]   |
[INFO] [stdout] help: consider importing this trait
[INFO] [stdout]   |
[INFO] [stdout] 2 | use alt_serde::de::DeserializeSeed;
[INFO] [stdout]   |
[INFO] [stdout] 
[INFO] [stdout] error: aborting due to 2 previous errors
[INFO] [stdout] 
[INFO] [stdout] Some errors have detailed explanations: E0405, E0433.
[INFO] [stdout] For more information about an error, try `rustc --explain E0405`.
[INFO] [stdout] Couldn't compile the test.
[INFO] [stdout] ---- src/de/mod.rs - de::DeserializeOwned (line 580) stdout ----
[INFO] [stdout] error[E0433]: failed to resolve: use of undeclared crate or module `serde`
[INFO] [stdout]  --> src/de/mod.rs:581:5
[INFO] [stdout]   |
[INFO] [stdout] 3 | use serde::de::{Deserialize, DeserializeOwned};
[INFO] [stdout]   |     ^^^^^ use of undeclared crate or module `serde`
[INFO] [stdout] 
[INFO] [stdout] error[E0405]: cannot find trait `Deserialize` in this scope
[INFO] [stdout]  --> src/de/mod.rs:587:8
[INFO] [stdout]   |
[INFO] [stdout] 9 |     T: Deserialize<'a>;
[INFO] [stdout]   |        ^^^^^^^^^^^ not found in this scope
[INFO] [stdout]   |
[INFO] [stdout] help: consider importing this trait
[INFO] [stdout]   |
[INFO] [stdout] 2 | use alt_serde::Deserialize;
[INFO] [stdout]   |
[INFO] [stdout] 
[INFO] [stdout] error[E0405]: cannot find trait `DeserializeOwned` in this scope
[INFO] [stdout]   --> src/de/mod.rs:592:8
[INFO] [stdout]    |
[INFO] [stdout] 14 |     T: DeserializeOwned;
[INFO] [stdout]    |        ^^^^^^^^^^^^^^^^ not found in this scope
[INFO] [stdout]    |
[INFO] [stdout] help: consider importing this trait
[INFO] [stdout]    |
[INFO] [stdout] 2  | use alt_serde::de::DeserializeOwned;
[INFO] [stdout]    |
[INFO] [stdout] 
[INFO] [stdout] error: aborting due to 3 previous errors
[INFO] [stdout] 
[INFO] [stdout] Some errors have detailed explanations: E0405, E0433.
[INFO] [stdout] For more information about an error, try `rustc --explain E0405`.
[INFO] [stdout] Couldn't compile the test.
[INFO] [stdout] ---- src/de/mod.rs - de::VariantAccess::struct_variant (line 2158) stdout ----
[INFO] [stdout] error[E0433]: failed to resolve: use of undeclared crate or module `serde`
[INFO] [stdout]  --> src/de/mod.rs:2159:5
[INFO] [stdout]   |
[INFO] [stdout] 3 | use serde::de::{self, value, DeserializeSeed, Visitor, VariantAccess, Unexpected};
[INFO] [stdout]   |     ^^^^^ use of undeclared crate or module `serde`
[INFO] [stdout] 
[INFO] [stdout] error[E0432]: unresolved import `serde`
[INFO] [stdout]  --> src/de/mod.rs:2159:5
[INFO] [stdout]   |
[INFO] [stdout] 3 | use serde::de::{self, value, DeserializeSeed, Visitor, VariantAccess, Unexpected};
[INFO] [stdout]   |     ^^^^^ use of undeclared crate or module `serde`
[INFO] [stdout] 
[INFO] [stdout] error[E0433]: failed to resolve: use of undeclared crate or module `value`
[INFO] [stdout]  --> src/de/mod.rs:2164:18
[INFO] [stdout]   |
[INFO] [stdout] 8 |     type Error = value::Error;
[INFO] [stdout]   |                  ^^^^^ use of undeclared crate or module `value`
[INFO] [stdout] 
[INFO] [stdout] error[E0433]: failed to resolve: use of undeclared type `Unexpected`
[INFO] [stdout]   --> src/de/mod.rs:2189:17
[INFO] [stdout]    |
[INFO] [stdout] 33 |     let unexp = Unexpected::UnitVariant;
[INFO] [stdout]    |                 ^^^^^^^^^^ use of undeclared type `Unexpected`
[INFO] [stdout] 
[INFO] [stdout] error[E0405]: cannot find trait `VariantAccess` in this scope
[INFO] [stdout]  --> src/de/mod.rs:2163:11
[INFO] [stdout]   |
[INFO] [stdout] 7 | impl<'de> VariantAccess<'de> for X {
[INFO] [stdout]   |           ^^^^^^^^^^^^^ not found in this scope
[INFO] [stdout]   |
[INFO] [stdout] help: consider importing this trait
[INFO] [stdout]   |
[INFO] [stdout] 2 | use alt_serde::de::VariantAccess;
[INFO] [stdout]   |
[INFO] [stdout] 
[INFO] [stdout] error[E0405]: cannot find trait `DeserializeSeed` in this scope
[INFO] [stdout]   --> src/de/mod.rs:2172:12
[INFO] [stdout]    |
[INFO] [stdout] 16 |         T: DeserializeSeed<'de>,
[INFO] [stdout]    |            ^^^^^^^^^^^^^^^ not found in this scope
[INFO] [stdout]    |
[INFO] [stdout] help: consider importing this trait
[INFO] [stdout]    |
[INFO] [stdout] 2  | use alt_serde::de::DeserializeSeed;
[INFO] [stdout]    |
[INFO] [stdout] 
[INFO] [stdout] error[E0405]: cannot find trait `Visitor` in this scope
[INFO] [stdout]   --> src/de/mod.rs:2177:12
[INFO] [stdout]    |
[INFO] [stdout] 21 |         V: Visitor<'de>,
[INFO] [stdout]    |            ^^^^^^^ not found in this scope
[INFO] [stdout]    |
[INFO] [stdout] help: consider importing this trait
[INFO] [stdout]    |
[INFO] [stdout] 2  | use alt_serde::de::Visitor;
[INFO] [stdout]    |
[INFO] [stdout] 
[INFO] [stdout] error[E0405]: cannot find trait `Visitor` in this scope
[INFO] [stdout]   --> src/de/mod.rs:2186:8
[INFO] [stdout]    |
[INFO] [stdout] 30 |     V: Visitor<'de>,
[INFO] [stdout]    |        ^^^^^^^ not found in this scope
[INFO] [stdout]    |
[INFO] [stdout] help: consider importing this trait
[INFO] [stdout]    |
[INFO] [stdout] 2  | use alt_serde::de::Visitor;
[INFO] [stdout]    |
[INFO] [stdout] 
[INFO] [stdout] error: aborting due to 8 previous errors
[INFO] [stdout] 
[INFO] [stdout] Some errors have detailed explanations: E0405, E0432, E0433.
[INFO] [stdout] For more information about an error, try `rustc --explain E0405`.
[INFO] [stdout] Couldn't compile the test.
[INFO] [stdout] ---- src/de/mod.rs - de::Deserializer::is_human_readable (line 1156) stdout ----
[INFO] [stdout] error[E0433]: failed to resolve: use of undeclared crate or module `serde`
[INFO] [stdout]   --> src/de/mod.rs:1186:5
[INFO] [stdout]    |
[INFO] [stdout] 32 | use serde::de::{self, Deserialize, Deserializer};
[INFO] [stdout]    |     ^^^^^ use of undeclared crate or module `serde`
[INFO] [stdout] 
[INFO] [stdout] error[E0432]: unresolved import `serde`
[INFO] [stdout]   --> src/de/mod.rs:1186:5
[INFO] [stdout]    |
[INFO] [stdout] 32 | use serde::de::{self, Deserialize, Deserializer};
[INFO] [stdout]    |     ^^^^^ use of undeclared crate or module `serde`
[INFO] [stdout] 
[INFO] [stdout] error[E0405]: cannot find trait `Deserialize` in this scope
[INFO] [stdout]   --> src/de/mod.rs:1188:11
[INFO] [stdout]    |
[INFO] [stdout] 34 | impl<'de> Deserialize<'de> for Timestamp {
[INFO] [stdout]    |           ^^^^^^^^^^^ not found in this scope
[INFO] [stdout]    |
[INFO] [stdout] help: consider importing this trait
[INFO] [stdout]    |
[INFO] [stdout] 2  | use alt_serde::Deserialize;
[INFO] [stdout]    |
[INFO] [stdout] 
[INFO] [stdout] error[E0405]: cannot find trait `Deserializer` in this scope
[INFO] [stdout]   --> src/de/mod.rs:1191:12
[INFO] [stdout]    |
[INFO] [stdout] 37 |         D: Deserializer<'de>,
[INFO] [stdout]    |            ^^^^^^^^^^^^ not found in this scope
[INFO] [stdout]    |
[INFO] [stdout] help: consider importing this trait
[INFO] [stdout]    |
[INFO] [stdout] 2  | use alt_serde::Deserializer;
[INFO] [stdout]    |
[INFO] [stdout] 
[INFO] [stdout] error: aborting due to 4 previous errors
[INFO] [stdout] 
[INFO] [stdout] Some errors have detailed explanations: E0405, E0432, E0433.
[INFO] [stdout] For more information about an error, try `rustc --explain E0405`.
[INFO] [stdout] Couldn't compile the test.
[INFO] [stdout] ---- src/de/mod.rs - de::Unexpected (line 309) stdout ----
[INFO] [stdout] error[E0433]: failed to resolve: use of undeclared crate or module `serde`
[INFO] [stdout]  --> src/de/mod.rs:312:5
[INFO] [stdout]   |
[INFO] [stdout] 5 | use serde::de::{self, Unexpected, Visitor};
[INFO] [stdout]   |     ^^^^^ use of undeclared crate or module `serde`
[INFO] [stdout] 
[INFO] [stdout] error[E0432]: unresolved import `serde`
[INFO] [stdout]  --> src/de/mod.rs:312:5
[INFO] [stdout]   |
[INFO] [stdout] 5 | use serde::de::{self, Unexpected, Visitor};
[INFO] [stdout]   |     ^^^^^ use of undeclared crate or module `serde`
[INFO] [stdout] 
[INFO] [stdout] error[E0405]: cannot find trait `Visitor` in this scope
[INFO] [stdout]  --> src/de/mod.rs:316:11
[INFO] [stdout]   |
[INFO] [stdout] 9 | impl<'de> Visitor<'de> for Example {
[INFO] [stdout]   |           ^^^^^^^ not found in this scope
[INFO] [stdout]   |
[INFO] [stdout] help: consider importing this trait
[INFO] [stdout]   |
[INFO] [stdout] 2 | use alt_serde::de::Visitor;
[INFO] [stdout]   |
[INFO] [stdout] 
[INFO] [stdout] error[E0433]: failed to resolve: use of undeclared type `Unexpected`
[INFO] [stdout]   --> src/de/mod.rs:327:33
[INFO] [stdout]    |
[INFO] [stdout] 20 |     Err(de::Error::invalid_type(Unexpected::Bool(v), &self))
[INFO] [stdout]    |                                 ^^^^^^^^^^ not found in this scope
[INFO] [stdout]    |
[INFO] [stdout] help: consider importing this enum
[INFO] [stdout]    |
[INFO] [stdout] 2  | use alt_serde::de::Unexpected;
[INFO] [stdout]    |
[INFO] [stdout] 
[INFO] [stdout] error: aborting due to 4 previous errors
[INFO] [stdout] 
[INFO] [stdout] Some errors have detailed explanations: E0405, E0432, E0433.
[INFO] [stdout] For more information about an error, try `rustc --explain E0405`.
[INFO] [stdout] Couldn't compile the test.
[INFO] [stdout] ---- src/de/mod.rs - de::Visitor::expecting (line 1274) stdout ----
[INFO] [stdout] error[E0433]: failed to resolve: use of undeclared crate or module `serde`
[INFO] [stdout]  --> src/de/mod.rs:1281:11
[INFO] [stdout]   |
[INFO] [stdout] 9 | impl<'de> serde::de::Visitor<'de> for S {
[INFO] [stdout]   |           ^^^^^ use of undeclared crate or module `serde`
[INFO] [stdout] 
[INFO] [stdout] error: aborting due to previous error
[INFO] [stdout] 
[INFO] [stdout] For more information about this error, try `rustc --explain E0433`.
[INFO] [stdout] Couldn't compile the test.
[INFO] [stdout] ---- src/de/mod.rs - de::VariantAccess::tuple_variant (line 2111) stdout ----
[INFO] [stdout] error[E0433]: failed to resolve: use of undeclared crate or module `serde`
[INFO] [stdout]  --> src/de/mod.rs:2112:5
[INFO] [stdout]   |
[INFO] [stdout] 3 | use serde::de::{self, value, DeserializeSeed, Visitor, VariantAccess, Unexpected};
[INFO] [stdout]   |     ^^^^^ use of undeclared crate or module `serde`
[INFO] [stdout] 
[INFO] [stdout] error[E0432]: unresolved import `serde`
[INFO] [stdout]  --> src/de/mod.rs:2112:5
[INFO] [stdout]   |
[INFO] [stdout] 3 | use serde::de::{self, value, DeserializeSeed, Visitor, VariantAccess, Unexpected};
[INFO] [stdout]   |     ^^^^^ use of undeclared crate or module `serde`
[INFO] [stdout] 
[INFO] [stdout] error[E0433]: failed to resolve: use of undeclared crate or module `value`
[INFO] [stdout]  --> src/de/mod.rs:2117:18
[INFO] [stdout]   |
[INFO] [stdout] 8 |     type Error = value::Error;
[INFO] [stdout]   |                  ^^^^^ use of undeclared crate or module `value`
[INFO] [stdout] 
[INFO] [stdout] error[E0433]: failed to resolve: use of undeclared type `Unexpected`
[INFO] [stdout]   --> src/de/mod.rs:2137:17
[INFO] [stdout]    |
[INFO] [stdout] 28 |     let unexp = Unexpected::UnitVariant;
[INFO] [stdout]    |                 ^^^^^^^^^^ use of undeclared type `Unexpected`
[INFO] [stdout] 
[INFO] [stdout] error[E0405]: cannot find trait `VariantAccess` in this scope
[INFO] [stdout]  --> src/de/mod.rs:2116:11
[INFO] [stdout]   |
[INFO] [stdout] 7 | impl<'de> VariantAccess<'de> for X {
[INFO] [stdout]   |           ^^^^^^^^^^^^^ not found in this scope
[INFO] [stdout]   |
[INFO] [stdout] help: consider importing this trait
[INFO] [stdout]   |
[INFO] [stdout] 2 | use alt_serde::de::VariantAccess;
[INFO] [stdout]   |
[INFO] [stdout] 
[INFO] [stdout] error[E0405]: cannot find trait `DeserializeSeed` in this scope
[INFO] [stdout]   --> src/de/mod.rs:2125:12
[INFO] [stdout]    |
[INFO] [stdout] 16 |         T: DeserializeSeed<'de>,
[INFO] [stdout]    |            ^^^^^^^^^^^^^^^ not found in this scope
[INFO] [stdout]    |
[INFO] [stdout] help: consider importing this trait
[INFO] [stdout]    |
[INFO] [stdout] 2  | use alt_serde::de::DeserializeSeed;
[INFO] [stdout]    |
[INFO] [stdout] 
[INFO] [stdout] error[E0405]: cannot find trait `Visitor` in this scope
[INFO] [stdout]   --> src/de/mod.rs:2134:8
[INFO] [stdout]    |
[INFO] [stdout] 25 |     V: Visitor<'de>,
[INFO] [stdout]    |        ^^^^^^^ not found in this scope
[INFO] [stdout]    |
[INFO] [stdout] help: consider importing this trait
[INFO] [stdout]    |
[INFO] [stdout] 2  | use alt_serde::de::Visitor;
[INFO] [stdout]    |
[INFO] [stdout] 
[INFO] [stdout] error[E0405]: cannot find trait `Visitor` in this scope
[INFO] [stdout]   --> src/de/mod.rs:2143:12
[INFO] [stdout]    |
[INFO] [stdout] 34 |         V: Visitor<'de>,
[INFO] [stdout]    |            ^^^^^^^ not found in this scope
[INFO] [stdout]    |
[INFO] [stdout] help: consider importing this trait
[INFO] [stdout]    |
[INFO] [stdout] 2  | use alt_serde::de::Visitor;
[INFO] [stdout]    |
[INFO] [stdout] 
[INFO] [stdout] error: aborting due to 8 previous errors
[INFO] [stdout] 
[INFO] [stdout] Some errors have detailed explanations: E0405, E0432, E0433.
[INFO] [stdout] For more information about an error, try `rustc --explain E0405`.
[INFO] [stdout] Couldn't compile the test.
[INFO] [stdout] ---- src/de/mod.rs - de::VariantAccess::unit_variant (line 2015) stdout ----
[INFO] [stdout] error[E0433]: failed to resolve: use of undeclared crate or module `serde`
[INFO] [stdout]  --> src/de/mod.rs:2016:5
[INFO] [stdout]   |
[INFO] [stdout] 3 | use serde::de::{self, value, DeserializeSeed, Visitor, VariantAccess, Unexpected};
[INFO] [stdout]   |     ^^^^^ use of undeclared crate or module `serde`
[INFO] [stdout] 
[INFO] [stdout] error[E0432]: unresolved import `serde`
[INFO] [stdout]  --> src/de/mod.rs:2016:5
[INFO] [stdout]   |
[INFO] [stdout] 3 | use serde::de::{self, value, DeserializeSeed, Visitor, VariantAccess, Unexpected};
[INFO] [stdout]   |     ^^^^^ use of undeclared crate or module `serde`
[INFO] [stdout] 
[INFO] [stdout] error[E0433]: failed to resolve: use of undeclared crate or module `value`
[INFO] [stdout]  --> src/de/mod.rs:2021:18
[INFO] [stdout]   |
[INFO] [stdout] 8 |     type Error = value::Error;
[INFO] [stdout]   |                  ^^^^^ use of undeclared crate or module `value`
[INFO] [stdout] 
[INFO] [stdout] error[E0433]: failed to resolve: use of undeclared type `Unexpected`
[INFO] [stdout]   --> src/de/mod.rs:2025:17
[INFO] [stdout]    |
[INFO] [stdout] 12 |     let unexp = Unexpected::TupleVariant;
[INFO] [stdout]    |                 ^^^^^^^^^^ use of undeclared type `Unexpected`
[INFO] [stdout] 
[INFO] [stdout] error[E0405]: cannot find trait `VariantAccess` in this scope
[INFO] [stdout]  --> src/de/mod.rs:2020:11
[INFO] [stdout]   |
[INFO] [stdout] 7 | impl<'de> VariantAccess<'de> for X {
[INFO] [stdout]   |           ^^^^^^^^^^^^^ not found in this scope
[INFO] [stdout]   |
[INFO] [stdout] help: consider importing this trait
[INFO] [stdout]   |
[INFO] [stdout] 2 | use alt_serde::de::VariantAccess;
[INFO] [stdout]   |
[INFO] [stdout] 
[INFO] [stdout] error[E0405]: cannot find trait `DeserializeSeed` in this scope
[INFO] [stdout]   --> src/de/mod.rs:2031:12
[INFO] [stdout]    |
[INFO] [stdout] 18 |         T: DeserializeSeed<'de>,
[INFO] [stdout]    |            ^^^^^^^^^^^^^^^ not found in this scope
[INFO] [stdout]    |
[INFO] [stdout] help: consider importing this trait
[INFO] [stdout]    |
[INFO] [stdout] 2  | use alt_serde::de::DeserializeSeed;
[INFO] [stdout]    |
[INFO] [stdout] 
[INFO] [stdout] error[E0405]: cannot find trait `Visitor` in this scope
[INFO] [stdout]   --> src/de/mod.rs:2036:12
[INFO] [stdout]    |
[INFO] [stdout] 23 |         V: Visitor<'de>,
[INFO] [stdout]    |            ^^^^^^^ not found in this scope
[INFO] [stdout]    |
[INFO] [stdout] help: consider importing this trait
[INFO] [stdout]    |
[INFO] [stdout] 2  | use alt_serde::de::Visitor;
[INFO] [stdout]    |
[INFO] [stdout] 
[INFO] [stdout] error[E0405]: cannot find trait `Visitor` in this scope
[INFO] [stdout]   --> src/de/mod.rs:2041:12
[INFO] [stdout]    |
[INFO] [stdout] 28 |         V: Visitor<'de>,
[INFO] [stdout]    |            ^^^^^^^ not found in this scope
[INFO] [stdout]    |
[INFO] [stdout] help: consider importing this trait
[INFO] [stdout]    |
[INFO] [stdout] 2  | use alt_serde::de::Visitor;
[INFO] [stdout]    |
[INFO] [stdout] 
[INFO] [stdout] error: aborting due to 8 previous errors
[INFO] [stdout] 
[INFO] [stdout] Some errors have detailed explanations: E0405, E0432, E0433.
[INFO] [stdout] For more information about an error, try `rustc --explain E0405`.
[INFO] [stdout] Couldn't compile the test.
[INFO] [stdout] ---- src/de/mod.rs - de::VariantAccess::newtype_variant_seed (line 2055) stdout ----
[INFO] [stdout] error[E0433]: failed to resolve: use of undeclared crate or module `serde`
[INFO] [stdout]  --> src/de/mod.rs:2056:5
[INFO] [stdout]   |
[INFO] [stdout] 3 | use serde::de::{self, value, DeserializeSeed, Visitor, VariantAccess, Unexpected};
[INFO] [stdout]   |     ^^^^^ use of undeclared crate or module `serde`
[INFO] [stdout] 
[INFO] [stdout] error[E0432]: unresolved import `serde`
[INFO] [stdout]  --> src/de/mod.rs:2056:5
[INFO] [stdout]   |
[INFO] [stdout] 3 | use serde::de::{self, value, DeserializeSeed, Visitor, VariantAccess, Unexpected};
[INFO] [stdout]   |     ^^^^^ use of undeclared crate or module `serde`
[INFO] [stdout] 
[INFO] [stdout] error[E0433]: failed to resolve: use of undeclared crate or module `value`
[INFO] [stdout]  --> src/de/mod.rs:2061:18
[INFO] [stdout]   |
[INFO] [stdout] 8 |     type Error = value::Error;
[INFO] [stdout]   |                  ^^^^^ use of undeclared crate or module `value`
[INFO] [stdout] 
[INFO] [stdout] error[E0433]: failed to resolve: use of undeclared type `Unexpected`
[INFO] [stdout]   --> src/de/mod.rs:2072:17
[INFO] [stdout]    |
[INFO] [stdout] 19 |     let unexp = Unexpected::UnitVariant;
[INFO] [stdout]    |                 ^^^^^^^^^^ use of undeclared type `Unexpected`
[INFO] [stdout] 
[INFO] [stdout] error[E0405]: cannot find trait `VariantAccess` in this scope
[INFO] [stdout]  --> src/de/mod.rs:2060:11
[INFO] [stdout]   |
[INFO] [stdout] 7 | impl<'de> VariantAccess<'de> for X {
[INFO] [stdout]   |           ^^^^^^^^^^^^^ not found in this scope
[INFO] [stdout]   |
[INFO] [stdout] help: consider importing this trait
[INFO] [stdout]   |
[INFO] [stdout] 2 | use alt_serde::de::VariantAccess;
[INFO] [stdout]   |
[INFO] [stdout] 
[INFO] [stdout] error[E0405]: cannot find trait `DeserializeSeed` in this scope
[INFO] [stdout]   --> src/de/mod.rs:2069:8
[INFO] [stdout]    |
[INFO] [stdout] 16 |     T: DeserializeSeed<'de>,
[INFO] [stdout]    |        ^^^^^^^^^^^^^^^ not found in this scope
[INFO] [stdout]    |
[INFO] [stdout] help: consider importing this trait
[INFO] [stdout]    |
[INFO] [stdout] 2  | use alt_serde::de::DeserializeSeed;
[INFO] [stdout]    |
[INFO] [stdout] 
[INFO] [stdout] error[E0405]: cannot find trait `Visitor` in this scope
[INFO] [stdout]   --> src/de/mod.rs:2078:12
[INFO] [stdout]    |
[INFO] [stdout] 25 |         V: Visitor<'de>,
[INFO] [stdout]    |            ^^^^^^^ not found in this scope
[INFO] [stdout]    |
[INFO] [stdout] help: consider importing this trait
[INFO] [stdout]    |
[INFO] [stdout] 2  | use alt_serde::de::Visitor;
[INFO] [stdout]    |
[INFO] [stdout] 
[INFO] [stdout] error[E0405]: cannot find trait `Visitor` in this scope
[INFO] [stdout]   --> src/de/mod.rs:2083:12
[INFO] [stdout]    |
[INFO] [stdout] 30 |         V: Visitor<'de>,
[INFO] [stdout]    |            ^^^^^^^ not found in this scope
[INFO] [stdout]    |
[INFO] [stdout] help: consider importing this trait
[INFO] [stdout]    |
[INFO] [stdout] 2  | use alt_serde::de::Visitor;
[INFO] [stdout]    |
[INFO] [stdout] 
[INFO] [stdout] error: aborting due to 8 previous errors
[INFO] [stdout] 
[INFO] [stdout] Some errors have detailed explanations: E0405, E0432, E0433.
[INFO] [stdout] For more information about an error, try `rustc --explain E0405`.
[INFO] [stdout] Couldn't compile the test.
[INFO] [stdout] ---- src/de/mod.rs - de::DeserializeSeed (line 666) stdout ----
[INFO] [stdout] error[E0433]: failed to resolve: use of undeclared crate or module `serde`
[INFO] [stdout]  --> src/de/mod.rs:670:5
[INFO] [stdout]   |
[INFO] [stdout] 6 | use serde::de::{Deserialize, DeserializeSeed, Deserializer, SeqAccess, Visitor};
[INFO] [stdout]   |     ^^^^^ use of undeclared crate or module `serde`
[INFO] [stdout] 
[INFO] [stdout] error[E0405]: cannot find trait `DeserializeSeed` in this scope
[INFO] [stdout]   --> src/de/mod.rs:679:18
[INFO] [stdout]    |
[INFO] [stdout] 15 | impl<'de, 'a, T> DeserializeSeed<'de> for ExtendVec<'a, T>
[INFO] [stdout]    |                  ^^^^^^^^^^^^^^^ not found in this scope
[INFO] [stdout]    |
[INFO] [stdout] help: consider importing this trait
[INFO] [stdout]    |
[INFO] [stdout] 2  | use alt_serde::de::DeserializeSeed;
[INFO] [stdout]    |
[INFO] [stdout] 
[INFO] [stdout] error[E0405]: cannot find trait `Deserialize` in this scope
[INFO] [stdout]   --> src/de/mod.rs:681:8
[INFO] [stdout]    |
[INFO] [stdout] 17 |     T: Deserialize<'de>,
[INFO] [stdout]    |        ^^^^^^^^^^^ not found in this scope
[INFO] [stdout]    |
[INFO] [stdout] help: consider importing this trait
[INFO] [stdout]    |
[INFO] [stdout] 2  | use alt_serde::Deserialize;
[INFO] [stdout]    |
[INFO] [stdout] 
[INFO] [stdout] error[E0405]: cannot find trait `Deserializer` in this scope
[INFO] [stdout]   --> src/de/mod.rs:690:12
[INFO] [stdout]    |
[INFO] [stdout] 26 |         D: Deserializer<'de>,
[INFO] [stdout]    |            ^^^^^^^^^^^^ not found in this scope
[INFO] [stdout]    |
[INFO] [stdout] help: consider importing this trait
[INFO] [stdout]    |
[INFO] [stdout] 2  | use alt_serde::Deserializer;
[INFO] [stdout]    |
[INFO] [stdout] 
[INFO] [stdout] error[E0405]: cannot find trait `Visitor` in this scope
[INFO] [stdout]   --> src/de/mod.rs:696:26
[INFO] [stdout]    |
[INFO] [stdout] 32 |         impl<'de, 'a, T> Visitor<'de> for ExtendVecVisitor<'a, T>
[INFO] [stdout]    |                          ^^^^^^^ not found in this scope
[INFO] [stdout]    |
[INFO] [stdout] help: consider importing this trait
[INFO] [stdout]    |
[INFO] [stdout] 2  | use alt_serde::de::Visitor;
[INFO] [stdout]    |
[INFO] [stdout] 
[INFO] [stdout] error[E0405]: cannot find trait `Deserialize` in this scope
[INFO] [stdout]   --> src/de/mod.rs:698:16
[INFO] [stdout]    |
[INFO] [stdout] 34 |             T: Deserialize<'de>,
[INFO] [stdout]    |                ^^^^^^^^^^^ not found in this scope
[INFO] [stdout]    |
[INFO] [stdout] help: consider importing this trait
[INFO] [stdout]    |
[INFO] [stdout] 2  | use alt_serde::Deserialize;
[INFO] [stdout]    |
[INFO] [stdout] 
[INFO] [stdout] error[E0405]: cannot find trait `SeqAccess` in this scope
[INFO] [stdout]   --> src/de/mod.rs:708:20
[INFO] [stdout]    |
[INFO] [stdout] 44 |                 A: SeqAccess<'de>,
[INFO] [stdout]    |                    ^^^^^^^^^ not found in this scope
[INFO] [stdout]    |
[INFO] [stdout] help: consider importing this trait
[INFO] [stdout]    |
[INFO] [stdout] 2  | use alt_serde::de::SeqAccess;
[INFO] [stdout]    |
[INFO] [stdout] 
[INFO] [stdout] error[E0405]: cannot find trait `Visitor` in this scope
[INFO] [stdout]   --> src/de/mod.rs:726:14
[INFO] [stdout]    |
[INFO] [stdout] 62 | impl<'de, T> Visitor<'de> for FlattenedVecVisitor<T>
[INFO] [stdout]    |              ^^^^^^^ not found in this scope
[INFO] [stdout]    |
[INFO] [stdout] help: consider importing this trait
[INFO] [stdout]    |
[INFO] [stdout] 2  | use alt_serde::de::Visitor;
[INFO] [stdout]    |
[INFO] [stdout] 
[INFO] [stdout] error[E0405]: cannot find trait `Deserialize` in this scope
[INFO] [stdout]   --> src/de/mod.rs:728:8
[INFO] [stdout]    |
[INFO] [stdout] 64 |     T: Deserialize<'de>,
[INFO] [stdout]    |        ^^^^^^^^^^^ not found in this scope
[INFO] [stdout]    |
[INFO] [stdout] help: consider importing this trait
[INFO] [stdout]    |
[INFO] [stdout] 2  | use alt_serde::Deserialize;
[INFO] [stdout]    |
[INFO] [stdout] 
[INFO] [stdout] error[E0405]: cannot find trait `SeqAccess` in this scope
[INFO] [stdout]   --> src/de/mod.rs:740:12
[INFO] [stdout]    |
[INFO] [stdout] 76 |         A: SeqAccess<'de>,
[INFO] [stdout]    |            ^^^^^^^^^ not found in this scope
[INFO] [stdout]    |
[INFO] [stdout] help: consider importing this trait
[INFO] [stdout]    |
[INFO] [stdout] 2  | use alt_serde::de::SeqAccess;
[INFO] [stdout]    |
[INFO] [stdout] 
[INFO] [stdout] error[E0405]: cannot find trait `Deserializer` in this scope
[INFO] [stdout]   --> src/de/mod.rs:757:8
[INFO] [stdout]    |
[INFO] [stdout] 93 |     D: Deserializer<'de>,
[INFO] [stdout]    |        ^^^^^^^^^^^^ not found in this scope
[INFO] [stdout]    |
[INFO] [stdout] help: consider importing this trait
[INFO] [stdout]    |
[INFO] [stdout] 2  | use alt_serde::Deserializer;
[INFO] [stdout]    |
[INFO] [stdout] 
[INFO] [stdout] error: aborting due to 11 previous errors
[INFO] [stdout] 
[INFO] [stdout] Some errors have detailed explanations: E0405, E0433.
[INFO] [stdout] For more information about an error, try `rustc --explain E0405`.
[INFO] [stdout] Couldn't compile the test.
[INFO] [stdout] ---- src/de/mod.rs - de::Visitor (line 1233) stdout ----
[INFO] [stdout] error[E0433]: failed to resolve: use of undeclared crate or module `serde`
[INFO] [stdout]  --> src/de/mod.rs:1236:5
[INFO] [stdout]   |
[INFO] [stdout] 5 | use serde::de::{self, Unexpected, Visitor};
[INFO] [stdout]   |     ^^^^^ use of undeclared crate or module `serde`
[INFO] [stdout] 
[INFO] [stdout] error[E0432]: unresolved import `serde`
[INFO] [stdout]  --> src/de/mod.rs:1236:5
[INFO] [stdout]   |
[INFO] [stdout] 5 | use serde::de::{self, Unexpected, Visitor};
[INFO] [stdout]   |     ^^^^^ use of undeclared crate or module `serde`
[INFO] [stdout] 
[INFO] [stdout] error[E0405]: cannot find trait `Visitor` in this scope
[INFO] [stdout]   --> src/de/mod.rs:1244:11
[INFO] [stdout]    |
[INFO] [stdout] 13 | impl<'de> Visitor<'de> for LongString {
[INFO] [stdout]    |           ^^^^^^^ not found in this scope
[INFO] [stdout]    |
[INFO] [stdout] help: consider importing this trait
[INFO] [stdout]    |
[INFO] [stdout] 2  | use alt_serde::de::Visitor;
[INFO] [stdout]    |
[INFO] [stdout] 
[INFO] [stdout] error[E0433]: failed to resolve: use of undeclared type `Unexpected`
[INFO] [stdout]   --> src/de/mod.rs:1258:42
[INFO] [stdout]    |
[INFO] [stdout] 27 |             Err(de::Error::invalid_value(Unexpected::Str(s), &self))
[INFO] [stdout]    |                                          ^^^^^^^^^^ not found in this scope
[INFO] [stdout]    |
[INFO] [stdout] help: consider importing this enum
[INFO] [stdout]    |
[INFO] [stdout] 2  | use alt_serde::de::Unexpected;
[INFO] [stdout]    |
[INFO] [stdout] 
[INFO] [stdout] error: aborting due to 4 previous errors
[INFO] [stdout] 
[INFO] [stdout] Some errors have detailed explanations: E0405, E0432, E0433.
[INFO] [stdout] For more information about an error, try `rustc --explain E0405`.
[INFO] [stdout] Couldn't compile the test.
[INFO] [stdout] ---- src/de/mod.rs - de::Expected (line 434) stdout ----
[INFO] [stdout] error[E0433]: failed to resolve: use of undeclared crate or module `serde`
[INFO] [stdout]  --> src/de/mod.rs:437:5
[INFO] [stdout]   |
[INFO] [stdout] 5 | use serde::de::{self, Unexpected, Visitor};
[INFO] [stdout]   |     ^^^^^ use of undeclared crate or module `serde`
[INFO] [stdout] 
[INFO] [stdout] error[E0432]: unresolved import `serde`
[INFO] [stdout]  --> src/de/mod.rs:437:5
[INFO] [stdout]   |
[INFO] [stdout] 5 | use serde::de::{self, Unexpected, Visitor};
[INFO] [stdout]   |     ^^^^^ use of undeclared crate or module `serde`
[INFO] [stdout] 
[INFO] [stdout] error[E0405]: cannot find trait `Visitor` in this scope
[INFO] [stdout]  --> src/de/mod.rs:441:11
[INFO] [stdout]   |
[INFO] [stdout] 9 | impl<'de> Visitor<'de> for Example {
[INFO] [stdout]   |           ^^^^^^^ not found in this scope
[INFO] [stdout]   |
[INFO] [stdout] help: consider importing this trait
[INFO] [stdout]   |
[INFO] [stdout] 2 | use alt_serde::de::Visitor;
[INFO] [stdout]   |
[INFO] [stdout] 
[INFO] [stdout] error[E0433]: failed to resolve: use of undeclared type `Unexpected`
[INFO] [stdout]   --> src/de/mod.rs:452:33
[INFO] [stdout]    |
[INFO] [stdout] 20 |     Err(de::Error::invalid_type(Unexpected::Bool(v), &self))
[INFO] [stdout]    |                                 ^^^^^^^^^^ not found in this scope
[INFO] [stdout]    |
[INFO] [stdout] help: consider importing this enum
[INFO] [stdout]    |
[INFO] [stdout] 2  | use alt_serde::de::Unexpected;
[INFO] [stdout]    |
[INFO] [stdout] 
[INFO] [stdout] error: aborting due to 4 previous errors
[INFO] [stdout] 
[INFO] [stdout] Some errors have detailed explanations: E0405, E0432, E0433.
[INFO] [stdout] For more information about an error, try `rustc --explain E0405`.
[INFO] [stdout] Couldn't compile the test.
[INFO] [stdout] ---- src/integer128.rs - serde_if_integer128 (line 12) stdout ----
[INFO] [stdout] error[E0433]: failed to resolve: use of undeclared crate or module `serde`
[INFO] [stdout]  --> src/integer128.rs:13:5
[INFO] [stdout]   |
[INFO] [stdout] 3 | use serde::__private::ser::Error;
[INFO] [stdout]   |     ^^^^^ use of undeclared crate or module `serde`
[INFO] [stdout] 
[INFO] [stdout] error[E0432]: unresolved import `serde`
[INFO] [stdout]  --> src/integer128.rs:17:5
[INFO] [stdout]   |
[INFO] [stdout] 7 | use serde::{serde_if_integer128, Serializer};
[INFO] [stdout]   |     ^^^^^ use of undeclared crate or module `serde`
[INFO] [stdout] 
[INFO] [stdout] error[E0433]: failed to resolve: use of undeclared crate or module `serde`
[INFO] [stdout]   --> src/integer128.rs:42:5
[INFO] [stdout]    |
[INFO] [stdout] 32 |     serde::__serialize_unimplemented! {
[INFO] [stdout]    |     ^^^^^ use of undeclared crate or module `serde`
[INFO] [stdout] 
[INFO] [stdout] error: cannot determine resolution for the macro `serde_if_integer128`
[INFO] [stdout]   --> src/integer128.rs:30:5
[INFO] [stdout]    |
[INFO] [stdout] 20 |     serde_if_integer128! {
[INFO] [stdout]    |     ^^^^^^^^^^^^^^^^^^^
[INFO] [stdout]    |
[INFO] [stdout]    = note: import resolution is stuck, try simplifying macro imports
[INFO] [stdout] 
[INFO] [stdout] error[E0412]: cannot find type `Error` in this scope
[INFO] [stdout]   --> src/integer128.rs:21:18
[INFO] [stdout]    |
[INFO] [stdout] 11 |     type Error = Error;
[INFO] [stdout]    |                  ^^^^^ not found in this scope
[INFO] [stdout]    |
[INFO] [stdout] help: consider importing one of these items
[INFO] [stdout]    |
[INFO] [stdout] 2  | use alt_serde::__private::fmt::Error;
[INFO] [stdout]    |
[INFO] [stdout] 2  | use alt_serde::__private::ser::Error;
[INFO] [stdout]    |
[INFO] [stdout] 2  | use alt_serde::de::Error;
[INFO] [stdout]    |
[INFO] [stdout] 2  | use alt_serde::de::value::Error;
[INFO] [stdout]    |
[INFO] [stdout]      and 5 other candidates
[INFO] [stdout] 
[INFO] [stdout] error: aborting due to 5 previous errors
[INFO] [stdout] 
[INFO] [stdout] Some errors have detailed explanations: E0412, E0432, E0433.
[INFO] [stdout] For more information about an error, try `rustc --explain E0412`.
[INFO] [stdout] Couldn't compile the test.
[INFO] [stdout] ---- src/ser/mod.rs - ser::SerializeTuple (line 1520) stdout ----
[INFO] [stdout] error[E0433]: failed to resolve: use of undeclared crate or module `serde`
[INFO] [stdout]  --> src/ser/mod.rs:1521:5
[INFO] [stdout]   |
[INFO] [stdout] 3 | use serde::ser::{Serialize, Serializer, SerializeTuple};
[INFO] [stdout]   |     ^^^^^ use of undeclared crate or module `serde`
[INFO] [stdout] 
[INFO] [stdout] error[E0405]: cannot find trait `Serialize` in this scope
[INFO] [stdout]   --> src/ser/mod.rs:1531:15
[INFO] [stdout]    |
[INFO] [stdout] 13 | impl<A, B, C> Serialize for Tuple3<A, B, C>
[INFO] [stdout]    |               ^^^^^^^^^ not found in this scope
[INFO] [stdout]    |
[INFO] [stdout] help: consider importing this trait
[INFO] [stdout]    |
[INFO] [stdout] 2  | use alt_serde::Serialize;
[INFO] [stdout]    |
[INFO] [stdout] 
[INFO] [stdout] error[E0405]: cannot find trait `Serialize` in this scope
[INFO] [stdout]   --> src/ser/mod.rs:1533:8
[INFO] [stdout]    |
[INFO] [stdout] 15 |     A: Serialize,
[INFO] [stdout]    |        ^^^^^^^^^ not found in this scope
[INFO] [stdout]    |
[INFO] [stdout] help: consider importing this trait
[INFO] [stdout]    |
[INFO] [stdout] 2  | use alt_serde::Serialize;
[INFO] [stdout]    |
[INFO] [stdout] 
[INFO] [stdout] error[E0405]: cannot find trait `Serialize` in this scope
[INFO] [stdout]   --> src/ser/mod.rs:1534:8
[INFO] [stdout]    |
[INFO] [stdout] 16 |     B: Serialize,
[INFO] [stdout]    |        ^^^^^^^^^ not found in this scope
[INFO] [stdout]    |
[INFO] [stdout] help: consider importing this trait
[INFO] [stdout]    |
[INFO] [stdout] 2  | use alt_serde::Serialize;
[INFO] [stdout]    |
[INFO] [stdout] 
[INFO] [stdout] error[E0405]: cannot find trait `Serialize` in this scope
[INFO] [stdout]   --> src/ser/mod.rs:1535:8
[INFO] [stdout]    |
[INFO] [stdout] 17 |     C: Serialize,
[INFO] [stdout]    |        ^^^^^^^^^ not found in this scope
[INFO] [stdout]    |
[INFO] [stdout] help: consider importing this trait
[INFO] [stdout]    |
[INFO] [stdout] 2  | use alt_serde::Serialize;
[INFO] [stdout]    |
[INFO] [stdout] 
[INFO] [stdout] error[E0405]: cannot find trait `Serializer` in this scope
[INFO] [stdout]   --> src/ser/mod.rs:1539:12
[INFO] [stdout]    |
[INFO] [stdout] 21 |         S: Serializer,
[INFO] [stdout]    |            ^^^^^^^^^^ not found in this scope
[INFO] [stdout]    |
[INFO] [stdout] help: consider importing this trait
[INFO] [stdout]    |
[INFO] [stdout] 2  | use alt_serde::Serializer;
[INFO] [stdout]    |
[INFO] [stdout] 
[INFO] [stdout] error: aborting due to 6 previous errors
[INFO] [stdout] 
[INFO] [stdout] Some errors have detailed explanations: E0405, E0433.
[INFO] [stdout] For more information about an error, try `rustc --explain E0405`.
[INFO] [stdout] Couldn't compile the test.
[INFO] [stdout] ---- src/ser/mod.rs - ser::SerializeSeq (line 1456) stdout ----
[INFO] [stdout] error[E0433]: failed to resolve: use of undeclared crate or module `serde`
[INFO] [stdout]   --> src/ser/mod.rs:1475:5
[INFO] [stdout]    |
[INFO] [stdout] 21 | use serde::ser::{Serialize, Serializer, SerializeSeq};
[INFO] [stdout]    |     ^^^^^ use of undeclared crate or module `serde`
[INFO] [stdout] 
[INFO] [stdout] error[E0405]: cannot find trait `Serialize` in this scope
[INFO] [stdout]   --> src/ser/mod.rs:1477:9
[INFO] [stdout]    |
[INFO] [stdout] 23 | impl<T> Serialize for Vec<T>
[INFO] [stdout]    |         ^^^^^^^^^ not found in this scope
[INFO] [stdout]    |
[INFO] [stdout] help: consider importing this trait
[INFO] [stdout]    |
[INFO] [stdout] 2  | use alt_serde::Serialize;
[INFO] [stdout]    |
[INFO] [stdout] 
[INFO] [stdout] error[E0405]: cannot find trait `Serialize` in this scope
[INFO] [stdout]   --> src/ser/mod.rs:1479:8
[INFO] [stdout]    |
[INFO] [stdout] 25 |     T: Serialize,
[INFO] [stdout]    |        ^^^^^^^^^ not found in this scope
[INFO] [stdout]    |
[INFO] [stdout] help: consider importing this trait
[INFO] [stdout]    |
[INFO] [stdout] 2  | use alt_serde::Serialize;
[INFO] [stdout]    |
[INFO] [stdout] 
[INFO] [stdout] error[E0405]: cannot find trait `Serializer` in this scope
[INFO] [stdout]   --> src/ser/mod.rs:1483:12
[INFO] [stdout]    |
[INFO] [stdout] 29 |         S: Serializer,
[INFO] [stdout]    |            ^^^^^^^^^^ not found in this scope
[INFO] [stdout]    |
[INFO] [stdout] help: consider importing this trait
[INFO] [stdout]    |
[INFO] [stdout] 2  | use alt_serde::Serializer;
[INFO] [stdout]    |
[INFO] [stdout] 
[INFO] [stdout] warning: trait objects without an explicit `dyn` are deprecated
[INFO] [stdout]   --> src/ser/mod.rs:1469:25
[INFO] [stdout]    |
[INFO] [stdout] 15 |     type IntoIter = Box<Iterator<Item = &'a T>>;
[INFO] [stdout]    |                         ^^^^^^^^^^^^^^^^^^^^^^ help: use `dyn`: `dyn Iterator<Item = &'a T>`
[INFO] [stdout]    |
[INFO] [stdout]    = note: `#[warn(bare_trait_objects)]` on by default
[INFO] [stdout]    = warning: this is accepted in the current edition (Rust 2018) but is a hard error in Rust 2021!
[INFO] [stdout]    = note: for more information, see issue #80165 <https://github.com/rust-lang/rust/issues/80165>
[INFO] [stdout] 
[INFO] [stdout] error: aborting due to 4 previous errors; 1 warning emitted
[INFO] [stdout] 
[INFO] [stdout] Some errors have detailed explanations: E0405, E0433.
[INFO] [stdout] For more information about an error, try `rustc --explain E0405`.
[INFO] [stdout] Couldn't compile the test.
[INFO] [stdout] ---- src/macros.rs - forward_to_deserialize_any (line 50) stdout ----
[INFO] [stdout] error[E0433]: failed to resolve: use of undeclared crate or module `serde`
[INFO] [stdout]  --> src/macros.rs:52:5
[INFO] [stdout]   |
[INFO] [stdout] 4 | use serde::de::{value, Deserializer, Visitor};
[INFO] [stdout]   |     ^^^^^ use of undeclared crate or module `serde`
[INFO] [stdout] 
[INFO] [stdout] error[E0432]: unresolved import `serde`
[INFO] [stdout]  --> src/macros.rs:51:5
[INFO] [stdout]   |
[INFO] [stdout] 3 | use serde::forward_to_deserialize_any;
[INFO] [stdout]   |     ^^^^^ use of undeclared crate or module `serde`
[INFO] [stdout] 
[INFO] [stdout] error: cannot determine resolution for the macro `forward_to_deserialize_any`
[INFO] [stdout]   --> src/macros.rs:68:5
[INFO] [stdout]    |
[INFO] [stdout] 20 |     forward_to_deserialize_any! {
[INFO] [stdout]    |     ^^^^^^^^^^^^^^^^^^^^^^^^^^
[INFO] [stdout]    |
[INFO] [stdout]    = note: import resolution is stuck, try simplifying macro imports
[INFO] [stdout] 
[INFO] [stdout] error[E0433]: failed to resolve: use of undeclared crate or module `value`
[INFO] [stdout]  --> src/macros.rs:57:16
[INFO] [stdout]   |
[INFO] [stdout] 9 |   type Error = value::Error;
[INFO] [stdout]   |                ^^^^^ use of undeclared crate or module `value`
[INFO] [stdout] 
[INFO] [stdout] error[E0405]: cannot find trait `Deserializer` in this scope
[INFO] [stdout]  --> src/macros.rs:56:11
[INFO] [stdout]   |
[INFO] [stdout] 8 | impl<'de> Deserializer<'de> for MyDeserializer {
[INFO] [stdout]   |           ^^^^^^^^^^^^ not found in this scope
[INFO] [stdout]   |
[INFO] [stdout] help: consider importing this trait
[INFO] [stdout]   |
[INFO] [stdout] 2 | use alt_serde::Deserializer;
[INFO] [stdout]   |
[INFO] [stdout] 
[INFO] [stdout] error[E0405]: cannot find trait `Visitor` in this scope
[INFO] [stdout]   --> src/macros.rs:61:12
[INFO] [stdout]    |
[INFO] [stdout] 13 |         V: Visitor<'de>,
[INFO] [stdout]    |            ^^^^^^^ not found in this scope
[INFO] [stdout]    |
[INFO] [stdout] help: consider importing this trait
[INFO] [stdout]    |
[INFO] [stdout] 2  | use alt_serde::de::Visitor;
[INFO] [stdout]    |
[INFO] [stdout] 
[INFO] [stdout] error: aborting due to 6 previous errors
[INFO] [stdout] 
[INFO] [stdout] Some errors have detailed explanations: E0405, E0432, E0433.
[INFO] [stdout] For more information about an error, try `rustc --explain E0405`.
[INFO] [stdout] Couldn't compile the test.
[INFO] [stdout] ---- src/ser/mod.rs - ser::Error::custom (line 192) stdout ----
[INFO] [stdout] error[E0433]: failed to resolve: use of undeclared crate or module `serde`
[INFO] [stdout]   --> src/ser/mod.rs:201:5
[INFO] [stdout]    |
[INFO] [stdout] 11 | use serde::ser::{self, Serialize, Serializer};
[INFO] [stdout]    |     ^^^^^ use of undeclared crate or module `serde`
[INFO] [stdout] 
[INFO] [stdout] error[E0432]: unresolved import `serde`
[INFO] [stdout]   --> src/ser/mod.rs:201:5
[INFO] [stdout]    |
[INFO] [stdout] 11 | use serde::ser::{self, Serialize, Serializer};
[INFO] [stdout]    |     ^^^^^ use of undeclared crate or module `serde`
[INFO] [stdout] 
[INFO] [stdout] error[E0405]: cannot find trait `Serialize` in this scope
[INFO] [stdout]   --> src/ser/mod.rs:203:6
[INFO] [stdout]    |
[INFO] [stdout] 13 | impl Serialize for Path {
[INFO] [stdout]    |      ^^^^^^^^^ not found in this scope
[INFO] [stdout]    |
[INFO] [stdout] help: consider importing this trait
[INFO] [stdout]    |
[INFO] [stdout] 2  | use alt_serde::Serialize;
[INFO] [stdout]    |
[INFO] [stdout] 
[INFO] [stdout] error[E0405]: cannot find trait `Serializer` in this scope
[INFO] [stdout]   --> src/ser/mod.rs:206:12
[INFO] [stdout]    |
[INFO] [stdout] 16 |         S: Serializer,
[INFO] [stdout]    |            ^^^^^^^^^^ not found in this scope
[INFO] [stdout]    |
[INFO] [stdout] help: consider importing this trait
[INFO] [stdout]    |
[INFO] [stdout] 2  | use alt_serde::Serializer;
[INFO] [stdout]    |
[INFO] [stdout] 
[INFO] [stdout] error: aborting due to 4 previous errors
[INFO] [stdout] 
[INFO] [stdout] Some errors have detailed explanations: E0405, E0432, E0433.
[INFO] [stdout] For more information about an error, try `rustc --explain E0405`.
[INFO] [stdout] Couldn't compile the test.
[INFO] [stdout] ---- src/de/mod.rs - de::IntoDeserializer (line 2218) stdout ----
[INFO] [stdout] error[E0433]: failed to resolve: use of undeclared crate or module `serde`
[INFO] [stdout]  --> src/de/mod.rs:2221:5
[INFO] [stdout]   |
[INFO] [stdout] 5 | use serde::de::{value, IntoDeserializer};
[INFO] [stdout]   |     ^^^^^ use of undeclared crate or module `serde`
[INFO] [stdout] 
[INFO] [stdout] error[E0432]: unresolved import `serde`
[INFO] [stdout]  --> src/de/mod.rs:2220:5
[INFO] [stdout]   |
[INFO] [stdout] 4 | use serde::Deserialize;
[INFO] [stdout]   |     ^^^^^ use of undeclared crate or module `serde`
[INFO] [stdout] 
[INFO] [stdout] error: cannot determine resolution for the derive macro `Deserialize`
[INFO] [stdout]  --> src/de/mod.rs:2223:10
[INFO] [stdout]   |
[INFO] [stdout] 7 | #[derive(Deserialize)]
[INFO] [stdout]   |          ^^^^^^^^^^^
[INFO] [stdout]   |
[INFO] [stdout]   = note: import resolution is stuck, try simplifying macro imports
[INFO] [stdout] 
[INFO] [stdout] error[E0433]: failed to resolve: use of undeclared crate or module `value`
[INFO] [stdout]   --> src/de/mod.rs:2230:16
[INFO] [stdout]    |
[INFO] [stdout] 14 |     type Err = value::Error;
[INFO] [stdout]    |                ^^^^^ use of undeclared crate or module `value`
[INFO] [stdout] 
[INFO] [stdout] error[E0599]: no variant or associated item named `deserialize` found for enum `Setting` in the current scope
[INFO] [stdout]   --> src/de/mod.rs:2233:15
[INFO] [stdout]    |
[INFO] [stdout] 8  | enum Setting {
[INFO] [stdout]    | ------------ variant or associated item `deserialize` not found here
[INFO] [stdout] ...
[INFO] [stdout] 17 |         Self::deserialize(s.into_deserializer())
[INFO] [stdout]    |               ^^^^^^^^^^^ variant or associated item not found in `Setting`
[INFO] [stdout]    |
[INFO] [stdout]    = help: items from traits can only be used if the trait is implemented and in scope
[INFO] [stdout]    = note: the following traits define an item `deserialize`, perhaps you need to implement one of them:
[INFO] [stdout]            candidate #1: `alt_serde::Deserialize`
[INFO] [stdout]            candidate #2: `alt_serde::de::DeserializeSeed`
[INFO] [stdout] 
[INFO] [stdout] error[E0599]: no method named `into_deserializer` found for reference `&str` in the current scope
[INFO] [stdout]   --> src/de/mod.rs:2233:29
[INFO] [stdout]    |
[INFO] [stdout] 17 |         Self::deserialize(s.into_deserializer())
[INFO] [stdout]    |                             ^^^^^^^^^^^^^^^^^ method not found in `&str`
[INFO] [stdout]    |
[INFO] [stdout]    = help: items from traits can only be used if the trait is in scope
[INFO] [stdout] help: the following trait is implemented but not in scope; perhaps add a `use` for it:
[INFO] [stdout]    |
[INFO] [stdout] 2  | use alt_serde::de::IntoDeserializer;
[INFO] [stdout]    |
[INFO] [stdout] 
[INFO] [stdout] error: aborting due to 6 previous errors
[INFO] [stdout] 
[INFO] [stdout] Some errors have detailed explanations: E0432, E0433, E0599.
[INFO] [stdout] For more information about an error, try `rustc --explain E0432`.
[INFO] [stdout] Couldn't compile the test.
[INFO] [stdout] ---- src/macros.rs - forward_to_deserialize_any (line 81) stdout ----
[INFO] [stdout] error[E0433]: failed to resolve: use of undeclared crate or module `serde`
[INFO] [stdout]  --> src/macros.rs:85:5
[INFO] [stdout]   |
[INFO] [stdout] 6 | use serde::de::{value, Deserializer, Visitor};
[INFO] [stdout]   |     ^^^^^ use of undeclared crate or module `serde`
[INFO] [stdout] 
[INFO] [stdout] error[E0432]: unresolved import `serde`
[INFO] [stdout]  --> src/macros.rs:84:5
[INFO] [stdout]   |
[INFO] [stdout] 5 | use serde::forward_to_deserialize_any;
[INFO] [stdout]   |     ^^^^^ use of undeclared crate or module `serde`
[INFO] [stdout] 
[INFO] [stdout] error: cannot determine resolution for the macro `forward_to_deserialize_any`
[INFO] [stdout]   --> src/macros.rs:99:1
[INFO] [stdout]    |
[INFO] [stdout] 20 | forward_to_deserialize_any! {
[INFO] [stdout]    | ^^^^^^^^^^^^^^^^^^^^^^^^^^
[INFO] [stdout]    |
[INFO] [stdout]    = note: import resolution is stuck, try simplifying macro imports
[INFO] [stdout] 
[INFO] [stdout] error[E0433]: failed to resolve: use of undeclared crate or module `value`
[INFO] [stdout]   --> src/macros.rs:90:18
[INFO] [stdout]    |
[INFO] [stdout] 11 |     type Error = value::Error;
[INFO] [stdout]    |                  ^^^^^ use of undeclared crate or module `value`
[INFO] [stdout] 
[INFO] [stdout] error[E0405]: cannot find trait `Deserializer` in this scope
[INFO] [stdout]   --> src/macros.rs:89:13
[INFO] [stdout]    |
[INFO] [stdout] 10 | impl<'q, V> Deserializer<'q> for MyDeserializer<V> {
[INFO] [stdout]    |             ^^^^^^^^^^^^ not found in this scope
[INFO] [stdout]    |
[INFO] [stdout] help: consider importing this trait
[INFO] [stdout]    |
[INFO] [stdout] 2  | use alt_serde::Deserializer;
[INFO] [stdout]    |
[INFO] [stdout] 
[INFO] [stdout] error[E0405]: cannot find trait `Visitor` in this scope
[INFO] [stdout]   --> src/macros.rs:94:12
[INFO] [stdout]    |
[INFO] [stdout] 15 |         W: Visitor<'q>,
[INFO] [stdout]    |            ^^^^^^^ not found in this scope
[INFO] [stdout]    |
[INFO] [stdout] help: consider importing this trait
[INFO] [stdout]    |
[INFO] [stdout] 2  | use alt_serde::de::Visitor;
[INFO] [stdout]    |
[INFO] [stdout] 
[INFO] [stdout] error: aborting due to 6 previous errors
[INFO] [stdout] 
[INFO] [stdout] Some errors have detailed explanations: E0405, E0432, E0433.
[INFO] [stdout] For more information about an error, try `rustc --explain E0405`.
[INFO] [stdout] Couldn't compile the test.
[INFO] [stdout] ---- src/ser/mod.rs - ser::SerializeTupleVariant (line 1665) stdout ----
[INFO] [stdout] error[E0433]: failed to resolve: use of undeclared crate or module `serde`
[INFO] [stdout]  --> src/ser/mod.rs:1666:5
[INFO] [stdout]   |
[INFO] [stdout] 3 | use serde::ser::{Serialize, SerializeTupleVariant, Serializer};
[INFO] [stdout]   |     ^^^^^ use of undeclared crate or module `serde`
[INFO] [stdout] 
[INFO] [stdout] error[E0405]: cannot find trait `Serialize` in this scope
[INFO] [stdout]   --> src/ser/mod.rs:1673:6
[INFO] [stdout]    |
[INFO] [stdout] 10 | impl Serialize for E {
[INFO] [stdout]    |      ^^^^^^^^^ not found in this scope
[INFO] [stdout]    |
[INFO] [stdout] help: consider importing this trait
[INFO] [stdout]    |
[INFO] [stdout] 2  | use alt_serde::Serialize;
[INFO] [stdout]    |
[INFO] [stdout] 
[INFO] [stdout] error[E0405]: cannot find trait `Serializer` in this scope
[INFO] [stdout]   --> src/ser/mod.rs:1676:12
[INFO] [stdout]    |
[INFO] [stdout] 13 |         S: Serializer,
[INFO] [stdout]    |            ^^^^^^^^^^ not found in this scope
[INFO] [stdout]    |
[INFO] [stdout] help: consider importing this trait
[INFO] [stdout]    |
[INFO] [stdout] 2  | use alt_serde::Serializer;
[INFO] [stdout]    |
[INFO] [stdout] 
[INFO] [stdout] error: aborting due to 3 previous errors
[INFO] [stdout] 
[INFO] [stdout] Some errors have detailed explanations: E0405, E0433.
[INFO] [stdout] For more information about an error, try `rustc --explain E0405`.
[INFO] [stdout] Couldn't compile the test.
[INFO] [stdout] ---- src/ser/impossible.rs - ser::impossible::Impossible (line 18) stdout ----
[INFO] [stdout] error[E0433]: failed to resolve: use of undeclared crate or module `serde`
[INFO] [stdout]  --> src/ser/impossible.rs:19:5
[INFO] [stdout]   |
[INFO] [stdout] 3 | use serde::ser::{Serializer, Impossible};
[INFO] [stdout]   |     ^^^^^ use of undeclared crate or module `serde`
[INFO] [stdout] 
[INFO] [stdout] error[E0433]: failed to resolve: use of undeclared crate or module `serde`
[INFO] [stdout]  --> src/ser/impossible.rs:20:5
[INFO] [stdout]   |
[INFO] [stdout] 4 | use serde::__private::ser::Error;
[INFO] [stdout]   |     ^^^^^ use of undeclared crate or module `serde`
[INFO] [stdout] 
[INFO] [stdout] error[E0433]: failed to resolve: use of undeclared crate or module `serde`
[INFO] [stdout]   --> src/ser/impossible.rs:44:5
[INFO] [stdout]    |
[INFO] [stdout] 28 |     serde::__serialize_unimplemented! {
[INFO] [stdout]    |     ^^^^^ use of undeclared crate or module `serde`
[INFO] [stdout] 
[INFO] [stdout] error[E0405]: cannot find trait `Serializer` in this scope
[INFO] [stdout]  --> src/ser/impossible.rs:24:6
[INFO] [stdout]   |
[INFO] [stdout] 8 | impl Serializer for MySerializer {
[INFO] [stdout]   |      ^^^^^^^^^^ not found in this scope
[INFO] [stdout]   |
[INFO] [stdout] help: consider importing this trait
[INFO] [stdout]   |
[INFO] [stdout] 2 | use alt_serde::Serializer;
[INFO] [stdout]   |
[INFO] [stdout] 
[INFO] [stdout] error[E0412]: cannot find type `Error` in this scope
[INFO] [stdout]   --> src/ser/impossible.rs:26:18
[INFO] [stdout]    |
[INFO] [stdout] 10 |     type Error = Error;
[INFO] [stdout]    |                  ^^^^^ not found in this scope
[INFO] [stdout]    |
[INFO] [stdout] help: consider importing one of these items
[INFO] [stdout]    |
[INFO] [stdout] 2  | use alt_serde::__private::fmt::Error;
[INFO] [stdout]    |
[INFO] [stdout] 2  | use alt_serde::__private::ser::Error;
[INFO] [stdout]    |
[INFO] [stdout] 2  | use alt_serde::de::Error;
[INFO] [stdout]    |
[INFO] [stdout] 2  | use alt_serde::de::value::Error;
[INFO] [stdout]    |
[INFO] [stdout]      and 5 other candidates
[INFO] [stdout] 
[INFO] [stdout] error[E0412]: cannot find type `Impossible` in this scope
[INFO] [stdout]   --> src/ser/impossible.rs:28:25
[INFO] [stdout]    |
[INFO] [stdout] 12 |     type SerializeSeq = Impossible<(), Error>;
[INFO] [stdout]    |                         ^^^^^^^^^^ not found in this scope
[INFO] [stdout]    |
[INFO] [stdout] help: consider importing this struct
[INFO] [stdout]    |
[INFO] [stdout] 2  | use alt_serde::ser::Impossible;
[INFO] [stdout]    |
[INFO] [stdout] 
[INFO] [stdout] error[E0412]: cannot find type `Error` in this scope
[INFO] [stdout]   --> src/ser/impossible.rs:28:40
[INFO] [stdout]    |
[INFO] [stdout] 12 |     type SerializeSeq = Impossible<(), Error>;
[INFO] [stdout]    |                                        ^^^^^ not found in this scope
[INFO] [stdout]    |
[INFO] [stdout] help: consider importing one of these items
[INFO] [stdout]    |
[INFO] [stdout] 2  | use alt_serde::__private::fmt::Error;
[INFO] [stdout]    |
[INFO] [stdout] 2  | use alt_serde::__private::ser::Error;
[INFO] [stdout]    |
[INFO] [stdout] 2  | use alt_serde::de::Error;
[INFO] [stdout]    |
[INFO] [stdout] 2  | use alt_serde::de::value::Error;
[INFO] [stdout]    |
[INFO] [stdout]      and 5 other candidates
[INFO] [stdout] 
[INFO] [stdout] error[E0412]: cannot find type `Error` in this scope
[INFO] [stdout]   --> src/ser/impossible.rs:34:52
[INFO] [stdout]    |
[INFO] [stdout] 18 |                      -> Result<Self::SerializeSeq, Error> {
[INFO] [stdout]    |                                                    ^^^^^ not found in this scope
[INFO] [stdout]    |
[INFO] [stdout] help: consider importing one of these items
[INFO] [stdout]    |
[INFO] [stdout] 2  | use alt_serde::__private::fmt::Error;
[INFO] [stdout]    |
[INFO] [stdout] 2  | use alt_serde::__private::ser::Error;
[INFO] [stdout]    |
[INFO] [stdout] 2  | use alt_serde::de::Error;
[INFO] [stdout]    |
[INFO] [stdout] 2  | use alt_serde::de::value::Error;
[INFO] [stdout]    |
[INFO] [stdout]      and 5 other candidates
[INFO] [stdout] 
[INFO] [stdout] error: aborting due to 8 previous errors
[INFO] [stdout] 
[INFO] [stdout] Some errors have detailed explanations: E0405, E0412, E0433.
[INFO] [stdout] For more information about an error, try `rustc --explain E0405`.
[INFO] [stdout] Couldn't compile the test.
[INFO] [stdout] ---- src/ser/mod.rs - ser::Serialize::serialize (line 222) stdout ----
[INFO] [stdout] error[E0433]: failed to resolve: use of undeclared crate or module `serde`
[INFO] [stdout]  --> src/ser/mod.rs:223:5
[INFO] [stdout]   |
[INFO] [stdout] 3 | use serde::ser::{Serialize, SerializeStruct, Serializer};
[INFO] [stdout]   |     ^^^^^ use of undeclared crate or module `serde`
[INFO] [stdout] 
[INFO] [stdout] error[E0405]: cannot find trait `Serialize` in this scope
[INFO] [stdout]   --> src/ser/mod.rs:232:6
[INFO] [stdout]    |
[INFO] [stdout] 12 | impl Serialize for Person {
[INFO] [stdout]    |      ^^^^^^^^^ not found in this scope
[INFO] [stdout]    |
[INFO] [stdout] help: consider importing this trait
[INFO] [stdout]    |
[INFO] [stdout] 2  | use alt_serde::Serialize;
[INFO] [stdout]    |
[INFO] [stdout] 
[INFO] [stdout] error[E0405]: cannot find trait `Serializer` in this scope
[INFO] [stdout]   --> src/ser/mod.rs:235:12
[INFO] [stdout]    |
[INFO] [stdout] 15 |         S: Serializer,
[INFO] [stdout]    |            ^^^^^^^^^^ not found in this scope
[INFO] [stdout]    |
[INFO] [stdout] help: consider importing this trait
[INFO] [stdout]    |
[INFO] [stdout] 2  | use alt_serde::Serializer;
[INFO] [stdout]    |
[INFO] [stdout] 
[INFO] [stdout] error: aborting due to 3 previous errors
[INFO] [stdout] 
[INFO] [stdout] Some errors have detailed explanations: E0405, E0433.
[INFO] [stdout] For more information about an error, try `rustc --explain E0405`.
[INFO] [stdout] Couldn't compile the test.
[INFO] [stdout] ---- src/macros.rs - forward_to_deserialize_any (line 14) stdout ----
[INFO] [stdout] error[E0433]: failed to resolve: use of undeclared crate or module `serde`
[INFO] [stdout]  --> src/macros.rs:16:5
[INFO] [stdout]   |
[INFO] [stdout] 4 | use serde::de::{value, Deserializer, Visitor};
[INFO] [stdout]   |     ^^^^^ use of undeclared crate or module `serde`
[INFO] [stdout] 
[INFO] [stdout] error[E0432]: unresolved import `serde`
[INFO] [stdout]  --> src/macros.rs:15:5
[INFO] [stdout]   |
[INFO] [stdout] 3 | use serde::forward_to_deserialize_any;
[INFO] [stdout]   |     ^^^^^ use of undeclared crate or module `serde`
[INFO] [stdout] 
[INFO] [stdout] error: cannot determine resolution for the macro `forward_to_deserialize_any`
[INFO] [stdout]   --> src/macros.rs:38:5
[INFO] [stdout]    |
[INFO] [stdout] 26 |     forward_to_deserialize_any! {
[INFO] [stdout]    |     ^^^^^^^^^^^^^^^^^^^^^^^^^^
[INFO] [stdout]    |
[INFO] [stdout]    = note: import resolution is stuck, try simplifying macro imports
[INFO] [stdout] 
[INFO] [stdout] error[E0433]: failed to resolve: use of undeclared crate or module `value`
[INFO] [stdout]  --> src/macros.rs:21:18
[INFO] [stdout]   |
[INFO] [stdout] 9 |     type Error = value::Error;
[INFO] [stdout]   |                  ^^^^^ use of undeclared crate or module `value`
[INFO] [stdout] 
[INFO] [stdout] error[E0405]: cannot find trait `Deserializer` in this scope
[INFO] [stdout]  --> src/macros.rs:20:11
[INFO] [stdout]   |
[INFO] [stdout] 8 | impl<'de> Deserializer<'de> for MyDeserializer {
[INFO] [stdout]   |           ^^^^^^^^^^^^ not found in this scope
[INFO] [stdout]   |
[INFO] [stdout] help: consider importing this trait
[INFO] [stdout]   |
[INFO] [stdout] 2 | use alt_serde::Deserializer;
[INFO] [stdout]   |
[INFO] [stdout] 
[INFO] [stdout] error[E0405]: cannot find trait `Visitor` in this scope
[INFO] [stdout]   --> src/macros.rs:25:12
[INFO] [stdout]    |
[INFO] [stdout] 13 |         V: Visitor<'de>,
[INFO] [stdout]    |            ^^^^^^^ not found in this scope
[INFO] [stdout]    |
[INFO] [stdout] help: consider importing this trait
[INFO] [stdout]    |
[INFO] [stdout] 2  | use alt_serde::de::Visitor;
[INFO] [stdout]    |
[INFO] [stdout] 
[INFO] [stdout] error[E0405]: cannot find trait `Visitor` in this scope
[INFO] [stdout]   --> src/macros.rs:33:8
[INFO] [stdout]    |
[INFO] [stdout] 21 |     V: Visitor<'de>,
[INFO] [stdout]    |        ^^^^^^^ not found in this scope
[INFO] [stdout]    |
[INFO] [stdout] help: consider importing this trait
[INFO] [stdout]    |
[INFO] [stdout] 2  | use alt_serde::de::Visitor;
[INFO] [stdout]    |
[INFO] [stdout] 
[INFO] [stdout] error: aborting due to 7 previous errors
[INFO] [stdout] 
[INFO] [stdout] Some errors have detailed explanations: E0405, E0432, E0433.
[INFO] [stdout] For more information about an error, try `rustc --explain E0405`.
[INFO] [stdout] Couldn't compile the test.
[INFO] [stdout] ---- src/ser/mod.rs - ser::SerializeMap (line 1723) stdout ----
[INFO] [stdout] error[E0433]: failed to resolve: use of undeclared crate or module `serde`
[INFO] [stdout]   --> src/ser/mod.rs:1743:5
[INFO] [stdout]    |
[INFO] [stdout] 22 | use serde::ser::{Serialize, Serializer, SerializeMap};
[INFO] [stdout]    |     ^^^^^ use of undeclared crate or module `serde`
[INFO] [stdout] 
[INFO] [stdout] error[E0405]: cannot find trait `Serialize` in this scope
[INFO] [stdout]   --> src/ser/mod.rs:1745:12
[INFO] [stdout]    |
[INFO] [stdout] 24 | impl<K, V> Serialize for HashMap<K, V>
[INFO] [stdout]    |            ^^^^^^^^^ not found in this scope
[INFO] [stdout]    |
[INFO] [stdout] help: consider importing this trait
[INFO] [stdout]    |
[INFO] [stdout] 2  | use alt_serde::Serialize;
[INFO] [stdout]    |
[INFO] [stdout] 
[INFO] [stdout] error[E0405]: cannot find trait `Serialize` in this scope
[INFO] [stdout]   --> src/ser/mod.rs:1747:8
[INFO] [stdout]    |
[INFO] [stdout] 26 |     K: Serialize,
[INFO] [stdout]    |        ^^^^^^^^^ not found in this scope
[INFO] [stdout]    |
[INFO] [stdout] help: consider importing this trait
[INFO] [stdout]    |
[INFO] [stdout] 2  | use alt_serde::Serialize;
[INFO] [stdout]    |
[INFO] [stdout] 
[INFO] [stdout] error[E0405]: cannot find trait `Serialize` in this scope
[INFO] [stdout]   --> src/ser/mod.rs:1748:8
[INFO] [stdout]    |
[INFO] [stdout] 27 |     V: Serialize,
[INFO] [stdout]    |        ^^^^^^^^^ not found in this scope
[INFO] [stdout]    |
[INFO] [stdout] help: consider importing this trait
[INFO] [stdout]    |
[INFO] [stdout] 2  | use alt_serde::Serialize;
[INFO] [stdout]    |
[INFO] [stdout] 
[INFO] [stdout] error[E0405]: cannot find trait `Serializer` in this scope
[INFO] [stdout]   --> src/ser/mod.rs:1752:12
[INFO] [stdout]    |
[INFO] [stdout] 31 |         S: Serializer,
[INFO] [stdout]    |            ^^^^^^^^^^ not found in this scope
[INFO] [stdout]    |
[INFO] [stdout] help: consider importing this trait
[INFO] [stdout]    |
[INFO] [stdout] 2  | use alt_serde::Serializer;
[INFO] [stdout]    |
[INFO] [stdout] 
[INFO] [stdout] warning: trait objects without an explicit `dyn` are deprecated
[INFO] [stdout]   --> src/ser/mod.rs:1736:25
[INFO] [stdout]    |
[INFO] [stdout] 15 |     type IntoIter = Box<Iterator<Item = (&'a K, &'a V)>>;
[INFO] [stdout]    |                         ^^^^^^^^^^^^^^^^^^^^^^^^^^^^^^^ help: use `dyn`: `dyn Iterator<Item = (&'a K, &'a V)>`
[INFO] [stdout]    |
[INFO] [stdout]    = note: `#[warn(bare_trait_objects)]` on by default
[INFO] [stdout]    = warning: this is accepted in the current edition (Rust 2018) but is a hard error in Rust 2021!
[INFO] [stdout]    = note: for more information, see issue #80165 <https://github.com/rust-lang/rust/issues/80165>
[INFO] [stdout] 
[INFO] [stdout] error: aborting due to 5 previous errors; 1 warning emitted
[INFO] [stdout] 
[INFO] [stdout] Some errors have detailed explanations: E0405, E0433.
[INFO] [stdout] For more information about an error, try `rustc --explain E0405`.
[INFO] [stdout] Couldn't compile the test.
[INFO] [stdout] ---- src/ser/mod.rs - ser::SerializeStructVariant (line 1894) stdout ----
[INFO] [stdout] error[E0433]: failed to resolve: use of undeclared crate or module `serde`
[INFO] [stdout]  --> src/ser/mod.rs:1895:5
[INFO] [stdout]   |
[INFO] [stdout] 3 | use serde::ser::{Serialize, SerializeStructVariant, Serializer};
[INFO] [stdout]   |     ^^^^^ use of undeclared crate or module `serde`
[INFO] [stdout] 
[INFO] [stdout] error[E0405]: cannot find trait `Serialize` in this scope
[INFO] [stdout]  --> src/ser/mod.rs:1901:6
[INFO] [stdout]   |
[INFO] [stdout] 9 | impl Serialize for E {
[INFO] [stdout]   |      ^^^^^^^^^ not found in this scope
[INFO] [stdout]   |
[INFO] [stdout] help: consider importing this trait
[INFO] [stdout]   |
[INFO] [stdout] 2 | use alt_serde::Serialize;
[INFO] [stdout]   |
[INFO] [stdout] 
[INFO] [stdout] error[E0405]: cannot find trait `Serializer` in this scope
[INFO] [stdout]   --> src/ser/mod.rs:1904:12
[INFO] [stdout]    |
[INFO] [stdout] 12 |         S: Serializer,
[INFO] [stdout]    |            ^^^^^^^^^^ not found in this scope
[INFO] [stdout]    |
[INFO] [stdout] help: consider importing this trait
[INFO] [stdout]    |
[INFO] [stdout] 2  | use alt_serde::Serializer;
[INFO] [stdout]    |
[INFO] [stdout] 
[INFO] [stdout] error: aborting due to 3 previous errors
[INFO] [stdout] 
[INFO] [stdout] Some errors have detailed explanations: E0405, E0433.
[INFO] [stdout] For more information about an error, try `rustc --explain E0405`.
[INFO] [stdout] Couldn't compile the test.
[INFO] [stdout] ---- src/ser/mod.rs - ser::Serializer::collect_map (line 1294) stdout ----
[INFO] [stdout] error[E0432]: unresolved import `serde`
[INFO] [stdout]  --> src/ser/mod.rs:1295:5
[INFO] [stdout]   |
[INFO] [stdout] 3 | use serde::{Serialize, Serializer};
[INFO] [stdout]   |     ^^^^^ use of undeclared crate or module `serde`
[INFO] [stdout] 
[INFO] [stdout] error: aborting due to previous error
[INFO] [stdout] 
[INFO] [stdout] For more information about this error, try `rustc --explain E0432`.
[INFO] [stdout] Couldn't compile the test.
[INFO] [stdout] ---- src/ser/mod.rs - ser::SerializeTupleStruct (line 1620) stdout ----
[INFO] [stdout] error[E0433]: failed to resolve: use of undeclared crate or module `serde`
[INFO] [stdout]  --> src/ser/mod.rs:1621:5
[INFO] [stdout]   |
[INFO] [stdout] 3 | use serde::ser::{Serialize, SerializeTupleStruct, Serializer};
[INFO] [stdout]   |     ^^^^^ use of undeclared crate or module `serde`
[INFO] [stdout] 
[INFO] [stdout] error[E0405]: cannot find trait `Serialize` in this scope
[INFO] [stdout]  --> src/ser/mod.rs:1625:6
[INFO] [stdout]   |
[INFO] [stdout] 7 | impl Serialize for Rgb {
[INFO] [stdout]   |      ^^^^^^^^^ not found in this scope
[INFO] [stdout]   |
[INFO] [stdout] help: consider importing this trait
[INFO] [stdout]   |
[INFO] [stdout] 2 | use alt_serde::Serialize;
[INFO] [stdout]   |
[INFO] [stdout] 
[INFO] [stdout] error[E0405]: cannot find trait `Serializer` in this scope
[INFO] [stdout]   --> src/ser/mod.rs:1628:12
[INFO] [stdout]    |
[INFO] [stdout] 10 |         S: Serializer,
[INFO] [stdout]    |            ^^^^^^^^^^ not found in this scope
[INFO] [stdout]    |
[INFO] [stdout] help: consider importing this trait
[INFO] [stdout]    |
[INFO] [stdout] 2  | use alt_serde::Serializer;
[INFO] [stdout]    |
[INFO] [stdout] 
[INFO] [stdout] error: aborting due to 3 previous errors
[INFO] [stdout] 
[INFO] [stdout] Some errors have detailed explanations: E0405, E0433.
[INFO] [stdout] For more information about an error, try `rustc --explain E0405`.
[INFO] [stdout] Couldn't compile the test.
[INFO] [stdout] ---- src/ser/mod.rs - ser::Serializer::serialize_char (line 670) stdout ----
[INFO] [stdout] error[E0432]: unresolved import `serde`
[INFO] [stdout]  --> src/ser/mod.rs:671:5
[INFO] [stdout]   |
[INFO] [stdout] 3 | use serde::Serializer;
[INFO] [stdout]   |     ^^^^^ use of undeclared crate or module `serde`
[INFO] [stdout] 
[INFO] [stdout] error[E0433]: failed to resolve: use of undeclared crate or module `serde`
[INFO] [stdout]  --> src/ser/mod.rs:673:1
[INFO] [stdout]   |
[INFO] [stdout] 5 | serde::__private_serialize!();
[INFO] [stdout]   | ^^^^^ use of undeclared crate or module `serde`
[INFO] [stdout] 
[INFO] [stdout] error[E0405]: cannot find trait `Serialize` in this scope
[INFO] [stdout]  --> src/ser/mod.rs:675:6
[INFO] [stdout]   |
[INFO] [stdout] 7 | impl Serialize for char {
[INFO] [stdout]   |      ^^^^^^^^^ not found in this scope
[INFO] [stdout]   |
[INFO] [stdout] help: consider importing this trait
[INFO] [stdout]   |
[INFO] [stdout] 2 | use alt_serde::Serialize;
[INFO] [stdout]   |
[INFO] [stdout] 
[INFO] [stdout] error: aborting due to 3 previous errors
[INFO] [stdout] 
[INFO] [stdout] Some errors have detailed explanations: E0405, E0432, E0433.
[INFO] [stdout] For more information about an error, try `rustc --explain E0405`.
[INFO] [stdout] Couldn't compile the test.
[INFO] [stdout] ---- src/ser/mod.rs - ser::SerializeStruct (line 1834) stdout ----
[INFO] [stdout] error[E0433]: failed to resolve: use of undeclared crate or module `serde`
[INFO] [stdout]  --> src/ser/mod.rs:1835:5
[INFO] [stdout]   |
[INFO] [stdout] 3 | use serde::ser::{Serialize, SerializeStruct, Serializer};
[INFO] [stdout]   |     ^^^^^ use of undeclared crate or module `serde`
[INFO] [stdout] 
[INFO] [stdout] error[E0405]: cannot find trait `Serialize` in this scope
[INFO] [stdout]   --> src/ser/mod.rs:1843:6
[INFO] [stdout]    |
[INFO] [stdout] 11 | impl Serialize for Rgb {
[INFO] [stdout]    |      ^^^^^^^^^ not found in this scope
[INFO] [stdout]    |
[INFO] [stdout] help: consider importing this trait
[INFO] [stdout]    |
[INFO] [stdout] 2  | use alt_serde::Serialize;
[INFO] [stdout]    |
[INFO] [stdout] 
[INFO] [stdout] error[E0405]: cannot find trait `Serializer` in this scope
[INFO] [stdout]   --> src/ser/mod.rs:1846:12
[INFO] [stdout]    |
[INFO] [stdout] 14 |         S: Serializer,
[INFO] [stdout]    |            ^^^^^^^^^^ not found in this scope
[INFO] [stdout]    |
[INFO] [stdout] help: consider importing this trait
[INFO] [stdout]    |
[INFO] [stdout] 2  | use alt_serde::Serializer;
[INFO] [stdout]    |
[INFO] [stdout] 
[INFO] [stdout] error: aborting due to 3 previous errors
[INFO] [stdout] 
[INFO] [stdout] Some errors have detailed explanations: E0405, E0433.
[INFO] [stdout] For more information about an error, try `rustc --explain E0405`.
[INFO] [stdout] Couldn't compile the test.
[INFO] [stdout] ---- src/ser/mod.rs - ser::Serializer::collect_str (line 1334) stdout ----
[INFO] [stdout] error[E0432]: unresolved import `serde`
[INFO] [stdout]   --> src/ser/mod.rs:1342:5
[INFO] [stdout]    |
[INFO] [stdout] 10 | use serde::{Serialize, Serializer};
[INFO] [stdout]    |     ^^^^^ use of undeclared crate or module `serde`
[INFO] [stdout] 
[INFO] [stdout] error: aborting due to previous error
[INFO] [stdout] 
[INFO] [stdout] For more information about this error, try `rustc --explain E0432`.
[INFO] [stdout] Couldn't compile the test.
[INFO] [stdout] ---- src/ser/mod.rs - ser::Serializer::collect_seq (line 1257) stdout ----
[INFO] [stdout] error[E0432]: unresolved import `serde`
[INFO] [stdout]  --> src/ser/mod.rs:1258:5
[INFO] [stdout]   |
[INFO] [stdout] 3 | use serde::{Serialize, Serializer};
[INFO] [stdout]   |     ^^^^^ use of undeclared crate or module `serde`
[INFO] [stdout] 
[INFO] [stdout] error: aborting due to previous error
[INFO] [stdout] 
[INFO] [stdout] For more information about this error, try `rustc --explain E0432`.
[INFO] [stdout] Couldn't compile the test.
[INFO] [stdout] ---- src/ser/mod.rs - ser::Serializer::serialize_bytes (line 712) stdout ----
[INFO] [stdout] error[E0433]: failed to resolve: use of undeclared crate or module `serde`
[INFO] [stdout]  --> src/ser/mod.rs:713:5
[INFO] [stdout]   |
[INFO] [stdout] 3 | use serde::ser::{Serializer, SerializeSeq};
[INFO] [stdout]   |     ^^^^^ use of undeclared crate or module `serde`
[INFO] [stdout] 
[INFO] [stdout] error[E0433]: failed to resolve: use of undeclared crate or module `serde`
[INFO] [stdout]  --> src/ser/mod.rs:714:5
[INFO] [stdout]   |
[INFO] [stdout] 4 | use serde::__private::ser::Error;
[INFO] [stdout]   |     ^^^^^ use of undeclared crate or module `serde`
[INFO] [stdout] 
[INFO] [stdout] error[E0433]: failed to resolve: use of undeclared crate or module `serde`
[INFO] [stdout]   --> src/ser/mod.rs:730:5
[INFO] [stdout]    |
[INFO] [stdout] 20 |     serde::__serialize_unimplemented! {
[INFO] [stdout]    |     ^^^^^ use of undeclared crate or module `serde`
[INFO] [stdout] 
[INFO] [stdout] error[E0405]: cannot find trait `Serializer` in this scope
[INFO] [stdout]  --> src/ser/mod.rs:718:6
[INFO] [stdout]   |
[INFO] [stdout] 8 | impl Serializer for MySerializer {
[INFO] [stdout]   |      ^^^^^^^^^^ not found in this scope
[INFO] [stdout]   |
[INFO] [stdout] help: consider importing this trait
[INFO] [stdout]   |
[INFO] [stdout] 2 | use alt_serde::Serializer;
[INFO] [stdout]   |
[INFO] [stdout] 
[INFO] [stdout] error[E0412]: cannot find type `Error` in this scope
[INFO] [stdout]   --> src/ser/mod.rs:720:18
[INFO] [stdout]    |
[INFO] [stdout] 10 |     type Error = Error;
[INFO] [stdout]    |                  ^^^^^ not found in this scope
[INFO] [stdout]    |
[INFO] [stdout] help: consider importing one of these items
[INFO] [stdout]    |
[INFO] [stdout] 2  | use alt_serde::__private::fmt::Error;
[INFO] [stdout]    |
[INFO] [stdout] 2  | use alt_serde::__private::ser::Error;
[INFO] [stdout]    |
[INFO] [stdout] 2  | use alt_serde::de::Error;
[INFO] [stdout]    |
[INFO] [stdout] 2  | use alt_serde::de::value::Error;
[INFO] [stdout]    |
[INFO] [stdout]      and 5 other candidates
[INFO] [stdout] 
[INFO] [stdout] error: aborting due to 5 previous errors
[INFO] [stdout] 
[INFO] [stdout] Some errors have detailed explanations: E0405, E0412, E0433.
[INFO] [stdout] For more information about an error, try `rustc --explain E0405`.
[INFO] [stdout] Couldn't compile the test.
[INFO] [stdout] ---- src/de/value.rs - de::value (line 4) stdout ----
[INFO] [stdout] error[E0433]: failed to resolve: use of undeclared crate or module `serde`
[INFO] [stdout]  --> src/de/value.rs:7:5
[INFO] [stdout]   |
[INFO] [stdout] 5 | use serde::de::{value, IntoDeserializer};
[INFO] [stdout]   |     ^^^^^ use of undeclared crate or module `serde`
[INFO] [stdout] 
[INFO] [stdout] error[E0432]: unresolved import `serde`
[INFO] [stdout]  --> src/de/value.rs:6:5
[INFO] [stdout]   |
[INFO] [stdout] 4 | use serde::Deserialize;
[INFO] [stdout]   |     ^^^^^ use of undeclared crate or module `serde`
[INFO] [stdout] 
[INFO] [stdout] error: cannot determine resolution for the derive macro `Deserialize`
[INFO] [stdout]  --> src/de/value.rs:9:10
[INFO] [stdout]   |
[INFO] [stdout] 7 | #[derive(Deserialize)]
[INFO] [stdout]   |          ^^^^^^^^^^^
[INFO] [stdout]   |
[INFO] [stdout]   = note: import resolution is stuck, try simplifying macro imports
[INFO] [stdout] 
[INFO] [stdout] error[E0433]: failed to resolve: use of undeclared crate or module `value`
[INFO] [stdout]   --> src/de/value.rs:16:16
[INFO] [stdout]    |
[INFO] [stdout] 14 |     type Err = value::Error;
[INFO] [stdout]    |                ^^^^^ use of undeclared crate or module `value`
[INFO] [stdout] 
[INFO] [stdout] error[E0599]: no variant or associated item named `deserialize` found for enum `Setting` in the current scope
[INFO] [stdout]   --> src/de/value.rs:19:15
[INFO] [stdout]    |
[INFO] [stdout] 8  | enum Setting {
[INFO] [stdout]    | ------------ variant or associated item `deserialize` not found here
[INFO] [stdout] ...
[INFO] [stdout] 17 |         Self::deserialize(s.into_deserializer())
[INFO] [stdout]    |               ^^^^^^^^^^^ variant or associated item not found in `Setting`
[INFO] [stdout]    |
[INFO] [stdout]    = help: items from traits can only be used if the trait is implemented and in scope
[INFO] [stdout]    = note: the following traits define an item `deserialize`, perhaps you need to implement one of them:
[INFO] [stdout]            candidate #1: `alt_serde::Deserialize`
[INFO] [stdout]            candidate #2: `alt_serde::de::DeserializeSeed`
[INFO] [stdout] 
[INFO] [stdout] error[E0599]: no method named `into_deserializer` found for reference `&str` in the current scope
[INFO] [stdout]   --> src/de/value.rs:19:29
[INFO] [stdout]    |
[INFO] [stdout] 17 |         Self::deserialize(s.into_deserializer())
[INFO] [stdout]    |                             ^^^^^^^^^^^^^^^^^ method not found in `&str`
[INFO] [stdout]    |
[INFO] [stdout]    = help: items from traits can only be used if the trait is in scope
[INFO] [stdout] help: the following trait is implemented but not in scope; perhaps add a `use` for it:
[INFO] [stdout]    |
[INFO] [stdout] 2  | use alt_serde::de::IntoDeserializer;
[INFO] [stdout]    |
[INFO] [stdout] 
[INFO] [stdout] error: aborting due to 6 previous errors
[INFO] [stdout] 
[INFO] [stdout] Some errors have detailed explanations: E0432, E0433, E0599.
[INFO] [stdout] For more information about an error, try `rustc --explain E0432`.
[INFO] [stdout] Couldn't compile the test.
[INFO] [stdout] ---- src/ser/mod.rs - ser::Serializer::is_human_readable (line 1407) stdout ----
[INFO] [stdout] error[E0432]: unresolved import `serde`
[INFO] [stdout]   --> src/ser/mod.rs:1422:5
[INFO] [stdout]    |
[INFO] [stdout] 17 | use serde::{Serialize, Serializer};
[INFO] [stdout]    |     ^^^^^ use of undeclared crate or module `serde`
[INFO] [stdout] 
[INFO] [stdout] error: aborting due to previous error
[INFO] [stdout] 
[INFO] [stdout] For more information about this error, try `rustc --explain E0432`.
[INFO] [stdout] Couldn't compile the test.
[INFO] [stdout] ---- src/ser/mod.rs - ser::Serializer::serialize_f64 (line 649) stdout ----
[INFO] [stdout] error[E0432]: unresolved import `serde`
[INFO] [stdout]  --> src/ser/mod.rs:650:5
[INFO] [stdout]   |
[INFO] [stdout] 3 | use serde::Serializer;
[INFO] [stdout]   |     ^^^^^ use of undeclared crate or module `serde`
[INFO] [stdout] 
[INFO] [stdout] error[E0433]: failed to resolve: use of undeclared crate or module `serde`
[INFO] [stdout]  --> src/ser/mod.rs:652:1
[INFO] [stdout]   |
[INFO] [stdout] 5 | serde::__private_serialize!();
[INFO] [stdout]   | ^^^^^ use of undeclared crate or module `serde`
[INFO] [stdout] 
[INFO] [stdout] error[E0405]: cannot find trait `Serialize` in this scope
[INFO] [stdout]  --> src/ser/mod.rs:654:6
[INFO] [stdout]   |
[INFO] [stdout] 7 | impl Serialize for f64 {
[INFO] [stdout]   |      ^^^^^^^^^ not found in this scope
[INFO] [stdout]   |
[INFO] [stdout] help: consider importing this trait
[INFO] [stdout]   |
[INFO] [stdout] 2 | use alt_serde::Serialize;
[INFO] [stdout]   |
[INFO] [stdout] 
[INFO] [stdout] error: aborting due to 3 previous errors
[INFO] [stdout] 
[INFO] [stdout] Some errors have detailed explanations: E0405, E0432, E0433.
[INFO] [stdout] For more information about an error, try `rustc --explain E0405`.
[INFO] [stdout] Couldn't compile the test.
[INFO] [stdout] ---- src/ser/mod.rs - ser::SerializeTuple (line 1550) stdout ----
[INFO] [stdout] error[E0433]: failed to resolve: use of undeclared crate or module `serde`
[INFO] [stdout]   --> src/ser/mod.rs:1569:5
[INFO] [stdout]    |
[INFO] [stdout] 21 | use serde::ser::{Serialize, Serializer, SerializeTuple};
[INFO] [stdout]    |     ^^^^^ use of undeclared crate or module `serde`
[INFO] [stdout] 
[INFO] [stdout] error[E0405]: cannot find trait `Serialize` in this scope
[INFO] [stdout]   --> src/ser/mod.rs:1577:9
[INFO] [stdout]    |
[INFO] [stdout] 29 | impl<T> Serialize for Array<T>
[INFO] [stdout]    |         ^^^^^^^^^ not found in this scope
[INFO] [stdout]    |
[INFO] [stdout] help: consider importing this trait
[INFO] [stdout]    |
[INFO] [stdout] 2  | use alt_serde::Serialize;
[INFO] [stdout]    |
[INFO] [stdout] 
[INFO] [stdout] error[E0405]: cannot find trait `Serialize` in this scope
[INFO] [stdout]   --> src/ser/mod.rs:1579:8
[INFO] [stdout]    |
[INFO] [stdout] 31 |     T: Serialize,
[INFO] [stdout]    |        ^^^^^^^^^ not found in this scope
[INFO] [stdout]    |
[INFO] [stdout] help: consider importing this trait
[INFO] [stdout]    |
[INFO] [stdout] 2  | use alt_serde::Serialize;
[INFO] [stdout]    |
[INFO] [stdout] 
[INFO] [stdout] error[E0405]: cannot find trait `Serializer` in this scope
[INFO] [stdout]   --> src/ser/mod.rs:1583:12
[INFO] [stdout]    |
[INFO] [stdout] 35 |         S: Serializer,
[INFO] [stdout]    |            ^^^^^^^^^^ not found in this scope
[INFO] [stdout]    |
[INFO] [stdout] help: consider importing this trait
[INFO] [stdout]    |
[INFO] [stdout] 2  | use alt_serde::Serializer;
[INFO] [stdout]    |
[INFO] [stdout] 
[INFO] [stdout] warning: trait objects without an explicit `dyn` are deprecated
[INFO] [stdout]   --> src/ser/mod.rs:1563:25
[INFO] [stdout]    |
[INFO] [stdout] 15 |     type IntoIter = Box<Iterator<Item = &'a T>>;
[INFO] [stdout]    |                         ^^^^^^^^^^^^^^^^^^^^^^ help: use `dyn`: `dyn Iterator<Item = &'a T>`
[INFO] [stdout]    |
[INFO] [stdout]    = note: `#[warn(bare_trait_objects)]` on by default
[INFO] [stdout]    = warning: this is accepted in the current edition (Rust 2018) but is a hard error in Rust 2021!
[INFO] [stdout]    = note: for more information, see issue #80165 <https://github.com/rust-lang/rust/issues/80165>
[INFO] [stdout] 
[INFO] [stdout] error: aborting due to 4 previous errors; 1 warning emitted
[INFO] [stdout] 
[INFO] [stdout] Some errors have detailed explanations: E0405, E0433.
[INFO] [stdout] For more information about an error, try `rustc --explain E0405`.
[INFO] [stdout] Couldn't compile the test.
[INFO] [stdout] ---- src/ser/mod.rs - ser::Serializer::serialize_bool (line 389) stdout ----
[INFO] [stdout] error[E0432]: unresolved import `serde`
[INFO] [stdout]  --> src/ser/mod.rs:390:5
[INFO] [stdout]   |
[INFO] [stdout] 3 | use serde::Serializer;
[INFO] [stdout]   |     ^^^^^ use of undeclared crate or module `serde`
[INFO] [stdout] 
[INFO] [stdout] error[E0433]: failed to resolve: use of undeclared crate or module `serde`
[INFO] [stdout]  --> src/ser/mod.rs:392:1
[INFO] [stdout]   |
[INFO] [stdout] 5 | serde::__private_serialize!();
[INFO] [stdout]   | ^^^^^ use of undeclared crate or module `serde`
[INFO] [stdout] 
[INFO] [stdout] error[E0405]: cannot find trait `Serialize` in this scope
[INFO] [stdout]  --> src/ser/mod.rs:394:6
[INFO] [stdout]   |
[INFO] [stdout] 7 | impl Serialize for bool {
[INFO] [stdout]   |      ^^^^^^^^^ not found in this scope
[INFO] [stdout]   |
[INFO] [stdout] help: consider importing this trait
[INFO] [stdout]   |
[INFO] [stdout] 2 | use alt_serde::Serialize;
[INFO] [stdout]   |
[INFO] [stdout] 
[INFO] [stdout] error: aborting due to 3 previous errors
[INFO] [stdout] 
[INFO] [stdout] Some errors have detailed explanations: E0405, E0432, E0433.
[INFO] [stdout] For more information about an error, try `rustc --explain E0405`.
[INFO] [stdout] Couldn't compile the test.
[INFO] [stdout] ---- src/ser/mod.rs - ser::Serializer::serialize_newtype_struct (line 884) stdout ----
[INFO] [stdout] error[E0432]: unresolved import `serde`
[INFO] [stdout]  --> src/ser/mod.rs:885:5
[INFO] [stdout]   |
[INFO] [stdout] 3 | use serde::{Serialize, Serializer};
[INFO] [stdout]   |     ^^^^^ use of undeclared crate or module `serde`
[INFO] [stdout] 
[INFO] [stdout] error: aborting due to previous error
[INFO] [stdout] 
[INFO] [stdout] For more information about this error, try `rustc --explain E0432`.
[INFO] [stdout] Couldn't compile the test.
[INFO] [stdout] ---- src/ser/mod.rs - ser::Serializer::serialize_i16 (line 433) stdout ----
[INFO] [stdout] error[E0432]: unresolved import `serde`
[INFO] [stdout]  --> src/ser/mod.rs:434:5
[INFO] [stdout]   |
[INFO] [stdout] 3 | use serde::Serializer;
[INFO] [stdout]   |     ^^^^^ use of undeclared crate or module `serde`
[INFO] [stdout] 
[INFO] [stdout] error[E0433]: failed to resolve: use of undeclared crate or module `serde`
[INFO] [stdout]  --> src/ser/mod.rs:436:1
[INFO] [stdout]   |
[INFO] [stdout] 5 | serde::__private_serialize!();
[INFO] [stdout]   | ^^^^^ use of undeclared crate or module `serde`
[INFO] [stdout] 
[INFO] [stdout] error[E0405]: cannot find trait `Serialize` in this scope
[INFO] [stdout]  --> src/ser/mod.rs:438:6
[INFO] [stdout]   |
[INFO] [stdout] 7 | impl Serialize for i16 {
[INFO] [stdout]   |      ^^^^^^^^^ not found in this scope
[INFO] [stdout]   |
[INFO] [stdout] help: consider importing this trait
[INFO] [stdout]   |
[INFO] [stdout] 2 | use alt_serde::Serialize;
[INFO] [stdout]   |
[INFO] [stdout] 
[INFO] [stdout] error: aborting due to 3 previous errors
[INFO] [stdout] 
[INFO] [stdout] Some errors have detailed explanations: E0405, E0432, E0433.
[INFO] [stdout] For more information about an error, try `rustc --explain E0405`.
[INFO] [stdout] Couldn't compile the test.
[INFO] [stdout] ---- src/ser/mod.rs - ser::Serializer::serialize_i128 (line 492) stdout ----
[INFO] [stdout] error[E0432]: unresolved import `serde`
[INFO] [stdout]  --> src/ser/mod.rs:493:5
[INFO] [stdout]   |
[INFO] [stdout] 3 | use serde::Serializer;
[INFO] [stdout]   |     ^^^^^ use of undeclared crate or module `serde`
[INFO] [stdout] 
[INFO] [stdout] error[E0433]: failed to resolve: use of undeclared crate or module `serde`
[INFO] [stdout]  --> src/ser/mod.rs:495:1
[INFO] [stdout]   |
[INFO] [stdout] 5 | serde::__private_serialize!();
[INFO] [stdout]   | ^^^^^ use of undeclared crate or module `serde`
[INFO] [stdout] 
[INFO] [stdout] error[E0405]: cannot find trait `Serialize` in this scope
[INFO] [stdout]  --> src/ser/mod.rs:497:6
[INFO] [stdout]   |
[INFO] [stdout] 7 | impl Serialize for i128 {
[INFO] [stdout]   |      ^^^^^^^^^ not found in this scope
[INFO] [stdout]   |
[INFO] [stdout] help: consider importing this trait
[INFO] [stdout]   |
[INFO] [stdout] 2 | use alt_serde::Serialize;
[INFO] [stdout]   |
[INFO] [stdout] 
[INFO] [stdout] error: aborting due to 3 previous errors
[INFO] [stdout] 
[INFO] [stdout] Some errors have detailed explanations: E0405, E0432, E0433.
[INFO] [stdout] For more information about an error, try `rustc --explain E0405`.
[INFO] [stdout] Couldn't compile the test.
[INFO] [stdout] ---- src/ser/mod.rs - ser::Serializer::serialize_f32 (line 631) stdout ----
[INFO] [stdout] error[E0432]: unresolved import `serde`
[INFO] [stdout]  --> src/ser/mod.rs:632:5
[INFO] [stdout]   |
[INFO] [stdout] 3 | use serde::Serializer;
[INFO] [stdout]   |     ^^^^^ use of undeclared crate or module `serde`
[INFO] [stdout] 
[INFO] [stdout] error[E0433]: failed to resolve: use of undeclared crate or module `serde`
[INFO] [stdout]  --> src/ser/mod.rs:634:1
[INFO] [stdout]   |
[INFO] [stdout] 5 | serde::__private_serialize!();
[INFO] [stdout]   | ^^^^^ use of undeclared crate or module `serde`
[INFO] [stdout] 
[INFO] [stdout] error[E0405]: cannot find trait `Serialize` in this scope
[INFO] [stdout]  --> src/ser/mod.rs:636:6
[INFO] [stdout]   |
[INFO] [stdout] 7 | impl Serialize for f32 {
[INFO] [stdout]   |      ^^^^^^^^^ not found in this scope
[INFO] [stdout]   |
[INFO] [stdout] help: consider importing this trait
[INFO] [stdout]   |
[INFO] [stdout] 2 | use alt_serde::Serialize;
[INFO] [stdout]   |
[INFO] [stdout] 
[INFO] [stdout] error: aborting due to 3 previous errors
[INFO] [stdout] 
[INFO] [stdout] Some errors have detailed explanations: E0405, E0432, E0433.
[INFO] [stdout] For more information about an error, try `rustc --explain E0405`.
[INFO] [stdout] Couldn't compile the test.
[INFO] [stdout] ---- src/ser/fmt.rs - ser::fmt::&'a mut fmt::Formatter (line 20) stdout ----
[INFO] [stdout] error[E0432]: unresolved import `serde`
[INFO] [stdout]  --> src/ser/fmt.rs:21:5
[INFO] [stdout]   |
[INFO] [stdout] 3 | use serde::Serialize;
[INFO] [stdout]   |     ^^^^^ use of undeclared crate or module `serde`
[INFO] [stdout] 
[INFO] [stdout] error: cannot determine resolution for the derive macro `Serialize`
[INFO] [stdout]  --> src/ser/fmt.rs:24:10
[INFO] [stdout]   |
[INFO] [stdout] 6 | #[derive(Serialize)]
[INFO] [stdout]   |          ^^^^^^^^^
[INFO] [stdout]   |
[INFO] [stdout]   = note: import resolution is stuck, try simplifying macro imports
[INFO] [stdout] 
[INFO] [stdout] error: cannot find attribute `serde` in this scope
[INFO] [stdout]  --> src/ser/fmt.rs:25:3
[INFO] [stdout]   |
[INFO] [stdout] 7 | #[serde(rename_all = "kebab-case")]
[INFO] [stdout]   |   ^^^^^
[INFO] [stdout] 
[INFO] [stdout] error[E0599]: no method named `serialize` found for reference `&MessageType` in the current scope
[INFO] [stdout]   --> src/ser/fmt.rs:33:14
[INFO] [stdout]    |
[INFO] [stdout] 15 |         self.serialize(f)
[INFO] [stdout]    |              ^^^^^^^^^ method not found in `&MessageType`
[INFO] [stdout]    |
[INFO] [stdout]    = help: items from traits can only be used if the trait is implemented and in scope
[INFO] [stdout]    = note: the following trait defines an item `serialize`, perhaps you need to implement it:
[INFO] [stdout]            candidate #1: `alt_serde::Serialize`
[INFO] [stdout] 
[INFO] [stdout] error: aborting due to 4 previous errors
[INFO] [stdout] 
[INFO] [stdout] Some errors have detailed explanations: E0432, E0599.
[INFO] [stdout] For more information about an error, try `rustc --explain E0432`.
[INFO] [stdout] Couldn't compile the test.
[INFO] [stdout] ---- src/ser/mod.rs - ser::Serializer::serialize_none (line 741) stdout ----
[INFO] [stdout] error[E0432]: unresolved import `serde`
[INFO] [stdout]  --> src/ser/mod.rs:742:5
[INFO] [stdout]   |
[INFO] [stdout] 2 | use serde::{Serialize, Serializer};
[INFO] [stdout]   |     ^^^^^ use of undeclared crate or module `serde`
[INFO] [stdout] 
[INFO] [stdout] error: aborting due to previous error
[INFO] [stdout] 
[INFO] [stdout] For more information about this error, try `rustc --explain E0432`.
[INFO] [stdout] Couldn't compile the test.
[INFO] [stdout] ---- src/ser/mod.rs - ser::Serializer::serialize_newtype_variant (line 912) stdout ----
[INFO] [stdout] error[E0432]: unresolved import `serde`
[INFO] [stdout]  --> src/ser/mod.rs:913:5
[INFO] [stdout]   |
[INFO] [stdout] 3 | use serde::{Serialize, Serializer};
[INFO] [stdout]   |     ^^^^^ use of undeclared crate or module `serde`
[INFO] [stdout] 
[INFO] [stdout] error: aborting due to previous error
[INFO] [stdout] 
[INFO] [stdout] For more information about this error, try `rustc --explain E0432`.
[INFO] [stdout] Couldn't compile the test.
[INFO] [stdout] ---- src/ser/mod.rs - ser::Serializer::serialize_i32 (line 455) stdout ----
[INFO] [stdout] error[E0432]: unresolved import `serde`
[INFO] [stdout]  --> src/ser/mod.rs:456:5
[INFO] [stdout]   |
[INFO] [stdout] 3 | use serde::Serializer;
[INFO] [stdout]   |     ^^^^^ use of undeclared crate or module `serde`
[INFO] [stdout] 
[INFO] [stdout] error[E0433]: failed to resolve: use of undeclared crate or module `serde`
[INFO] [stdout]  --> src/ser/mod.rs:458:1
[INFO] [stdout]   |
[INFO] [stdout] 5 | serde::__private_serialize!();
[INFO] [stdout]   | ^^^^^ use of undeclared crate or module `serde`
[INFO] [stdout] 
[INFO] [stdout] error[E0405]: cannot find trait `Serialize` in this scope
[INFO] [stdout]  --> src/ser/mod.rs:460:6
[INFO] [stdout]   |
[INFO] [stdout] 7 | impl Serialize for i32 {
[INFO] [stdout]   |      ^^^^^^^^^ not found in this scope
[INFO] [stdout]   |
[INFO] [stdout] help: consider importing this trait
[INFO] [stdout]   |
[INFO] [stdout] 2 | use alt_serde::Serialize;
[INFO] [stdout]   |
[INFO] [stdout] 
[INFO] [stdout] error: aborting due to 3 previous errors
[INFO] [stdout] 
[INFO] [stdout] Some errors have detailed explanations: E0405, E0432, E0433.
[INFO] [stdout] For more information about an error, try `rustc --explain E0405`.
[INFO] [stdout] Couldn't compile the test.
[INFO] [stdout] ---- src/ser/mod.rs - ser::Serializer::serialize_i8 (line 411) stdout ----
[INFO] [stdout] error[E0432]: unresolved import `serde`
[INFO] [stdout]  --> src/ser/mod.rs:412:5
[INFO] [stdout]   |
[INFO] [stdout] 3 | use serde::Serializer;
[INFO] [stdout]   |     ^^^^^ use of undeclared crate or module `serde`
[INFO] [stdout] 
[INFO] [stdout] error[E0433]: failed to resolve: use of undeclared crate or module `serde`
[INFO] [stdout]  --> src/ser/mod.rs:414:1
[INFO] [stdout]   |
[INFO] [stdout] 5 | serde::__private_serialize!();
[INFO] [stdout]   | ^^^^^ use of undeclared crate or module `serde`
[INFO] [stdout] 
[INFO] [stdout] error[E0405]: cannot find trait `Serialize` in this scope
[INFO] [stdout]  --> src/ser/mod.rs:416:6
[INFO] [stdout]   |
[INFO] [stdout] 7 | impl Serialize for i8 {
[INFO] [stdout]   |      ^^^^^^^^^ not found in this scope
[INFO] [stdout]   |
[INFO] [stdout] help: consider importing this trait
[INFO] [stdout]   |
[INFO] [stdout] 2 | use alt_serde::Serialize;
[INFO] [stdout]   |
[INFO] [stdout] 
[INFO] [stdout] error: aborting due to 3 previous errors
[INFO] [stdout] 
[INFO] [stdout] Some errors have detailed explanations: E0405, E0432, E0433.
[INFO] [stdout] For more information about an error, try `rustc --explain E0405`.
[INFO] [stdout] Couldn't compile the test.
[INFO] [stdout] ---- src/ser/mod.rs - ser::Serializer::serialize_i64 (line 473) stdout ----
[INFO] [stdout] error[E0432]: unresolved import `serde`
[INFO] [stdout]  --> src/ser/mod.rs:474:5
[INFO] [stdout]   |
[INFO] [stdout] 3 | use serde::Serializer;
[INFO] [stdout]   |     ^^^^^ use of undeclared crate or module `serde`
[INFO] [stdout] 
[INFO] [stdout] error[E0433]: failed to resolve: use of undeclared crate or module `serde`
[INFO] [stdout]  --> src/ser/mod.rs:476:1
[INFO] [stdout]   |
[INFO] [stdout] 5 | serde::__private_serialize!();
[INFO] [stdout]   | ^^^^^ use of undeclared crate or module `serde`
[INFO] [stdout] 
[INFO] [stdout] error[E0405]: cannot find trait `Serialize` in this scope
[INFO] [stdout]  --> src/ser/mod.rs:478:6
[INFO] [stdout]   |
[INFO] [stdout] 7 | impl Serialize for i64 {
[INFO] [stdout]   |      ^^^^^^^^^ not found in this scope
[INFO] [stdout]   |
[INFO] [stdout] help: consider importing this trait
[INFO] [stdout]   |
[INFO] [stdout] 2 | use alt_serde::Serialize;
[INFO] [stdout]   |
[INFO] [stdout] 
[INFO] [stdout] error: aborting due to 3 previous errors
[INFO] [stdout] 
[INFO] [stdout] Some errors have detailed explanations: E0405, E0432, E0433.
[INFO] [stdout] For more information about an error, try `rustc --explain E0405`.
[INFO] [stdout] Couldn't compile the test.
[INFO] [stdout] ---- src/ser/mod.rs - ser::Serializer::serialize_some (line 774) stdout ----
[INFO] [stdout] error[E0432]: unresolved import `serde`
[INFO] [stdout]  --> src/ser/mod.rs:775:5
[INFO] [stdout]   |
[INFO] [stdout] 2 | use serde::{Serialize, Serializer};
[INFO] [stdout]   |     ^^^^^ use of undeclared crate or module `serde`
[INFO] [stdout] 
[INFO] [stdout] error: aborting due to previous error
[INFO] [stdout] 
[INFO] [stdout] For more information about this error, try `rustc --explain E0432`.
[INFO] [stdout] Couldn't compile the test.
[INFO] [stdout] ---- src/ser/mod.rs - ser::Serializer::serialize_tuple (line 995) stdout ----
[INFO] [stdout] error[E0433]: failed to resolve: use of undeclared crate or module `serde`
[INFO] [stdout]  --> src/ser/mod.rs:996:5
[INFO] [stdout]   |
[INFO] [stdout] 3 | use serde::ser::{Serialize, Serializer, SerializeTuple};
[INFO] [stdout]   |     ^^^^^ use of undeclared crate or module `serde`
[INFO] [stdout] 
[INFO] [stdout] error[E0405]: cannot find trait `Serialize` in this scope
[INFO] [stdout]   --> src/ser/mod.rs:1006:15
[INFO] [stdout]    |
[INFO] [stdout] 13 | impl<A, B, C> Serialize for Tuple3<A, B, C>
[INFO] [stdout]    |               ^^^^^^^^^ not found in this scope
[INFO] [stdout]    |
[INFO] [stdout] help: consider importing this trait
[INFO] [stdout]    |
[INFO] [stdout] 2  | use alt_serde::Serialize;
[INFO] [stdout]    |
[INFO] [stdout] 
[INFO] [stdout] error[E0405]: cannot find trait `Serialize` in this scope
[INFO] [stdout]   --> src/ser/mod.rs:1008:8
[INFO] [stdout]    |
[INFO] [stdout] 15 |     A: Serialize,
[INFO] [stdout]    |        ^^^^^^^^^ not found in this scope
[INFO] [stdout]    |
[INFO] [stderr] error: test failed, to rerun pass '--doc'
[INFO] [stdout] help: consider importing this trait
[INFO] [stdout]    |
[INFO] [stdout] 2  | use alt_serde::Serialize;
[INFO] [stdout]    |
[INFO] [stdout] 
[INFO] [stdout] error[E0405]: cannot find trait `Serialize` in this scope
[INFO] [stdout]   --> src/ser/mod.rs:1009:8
[INFO] [stdout]    |
[INFO] [stdout] 16 |     B: Serialize,
[INFO] [stdout]    |        ^^^^^^^^^ not found in this scope
[INFO] [stdout]    |
[INFO] [stdout] help: consider importing this trait
[INFO] [stdout]    |
[INFO] [stdout] 2  | use alt_serde::Serialize;
[INFO] [stdout]    |
[INFO] [stdout] 
[INFO] [stdout] error[E0405]: cannot find trait `Serialize` in this scope
[INFO] [stdout]   --> src/ser/mod.rs:1010:8
[INFO] [stdout]    |
[INFO] [stdout] 17 |     C: Serialize,
[INFO] [stdout]    |        ^^^^^^^^^ not found in this scope
[INFO] [stdout]    |
[INFO] [stdout] help: consider importing this trait
[INFO] [stdout]    |
[INFO] [stdout] 2  | use alt_serde::Serialize;
[INFO] [stdout]    |
[INFO] [stdout] 
[INFO] [stdout] error[E0405]: cannot find trait `Serializer` in this scope
[INFO] [stdout]   --> src/ser/mod.rs:1014:12
[INFO] [stdout]    |
[INFO] [stdout] 21 |         S: Serializer,
[INFO] [stdout]    |            ^^^^^^^^^^ not found in this scope
[INFO] [stdout]    |
[INFO] [stdout] help: consider importing this trait
[INFO] [stdout]    |
[INFO] [stdout] 2  | use alt_serde::Serializer;
[INFO] [stdout]    |
[INFO] [stdout] 
[INFO] [stdout] error: aborting due to 6 previous errors
[INFO] [stdout] 
[INFO] [stdout] Some errors have detailed explanations: E0405, E0433.
[INFO] [stdout] For more information about an error, try `rustc --explain E0405`.
[INFO] [stdout] Couldn't compile the test.
[INFO] [stdout] ---- src/ser/mod.rs - ser::Serializer::serialize_struct_variant (line 1215) stdout ----
[INFO] [stdout] error[E0433]: failed to resolve: use of undeclared crate or module `serde`
[INFO] [stdout]  --> src/ser/mod.rs:1216:5
[INFO] [stdout]   |
[INFO] [stdout] 3 | use serde::ser::{Serialize, SerializeStructVariant, Serializer};
[INFO] [stdout]   |     ^^^^^ use of undeclared crate or module `serde`
[INFO] [stdout] 
[INFO] [stdout] error[E0405]: cannot find trait `Serialize` in this scope
[INFO] [stdout]  --> src/ser/mod.rs:1222:6
[INFO] [stdout]   |
[INFO] [stdout] 9 | impl Serialize for E {
[INFO] [stdout]   |      ^^^^^^^^^ not found in this scope
[INFO] [stdout]   |
[INFO] [stdout] help: consider importing this trait
[INFO] [stdout]   |
[INFO] [stdout] 2 | use alt_serde::Serialize;
[INFO] [stdout]   |
[INFO] [stdout] 
[INFO] [stdout] error[E0405]: cannot find trait `Serializer` in this scope
[INFO] [stdout]   --> src/ser/mod.rs:1225:12
[INFO] [stdout]    |
[INFO] [stdout] 12 |         S: Serializer,
[INFO] [stdout]    |            ^^^^^^^^^^ not found in this scope
[INFO] [stdout]    |
[INFO] [stdout] help: consider importing this trait
[INFO] [stdout]    |
[INFO] [stdout] 2  | use alt_serde::Serializer;
[INFO] [stdout]    |
[INFO] [stdout] 
[INFO] [stdout] error: aborting due to 3 previous errors
[INFO] [stdout] 
[INFO] [stdout] Some errors have detailed explanations: E0405, E0433.
[INFO] [stdout] For more information about an error, try `rustc --explain E0405`.
[INFO] [stdout] Couldn't compile the test.
[INFO] [stdout] ---- src/ser/mod.rs - ser::Serializer::serialize_str (line 688) stdout ----
[INFO] [stdout] error[E0432]: unresolved import `serde`
[INFO] [stdout]  --> src/ser/mod.rs:689:5
[INFO] [stdout]   |
[INFO] [stdout] 3 | use serde::Serializer;
[INFO] [stdout]   |     ^^^^^ use of undeclared crate or module `serde`
[INFO] [stdout] 
[INFO] [stdout] error[E0433]: failed to resolve: use of undeclared crate or module `serde`
[INFO] [stdout]  --> src/ser/mod.rs:691:1
[INFO] [stdout]   |
[INFO] [stdout] 5 | serde::__private_serialize!();
[INFO] [stdout]   | ^^^^^ use of undeclared crate or module `serde`
[INFO] [stdout] 
[INFO] [stdout] error[E0405]: cannot find trait `Serialize` in this scope
[INFO] [stdout]  --> src/ser/mod.rs:693:6
[INFO] [stdout]   |
[INFO] [stdout] 7 | impl Serialize for str {
[INFO] [stdout]   |      ^^^^^^^^^ not found in this scope
[INFO] [stdout]   |
[INFO] [stdout] help: consider importing this trait
[INFO] [stdout]   |
[INFO] [stdout] 2 | use alt_serde::Serialize;
[INFO] [stdout]   |
[INFO] [stdout] 
[INFO] [stdout] error: aborting due to 3 previous errors
[INFO] [stdout] 
[INFO] [stdout] Some errors have detailed explanations: E0405, E0432, E0433.
[INFO] [stdout] For more information about an error, try `rustc --explain E0405`.
[INFO] [stdout] Couldn't compile the test.
[INFO] [stdout] ---- src/ser/mod.rs - ser::Serializer::serialize_u16 (line 543) stdout ----
[INFO] [stdout] error[E0432]: unresolved import `serde`
[INFO] [stdout]  --> src/ser/mod.rs:544:5
[INFO] [stdout]   |
[INFO] [stdout] 3 | use serde::Serializer;
[INFO] [stdout]   |     ^^^^^ use of undeclared crate or module `serde`
[INFO] [stdout] 
[INFO] [stdout] error[E0433]: failed to resolve: use of undeclared crate or module `serde`
[INFO] [stdout]  --> src/ser/mod.rs:546:1
[INFO] [stdout]   |
[INFO] [stdout] 5 | serde::__private_serialize!();
[INFO] [stdout]   | ^^^^^ use of undeclared crate or module `serde`
[INFO] [stdout] 
[INFO] [stdout] error[E0405]: cannot find trait `Serialize` in this scope
[INFO] [stdout]  --> src/ser/mod.rs:548:6
[INFO] [stdout]   |
[INFO] [stdout] 7 | impl Serialize for u16 {
[INFO] [stdout]   |      ^^^^^^^^^ not found in this scope
[INFO] [stdout]   |
[INFO] [stdout] help: consider importing this trait
[INFO] [stdout]   |
[INFO] [stdout] 2 | use alt_serde::Serialize;
[INFO] [stdout]   |
[INFO] [stdout] 
[INFO] [stdout] error: aborting due to 3 previous errors
[INFO] [stdout] 
[INFO] [stdout] Some errors have detailed explanations: E0405, E0432, E0433.
[INFO] [stdout] For more information about an error, try `rustc --explain E0405`.
[INFO] [stdout] Couldn't compile the test.
[INFO] [stdout] ---- src/ser/mod.rs - ser::Serializer::serialize_map (line 1131) stdout ----
[INFO] [stdout] error[E0433]: failed to resolve: use of undeclared crate or module `serde`
[INFO] [stdout]   --> src/ser/mod.rs:1151:5
[INFO] [stdout]    |
[INFO] [stdout] 22 | use serde::ser::{Serialize, Serializer, SerializeMap};
[INFO] [stdout]    |     ^^^^^ use of undeclared crate or module `serde`
[INFO] [stdout] 
[INFO] [stdout] error[E0405]: cannot find trait `Serialize` in this scope
[INFO] [stdout]   --> src/ser/mod.rs:1153:12
[INFO] [stdout]    |
[INFO] [stdout] 24 | impl<K, V> Serialize for HashMap<K, V>
[INFO] [stdout]    |            ^^^^^^^^^ not found in this scope
[INFO] [stdout]    |
[INFO] [stdout] help: consider importing this trait
[INFO] [stdout]    |
[INFO] [stdout] 2  | use alt_serde::Serialize;
[INFO] [stdout]    |
[INFO] [stdout] 
[INFO] [stdout] error[E0405]: cannot find trait `Serialize` in this scope
[INFO] [stdout]   --> src/ser/mod.rs:1155:8
[INFO] [stdout]    |
[INFO] [stdout] 26 |     K: Serialize,
[INFO] [stdout]    |        ^^^^^^^^^ not found in this scope
[INFO] [stdout]    |
[INFO] [stdout] help: consider importing this trait
[INFO] [stdout]    |
[INFO] [stdout] 2  | use alt_serde::Serialize;
[INFO] [stdout]    |
[INFO] [stdout] 
[INFO] [stdout] error[E0405]: cannot find trait `Serialize` in this scope
[INFO] [stdout]   --> src/ser/mod.rs:1156:8
[INFO] [stdout]    |
[INFO] [stdout] 27 |     V: Serialize,
[INFO] [stdout]    |        ^^^^^^^^^ not found in this scope
[INFO] [stdout]    |
[INFO] [stdout] help: consider importing this trait
[INFO] [stdout]    |
[INFO] [stdout] 2  | use alt_serde::Serialize;
[INFO] [stdout]    |
[INFO] [stdout] 
[INFO] [stdout] error[E0405]: cannot find trait `Serializer` in this scope
[INFO] [stdout]   --> src/ser/mod.rs:1160:12
[INFO] [stdout]    |
[INFO] [stdout] 31 |         S: Serializer,
[INFO] [stdout]    |            ^^^^^^^^^^ not found in this scope
[INFO] [stdout]    |
[INFO] [stdout] help: consider importing this trait
[INFO] [stdout]    |
[INFO] [stdout] 2  | use alt_serde::Serializer;
[INFO] [stdout]    |
[INFO] [stdout] 
[INFO] [stdout] warning: trait objects without an explicit `dyn` are deprecated
[INFO] [stdout]   --> src/ser/mod.rs:1144:25
[INFO] [stdout]    |
[INFO] [stdout] 15 |     type IntoIter = Box<Iterator<Item = (&'a K, &'a V)>>;
[INFO] [stdout]    |                         ^^^^^^^^^^^^^^^^^^^^^^^^^^^^^^^ help: use `dyn`: `dyn Iterator<Item = (&'a K, &'a V)>`
[INFO] [stdout]    |
[INFO] [stdout]    = note: `#[warn(bare_trait_objects)]` on by default
[INFO] [stdout]    = warning: this is accepted in the current edition (Rust 2018) but is a hard error in Rust 2021!
[INFO] [stdout]    = note: for more information, see issue #80165 <https://github.com/rust-lang/rust/issues/80165>
[INFO] [stdout] 
[INFO] [stdout] error: aborting due to 5 previous errors; 1 warning emitted
[INFO] [stdout] 
[INFO] [stdout] Some errors have detailed explanations: E0405, E0433.
[INFO] [stdout] For more information about an error, try `rustc --explain E0405`.
[INFO] [stdout] Couldn't compile the test.
[INFO] [stdout] ---- src/ser/mod.rs - ser::Serializer::serialize_tuple_variant (line 1085) stdout ----
[INFO] [stdout] error[E0433]: failed to resolve: use of undeclared crate or module `serde`
[INFO] [stdout]  --> src/ser/mod.rs:1086:5
[INFO] [stdout]   |
[INFO] [stdout] 3 | use serde::ser::{Serialize, SerializeTupleVariant, Serializer};
[INFO] [stdout]   |     ^^^^^ use of undeclared crate or module `serde`
[INFO] [stdout] 
[INFO] [stdout] error[E0405]: cannot find trait `Serialize` in this scope
[INFO] [stdout]   --> src/ser/mod.rs:1093:6
[INFO] [stdout]    |
[INFO] [stdout] 10 | impl Serialize for E {
[INFO] [stdout]    |      ^^^^^^^^^ not found in this scope
[INFO] [stdout]    |
[INFO] [stdout] help: consider importing this trait
[INFO] [stdout]    |
[INFO] [stdout] 2  | use alt_serde::Serialize;
[INFO] [stdout]    |
[INFO] [stdout] 
[INFO] [stdout] error[E0405]: cannot find trait `Serializer` in this scope
[INFO] [stdout]   --> src/ser/mod.rs:1096:12
[INFO] [stdout]    |
[INFO] [stdout] 13 |         S: Serializer,
[INFO] [stdout]    |            ^^^^^^^^^^ not found in this scope
[INFO] [stdout]    |
[INFO] [stdout] help: consider importing this trait
[INFO] [stdout]    |
[INFO] [stdout] 2  | use alt_serde::Serializer;
[INFO] [stdout]    |
[INFO] [stdout] 
[INFO] [stdout] error: aborting due to 3 previous errors
[INFO] [stdout] 
[INFO] [stdout] Some errors have detailed explanations: E0405, E0433.
[INFO] [stdout] For more information about an error, try `rustc --explain E0405`.
[INFO] [stdout] Couldn't compile the test.
[INFO] [stdout] ---- src/ser/mod.rs - ser::Serializer::serialize_struct (line 1179) stdout ----
[INFO] [stdout] error[E0433]: failed to resolve: use of undeclared crate or module `serde`
[INFO] [stdout]  --> src/ser/mod.rs:1180:5
[INFO] [stdout]   |
[INFO] [stdout] 3 | use serde::ser::{Serialize, SerializeStruct, Serializer};
[INFO] [stdout]   |     ^^^^^ use of undeclared crate or module `serde`
[INFO] [stdout] 
[INFO] [stdout] error[E0405]: cannot find trait `Serialize` in this scope
[INFO] [stdout]   --> src/ser/mod.rs:1188:6
[INFO] [stdout]    |
[INFO] [stdout] 11 | impl Serialize for Rgb {
[INFO] [stdout]    |      ^^^^^^^^^ not found in this scope
[INFO] [stdout]    |
[INFO] [stdout] help: consider importing this trait
[INFO] [stdout]    |
[INFO] [stdout] 2  | use alt_serde::Serialize;
[INFO] [stdout]    |
[INFO] [stdout] 
[INFO] [stdout] error[E0405]: cannot find trait `Serializer` in this scope
[INFO] [stdout]   --> src/ser/mod.rs:1191:12
[INFO] [stdout]    |
[INFO] [stdout] 14 |         S: Serializer,
[INFO] [stdout]    |            ^^^^^^^^^^ not found in this scope
[INFO] [stdout]    |
[INFO] [stdout] help: consider importing this trait
[INFO] [stdout]    |
[INFO] [stdout] 2  | use alt_serde::Serializer;
[INFO] [stdout]    |
[INFO] [stdout] 
[INFO] [stdout] error: aborting due to 3 previous errors
[INFO] [stdout] 
[INFO] [stdout] Some errors have detailed explanations: E0405, E0433.
[INFO] [stdout] For more information about an error, try `rustc --explain E0405`.
[INFO] [stdout] Couldn't compile the test.
[INFO] [stdout] ---- src/ser/mod.rs - ser::Serializer::serialize_seq (line 950) stdout ----
[INFO] [stdout] error[E0433]: failed to resolve: use of undeclared crate or module `serde`
[INFO] [stdout]   --> src/ser/mod.rs:970:5
[INFO] [stdout]    |
[INFO] [stdout] 22 | use serde::ser::{Serialize, Serializer, SerializeSeq};
[INFO] [stdout]    |     ^^^^^ use of undeclared crate or module `serde`
[INFO] [stdout] 
[INFO] [stdout] error[E0405]: cannot find trait `Serialize` in this scope
[INFO] [stdout]   --> src/ser/mod.rs:972:9
[INFO] [stdout]    |
[INFO] [stdout] 24 | impl<T> Serialize for Vec<T>
[INFO] [stdout]    |         ^^^^^^^^^ not found in this scope
[INFO] [stdout]    |
[INFO] [stdout] help: consider importing this trait
[INFO] [stdout]    |
[INFO] [stdout] 2  | use alt_serde::Serialize;
[INFO] [stdout]    |
[INFO] [stdout] 
[INFO] [stdout] error[E0405]: cannot find trait `Serialize` in this scope
[INFO] [stdout]   --> src/ser/mod.rs:974:8
[INFO] [stdout]    |
[INFO] [stdout] 26 |     T: Serialize,
[INFO] [stdout]    |        ^^^^^^^^^ not found in this scope
[INFO] [stdout]    |
[INFO] [stdout] help: consider importing this trait
[INFO] [stdout]    |
[INFO] [stdout] 2  | use alt_serde::Serialize;
[INFO] [stdout]    |
[INFO] [stdout] 
[INFO] [stdout] error[E0405]: cannot find trait `Serializer` in this scope
[INFO] [stdout]   --> src/ser/mod.rs:978:12
[INFO] [stdout]    |
[INFO] [stdout] 30 |         S: Serializer,
[INFO] [stdout]    |            ^^^^^^^^^^ not found in this scope
[INFO] [stdout]    |
[INFO] [stdout] help: consider importing this trait
[INFO] [stdout]    |
[INFO] [stdout] 2  | use alt_serde::Serializer;
[INFO] [stdout]    |
[INFO] [stdout] 
[INFO] [stdout] warning: trait objects without an explicit `dyn` are deprecated
[INFO] [stdout]   --> src/ser/mod.rs:963:25
[INFO] [stdout]    |
[INFO] [stdout] 15 |     type IntoIter = Box<Iterator<Item = &'a T>>;
[INFO] [stdout]    |                         ^^^^^^^^^^^^^^^^^^^^^^ help: use `dyn`: `dyn Iterator<Item = &'a T>`
[INFO] [stdout]    |
[INFO] [stdout]    = note: `#[warn(bare_trait_objects)]` on by default
[INFO] [stdout]    = warning: this is accepted in the current edition (Rust 2018) but is a hard error in Rust 2021!
[INFO] [stdout]    = note: for more information, see issue #80165 <https://github.com/rust-lang/rust/issues/80165>
[INFO] [stdout] 
[INFO] [stdout] error: aborting due to 4 previous errors; 1 warning emitted
[INFO] [stdout] 
[INFO] [stdout] Some errors have detailed explanations: E0405, E0433.
[INFO] [stdout] For more information about an error, try `rustc --explain E0405`.
[INFO] [stdout] Couldn't compile the test.
[INFO] [stdout] ---- src/ser/mod.rs - ser::Serializer::serialize_tuple (line 1025) stdout ----
[INFO] [stdout] error[E0433]: failed to resolve: use of undeclared crate or module `serde`
[INFO] [stdout]  --> src/ser/mod.rs:1026:5
[INFO] [stdout]   |
[INFO] [stdout] 3 | use serde::ser::{Serialize, SerializeTuple, Serializer};
[INFO] [stdout]   |     ^^^^^ use of undeclared crate or module `serde`
[INFO] [stdout] 
[INFO] [stdout] error[E0405]: cannot find trait `Serialize` in this scope
[INFO] [stdout]  --> src/ser/mod.rs:1031:6
[INFO] [stdout]   |
[INFO] [stdout] 8 | impl Serialize for Vram {
[INFO] [stdout]   |      ^^^^^^^^^ not found in this scope
[INFO] [stdout]   |
[INFO] [stdout] help: consider importing this trait
[INFO] [stdout]   |
[INFO] [stdout] 2 | use alt_serde::Serialize;
[INFO] [stdout]   |
[INFO] [stdout] 
[INFO] [stdout] error[E0405]: cannot find trait `Serializer` in this scope
[INFO] [stdout]   --> src/ser/mod.rs:1034:12
[INFO] [stdout]    |
[INFO] [stdout] 11 |         S: Serializer,
[INFO] [stdout]    |            ^^^^^^^^^^ not found in this scope
[INFO] [stdout]    |
[INFO] [stdout] help: consider importing this trait
[INFO] [stdout]    |
[INFO] [stdout] 2  | use alt_serde::Serializer;
[INFO] [stdout]    |
[INFO] [stdout] 
[INFO] [stdout] error: aborting due to 3 previous errors
[INFO] [stdout] 
[INFO] [stdout] Some errors have detailed explanations: E0405, E0433.
[INFO] [stdout] For more information about an error, try `rustc --explain E0405`.
[INFO] [stdout] Couldn't compile the test.
[INFO] [stdout] ---- src/ser/mod.rs - ser::Serializer::serialize_tuple_struct (line 1053) stdout ----
[INFO] [stdout] error[E0433]: failed to resolve: use of undeclared crate or module `serde`
[INFO] [stdout]  --> src/ser/mod.rs:1054:5
[INFO] [stdout]   |
[INFO] [stdout] 3 | use serde::ser::{Serialize, SerializeTupleStruct, Serializer};
[INFO] [stdout]   |     ^^^^^ use of undeclared crate or module `serde`
[INFO] [stdout] 
[INFO] [stdout] error[E0405]: cannot find trait `Serialize` in this scope
[INFO] [stdout]  --> src/ser/mod.rs:1058:6
[INFO] [stdout]   |
[INFO] [stdout] 7 | impl Serialize for Rgb {
[INFO] [stdout]   |      ^^^^^^^^^ not found in this scope
[INFO] [stdout]   |
[INFO] [stdout] help: consider importing this trait
[INFO] [stdout]   |
[INFO] [stdout] 2 | use alt_serde::Serialize;
[INFO] [stdout]   |
[INFO] [stdout] 
[INFO] [stdout] error[E0405]: cannot find trait `Serializer` in this scope
[INFO] [stdout]   --> src/ser/mod.rs:1061:12
[INFO] [stdout]    |
[INFO] [stdout] 10 |         S: Serializer,
[INFO] [stdout]    |            ^^^^^^^^^^ not found in this scope
[INFO] [stdout]    |
[INFO] [stdout] help: consider importing this trait
[INFO] [stdout]    |
[INFO] [stdout] 2  | use alt_serde::Serializer;
[INFO] [stdout]    |
[INFO] [stdout] 
[INFO] [stdout] error: aborting due to 3 previous errors
[INFO] [stdout] 
[INFO] [stdout] Some errors have detailed explanations: E0405, E0433.
[INFO] [stdout] For more information about an error, try `rustc --explain E0405`.
[INFO] [stdout] Couldn't compile the test.
[INFO] [stdout] ---- src/ser/mod.rs - ser::Serializer::serialize_unit_struct (line 829) stdout ----
[INFO] [stdout] error[E0432]: unresolved import `serde`
[INFO] [stdout]  --> src/ser/mod.rs:830:5
[INFO] [stdout]   |
[INFO] [stdout] 3 | use serde::{Serialize, Serializer};
[INFO] [stdout]   |     ^^^^^ use of undeclared crate or module `serde`
[INFO] [stdout] 
[INFO] [stdout] error: aborting due to previous error
[INFO] [stdout] 
[INFO] [stdout] For more information about this error, try `rustc --explain E0432`.
[INFO] [stdout] Couldn't compile the test.
[INFO] [stdout] ---- src/ser/mod.rs - ser::Serializer::serialize_u128 (line 602) stdout ----
[INFO] [stdout] error[E0432]: unresolved import `serde`
[INFO] [stdout]  --> src/ser/mod.rs:603:5
[INFO] [stdout]   |
[INFO] [stdout] 3 | use serde::Serializer;
[INFO] [stdout]   |     ^^^^^ use of undeclared crate or module `serde`
[INFO] [stdout] 
[INFO] [stdout] error[E0433]: failed to resolve: use of undeclared crate or module `serde`
[INFO] [stdout]  --> src/ser/mod.rs:605:1
[INFO] [stdout]   |
[INFO] [stdout] 5 | serde::__private_serialize!();
[INFO] [stdout]   | ^^^^^ use of undeclared crate or module `serde`
[INFO] [stdout] 
[INFO] [stdout] error[E0405]: cannot find trait `Serialize` in this scope
[INFO] [stdout]  --> src/ser/mod.rs:607:6
[INFO] [stdout]   |
[INFO] [stdout] 7 | impl Serialize for u128 {
[INFO] [stdout]   |      ^^^^^^^^^ not found in this scope
[INFO] [stdout]   |
[INFO] [stdout] help: consider importing this trait
[INFO] [stdout]   |
[INFO] [stdout] 2 | use alt_serde::Serialize;
[INFO] [stdout]   |
[INFO] [stdout] 
[INFO] [stdout] error: aborting due to 3 previous errors
[INFO] [stdout] 
[INFO] [stdout] Some errors have detailed explanations: E0405, E0432, E0433.
[INFO] [stdout] For more information about an error, try `rustc --explain E0405`.
[INFO] [stdout] Couldn't compile the test.
[INFO] [stdout] ---- src/ser/mod.rs - ser::Serializer::serialize_u8 (line 521) stdout ----
[INFO] [stdout] error[E0432]: unresolved import `serde`
[INFO] [stdout]  --> src/ser/mod.rs:522:5
[INFO] [stdout]   |
[INFO] [stdout] 3 | use serde::Serializer;
[INFO] [stdout]   |     ^^^^^ use of undeclared crate or module `serde`
[INFO] [stdout] 
[INFO] [stdout] error[E0433]: failed to resolve: use of undeclared crate or module `serde`
[INFO] [stdout]  --> src/ser/mod.rs:524:1
[INFO] [stdout]   |
[INFO] [stdout] 5 | serde::__private_serialize!();
[INFO] [stdout]   | ^^^^^ use of undeclared crate or module `serde`
[INFO] [stdout] 
[INFO] [stdout] error[E0405]: cannot find trait `Serialize` in this scope
[INFO] [stdout]  --> src/ser/mod.rs:526:6
[INFO] [stdout]   |
[INFO] [stdout] 7 | impl Serialize for u8 {
[INFO] [stdout]   |      ^^^^^^^^^ not found in this scope
[INFO] [stdout]   |
[INFO] [stdout] help: consider importing this trait
[INFO] [stdout]   |
[INFO] [stdout] 2 | use alt_serde::Serialize;
[INFO] [stdout]   |
[INFO] [stdout] 
[INFO] [stdout] error: aborting due to 3 previous errors
[INFO] [stdout] 
[INFO] [stdout] Some errors have detailed explanations: E0405, E0432, E0433.
[INFO] [stdout] For more information about an error, try `rustc --explain E0405`.
[INFO] [stdout] Couldn't compile the test.
[INFO] [stdout] ---- src/ser/mod.rs - ser::Serializer::serialize_u64 (line 583) stdout ----
[INFO] [stdout] error[E0432]: unresolved import `serde`
[INFO] [stdout]  --> src/ser/mod.rs:584:5
[INFO] [stdout]   |
[INFO] [stdout] 3 | use serde::Serializer;
[INFO] [stdout]   |     ^^^^^ use of undeclared crate or module `serde`
[INFO] [stdout] 
[INFO] [stdout] error[E0433]: failed to resolve: use of undeclared crate or module `serde`
[INFO] [stdout]  --> src/ser/mod.rs:586:1
[INFO] [stdout]   |
[INFO] [stdout] 5 | serde::__private_serialize!();
[INFO] [stdout]   | ^^^^^ use of undeclared crate or module `serde`
[INFO] [stdout] 
[INFO] [stdout] error[E0405]: cannot find trait `Serialize` in this scope
[INFO] [stdout]  --> src/ser/mod.rs:588:6
[INFO] [stdout]   |
[INFO] [stdout] 7 | impl Serialize for u64 {
[INFO] [stdout]   |      ^^^^^^^^^ not found in this scope
[INFO] [stdout]   |
[INFO] [stdout] help: consider importing this trait
[INFO] [stdout]   |
[INFO] [stdout] 2 | use alt_serde::Serialize;
[INFO] [stdout]   |
[INFO] [stdout] 
[INFO] [stdout] error: aborting due to 3 previous errors
[INFO] [stdout] 
[INFO] [stdout] Some errors have detailed explanations: E0405, E0432, E0433.
[INFO] [stdout] For more information about an error, try `rustc --explain E0405`.
[INFO] [stdout] Couldn't compile the test.
[INFO] [stdout] ---- src/ser/mod.rs - ser::Serializer::serialize_u32 (line 565) stdout ----
[INFO] [stdout] error[E0432]: unresolved import `serde`
[INFO] [stdout]  --> src/ser/mod.rs:566:5
[INFO] [stdout]   |
[INFO] [stdout] 3 | use serde::Serializer;
[INFO] [stdout]   |     ^^^^^ use of undeclared crate or module `serde`
[INFO] [stdout] 
[INFO] [stdout] error[E0433]: failed to resolve: use of undeclared crate or module `serde`
[INFO] [stdout]  --> src/ser/mod.rs:568:1
[INFO] [stdout]   |
[INFO] [stdout] 5 | serde::__private_serialize!();
[INFO] [stdout]   | ^^^^^ use of undeclared crate or module `serde`
[INFO] [stdout] 
[INFO] [stdout] error[E0405]: cannot find trait `Serialize` in this scope
[INFO] [stdout]  --> src/ser/mod.rs:570:6
[INFO] [stdout]   |
[INFO] [stdout] 7 | impl Serialize for u32 {
[INFO] [stdout]   |      ^^^^^^^^^ not found in this scope
[INFO] [stdout]   |
[INFO] [stdout] help: consider importing this trait
[INFO] [stdout]   |
[INFO] [stdout] 2 | use alt_serde::Serialize;
[INFO] [stdout]   |
[INFO] [stdout] 
[INFO] [stdout] error: aborting due to 3 previous errors
[INFO] [stdout] 
[INFO] [stdout] Some errors have detailed explanations: E0405, E0432, E0433.
[INFO] [stdout] For more information about an error, try `rustc --explain E0405`.
[INFO] [stdout] Couldn't compile the test.
[INFO] [stdout] ---- src/ser/mod.rs - ser::Serializer::serialize_unit_variant (line 851) stdout ----
[INFO] [stdout] error[E0432]: unresolved import `serde`
[INFO] [stdout]  --> src/ser/mod.rs:852:5
[INFO] [stdout]   |
[INFO] [stdout] 3 | use serde::{Serialize, Serializer};
[INFO] [stdout]   |     ^^^^^ use of undeclared crate or module `serde`
[INFO] [stdout] 
[INFO] [stdout] error: aborting due to previous error
[INFO] [stdout] 
[INFO] [stdout] For more information about this error, try `rustc --explain E0432`.
[INFO] [stdout] Couldn't compile the test.
[INFO] [stdout] ---- src/ser/mod.rs - ser::Serializer::serialize_unit (line 809) stdout ----
[INFO] [stdout] error[E0432]: unresolved import `serde`
[INFO] [stdout]  --> src/ser/mod.rs:810:5
[INFO] [stdout]   |
[INFO] [stdout] 3 | use serde::Serializer;
[INFO] [stdout]   |     ^^^^^ use of undeclared crate or module `serde`
[INFO] [stdout] 
[INFO] [stdout] error[E0433]: failed to resolve: use of undeclared crate or module `serde`
[INFO] [stdout]  --> src/ser/mod.rs:812:1
[INFO] [stdout]   |
[INFO] [stdout] 5 | serde::__private_serialize!();
[INFO] [stdout]   | ^^^^^ use of undeclared crate or module `serde`
[INFO] [stdout] 
[INFO] [stdout] error[E0405]: cannot find trait `Serialize` in this scope
[INFO] [stdout]  --> src/ser/mod.rs:814:6
[INFO] [stdout]   |
[INFO] [stdout] 7 | impl Serialize for () {
[INFO] [stdout]   |      ^^^^^^^^^ not found in this scope
[INFO] [stdout]   |
[INFO] [stdout] help: consider importing this trait
[INFO] [stdout]   |
[INFO] [stdout] 2 | use alt_serde::Serialize;
[INFO] [stdout]   |
[INFO] [stdout] 
[INFO] [stdout] error: aborting due to 3 previous errors
[INFO] [stdout] 
[INFO] [stdout] Some errors have detailed explanations: E0405, E0432, E0433.
[INFO] [stdout] For more information about an error, try `rustc --explain E0405`.
[INFO] [stdout] Couldn't compile the test.
[INFO] [stdout] 
[INFO] [stdout] failures:
[INFO] [stdout]     src/de/ignored_any.rs - de::ignored_any::IgnoredAny (line 13)
[INFO] [stdout]     src/de/mod.rs - de::DeserializeOwned (line 580)
[INFO] [stdout]     src/de/mod.rs - de::DeserializeSeed (line 619)
[INFO] [stdout]     src/de/mod.rs - de::DeserializeSeed (line 633)
[INFO] [stdout]     src/de/mod.rs - de::DeserializeSeed (line 666)
[INFO] [stdout]     src/de/mod.rs - de::Deserializer::is_human_readable (line 1156)
[INFO] [stdout]     src/de/mod.rs - de::Error::custom (line 302)
[INFO] [stdout]     src/de/mod.rs - de::Expected (line 434)
[INFO] [stdout]     src/de/mod.rs - de::Expected (line 459)
[INFO] [stdout]     src/de/mod.rs - de::IntoDeserializer (line 2218)
[INFO] [stdout]     src/de/mod.rs - de::Unexpected (line 309)
[INFO] [stdout]     src/de/mod.rs - de::VariantAccess::newtype_variant_seed (line 2055)
[INFO] [stdout]     src/de/mod.rs - de::VariantAccess::struct_variant (line 2158)
[INFO] [stdout]     src/de/mod.rs - de::VariantAccess::tuple_variant (line 2111)
[INFO] [stdout]     src/de/mod.rs - de::VariantAccess::unit_variant (line 2015)
[INFO] [stdout]     src/de/mod.rs - de::Visitor (line 1233)
[INFO] [stdout]     src/de/mod.rs - de::Visitor::expecting (line 1274)
[INFO] [stdout]     src/de/value.rs - de::value (line 4)
[INFO] [stdout]     src/integer128.rs - serde_if_integer128 (line 12)
[INFO] [stdout]     src/macros.rs - forward_to_deserialize_any (line 14)
[INFO] [stdout]     src/macros.rs - forward_to_deserialize_any (line 50)
[INFO] [stdout]     src/macros.rs - forward_to_deserialize_any (line 81)
[INFO] [stdout]     src/ser/fmt.rs - ser::fmt::&'a mut fmt::Formatter (line 20)
[INFO] [stdout]     src/ser/impossible.rs - ser::impossible::Impossible (line 18)
[INFO] [stdout]     src/ser/mod.rs - ser::Error::custom (line 192)
[INFO] [stdout]     src/ser/mod.rs - ser::Serialize::serialize (line 222)
[INFO] [stdout]     src/ser/mod.rs - ser::SerializeMap (line 1723)
[INFO] [stdout]     src/ser/mod.rs - ser::SerializeSeq (line 1456)
[INFO] [stdout]     src/ser/mod.rs - ser::SerializeStruct (line 1834)
[INFO] [stdout]     src/ser/mod.rs - ser::SerializeStructVariant (line 1894)
[INFO] [stdout]     src/ser/mod.rs - ser::SerializeTuple (line 1520)
[INFO] [stdout]     src/ser/mod.rs - ser::SerializeTuple (line 1550)
[INFO] [stdout]     src/ser/mod.rs - ser::SerializeTupleStruct (line 1620)
[INFO] [stdout]     src/ser/mod.rs - ser::SerializeTupleVariant (line 1665)
[INFO] [stdout]     src/ser/mod.rs - ser::Serializer::collect_map (line 1294)
[INFO] [stdout]     src/ser/mod.rs - ser::Serializer::collect_seq (line 1257)
[INFO] [stdout]     src/ser/mod.rs - ser::Serializer::collect_str (line 1334)
[INFO] [stdout]     src/ser/mod.rs - ser::Serializer::is_human_readable (line 1407)
[INFO] [stdout]     src/ser/mod.rs - ser::Serializer::serialize_bool (line 389)
[INFO] [stdout]     src/ser/mod.rs - ser::Serializer::serialize_bytes (line 712)
[INFO] [stdout]     src/ser/mod.rs - ser::Serializer::serialize_char (line 670)
[INFO] [stdout]     src/ser/mod.rs - ser::Serializer::serialize_f32 (line 631)
[INFO] [stdout]     src/ser/mod.rs - ser::Serializer::serialize_f64 (line 649)
[INFO] [stdout]     src/ser/mod.rs - ser::Serializer::serialize_i128 (line 492)
[INFO] [stdout]     src/ser/mod.rs - ser::Serializer::serialize_i16 (line 433)
[INFO] [stdout]     src/ser/mod.rs - ser::Serializer::serialize_i32 (line 455)
[INFO] [stdout]     src/ser/mod.rs - ser::Serializer::serialize_i64 (line 473)
[INFO] [stdout]     src/ser/mod.rs - ser::Serializer::serialize_i8 (line 411)
[INFO] [stdout]     src/ser/mod.rs - ser::Serializer::serialize_map (line 1131)
[INFO] [stdout]     src/ser/mod.rs - ser::Serializer::serialize_newtype_struct (line 884)
[INFO] [stdout]     src/ser/mod.rs - ser::Serializer::serialize_newtype_variant (line 912)
[INFO] [stdout]     src/ser/mod.rs - ser::Serializer::serialize_none (line 741)
[INFO] [stdout]     src/ser/mod.rs - ser::Serializer::serialize_seq (line 950)
[INFO] [stdout]     src/ser/mod.rs - ser::Serializer::serialize_some (line 774)
[INFO] [stdout]     src/ser/mod.rs - ser::Serializer::serialize_str (line 688)
[INFO] [stdout]     src/ser/mod.rs - ser::Serializer::serialize_struct (line 1179)
[INFO] [stdout]     src/ser/mod.rs - ser::Serializer::serialize_struct_variant (line 1215)
[INFO] [stdout]     src/ser/mod.rs - ser::Serializer::serialize_tuple (line 1025)
[INFO] [stdout]     src/ser/mod.rs - ser::Serializer::serialize_tuple (line 995)
[INFO] [stdout]     src/ser/mod.rs - ser::Serializer::serialize_tuple_struct (line 1053)
[INFO] [stdout]     src/ser/mod.rs - ser::Serializer::serialize_tuple_variant (line 1085)
[INFO] [stdout]     src/ser/mod.rs - ser::Serializer::serialize_u128 (line 602)
[INFO] [stdout]     src/ser/mod.rs - ser::Serializer::serialize_u16 (line 543)
[INFO] [stdout]     src/ser/mod.rs - ser::Serializer::serialize_u32 (line 565)
[INFO] [stdout]     src/ser/mod.rs - ser::Serializer::serialize_u64 (line 583)
[INFO] [stdout]     src/ser/mod.rs - ser::Serializer::serialize_u8 (line 521)
[INFO] [stdout]     src/ser/mod.rs - ser::Serializer::serialize_unit (line 809)
[INFO] [stdout]     src/ser/mod.rs - ser::Serializer::serialize_unit_struct (line 829)
[INFO] [stdout]     src/ser/mod.rs - ser::Serializer::serialize_unit_variant (line 851)
[INFO] [stdout] 
[INFO] [stdout] test result: FAILED. 2 passed; 69 failed; 0 ignored; 0 measured; 0 filtered out; finished in 4.60s
[INFO] [stdout] 
[INFO] running `Command { std: "docker" "inspect" "780dacb68f6263e91b5c661a2334ab95fd93b847c3581256ae5c4cf0ec854e46", kill_on_drop: false }`
[INFO] running `Command { std: "docker" "rm" "-f" "780dacb68f6263e91b5c661a2334ab95fd93b847c3581256ae5c4cf0ec854e46", kill_on_drop: false }`
[INFO] [stdout] 780dacb68f6263e91b5c661a2334ab95fd93b847c3581256ae5c4cf0ec854e46
