[INFO] fetching crate alsa-sys 0.3.1...
[INFO] testing alsa-sys-0.3.1 against 1.54.0 for beta-1.55-1
[INFO] extracting crate alsa-sys 0.3.1 into /workspace/builds/worker-12/source
[INFO] validating manifest of crates.io crate alsa-sys 0.3.1 on toolchain 1.54.0
[INFO] running `Command { std: "/workspace/cargo-home/bin/cargo" "+1.54.0" "metadata" "--manifest-path" "Cargo.toml" "--no-deps", kill_on_drop: false }`
[INFO] started tweaking crates.io crate alsa-sys 0.3.1
[INFO] finished tweaking crates.io crate alsa-sys 0.3.1
[INFO] tweaked toml for crates.io crate alsa-sys 0.3.1 written to /workspace/builds/worker-12/source/Cargo.toml
[INFO] running `Command { std: "/workspace/cargo-home/bin/cargo" "+1.54.0" "generate-lockfile" "--manifest-path" "Cargo.toml" "-Zno-index-update", kill_on_drop: false }`
[INFO] running `Command { std: "/workspace/cargo-home/bin/cargo" "+1.54.0" "fetch" "--manifest-path" "Cargo.toml", kill_on_drop: false }`
[INFO] [stderr]     Blocking waiting for file lock on package cache
[INFO] running `Command { std: "docker" "create" "-v" "/var/lib/crater-agent-workspace/builds/worker-12/target:/opt/rustwide/target:rw,Z" "-v" "/var/lib/crater-agent-workspace/builds/worker-12/source:/opt/rustwide/workdir:ro,Z" "-v" "/var/lib/crater-agent-workspace/cargo-home:/opt/rustwide/cargo-home:ro,Z" "-v" "/var/lib/crater-agent-workspace/rustup-home:/opt/rustwide/rustup-home:ro,Z" "-e" "SOURCE_DIR=/opt/rustwide/workdir" "-e" "CARGO_TARGET_DIR=/opt/rustwide/target" "-e" "CARGO_HOME=/opt/rustwide/cargo-home" "-e" "RUSTUP_HOME=/opt/rustwide/rustup-home" "-w" "/opt/rustwide/workdir" "-m" "1610612736" "--user" "0:0" "--network" "none" "ghcr.io/rust-lang/crates-build-env/linux@sha256:34b6a614d2c27851fe6cbf88fbd1137609cefab8b10d0615aaeb6fd47975d74e" "/opt/rustwide/cargo-home/bin/cargo" "+1.54.0" "metadata" "--no-deps" "--format-version=1", kill_on_drop: false }`
[INFO] [stdout] d5ea568ab6ed199f5fa47e6dcc6f26e6fa0030945378dc637a9f8dafc3f867c9
[INFO] [stderr] WARNING: Your kernel does not support swap limit capabilities or the cgroup is not mounted. Memory limited without swap.
[INFO] running `Command { std: "docker" "start" "-a" "d5ea568ab6ed199f5fa47e6dcc6f26e6fa0030945378dc637a9f8dafc3f867c9", kill_on_drop: false }`
[INFO] running `Command { std: "docker" "inspect" "d5ea568ab6ed199f5fa47e6dcc6f26e6fa0030945378dc637a9f8dafc3f867c9", kill_on_drop: false }`
[INFO] running `Command { std: "docker" "rm" "-f" "d5ea568ab6ed199f5fa47e6dcc6f26e6fa0030945378dc637a9f8dafc3f867c9", kill_on_drop: false }`
[INFO] [stdout] d5ea568ab6ed199f5fa47e6dcc6f26e6fa0030945378dc637a9f8dafc3f867c9
[INFO] running `Command { std: "docker" "create" "-v" "/var/lib/crater-agent-workspace/builds/worker-12/target:/opt/rustwide/target:rw,Z" "-v" "/var/lib/crater-agent-workspace/builds/worker-12/source:/opt/rustwide/workdir:ro,Z" "-v" "/var/lib/crater-agent-workspace/cargo-home:/opt/rustwide/cargo-home:ro,Z" "-v" "/var/lib/crater-agent-workspace/rustup-home:/opt/rustwide/rustup-home:ro,Z" "-e" "SOURCE_DIR=/opt/rustwide/workdir" "-e" "CARGO_TARGET_DIR=/opt/rustwide/target" "-e" "CARGO_INCREMENTAL=0" "-e" "RUST_BACKTRACE=full" "-e" "RUSTFLAGS=--cap-lints=warn" "-e" "CARGO_HOME=/opt/rustwide/cargo-home" "-e" "RUSTUP_HOME=/opt/rustwide/rustup-home" "-w" "/opt/rustwide/workdir" "-m" "1610612736" "--user" "0:0" "--network" "none" "ghcr.io/rust-lang/crates-build-env/linux@sha256:34b6a614d2c27851fe6cbf88fbd1137609cefab8b10d0615aaeb6fd47975d74e" "/opt/rustwide/cargo-home/bin/cargo" "+1.54.0" "build" "--frozen" "--message-format=json", kill_on_drop: false }`
[INFO] [stdout] a01059cfa0fced141074340620ef9e0d65cc8e88167307f15fb6482575ae00f9
[INFO] [stderr] WARNING: Your kernel does not support swap limit capabilities or the cgroup is not mounted. Memory limited without swap.
[INFO] running `Command { std: "docker" "start" "-a" "a01059cfa0fced141074340620ef9e0d65cc8e88167307f15fb6482575ae00f9", kill_on_drop: false }`
[INFO] [stderr]    Compiling alsa-sys v0.3.1 (/opt/rustwide/workdir)
[INFO] [stderr]     Finished dev [unoptimized + debuginfo] target(s) in 2.68s
[INFO] running `Command { std: "docker" "inspect" "a01059cfa0fced141074340620ef9e0d65cc8e88167307f15fb6482575ae00f9", kill_on_drop: false }`
[INFO] running `Command { std: "docker" "rm" "-f" "a01059cfa0fced141074340620ef9e0d65cc8e88167307f15fb6482575ae00f9", kill_on_drop: false }`
[INFO] [stdout] a01059cfa0fced141074340620ef9e0d65cc8e88167307f15fb6482575ae00f9
[INFO] running `Command { std: "docker" "create" "-v" "/var/lib/crater-agent-workspace/builds/worker-12/target:/opt/rustwide/target:rw,Z" "-v" "/var/lib/crater-agent-workspace/builds/worker-12/source:/opt/rustwide/workdir:ro,Z" "-v" "/var/lib/crater-agent-workspace/cargo-home:/opt/rustwide/cargo-home:ro,Z" "-v" "/var/lib/crater-agent-workspace/rustup-home:/opt/rustwide/rustup-home:ro,Z" "-e" "SOURCE_DIR=/opt/rustwide/workdir" "-e" "CARGO_TARGET_DIR=/opt/rustwide/target" "-e" "CARGO_INCREMENTAL=0" "-e" "RUST_BACKTRACE=full" "-e" "RUSTFLAGS=--cap-lints=warn" "-e" "CARGO_HOME=/opt/rustwide/cargo-home" "-e" "RUSTUP_HOME=/opt/rustwide/rustup-home" "-w" "/opt/rustwide/workdir" "-m" "1610612736" "--user" "0:0" "--network" "none" "ghcr.io/rust-lang/crates-build-env/linux@sha256:34b6a614d2c27851fe6cbf88fbd1137609cefab8b10d0615aaeb6fd47975d74e" "/opt/rustwide/cargo-home/bin/cargo" "+1.54.0" "test" "--frozen" "--no-run" "--message-format=json", kill_on_drop: false }`
[INFO] [stdout] dcc67833c9efe992181c97fbdb914b26eae7c4e3931480e2af41ff6235ca4a6c
[INFO] [stderr] WARNING: Your kernel does not support swap limit capabilities or the cgroup is not mounted. Memory limited without swap.
[INFO] running `Command { std: "docker" "start" "-a" "dcc67833c9efe992181c97fbdb914b26eae7c4e3931480e2af41ff6235ca4a6c", kill_on_drop: false }`
[INFO] [stderr]    Compiling alsa-sys v0.3.1 (/opt/rustwide/workdir)
[INFO] [stderr]     Finished test [unoptimized + debuginfo] target(s) in 1.54s
[INFO] running `Command { std: "docker" "inspect" "dcc67833c9efe992181c97fbdb914b26eae7c4e3931480e2af41ff6235ca4a6c", kill_on_drop: false }`
[INFO] running `Command { std: "docker" "rm" "-f" "dcc67833c9efe992181c97fbdb914b26eae7c4e3931480e2af41ff6235ca4a6c", kill_on_drop: false }`
[INFO] [stdout] dcc67833c9efe992181c97fbdb914b26eae7c4e3931480e2af41ff6235ca4a6c
[INFO] running `Command { std: "docker" "create" "-v" "/var/lib/crater-agent-workspace/builds/worker-12/target:/opt/rustwide/target:rw,Z" "-v" "/var/lib/crater-agent-workspace/builds/worker-12/source:/opt/rustwide/workdir:ro,Z" "-v" "/var/lib/crater-agent-workspace/cargo-home:/opt/rustwide/cargo-home:ro,Z" "-v" "/var/lib/crater-agent-workspace/rustup-home:/opt/rustwide/rustup-home:ro,Z" "-e" "SOURCE_DIR=/opt/rustwide/workdir" "-e" "CARGO_TARGET_DIR=/opt/rustwide/target" "-e" "CARGO_INCREMENTAL=0" "-e" "RUST_BACKTRACE=full" "-e" "RUSTFLAGS=--cap-lints=warn" "-e" "CARGO_HOME=/opt/rustwide/cargo-home" "-e" "RUSTUP_HOME=/opt/rustwide/rustup-home" "-w" "/opt/rustwide/workdir" "-m" "1610612736" "--user" "0:0" "--network" "none" "ghcr.io/rust-lang/crates-build-env/linux@sha256:34b6a614d2c27851fe6cbf88fbd1137609cefab8b10d0615aaeb6fd47975d74e" "/opt/rustwide/cargo-home/bin/cargo" "+1.54.0" "test" "--frozen", kill_on_drop: false }`
[INFO] [stdout] 18e8fea1b9f7308527183b6eb1d86d8045c4f08712fc288403430e851dd0a89f
[INFO] [stderr] WARNING: Your kernel does not support swap limit capabilities or the cgroup is not mounted. Memory limited without swap.
[INFO] running `Command { std: "docker" "start" "-a" "18e8fea1b9f7308527183b6eb1d86d8045c4f08712fc288403430e851dd0a89f", kill_on_drop: false }`
[INFO] [stdout] 
[INFO] [stderr]     Finished test [unoptimized + debuginfo] target(s) in 0.01s
[INFO] [stdout] running 0 tests
[INFO] [stderr]      Running unittests (/opt/rustwide/target/debug/deps/alsa_sys-e18cb307338db999)
[INFO] [stdout] 
[INFO] [stderr]    Doc-tests alsa-sys
[INFO] [stdout] test result: ok. 0 passed; 0 failed; 0 ignored; 0 measured; 0 filtered out; finished in 0.00s
[INFO] [stdout] 
[INFO] [stdout] 
[INFO] [stdout] running 1 test
[INFO] [stdout] test src/generated.rs - snd_ctl_elem_list_t (line 4803) ... FAILED
[INFO] [stdout] 
[INFO] [stdout] failures:
[INFO] [stdout] 
[INFO] [stdout] ---- src/generated.rs - snd_ctl_elem_list_t (line 4803) stdout ----
[INFO] [stdout] error[E0425]: cannot find value `element_index` in this scope
[INFO] [stdout]  --> src/generated.rs:4806:1
[INFO] [stdout]   |
[INFO] [stdout] 5 | element_index = snd_ctl_elem_list_get_index(&list, 2);
[INFO] [stdout]   | ^^^^^^^^^^^^^ not found in this scope
[INFO] [stdout] 
[INFO] [stdout] error[E0425]: cannot find function `snd_ctl_elem_list_get_index` in this scope
[INFO] [stdout]  --> src/generated.rs:4806:17
[INFO] [stdout]   |
[INFO] [stdout] 5 | element_index = snd_ctl_elem_list_get_index(&list, 2);
[INFO] [stdout]   |                 ^^^^^^^^^^^^^^^^^^^^^^^^^^^ not found in this scope
[INFO] [stdout]   |
[INFO] [stdout] help: consider importing this function
[INFO] [stdout]   |
[INFO] [stdout] 4 | use alsa_sys::snd_ctl_elem_list_get_index;
[INFO] [stdout]   |
[INFO] [stdout] 
[INFO] [stdout] error[E0425]: cannot find value `list` in this scope
[INFO] [stdout]  --> src/generated.rs:4806:46
[INFO] [stdout]   |
[INFO] [stdout] 5 | element_index = snd_ctl_elem_list_get_index(&list, 2);
[INFO] [stdout]   |                                              ^^^^ not found in this scope
[INFO] [stdout] 
[INFO] [stdout] error: aborting due to 3 previous errors
[INFO] [stdout] 
[INFO] [stdout] For more information about this error, try `rustc --explain E0425`.
[INFO] [stdout] Couldn't compile the test.
[INFO] [stdout] 
[INFO] [stdout] failures:
[INFO] [stdout]     src/generated.rs - snd_ctl_elem_list_t (line 4803)
[INFO] [stdout] 
[INFO] [stdout] test result: FAILED. 0 passed; 1 failed; 0 ignored; 0 measured; 0 filtered out; finished in 0.24s
[INFO] [stdout] 
[INFO] [stderr] error: test failed, to rerun pass '--doc'
[INFO] running `Command { std: "docker" "inspect" "18e8fea1b9f7308527183b6eb1d86d8045c4f08712fc288403430e851dd0a89f", kill_on_drop: false }`
[INFO] running `Command { std: "docker" "rm" "-f" "18e8fea1b9f7308527183b6eb1d86d8045c4f08712fc288403430e851dd0a89f", kill_on_drop: false }`
[INFO] [stdout] 18e8fea1b9f7308527183b6eb1d86d8045c4f08712fc288403430e851dd0a89f
