[INFO] fetching crate allochronic-util-macros 0.0.1-dev-1...
[INFO] testing allochronic-util-macros-0.0.1-dev-1 against 1.54.0 for beta-1.55-1
[INFO] extracting crate allochronic-util-macros 0.0.1-dev-1 into /workspace/builds/worker-9/source
[INFO] validating manifest of crates.io crate allochronic-util-macros 0.0.1-dev-1 on toolchain 1.54.0
[INFO] running `Command { std: "/workspace/cargo-home/bin/cargo" "+1.54.0" "metadata" "--manifest-path" "Cargo.toml" "--no-deps", kill_on_drop: false }`
[INFO] started tweaking crates.io crate allochronic-util-macros 0.0.1-dev-1
[INFO] finished tweaking crates.io crate allochronic-util-macros 0.0.1-dev-1
[INFO] tweaked toml for crates.io crate allochronic-util-macros 0.0.1-dev-1 written to /workspace/builds/worker-9/source/Cargo.toml
[INFO] running `Command { std: "/workspace/cargo-home/bin/cargo" "+1.54.0" "generate-lockfile" "--manifest-path" "Cargo.toml" "-Zno-index-update", kill_on_drop: false }`
[INFO] running `Command { std: "/workspace/cargo-home/bin/cargo" "+1.54.0" "fetch" "--manifest-path" "Cargo.toml", kill_on_drop: false }`
[INFO] running `Command { std: "docker" "create" "-v" "/var/lib/crater-agent-workspace/builds/worker-9/target:/opt/rustwide/target:rw,Z" "-v" "/var/lib/crater-agent-workspace/builds/worker-9/source:/opt/rustwide/workdir:ro,Z" "-v" "/var/lib/crater-agent-workspace/cargo-home:/opt/rustwide/cargo-home:ro,Z" "-v" "/var/lib/crater-agent-workspace/rustup-home:/opt/rustwide/rustup-home:ro,Z" "-e" "SOURCE_DIR=/opt/rustwide/workdir" "-e" "CARGO_TARGET_DIR=/opt/rustwide/target" "-e" "CARGO_HOME=/opt/rustwide/cargo-home" "-e" "RUSTUP_HOME=/opt/rustwide/rustup-home" "-w" "/opt/rustwide/workdir" "-m" "1610612736" "--user" "0:0" "--network" "none" "ghcr.io/rust-lang/crates-build-env/linux@sha256:34b6a614d2c27851fe6cbf88fbd1137609cefab8b10d0615aaeb6fd47975d74e" "/opt/rustwide/cargo-home/bin/cargo" "+1.54.0" "metadata" "--no-deps" "--format-version=1", kill_on_drop: false }`
[INFO] [stderr] WARNING: Your kernel does not support swap limit capabilities or the cgroup is not mounted. Memory limited without swap.
[INFO] [stdout] e1e104163264fd5181c30ce0b64dd1a19508e6ad1cfdb5441f14a729ff24d02e
[INFO] running `Command { std: "docker" "start" "-a" "e1e104163264fd5181c30ce0b64dd1a19508e6ad1cfdb5441f14a729ff24d02e", kill_on_drop: false }`
[INFO] running `Command { std: "docker" "inspect" "e1e104163264fd5181c30ce0b64dd1a19508e6ad1cfdb5441f14a729ff24d02e", kill_on_drop: false }`
[INFO] running `Command { std: "docker" "rm" "-f" "e1e104163264fd5181c30ce0b64dd1a19508e6ad1cfdb5441f14a729ff24d02e", kill_on_drop: false }`
[INFO] [stdout] e1e104163264fd5181c30ce0b64dd1a19508e6ad1cfdb5441f14a729ff24d02e
[INFO] running `Command { std: "docker" "create" "-v" "/var/lib/crater-agent-workspace/builds/worker-9/target:/opt/rustwide/target:rw,Z" "-v" "/var/lib/crater-agent-workspace/builds/worker-9/source:/opt/rustwide/workdir:ro,Z" "-v" "/var/lib/crater-agent-workspace/cargo-home:/opt/rustwide/cargo-home:ro,Z" "-v" "/var/lib/crater-agent-workspace/rustup-home:/opt/rustwide/rustup-home:ro,Z" "-e" "SOURCE_DIR=/opt/rustwide/workdir" "-e" "CARGO_TARGET_DIR=/opt/rustwide/target" "-e" "CARGO_INCREMENTAL=0" "-e" "RUST_BACKTRACE=full" "-e" "RUSTFLAGS=--cap-lints=warn" "-e" "CARGO_HOME=/opt/rustwide/cargo-home" "-e" "RUSTUP_HOME=/opt/rustwide/rustup-home" "-w" "/opt/rustwide/workdir" "-m" "1610612736" "--user" "0:0" "--network" "none" "ghcr.io/rust-lang/crates-build-env/linux@sha256:34b6a614d2c27851fe6cbf88fbd1137609cefab8b10d0615aaeb6fd47975d74e" "/opt/rustwide/cargo-home/bin/cargo" "+1.54.0" "build" "--frozen" "--message-format=json", kill_on_drop: false }`
[INFO] [stderr] WARNING: Your kernel does not support swap limit capabilities or the cgroup is not mounted. Memory limited without swap.
[INFO] [stdout] e14c34f7c781f40d49f1a41f8d79fa95de09eacaafaadd5699273e8902971612
[INFO] running `Command { std: "docker" "start" "-a" "e14c34f7c781f40d49f1a41f8d79fa95de09eacaafaadd5699273e8902971612", kill_on_drop: false }`
[INFO] [stderr]    Compiling syn v1.0.74
[INFO] [stderr]    Compiling allochronic-util-macros v0.0.1-dev-1 (/opt/rustwide/workdir)
[INFO] [stderr]     Finished dev [unoptimized + debuginfo] target(s) in 13.71s
[INFO] running `Command { std: "docker" "inspect" "e14c34f7c781f40d49f1a41f8d79fa95de09eacaafaadd5699273e8902971612", kill_on_drop: false }`
[INFO] running `Command { std: "docker" "rm" "-f" "e14c34f7c781f40d49f1a41f8d79fa95de09eacaafaadd5699273e8902971612", kill_on_drop: false }`
[INFO] [stdout] e14c34f7c781f40d49f1a41f8d79fa95de09eacaafaadd5699273e8902971612
[INFO] running `Command { std: "docker" "create" "-v" "/var/lib/crater-agent-workspace/builds/worker-9/target:/opt/rustwide/target:rw,Z" "-v" "/var/lib/crater-agent-workspace/builds/worker-9/source:/opt/rustwide/workdir:ro,Z" "-v" "/var/lib/crater-agent-workspace/cargo-home:/opt/rustwide/cargo-home:ro,Z" "-v" "/var/lib/crater-agent-workspace/rustup-home:/opt/rustwide/rustup-home:ro,Z" "-e" "SOURCE_DIR=/opt/rustwide/workdir" "-e" "CARGO_TARGET_DIR=/opt/rustwide/target" "-e" "CARGO_INCREMENTAL=0" "-e" "RUST_BACKTRACE=full" "-e" "RUSTFLAGS=--cap-lints=warn" "-e" "CARGO_HOME=/opt/rustwide/cargo-home" "-e" "RUSTUP_HOME=/opt/rustwide/rustup-home" "-w" "/opt/rustwide/workdir" "-m" "1610612736" "--user" "0:0" "--network" "none" "ghcr.io/rust-lang/crates-build-env/linux@sha256:34b6a614d2c27851fe6cbf88fbd1137609cefab8b10d0615aaeb6fd47975d74e" "/opt/rustwide/cargo-home/bin/cargo" "+1.54.0" "test" "--frozen" "--no-run" "--message-format=json", kill_on_drop: false }`
[INFO] [stdout] 0ad50555d219f457a08056c02934cd6a56d8e57ed75f5cd5000f25f97baed813
[INFO] [stderr] WARNING: Your kernel does not support swap limit capabilities or the cgroup is not mounted. Memory limited without swap.
[INFO] running `Command { std: "docker" "start" "-a" "0ad50555d219f457a08056c02934cd6a56d8e57ed75f5cd5000f25f97baed813", kill_on_drop: false }`
[INFO] [stderr]    Compiling futures-core v0.3.16
[INFO] [stderr]    Compiling futures-util v0.3.16
[INFO] [stderr]    Compiling futures-macro v0.3.16
[INFO] [stderr]    Compiling futures-executor v0.3.16
[INFO] [stderr]    Compiling allochronic-util-macros v0.0.1-dev-1 (/opt/rustwide/workdir)
[INFO] [stderr]     Finished test [unoptimized + debuginfo] target(s) in 8.65s
[INFO] running `Command { std: "docker" "inspect" "0ad50555d219f457a08056c02934cd6a56d8e57ed75f5cd5000f25f97baed813", kill_on_drop: false }`
[INFO] running `Command { std: "docker" "rm" "-f" "0ad50555d219f457a08056c02934cd6a56d8e57ed75f5cd5000f25f97baed813", kill_on_drop: false }`
[INFO] [stdout] 0ad50555d219f457a08056c02934cd6a56d8e57ed75f5cd5000f25f97baed813
[INFO] running `Command { std: "docker" "create" "-v" "/var/lib/crater-agent-workspace/builds/worker-9/target:/opt/rustwide/target:rw,Z" "-v" "/var/lib/crater-agent-workspace/builds/worker-9/source:/opt/rustwide/workdir:ro,Z" "-v" "/var/lib/crater-agent-workspace/cargo-home:/opt/rustwide/cargo-home:ro,Z" "-v" "/var/lib/crater-agent-workspace/rustup-home:/opt/rustwide/rustup-home:ro,Z" "-e" "SOURCE_DIR=/opt/rustwide/workdir" "-e" "CARGO_TARGET_DIR=/opt/rustwide/target" "-e" "CARGO_INCREMENTAL=0" "-e" "RUST_BACKTRACE=full" "-e" "RUSTFLAGS=--cap-lints=warn" "-e" "CARGO_HOME=/opt/rustwide/cargo-home" "-e" "RUSTUP_HOME=/opt/rustwide/rustup-home" "-w" "/opt/rustwide/workdir" "-m" "1610612736" "--user" "0:0" "--network" "none" "ghcr.io/rust-lang/crates-build-env/linux@sha256:34b6a614d2c27851fe6cbf88fbd1137609cefab8b10d0615aaeb6fd47975d74e" "/opt/rustwide/cargo-home/bin/cargo" "+1.54.0" "test" "--frozen", kill_on_drop: false }`
[INFO] [stdout] cec2a75c0d9fbcff671ee14f65aaadd6b35e66485e8c1a6cc27c5bc0628fb246
[INFO] [stderr] WARNING: Your kernel does not support swap limit capabilities or the cgroup is not mounted. Memory limited without swap.
[INFO] running `Command { std: "docker" "start" "-a" "cec2a75c0d9fbcff671ee14f65aaadd6b35e66485e8c1a6cc27c5bc0628fb246", kill_on_drop: false }`
[INFO] [stderr]     Finished test [unoptimized + debuginfo] target(s) in 0.02s
[INFO] [stderr]      Running unittests (/opt/rustwide/target/debug/deps/allochronic_util_macros-40a40e5020521eda)
[INFO] [stdout] 
[INFO] [stderr]    Doc-tests allochronic-util-macros
[INFO] [stdout] running 0 tests
[INFO] [stdout] 
[INFO] [stdout] test result: ok. 0 passed; 0 failed; 0 ignored; 0 measured; 0 filtered out; finished in 0.00s
[INFO] [stdout] 
[INFO] [stdout] 
[INFO] [stdout] running 2 tests
[INFO] [stdout] test src/lib.rs - select (line 85) ... FAILED
[INFO] [stdout] test src/lib.rs - select (line 111) ... FAILED
[INFO] [stdout] 
[INFO] [stdout] failures:
[INFO] [stdout] 
[INFO] [stdout] ---- src/lib.rs - select (line 85) stdout ----
[INFO] [stdout] error[E0432]: unresolved import `allochronic_util`
[INFO] [stdout]  --> src/lib.rs:88:5
[INFO] [stdout]   |
[INFO] [stdout] 5 | use allochronic_util::select;
[INFO] [stdout]   |     ^^^^^^^^^^^^^^^^ use of undeclared crate or module `allochronic_util`
[INFO] [stdout] 
[INFO] [stdout] error: cannot determine resolution for the macro `select`
[INFO] [stdout]   --> src/lib.rs:96:26
[INFO] [stdout]    |
[INFO] [stdout] 13 | while let Some(result) = select![
[INFO] [stdout]    |                          ^^^^^^
[INFO] [stdout]    |
[INFO] [stdout]    = note: import resolution is stuck, try simplifying macro imports
[INFO] [stdout] 
[INFO] [stdout] error: aborting due to 2 previous errors
[INFO] [stdout] 
[INFO] [stdout] For more information about this error, try `rustc --explain E0432`.
[INFO] [stdout] Couldn't compile the test.
[INFO] [stdout] ---- src/lib.rs - select (line 111) stdout ----
[INFO] [stdout] error[E0432]: unresolved import `allochronic_util`
[INFO] [stdout]  --> src/lib.rs:114:5
[INFO] [stdout]   |
[INFO] [stdout] 5 | use allochronic_util::select;
[INFO] [stdout]   |     ^^^^^^^^^^^^^^^^ use of undeclared crate or module `allochronic_util`
[INFO] [stdout] 
[INFO] [stdout] error: cannot determine resolution for the macro `select`
[INFO] [stdout]   --> src/lib.rs:122:26
[INFO] [stdout]    |
[INFO] [stdout] 13 | while let Some(result) = select![
[INFO] [stdout]    |                          ^^^^^^
[INFO] [stdout]    |
[INFO] [stdout]    = note: import resolution is stuck, try simplifying macro imports
[INFO] [stdout] 
[INFO] [stdout] error: aborting due to 2 previous errors
[INFO] [stdout] 
[INFO] [stdout] For more information about this error, try `rustc --explain E0432`.
[INFO] [stdout] Couldn't compile the test.
[INFO] [stdout] 
[INFO] [stdout] failures:
[INFO] [stdout]     src/lib.rs - select (line 111)
[INFO] [stdout]     src/lib.rs - select (line 85)
[INFO] [stdout] 
[INFO] [stdout] test result: FAILED. 0 passed; 2 failed; 0 ignored; 0 measured; 0 filtered out; finished in 0.26s
[INFO] [stdout] 
[INFO] [stderr] error: test failed, to rerun pass '--doc'
[INFO] running `Command { std: "docker" "inspect" "cec2a75c0d9fbcff671ee14f65aaadd6b35e66485e8c1a6cc27c5bc0628fb246", kill_on_drop: false }`
[INFO] running `Command { std: "docker" "rm" "-f" "cec2a75c0d9fbcff671ee14f65aaadd6b35e66485e8c1a6cc27c5bc0628fb246", kill_on_drop: false }`
[INFO] [stdout] cec2a75c0d9fbcff671ee14f65aaadd6b35e66485e8c1a6cc27c5bc0628fb246
