[INFO] fetching crate algorithmia 3.0.0-beta.3...
[INFO] testing algorithmia-3.0.0-beta.3 against 1.54.0 for beta-1.55-1
[INFO] extracting crate algorithmia 3.0.0-beta.3 into /workspace/builds/worker-10/source
[INFO] validating manifest of crates.io crate algorithmia 3.0.0-beta.3 on toolchain 1.54.0
[INFO] running `Command { std: "/workspace/cargo-home/bin/cargo" "+1.54.0" "metadata" "--manifest-path" "Cargo.toml" "--no-deps", kill_on_drop: false }`
[INFO] started tweaking crates.io crate algorithmia 3.0.0-beta.3
[INFO] finished tweaking crates.io crate algorithmia 3.0.0-beta.3
[INFO] tweaked toml for crates.io crate algorithmia 3.0.0-beta.3 written to /workspace/builds/worker-10/source/Cargo.toml
[INFO] crate crates.io crate algorithmia 3.0.0-beta.3 already has a lockfile, it will not be regenerated
[INFO] running `Command { std: "/workspace/cargo-home/bin/cargo" "+1.54.0" "fetch" "--manifest-path" "Cargo.toml", kill_on_drop: false }`
[INFO] [stderr]     Blocking waiting for file lock on package cache
[INFO] running `Command { std: "docker" "create" "-v" "/var/lib/crater-agent-workspace/builds/worker-10/target:/opt/rustwide/target:rw,Z" "-v" "/var/lib/crater-agent-workspace/builds/worker-10/source:/opt/rustwide/workdir:ro,Z" "-v" "/var/lib/crater-agent-workspace/cargo-home:/opt/rustwide/cargo-home:ro,Z" "-v" "/var/lib/crater-agent-workspace/rustup-home:/opt/rustwide/rustup-home:ro,Z" "-e" "SOURCE_DIR=/opt/rustwide/workdir" "-e" "CARGO_TARGET_DIR=/opt/rustwide/target" "-e" "CARGO_HOME=/opt/rustwide/cargo-home" "-e" "RUSTUP_HOME=/opt/rustwide/rustup-home" "-w" "/opt/rustwide/workdir" "-m" "1610612736" "--user" "0:0" "--network" "none" "ghcr.io/rust-lang/crates-build-env/linux@sha256:34b6a614d2c27851fe6cbf88fbd1137609cefab8b10d0615aaeb6fd47975d74e" "/opt/rustwide/cargo-home/bin/cargo" "+1.54.0" "metadata" "--no-deps" "--format-version=1", kill_on_drop: false }`
[INFO] [stdout] 787636b17e860d79a73eb735bb0bb7fc252184ab18753658b2db0ad1440a8618
[INFO] [stderr] WARNING: Your kernel does not support swap limit capabilities or the cgroup is not mounted. Memory limited without swap.
[INFO] running `Command { std: "docker" "start" "-a" "787636b17e860d79a73eb735bb0bb7fc252184ab18753658b2db0ad1440a8618", kill_on_drop: false }`
[INFO] running `Command { std: "docker" "inspect" "787636b17e860d79a73eb735bb0bb7fc252184ab18753658b2db0ad1440a8618", kill_on_drop: false }`
[INFO] running `Command { std: "docker" "rm" "-f" "787636b17e860d79a73eb735bb0bb7fc252184ab18753658b2db0ad1440a8618", kill_on_drop: false }`
[INFO] [stdout] 787636b17e860d79a73eb735bb0bb7fc252184ab18753658b2db0ad1440a8618
[INFO] running `Command { std: "docker" "create" "-v" "/var/lib/crater-agent-workspace/builds/worker-10/target:/opt/rustwide/target:rw,Z" "-v" "/var/lib/crater-agent-workspace/builds/worker-10/source:/opt/rustwide/workdir:ro,Z" "-v" "/var/lib/crater-agent-workspace/cargo-home:/opt/rustwide/cargo-home:ro,Z" "-v" "/var/lib/crater-agent-workspace/rustup-home:/opt/rustwide/rustup-home:ro,Z" "-e" "SOURCE_DIR=/opt/rustwide/workdir" "-e" "CARGO_TARGET_DIR=/opt/rustwide/target" "-e" "CARGO_INCREMENTAL=0" "-e" "RUST_BACKTRACE=full" "-e" "RUSTFLAGS=--cap-lints=warn" "-e" "CARGO_HOME=/opt/rustwide/cargo-home" "-e" "RUSTUP_HOME=/opt/rustwide/rustup-home" "-w" "/opt/rustwide/workdir" "-m" "1610612736" "--user" "0:0" "--network" "none" "ghcr.io/rust-lang/crates-build-env/linux@sha256:34b6a614d2c27851fe6cbf88fbd1137609cefab8b10d0615aaeb6fd47975d74e" "/opt/rustwide/cargo-home/bin/cargo" "+1.54.0" "build" "--frozen" "--message-format=json", kill_on_drop: false }`
[INFO] [stdout] 3fbc8d4ed55222d4e86ce538d8362e1942bb5289660430530add9188a06f25a2
[INFO] [stderr] WARNING: Your kernel does not support swap limit capabilities or the cgroup is not mounted. Memory limited without swap.
[INFO] running `Command { std: "docker" "start" "-a" "3fbc8d4ed55222d4e86ce538d8362e1942bb5289660430530add9188a06f25a2", kill_on_drop: false }`
[INFO] [stderr]    Compiling cc v1.0.50
[INFO] [stderr]    Compiling proc-macro2 v1.0.8
[INFO] [stderr]    Compiling syn v1.0.14
[INFO] [stderr]    Compiling bytes v0.5.4
[INFO] [stderr]    Compiling itoa v0.4.5
[INFO] [stderr]    Compiling pkg-config v0.3.17
[INFO] [stderr]    Compiling memchr v2.3.0
[INFO] [stderr]    Compiling futures-core v0.3.1
[INFO] [stderr]    Compiling pin-project-lite v0.1.4
[INFO] [stderr]    Compiling version_check v0.9.1
[INFO] [stderr]    Compiling typenum v1.11.2
[INFO] [stderr]    Compiling openssl v0.10.27
[INFO] [stderr]    Compiling serde v1.0.104
[INFO] [stderr]    Compiling futures-sink v0.3.1
[INFO] [stderr]    Compiling byteorder v1.3.2
[INFO] [stderr]    Compiling futures-task v0.3.1
[INFO] [stderr]    Compiling smallvec v1.2.0
[INFO] [stderr]    Compiling native-tls v0.2.3
[INFO] [stderr]    Compiling futures-io v0.3.1
[INFO] [stderr]    Compiling encoding_rs v0.8.22
[INFO] [stderr]    Compiling dtoa v0.4.5
[INFO] [stderr]    Compiling indexmap v1.3.1
[INFO] [stderr]    Compiling futures-channel v0.3.1
[INFO] [stderr]    Compiling unicode-normalization v0.1.12
[INFO] [stderr]    Compiling num_cpus v1.12.0
[INFO] [stderr]    Compiling http v0.2.0
[INFO] [stderr]    Compiling unicase v2.6.0
[INFO] [stderr]    Compiling tokio v0.2.11
[INFO] [stderr]    Compiling futures-util v0.3.1
[INFO] [stderr]    Compiling openssl-sys v0.9.54
[INFO] [stderr]    Compiling backtrace-sys v0.1.32
[INFO] [stderr]    Compiling quote v1.0.2
[INFO] [stderr]    Compiling generic-array v0.12.3
[INFO] [stderr]    Compiling idna v0.2.0
[INFO] [stderr]    Compiling mime_guess v2.0.1
[INFO] [stderr]    Compiling digest v0.8.1
[INFO] [stderr]    Compiling block-buffer v0.7.3
[INFO] [stderr]    Compiling sha-1 v0.8.2
[INFO] [stderr]    Compiling url v2.1.1
[INFO] [stderr]    Compiling backtrace v0.3.43
[INFO] [stderr]    Compiling http-body v0.3.1
[INFO] [stderr]    Compiling headers-core v0.2.0
[INFO] [stderr]    Compiling headers v0.3.1
[INFO] [stderr]    Compiling tokio-util v0.2.0
[INFO] [stderr]    Compiling h2 v0.2.1
[INFO] [stderr]    Compiling tokio-tls v0.3.0
[INFO] [stderr]    Compiling serde_derive v1.0.104
[INFO] [stderr]    Compiling pin-project-internal v0.4.8
[INFO] [stderr]    Compiling pin-project v0.4.8
[INFO] [stderr]    Compiling hyper v0.13.2
[INFO] [stderr]    Compiling hyper-tls v0.4.1
[INFO] [stderr]    Compiling serde_urlencoded v0.6.1
[INFO] [stderr]    Compiling serde_json v1.0.45
[INFO] [stderr]    Compiling chrono v0.4.10
[INFO] [stderr]    Compiling reqwest v0.10.1
[INFO] [stderr]    Compiling algorithmia v3.0.0-beta.3 (/opt/rustwide/workdir)
[INFO] [stderr]     Finished dev [unoptimized + debuginfo] target(s) in 2m 06s
[INFO] running `Command { std: "docker" "inspect" "3fbc8d4ed55222d4e86ce538d8362e1942bb5289660430530add9188a06f25a2", kill_on_drop: false }`
[INFO] running `Command { std: "docker" "rm" "-f" "3fbc8d4ed55222d4e86ce538d8362e1942bb5289660430530add9188a06f25a2", kill_on_drop: false }`
[INFO] [stdout] 3fbc8d4ed55222d4e86ce538d8362e1942bb5289660430530add9188a06f25a2
[INFO] running `Command { std: "docker" "create" "-v" "/var/lib/crater-agent-workspace/builds/worker-10/target:/opt/rustwide/target:rw,Z" "-v" "/var/lib/crater-agent-workspace/builds/worker-10/source:/opt/rustwide/workdir:ro,Z" "-v" "/var/lib/crater-agent-workspace/cargo-home:/opt/rustwide/cargo-home:ro,Z" "-v" "/var/lib/crater-agent-workspace/rustup-home:/opt/rustwide/rustup-home:ro,Z" "-e" "SOURCE_DIR=/opt/rustwide/workdir" "-e" "CARGO_TARGET_DIR=/opt/rustwide/target" "-e" "CARGO_INCREMENTAL=0" "-e" "RUST_BACKTRACE=full" "-e" "RUSTFLAGS=--cap-lints=warn" "-e" "CARGO_HOME=/opt/rustwide/cargo-home" "-e" "RUSTUP_HOME=/opt/rustwide/rustup-home" "-w" "/opt/rustwide/workdir" "-m" "1610612736" "--user" "0:0" "--network" "none" "ghcr.io/rust-lang/crates-build-env/linux@sha256:34b6a614d2c27851fe6cbf88fbd1137609cefab8b10d0615aaeb6fd47975d74e" "/opt/rustwide/cargo-home/bin/cargo" "+1.54.0" "test" "--frozen" "--no-run" "--message-format=json", kill_on_drop: false }`
[INFO] [stderr] WARNING: Your kernel does not support swap limit capabilities or the cgroup is not mounted. Memory limited without swap.
[INFO] [stdout] 921ceb26d41a9a89a26e107c302aadaba2af7a4d765617589ddf1eaf2dd1335d
[INFO] running `Command { std: "docker" "start" "-a" "921ceb26d41a9a89a26e107c302aadaba2af7a4d765617589ddf1eaf2dd1335d", kill_on_drop: false }`
[INFO] [stderr]    Compiling algorithmia v3.0.0-beta.3 (/opt/rustwide/workdir)
[INFO] [stderr]     Finished test [unoptimized + debuginfo] target(s) in 11.16s
[INFO] running `Command { std: "docker" "inspect" "921ceb26d41a9a89a26e107c302aadaba2af7a4d765617589ddf1eaf2dd1335d", kill_on_drop: false }`
[INFO] running `Command { std: "docker" "rm" "-f" "921ceb26d41a9a89a26e107c302aadaba2af7a4d765617589ddf1eaf2dd1335d", kill_on_drop: false }`
[INFO] [stdout] 921ceb26d41a9a89a26e107c302aadaba2af7a4d765617589ddf1eaf2dd1335d
[INFO] running `Command { std: "docker" "create" "-v" "/var/lib/crater-agent-workspace/builds/worker-10/target:/opt/rustwide/target:rw,Z" "-v" "/var/lib/crater-agent-workspace/builds/worker-10/source:/opt/rustwide/workdir:ro,Z" "-v" "/var/lib/crater-agent-workspace/cargo-home:/opt/rustwide/cargo-home:ro,Z" "-v" "/var/lib/crater-agent-workspace/rustup-home:/opt/rustwide/rustup-home:ro,Z" "-e" "SOURCE_DIR=/opt/rustwide/workdir" "-e" "CARGO_TARGET_DIR=/opt/rustwide/target" "-e" "CARGO_INCREMENTAL=0" "-e" "RUST_BACKTRACE=full" "-e" "RUSTFLAGS=--cap-lints=warn" "-e" "CARGO_HOME=/opt/rustwide/cargo-home" "-e" "RUSTUP_HOME=/opt/rustwide/rustup-home" "-w" "/opt/rustwide/workdir" "-m" "1610612736" "--user" "0:0" "--network" "none" "ghcr.io/rust-lang/crates-build-env/linux@sha256:34b6a614d2c27851fe6cbf88fbd1137609cefab8b10d0615aaeb6fd47975d74e" "/opt/rustwide/cargo-home/bin/cargo" "+1.54.0" "test" "--frozen", kill_on_drop: false }`
[INFO] [stdout] 71c24ccdc98294f8447fc3a7cba9ae39652f1c7c637440326ca7bfa7d3a7630c
[INFO] [stderr] WARNING: Your kernel does not support swap limit capabilities or the cgroup is not mounted. Memory limited without swap.
[INFO] running `Command { std: "docker" "start" "-a" "71c24ccdc98294f8447fc3a7cba9ae39652f1c7c637440326ca7bfa7d3a7630c", kill_on_drop: false }`
[INFO] [stderr]     Finished test [unoptimized + debuginfo] target(s) in 0.17s
[INFO] [stdout] 
[INFO] [stderr]      Running unittests (/opt/rustwide/target/debug/deps/algorithmia-705c4f39e12829b2)
[INFO] [stdout] running 15 tests
[INFO] [stdout] test algo::tests::test_json_decoding ... ok
[INFO] [stdout] test data::dir::tests::test_myalgos_acl ... ok
[INFO] [stdout] test data::dir::tests::test_default_acl ... ok
[INFO] [stdout] test data::dir::tests::test_private_acl ... ok
[INFO] [stdout] test data::dir::tests::test_public_acl ... ok
[INFO] [stdout] test data::tests::test_parse_leading_slash ... ok
[INFO] [stdout] test data::tests::test_parse_protocol ... ok
[INFO] [stdout] test data::tests::test_parse_unprefixed ... ok
[INFO] [stdout] test algo::tests::test_algo_with_prefix_to_url ... ok
[INFO] [stdout] test algo::tests::test_algo_without_version_to_url ... ok
[INFO] [stdout] test algo::tests::test_algo_with_sha_to_url ... ok
[INFO] [stdout] test algo::tests::test_algo_without_prefix_to_url ... ok
[INFO] [stdout] test data::dir::tests::test_to_data_uri ... ok
[INFO] [stdout] test data::dir::tests::test_to_url ... ok
[INFO] [stderr]    Doc-tests algorithmia
[INFO] [stdout] test data::dir::tests::test_parent ... ok
[INFO] [stdout] 
[INFO] [stdout] test result: ok. 15 passed; 0 failed; 0 ignored; 0 measured; 0 filtered out; finished in 0.34s
[INFO] [stdout] 
[INFO] [stdout] 
[INFO] [stdout] running 26 tests
[INFO] [stdout] test src/data/object.rs - data::object::DataObject::into_type (line 60) - compile ... ok
[INFO] [stdout] test src/data/file.rs - data::file::DataFile::put (line 88) - compile ... ok
[INFO] [stdout] test src/data/file.rs - data::file (line 5) - compile ... ok
[INFO] [stdout] test src/algo/mod.rs - algo::Algorithm::pipe (line 143) - compile ... ok
[INFO] [stdout] test src/data/file.rs - data::file::DataFile::get (line 119) - compile ... ok
[INFO] [stdout] test src/algo/mod.rs - algo::Algorithm::timeout (line 233) - compile ... ok
[INFO] [stdout] test src/data/file.rs - data::file::DataFile::delete (line 157) - compile ... ok
[INFO] [stdout] test src/data/dir.rs - data::dir::DataDir::put_file (line 355) - compile ... ok
[INFO] [stdout] test src/data/dir.rs - data::dir::DataDir::create (line 264) - compile ... ok
[INFO] [stdout] test src/data/object.rs - data::object::DataObject::get_type (line 34) - compile ... ok
[INFO] [stdout] test src/data/dir.rs - data::dir (line 5) - compile ... ok
[INFO] [stdout] test src/algo/mod.rs - algo::Algorithm::pipe_json (line 182) - compile ... ok
[INFO] [stdout] test src/data/dir.rs - data::dir::DataDir::delete (line 314) - compile ... ok
[INFO] [stdout] test src/algo/mod.rs - algo (line 5) - compile ... ok
[INFO] [stdout] test src/data/dir.rs - data::dir::DataDir::list (line 240) - compile ... ok
[INFO] [stdout] test src/data/path.rs - data::path::HasDataPath::exists (line 83) - compile ... ok
[INFO] [stdout] test src/lib.rs - (line 5) - compile ... ok
[INFO] [stdout] test src/lib.rs - Algorithmia::dir (line 126) ... FAILED
[INFO] [stdout] test src/data/path.rs - data::path::HasDataPath::parent (line 47) ... FAILED
[INFO] [stdout] test src/lib.rs - Algorithmia::client (line 84) ... FAILED
[INFO] [stdout] test src/error.rs - error::ApiError::new (line 206) ... ok
[INFO] [stdout] test src/data/path.rs - data::path::HasDataPath::basename (line 69) ... ok
[INFO] [stdout] test src/data/path.rs - data::path::HasDataPath::to_data_uri (line 30) ... ok
[INFO] [stdout] test src/lib.rs - Algorithmia::data (line 156) ... ok
[INFO] [stdout] test src/lib.rs - Algorithmia::file (line 140) ... ok
[INFO] [stdout] test src/lib.rs - Algorithmia::algo (line 112) ... ok
[INFO] [stdout] 
[INFO] [stdout] failures:
[INFO] [stdout] 
[INFO] [stdout] ---- src/lib.rs - Algorithmia::dir (line 126) stdout ----
[INFO] [stdout] warning: trait objects without an explicit `dyn` are deprecated
[INFO] [stdout]  --> src/lib.rs:130:14
[INFO] [stdout]   |
[INFO] [stdout] 8 | Ok::<(), Box<std::error::Error>>(())
[INFO] [stdout]   |              ^^^^^^^^^^^^^^^^^ help: use `dyn`: `dyn std::error::Error`
[INFO] [stdout]   |
[INFO] [stdout]   = note: `#[warn(bare_trait_objects)]` on by default
[INFO] [stdout]   = warning: this was previously accepted by the compiler but is being phased out; it will become a hard error in the 2021 edition!
[INFO] [stdout]   = note: for more information, see issue #80165 <https://github.com/rust-lang/rust/issues/80165>
[INFO] [stdout] 
[INFO] [stdout] error: linking with `cc` failed: exit status: 1
[INFO] [stdout]   |
[INFO] [stdout]   = note: "cc" "-m64" "/tmp/rustdoctest0tUU3X/rust_out.rust_out.7rcbfp3g-cgu.0.rcgu.o" "/tmp/rustdoctest0tUU3X/rust_out.33dyzt1ekirinwy8.rcgu.o" "-Wl,--as-needed" "-L" "/opt/rustwide/target/debug/deps" "-L" "/opt/rustwide/target/debug/deps" "-L" "/opt/rustwide/target/debug/build/backtrace-sys-dc816215ff5f9290/out" "-L" "/opt/rustwide/rustup-home/toolchains/1.54.0-x86_64-unknown-linux-gnu/lib/rustlib/x86_64-unknown-linux-gnu/lib" "-Wl,-Bstatic" "/opt/rustwide/target/debug/deps/libalgorithmia-744b7d734ee8407d.rlib" "/opt/rustwide/target/debug/deps/libchrono-009884ee8d90a871.rlib" "/opt/rustwide/target/debug/deps/libnum_integer-e15ea043dc5b0ddb.rlib" "/opt/rustwide/target/debug/deps/libnum_traits-0ee8725efa9c7169.rlib" "/opt/rustwide/target/debug/deps/libheaders-b2ba9cc2d0eced25.rlib" "/opt/rustwide/target/debug/deps/libsha1-e5b49ebb7d903229.rlib" "/opt/rustwide/target/debug/deps/libfake_simd-5cac25f66b22e18a.rlib" "/opt/rustwide/target/debug/deps/libdigest-96c1a0ee20571c87.rlib" "/opt/rustwide/target/debug/deps/libopaque_debug-abc732d989c9d05a.rlib" "/opt/rustwide/target/debug/deps/libblock_buffer-6fa777f0265bc4c6.rlib" "/opt/rustwide/target/debug/deps/libgeneric_array-4ecc7443b71ac982.rlib" "/opt/rustwide/target/debug/deps/libtypenum-e2cd746f9039c68d.rlib" "/opt/rustwide/target/debug/deps/libblock_padding-24376a58a4f53824.rlib" "/opt/rustwide/target/debug/deps/libbyte_tools-a0454fdb8e320603.rlib" "/opt/rustwide/target/debug/deps/libbyteorder-60bccf57c9d2cabf.rlib" "/opt/rustwide/target/debug/deps/libheaders_core-ee4891a82726dad3.rlib" "/opt/rustwide/target/debug/deps/libreqwest-44cb5ad8782b9ce2.rlib" "/opt/rustwide/target/debug/deps/libhyper_tls-36d1d4cb30a6b4b9.rlib" "/opt/rustwide/target/debug/deps/libtokio_tls-1d11479f38b5a5d3.rlib" "/opt/rustwide/target/debug/deps/libencoding_rs-5a1aba6771ae01bc.rlib" "/opt/rustwide/target/debug/deps/libserde_urlencoded-86979a9c37958893.rlib" "/opt/rustwide/target/debug/deps/libdtoa-711e034e13d76af2.rlib" "/opt/rustwide/target/debug/deps/libserde_json-f3dc120188c2debc.rlib" "/opt/rustwide/target/debug/deps/libryu-1635665e46e4f75a.rlib" "/opt/rustwide/target/debug/deps/libserde-81d05bb00ecce485.rlib" "/opt/rustwide/target/debug/deps/libbase64-694bc314fb1cc938.rlib" "/opt/rustwide/target/debug/deps/libmime_guess-02af047cdcbe3d5a.rlib" "/opt/rustwide/target/debug/deps/libunicase-4774d89067cf2169.rlib" "/opt/rustwide/target/debug/deps/libmime-12522ef5c2462da9.rlib" "/opt/rustwide/target/debug/deps/libnative_tls-ae00e76b02d8c614.rlib" "/opt/rustwide/target/debug/deps/libopenssl_probe-448ee40efb9df675.rlib" "/opt/rustwide/target/debug/deps/libopenssl-b27788957e0ad3ff.rlib" "/opt/rustwide/target/debug/deps/libopenssl_sys-0f70115d8d80e6e2.rlib" "/opt/rustwide/target/debug/deps/libforeign_types-6dd7ccee81750d2f.rlib" "/opt/rustwide/target/debug/deps/libforeign_types_shared-1812f2e1ab1a4883.rlib" "/opt/rustwide/target/debug/deps/libbitflags-f89ae4b715176e2d.rlib" "/opt/rustwide/target/debug/deps/libhyper-5963ba16767fed33.rlib" "/opt/rustwide/target/debug/deps/libhttparse-7d96f3722cd1a069.rlib" "/opt/rustwide/target/debug/deps/libwant-aa3277b20e89454f.rlib" "/opt/rustwide/target/debug/deps/libtry_lock-c129b4a0d2fd16a1.rlib" "/opt/rustwide/target/debug/deps/libh2-2e1e9b6da02f9c5e.rlib" "/opt/rustwide/target/debug/deps/libindexmap-40347e8604dee585.rlib" "/opt/rustwide/target/debug/deps/libtokio_util-e334f629409ef075.rlib" "/opt/rustwide/target/debug/deps/libfutures_sink-6e46799fb7fc7a43.rlib" "/opt/rustwide/target/debug/deps/libtime-7feb8bc0a5fb72cb.rlib" "/opt/rustwide/target/debug/deps/libtower_service-f2293a18d860c644.rlib" "/opt/rustwide/target/debug/deps/libfutures_channel-04d259553e786667.rlib" "/opt/rustwide/target/debug/deps/libpin_project-494a9661f4f0a47e.rlib" "/opt/rustwide/target/debug/deps/libtokio-c4c694ff4777bad3.rlib" "/opt/rustwide/target/debug/deps/libnum_cpus-9f0a887c728f697b.rlib" "/opt/rustwide/target/debug/deps/libmio-b8d8d1939b65ffe9.rlib" "/opt/rustwide/target/debug/deps/libiovec-1bea29184eed618d.rlib" "/opt/rustwide/target/debug/deps/libnet2-3d00d089547dd647.rlib" "/opt/rustwide/target/debug/deps/libpin_project_lite-2e9f96f152bd93bd.rlib" "/opt/rustwide/target/debug/deps/libhttp_body-676c684dd6cb9245.rlib" "/opt/rustwide/target/debug/deps/liblog-5b2a258a36d50712.rlib" "/opt/rustwide/target/debug/deps/libfutures_util-5b1a16a24e553eae.rlib" "/opt/rustwide/target/debug/deps/libmemchr-e233d6e6666c118f.rlib" "/opt/rustwide/target/debug/deps/libfutures_io-cf5119425d70664b.rlib" "/opt/rustwide/target/debug/deps/libslab-a95947d689540fa4.rlib" "/opt/rustwide/target/debug/deps/libfutures_task-dc23ef10cf693313.rlib" "/opt/rustwide/target/debug/deps/libpin_utils-b4e58242b0fda381.rlib" "/opt/rustwide/target/debug/deps/libfutures_core-78c85c529d2921be.rlib" "/opt/rustwide/target/debug/deps/liblazy_static-5c53d641eb010a81.rlib" "/opt/rustwide/target/debug/deps/liburl-6bd703d3e8e1e2fc.rlib" "/opt/rustwide/target/debug/deps/libpercent_encoding-549c334c22432c49.rlib" "/opt/rustwide/target/debug/deps/libidna-e98877176190acd9.rlib" "/opt/rustwide/target/debug/deps/libunicode_normalization-e5d144e862bb948b.rlib" "/opt/rustwide/target/debug/deps/libsmallvec-c6a8afff2e82f140.rlib" "/opt/rustwide/target/debug/deps/libunicode_bidi-658b16b5d9bb5631.rlib" "/opt/rustwide/target/debug/deps/libmatches-5bfcef5685786a07.rlib" "/opt/rustwide/target/debug/deps/libhttp-2dbc2694fab50b79.rlib" "/opt/rustwide/target/debug/deps/libitoa-1641cc2ee1a5347c.rlib" "/opt/rustwide/target/debug/deps/libbytes-9ae97ad8dbf25ba6.rlib" "/opt/rustwide/target/debug/deps/libfnv-6f4452e033ff10c8.rlib" "/opt/rustwide/target/debug/deps/libbacktrace-5181f6b01b5c199b.rlib" "/opt/rustwide/target/debug/deps/libbacktrace_sys-f278d05e25fb6af8.rlib" "/opt/rustwide/target/debug/deps/liblibc-df8c29425271c273.rlib" "/opt/rustwide/target/debug/deps/libcfg_if-e7a28af79b261e75.rlib" "/opt/rustwide/target/debug/deps/librustc_demangle-42fe64f6e8239dbf.rlib" "-Wl,--start-group" "/opt/rustwide/rustup-home/toolchains/1.54.0-x86_64-unknown-linux-gnu/lib/rustlib/x86_64-unknown-linux-gnu/lib/libstd-2420485b9e5ef5e1.rlib" "/opt/rustwide/rustup-home/toolchains/1.54.0-x86_64-unknown-linux-gnu/lib/rustlib/x86_64-unknown-linux-gnu/lib/libpanic_unwind-785e3cb61c4b1960.rlib" "/opt/rustwide/rustup-home/toolchains/1.54.0-x86_64-unknown-linux-gnu/lib/rustlib/x86_64-unknown-linux-gnu/lib/libminiz_oxide-087191a88bdaa22d.rlib" "/opt/rustwide/rustup-home/toolchains/1.54.0-x86_64-unknown-linux-gnu/lib/rustlib/x86_64-unknown-linux-gnu/lib/libadler-9981842c02975178.rlib" "/opt/rustwide/rustup-home/toolchains/1.54.0-x86_64-unknown-linux-gnu/lib/rustlib/x86_64-unknown-linux-gnu/lib/libobject-6fb405869b015fde.rlib" "/opt/rustwide/rustup-home/toolchains/1.54.0-x86_64-unknown-linux-gnu/lib/rustlib/x86_64-unknown-linux-gnu/lib/libaddr2line-d05c5c3c56004b7b.rlib" "/opt/rustwide/rustup-home/toolchains/1.54.0-x86_64-unknown-linux-gnu/lib/rustlib/x86_64-unknown-linux-gnu/lib/libgimli-42d74d2097528b38.rlib" "/opt/rustwide/rustup-home/toolchains/1.54.0-x86_64-unknown-linux-gnu/lib/rustlib/x86_64-unknown-linux-gnu/lib/libstd_detect-fb36534c113d2209.rlib" "/opt/rustwide/rustup-home/toolchains/1.54.0-x86_64-unknown-linux-gnu/lib/rustlib/x86_64-unknown-linux-gnu/lib/librustc_demangle-b56b9042c12b6535.rlib" "/opt/rustwide/rustup-home/toolchains/1.54.0-x86_64-unknown-linux-gnu/lib/rustlib/x86_64-unknown-linux-gnu/lib/libhashbrown-491902d6cb3e76df.rlib" "/opt/rustwide/rustup-home/toolchains/1.54.0-x86_64-unknown-linux-gnu/lib/rustlib/x86_64-unknown-linux-gnu/lib/librustc_std_workspace_alloc-61834e0981b8c367.rlib" "/opt/rustwide/rustup-home/toolchains/1.54.0-x86_64-unknown-linux-gnu/lib/rustlib/x86_64-unknown-linux-gnu/lib/libunwind-f78aa99d613a55bc.rlib" "/opt/rustwide/rustup-home/toolchains/1.54.0-x86_64-unknown-linux-gnu/lib/rustlib/x86_64-unknown-linux-gnu/lib/libcfg_if-53ee54cd7fed2c57.rlib" "/opt/rustwide/rustup-home/toolchains/1.54.0-x86_64-unknown-linux-gnu/lib/rustlib/x86_64-unknown-linux-gnu/lib/liblibc-544ecdbd6cda3c58.rlib" "/opt/rustwide/rustup-home/toolchains/1.54.0-x86_64-unknown-linux-gnu/lib/rustlib/x86_64-unknown-linux-gnu/lib/liballoc-379cc252b6943a79.rlib" "/opt/rustwide/rustup-home/toolchains/1.54.0-x86_64-unknown-linux-gnu/lib/rustlib/x86_64-unknown-linux-gnu/lib/librustc_std_workspace_core-8063eea38dcc5e62.rlib" "/opt/rustwide/rustup-home/toolchains/1.54.0-x86_64-unknown-linux-gnu/lib/rustlib/x86_64-unknown-linux-gnu/lib/libcore-5b228734afae15ee.rlib" "-Wl,--end-group" "/opt/rustwide/rustup-home/toolchains/1.54.0-x86_64-unknown-linux-gnu/lib/rustlib/x86_64-unknown-linux-gnu/lib/libcompiler_builtins-d6c7a399d95d173f.rlib" "-Wl,-Bdynamic" "-lssl" "-lcrypto" "-lutil" "-lgcc_s" "-lutil" "-lrt" "-lpthread" "-lm" "-ldl" "-lc" "-Wl,--eh-frame-hdr" "-Wl,-znoexecstack" "-L" "/opt/rustwide/rustup-home/toolchains/1.54.0-x86_64-unknown-linux-gnu/lib/rustlib/x86_64-unknown-linux-gnu/lib" "-o" "/tmp/rustdoctest0tUU3X/rust_out" "-Wl,--gc-sections" "-pie" "-Wl,-zrelro" "-Wl,-znow" "-nodefaultlibs"
[INFO] [stdout]   = note: collect2: fatal error: ld terminated with signal 9 [Killed]
[INFO] [stdout]           compilation terminated.
[INFO] [stdout]           
[INFO] [stdout] 
[INFO] [stdout] error: aborting due to previous error; 1 warning emitted
[INFO] [stdout] 
[INFO] [stdout] Couldn't compile the test.
[INFO] [stdout] ---- src/data/path.rs - data::path::HasDataPath::parent (line 47) stdout ----
[INFO] [stdout] error: linking with `cc` failed: exit status: 1
[INFO] [stdout]   |
[INFO] [stdout]   = note: "cc" "-m64" "/tmp/rustdoctestplW4Gq/rust_out.rust_out.7rcbfp3g-cgu.0.rcgu.o" "/tmp/rustdoctestplW4Gq/rust_out.33dyzt1ekirinwy8.rcgu.o" "-Wl,--as-needed" "-L" "/opt/rustwide/target/debug/deps" "-L" "/opt/rustwide/target/debug/deps" "-L" "/opt/rustwide/target/debug/build/backtrace-sys-dc816215ff5f9290/out" "-L" "/opt/rustwide/rustup-home/toolchains/1.54.0-x86_64-unknown-linux-gnu/lib/rustlib/x86_64-unknown-linux-gnu/lib" "-Wl,-Bstatic" "/opt/rustwide/target/debug/deps/libalgorithmia-744b7d734ee8407d.rlib" "/opt/rustwide/target/debug/deps/libchrono-009884ee8d90a871.rlib" "/opt/rustwide/target/debug/deps/libnum_integer-e15ea043dc5b0ddb.rlib" "/opt/rustwide/target/debug/deps/libnum_traits-0ee8725efa9c7169.rlib" "/opt/rustwide/target/debug/deps/libheaders-b2ba9cc2d0eced25.rlib" "/opt/rustwide/target/debug/deps/libsha1-e5b49ebb7d903229.rlib" "/opt/rustwide/target/debug/deps/libfake_simd-5cac25f66b22e18a.rlib" "/opt/rustwide/target/debug/deps/libdigest-96c1a0ee20571c87.rlib" "/opt/rustwide/target/debug/deps/libopaque_debug-abc732d989c9d05a.rlib" "/opt/rustwide/target/debug/deps/libblock_buffer-6fa777f0265bc4c6.rlib" "/opt/rustwide/target/debug/deps/libgeneric_array-4ecc7443b71ac982.rlib" "/opt/rustwide/target/debug/deps/libtypenum-e2cd746f9039c68d.rlib" "/opt/rustwide/target/debug/deps/libblock_padding-24376a58a4f53824.rlib" "/opt/rustwide/target/debug/deps/libbyte_tools-a0454fdb8e320603.rlib" "/opt/rustwide/target/debug/deps/libbyteorder-60bccf57c9d2cabf.rlib" "/opt/rustwide/target/debug/deps/libheaders_core-ee4891a82726dad3.rlib" "/opt/rustwide/target/debug/deps/libreqwest-44cb5ad8782b9ce2.rlib" "/opt/rustwide/target/debug/deps/libhyper_tls-36d1d4cb30a6b4b9.rlib" "/opt/rustwide/target/debug/deps/libtokio_tls-1d11479f38b5a5d3.rlib" "/opt/rustwide/target/debug/deps/libencoding_rs-5a1aba6771ae01bc.rlib" "/opt/rustwide/target/debug/deps/libserde_urlencoded-86979a9c37958893.rlib" "/opt/rustwide/target/debug/deps/libdtoa-711e034e13d76af2.rlib" "/opt/rustwide/target/debug/deps/libserde_json-f3dc120188c2debc.rlib" "/opt/rustwide/target/debug/deps/libryu-1635665e46e4f75a.rlib" "/opt/rustwide/target/debug/deps/libserde-81d05bb00ecce485.rlib" "/opt/rustwide/target/debug/deps/libbase64-694bc314fb1cc938.rlib" "/opt/rustwide/target/debug/deps/libmime_guess-02af047cdcbe3d5a.rlib" "/opt/rustwide/target/debug/deps/libunicase-4774d89067cf2169.rlib" "/opt/rustwide/target/debug/deps/libmime-12522ef5c2462da9.rlib" "/opt/rustwide/target/debug/deps/libnative_tls-ae00e76b02d8c614.rlib" "/opt/rustwide/target/debug/deps/libopenssl_probe-448ee40efb9df675.rlib" "/opt/rustwide/target/debug/deps/libopenssl-b27788957e0ad3ff.rlib" "/opt/rustwide/target/debug/deps/libopenssl_sys-0f70115d8d80e6e2.rlib" "/opt/rustwide/target/debug/deps/libforeign_types-6dd7ccee81750d2f.rlib" "/opt/rustwide/target/debug/deps/libforeign_types_shared-1812f2e1ab1a4883.rlib" "/opt/rustwide/target/debug/deps/libbitflags-f89ae4b715176e2d.rlib" "/opt/rustwide/target/debug/deps/libhyper-5963ba16767fed33.rlib" "/opt/rustwide/target/debug/deps/libhttparse-7d96f3722cd1a069.rlib" "/opt/rustwide/target/debug/deps/libwant-aa3277b20e89454f.rlib" "/opt/rustwide/target/debug/deps/libtry_lock-c129b4a0d2fd16a1.rlib" "/opt/rustwide/target/debug/deps/libh2-2e1e9b6da02f9c5e.rlib" "/opt/rustwide/target/debug/deps/libindexmap-40347e8604dee585.rlib" "/opt/rustwide/target/debug/deps/libtokio_util-e334f629409ef075.rlib" "/opt/rustwide/target/debug/deps/libfutures_sink-6e46799fb7fc7a43.rlib" "/opt/rustwide/target/debug/deps/libtime-7feb8bc0a5fb72cb.rlib" "/opt/rustwide/target/debug/deps/libtower_service-f2293a18d860c644.rlib" "/opt/rustwide/target/debug/deps/libfutures_channel-04d259553e786667.rlib" "/opt/rustwide/target/debug/deps/libpin_project-494a9661f4f0a47e.rlib" "/opt/rustwide/target/debug/deps/libtokio-c4c694ff4777bad3.rlib" "/opt/rustwide/target/debug/deps/libnum_cpus-9f0a887c728f697b.rlib" "/opt/rustwide/target/debug/deps/libmio-b8d8d1939b65ffe9.rlib" "/opt/rustwide/target/debug/deps/libiovec-1bea29184eed618d.rlib" "/opt/rustwide/target/debug/deps/libnet2-3d00d089547dd647.rlib" "/opt/rustwide/target/debug/deps/libpin_project_lite-2e9f96f152bd93bd.rlib" "/opt/rustwide/target/debug/deps/libhttp_body-676c684dd6cb9245.rlib" "/opt/rustwide/target/debug/deps/liblog-5b2a258a36d50712.rlib" "/opt/rustwide/target/debug/deps/libfutures_util-5b1a16a24e553eae.rlib" "/opt/rustwide/target/debug/deps/libmemchr-e233d6e6666c118f.rlib" "/opt/rustwide/target/debug/deps/libfutures_io-cf5119425d70664b.rlib" "/opt/rustwide/target/debug/deps/libslab-a95947d689540fa4.rlib" "/opt/rustwide/target/debug/deps/libfutures_task-dc23ef10cf693313.rlib" "/opt/rustwide/target/debug/deps/libpin_utils-b4e58242b0fda381.rlib" "/opt/rustwide/target/debug/deps/libfutures_core-78c85c529d2921be.rlib" "/opt/rustwide/target/debug/deps/liblazy_static-5c53d641eb010a81.rlib" "/opt/rustwide/target/debug/deps/liburl-6bd703d3e8e1e2fc.rlib" "/opt/rustwide/target/debug/deps/libpercent_encoding-549c334c22432c49.rlib" "/opt/rustwide/target/debug/deps/libidna-e98877176190acd9.rlib" "/opt/rustwide/target/debug/deps/libunicode_normalization-e5d144e862bb948b.rlib" "/opt/rustwide/target/debug/deps/libsmallvec-c6a8afff2e82f140.rlib" "/opt/rustwide/target/debug/deps/libunicode_bidi-658b16b5d9bb5631.rlib" "/opt/rustwide/target/debug/deps/libmatches-5bfcef5685786a07.rlib" "/opt/rustwide/target/debug/deps/libhttp-2dbc2694fab50b79.rlib" "/opt/rustwide/target/debug/deps/libitoa-1641cc2ee1a5347c.rlib" "/opt/rustwide/target/debug/deps/libbytes-9ae97ad8dbf25ba6.rlib" "/opt/rustwide/target/debug/deps/libfnv-6f4452e033ff10c8.rlib" "/opt/rustwide/target/debug/deps/libbacktrace-5181f6b01b5c199b.rlib" "/opt/rustwide/target/debug/deps/libbacktrace_sys-f278d05e25fb6af8.rlib" "/opt/rustwide/target/debug/deps/liblibc-df8c29425271c273.rlib" "/opt/rustwide/target/debug/deps/libcfg_if-e7a28af79b261e75.rlib" "/opt/rustwide/target/debug/deps/librustc_demangle-42fe64f6e8239dbf.rlib" "-Wl,--start-group" "/opt/rustwide/rustup-home/toolchains/1.54.0-x86_64-unknown-linux-gnu/lib/rustlib/x86_64-unknown-linux-gnu/lib/libstd-2420485b9e5ef5e1.rlib" "/opt/rustwide/rustup-home/toolchains/1.54.0-x86_64-unknown-linux-gnu/lib/rustlib/x86_64-unknown-linux-gnu/lib/libpanic_unwind-785e3cb61c4b1960.rlib" "/opt/rustwide/rustup-home/toolchains/1.54.0-x86_64-unknown-linux-gnu/lib/rustlib/x86_64-unknown-linux-gnu/lib/libminiz_oxide-087191a88bdaa22d.rlib" "/opt/rustwide/rustup-home/toolchains/1.54.0-x86_64-unknown-linux-gnu/lib/rustlib/x86_64-unknown-linux-gnu/lib/libadler-9981842c02975178.rlib" "/opt/rustwide/rustup-home/toolchains/1.54.0-x86_64-unknown-linux-gnu/lib/rustlib/x86_64-unknown-linux-gnu/lib/libobject-6fb405869b015fde.rlib" "/opt/rustwide/rustup-home/toolchains/1.54.0-x86_64-unknown-linux-gnu/lib/rustlib/x86_64-unknown-linux-gnu/lib/libaddr2line-d05c5c3c56004b7b.rlib" "/opt/rustwide/rustup-home/toolchains/1.54.0-x86_64-unknown-linux-gnu/lib/rustlib/x86_64-unknown-linux-gnu/lib/libgimli-42d74d2097528b38.rlib" "/opt/rustwide/rustup-home/toolchains/1.54.0-x86_64-unknown-linux-gnu/lib/rustlib/x86_64-unknown-linux-gnu/lib/libstd_detect-fb36534c113d2209.rlib" "/opt/rustwide/rustup-home/toolchains/1.54.0-x86_64-unknown-linux-gnu/lib/rustlib/x86_64-unknown-linux-gnu/lib/librustc_demangle-b56b9042c12b6535.rlib" "/opt/rustwide/rustup-home/toolchains/1.54.0-x86_64-unknown-linux-gnu/lib/rustlib/x86_64-unknown-linux-gnu/lib/libhashbrown-491902d6cb3e76df.rlib" "/opt/rustwide/rustup-home/toolchains/1.54.0-x86_64-unknown-linux-gnu/lib/rustlib/x86_64-unknown-linux-gnu/lib/librustc_std_workspace_alloc-61834e0981b8c367.rlib" "/opt/rustwide/rustup-home/toolchains/1.54.0-x86_64-unknown-linux-gnu/lib/rustlib/x86_64-unknown-linux-gnu/lib/libunwind-f78aa99d613a55bc.rlib" "/opt/rustwide/rustup-home/toolchains/1.54.0-x86_64-unknown-linux-gnu/lib/rustlib/x86_64-unknown-linux-gnu/lib/libcfg_if-53ee54cd7fed2c57.rlib" "/opt/rustwide/rustup-home/toolchains/1.54.0-x86_64-unknown-linux-gnu/lib/rustlib/x86_64-unknown-linux-gnu/lib/liblibc-544ecdbd6cda3c58.rlib" "/opt/rustwide/rustup-home/toolchains/1.54.0-x86_64-unknown-linux-gnu/lib/rustlib/x86_64-unknown-linux-gnu/lib/liballoc-379cc252b6943a79.rlib" "/opt/rustwide/rustup-home/toolchains/1.54.0-x86_64-unknown-linux-gnu/lib/rustlib/x86_64-unknown-linux-gnu/lib/librustc_std_workspace_core-8063eea38dcc5e62.rlib" "/opt/rustwide/rustup-home/toolchains/1.54.0-x86_64-unknown-linux-gnu/lib/rustlib/x86_64-unknown-linux-gnu/lib/libcore-5b228734afae15ee.rlib" "-Wl,--end-group" "/opt/rustwide/rustup-home/toolchains/1.54.0-x86_64-unknown-linux-gnu/lib/rustlib/x86_64-unknown-linux-gnu/lib/libcompiler_builtins-d6c7a399d95d173f.rlib" "-Wl,-Bdynamic" "-lssl" "-lcrypto" "-lutil" "-lgcc_s" "-lutil" "-lrt" "-lpthread" "-lm" "-ldl" "-lc" "-Wl,--eh-frame-hdr" "-Wl,-znoexecstack" "-L" "/opt/rustwide/rustup-home/toolchains/1.54.0-x86_64-unknown-linux-gnu/lib/rustlib/x86_64-unknown-linux-gnu/lib" "-o" "/tmp/rustdoctestplW4Gq/rust_out" "-Wl,--gc-sections" "-pie" "-Wl,-zrelro" "-Wl,-znow" "-nodefaultlibs"
[INFO] [stdout]   = note: collect2: fatal error: ld terminated with signal 9 [Killed]
[INFO] [stdout]           compilation terminated.
[INFO] [stdout]           
[INFO] [stdout] 
[INFO] [stdout] error: aborting due to previous error
[INFO] [stdout] 
[INFO] [stdout] Couldn't compile the test.
[INFO] [stdout] ---- src/lib.rs - Algorithmia::client (line 84) stdout ----
[INFO] [stdout] error: linking with `cc` failed: exit status: 1
[INFO] [stdout]   |
[INFO] [stdout]   = note: "cc" "-m64" "/tmp/rustdoctestZj3M1i/rust_out.rust_out.7rcbfp3g-cgu.0.rcgu.o" "/tmp/rustdoctestZj3M1i/rust_out.33dyzt1ekirinwy8.rcgu.o" "-Wl,--as-needed" "-L" "/opt/rustwide/target/debug/deps" "-L" "/opt/rustwide/target/debug/deps" "-L" "/opt/rustwide/target/debug/build/backtrace-sys-dc816215ff5f9290/out" "-L" "/opt/rustwide/rustup-home/toolchains/1.54.0-x86_64-unknown-linux-gnu/lib/rustlib/x86_64-unknown-linux-gnu/lib" "-Wl,-Bstatic" "/opt/rustwide/target/debug/deps/libalgorithmia-744b7d734ee8407d.rlib" "/opt/rustwide/target/debug/deps/libchrono-009884ee8d90a871.rlib" "/opt/rustwide/target/debug/deps/libnum_integer-e15ea043dc5b0ddb.rlib" "/opt/rustwide/target/debug/deps/libnum_traits-0ee8725efa9c7169.rlib" "/opt/rustwide/target/debug/deps/libheaders-b2ba9cc2d0eced25.rlib" "/opt/rustwide/target/debug/deps/libsha1-e5b49ebb7d903229.rlib" "/opt/rustwide/target/debug/deps/libfake_simd-5cac25f66b22e18a.rlib" "/opt/rustwide/target/debug/deps/libdigest-96c1a0ee20571c87.rlib" "/opt/rustwide/target/debug/deps/libopaque_debug-abc732d989c9d05a.rlib" "/opt/rustwide/target/debug/deps/libblock_buffer-6fa777f0265bc4c6.rlib" "/opt/rustwide/target/debug/deps/libgeneric_array-4ecc7443b71ac982.rlib" "/opt/rustwide/target/debug/deps/libtypenum-e2cd746f9039c68d.rlib" "/opt/rustwide/target/debug/deps/libblock_padding-24376a58a4f53824.rlib" "/opt/rustwide/target/debug/deps/libbyte_tools-a0454fdb8e320603.rlib" "/opt/rustwide/target/debug/deps/libbyteorder-60bccf57c9d2cabf.rlib" "/opt/rustwide/target/debug/deps/libheaders_core-ee4891a82726dad3.rlib" "/opt/rustwide/target/debug/deps/libreqwest-44cb5ad8782b9ce2.rlib" "/opt/rustwide/target/debug/deps/libhyper_tls-36d1d4cb30a6b4b9.rlib" "/opt/rustwide/target/debug/deps/libtokio_tls-1d11479f38b5a5d3.rlib" "/opt/rustwide/target/debug/deps/libencoding_rs-5a1aba6771ae01bc.rlib" "/opt/rustwide/target/debug/deps/libserde_urlencoded-86979a9c37958893.rlib" "/opt/rustwide/target/debug/deps/libdtoa-711e034e13d76af2.rlib" "/opt/rustwide/target/debug/deps/libserde_json-f3dc120188c2debc.rlib" "/opt/rustwide/target/debug/deps/libryu-1635665e46e4f75a.rlib" "/opt/rustwide/target/debug/deps/libserde-81d05bb00ecce485.rlib" "/opt/rustwide/target/debug/deps/libbase64-694bc314fb1cc938.rlib" "/opt/rustwide/target/debug/deps/libmime_guess-02af047cdcbe3d5a.rlib" "/opt/rustwide/target/debug/deps/libunicase-4774d89067cf2169.rlib" "/opt/rustwide/target/debug/deps/libmime-12522ef5c2462da9.rlib" "/opt/rustwide/target/debug/deps/libnative_tls-ae00e76b02d8c614.rlib" "/opt/rustwide/target/debug/deps/libopenssl_probe-448ee40efb9df675.rlib" "/opt/rustwide/target/debug/deps/libopenssl-b27788957e0ad3ff.rlib" "/opt/rustwide/target/debug/deps/libopenssl_sys-0f70115d8d80e6e2.rlib" "/opt/rustwide/target/debug/deps/libforeign_types-6dd7ccee81750d2f.rlib" "/opt/rustwide/target/debug/deps/libforeign_types_shared-1812f2e1ab1a4883.rlib" "/opt/rustwide/target/debug/deps/libbitflags-f89ae4b715176e2d.rlib" "/opt/rustwide/target/debug/deps/libhyper-5963ba16767fed33.rlib" "/opt/rustwide/target/debug/deps/libhttparse-7d96f3722cd1a069.rlib" "/opt/rustwide/target/debug/deps/libwant-aa3277b20e89454f.rlib" "/opt/rustwide/target/debug/deps/libtry_lock-c129b4a0d2fd16a1.rlib" "/opt/rustwide/target/debug/deps/libh2-2e1e9b6da02f9c5e.rlib" "/opt/rustwide/target/debug/deps/libindexmap-40347e8604dee585.rlib" "/opt/rustwide/target/debug/deps/libtokio_util-e334f629409ef075.rlib" "/opt/rustwide/target/debug/deps/libfutures_sink-6e46799fb7fc7a43.rlib" "/opt/rustwide/target/debug/deps/libtime-7feb8bc0a5fb72cb.rlib" "/opt/rustwide/target/debug/deps/libtower_service-f2293a18d860c644.rlib" "/opt/rustwide/target/debug/deps/libfutures_channel-04d259553e786667.rlib" "/opt/rustwide/target/debug/deps/libpin_project-494a9661f4f0a47e.rlib" "/opt/rustwide/target/debug/deps/libtokio-c4c694ff4777bad3.rlib" "/opt/rustwide/target/debug/deps/libnum_cpus-9f0a887c728f697b.rlib" "/opt/rustwide/target/debug/deps/libmio-b8d8d1939b65ffe9.rlib" "/opt/rustwide/target/debug/deps/libiovec-1bea29184eed618d.rlib" "/opt/rustwide/target/debug/deps/libnet2-3d00d089547dd647.rlib" "/opt/rustwide/target/debug/deps/libpin_project_lite-2e9f96f152bd93bd.rlib" "/opt/rustwide/target/debug/deps/libhttp_body-676c684dd6cb9245.rlib" "/opt/rustwide/target/debug/deps/liblog-5b2a258a36d50712.rlib" "/opt/rustwide/target/debug/deps/libfutures_util-5b1a16a24e553eae.rlib" "/opt/rustwide/target/debug/deps/libmemchr-e233d6e6666c118f.rlib" "/opt/rustwide/target/debug/deps/libfutures_io-cf5119425d70664b.rlib" "/opt/rustwide/target/debug/deps/libslab-a95947d689540fa4.rlib" "/opt/rustwide/target/debug/deps/libfutures_task-dc23ef10cf693313.rlib" "/opt/rustwide/target/debug/deps/libpin_utils-b4e58242b0fda381.rlib" "/opt/rustwide/target/debug/deps/libfutures_core-78c85c529d2921be.rlib" "/opt/rustwide/target/debug/deps/liblazy_static-5c53d641eb010a81.rlib" "/opt/rustwide/target/debug/deps/liburl-6bd703d3e8e1e2fc.rlib" "/opt/rustwide/target/debug/deps/libpercent_encoding-549c334c22432c49.rlib" "/opt/rustwide/target/debug/deps/libidna-e98877176190acd9.rlib" "/opt/rustwide/target/debug/deps/libunicode_normalization-e5d144e862bb948b.rlib" "/opt/rustwide/target/debug/deps/libsmallvec-c6a8afff2e82f140.rlib" "/opt/rustwide/target/debug/deps/libunicode_bidi-658b16b5d9bb5631.rlib" "/opt/rustwide/target/debug/deps/libmatches-5bfcef5685786a07.rlib" "/opt/rustwide/target/debug/deps/libhttp-2dbc2694fab50b79.rlib" "/opt/rustwide/target/debug/deps/libitoa-1641cc2ee1a5347c.rlib" "/opt/rustwide/target/debug/deps/libbytes-9ae97ad8dbf25ba6.rlib" "/opt/rustwide/target/debug/deps/libfnv-6f4452e033ff10c8.rlib" "/opt/rustwide/target/debug/deps/libbacktrace-5181f6b01b5c199b.rlib" "/opt/rustwide/target/debug/deps/libbacktrace_sys-f278d05e25fb6af8.rlib" "/opt/rustwide/target/debug/deps/liblibc-df8c29425271c273.rlib" "/opt/rustwide/target/debug/deps/libcfg_if-e7a28af79b261e75.rlib" "/opt/rustwide/target/debug/deps/librustc_demangle-42fe64f6e8239dbf.rlib" "-Wl,--start-group" "/opt/rustwide/rustup-home/toolchains/1.54.0-x86_64-unknown-linux-gnu/lib/rustlib/x86_64-unknown-linux-gnu/lib/libstd-2420485b9e5ef5e1.rlib" "/opt/rustwide/rustup-home/toolchains/1.54.0-x86_64-unknown-linux-gnu/lib/rustlib/x86_64-unknown-linux-gnu/lib/libpanic_unwind-785e3cb61c4b1960.rlib" "/opt/rustwide/rustup-home/toolchains/1.54.0-x86_64-unknown-linux-gnu/lib/rustlib/x86_64-unknown-linux-gnu/lib/libminiz_oxide-087191a88bdaa22d.rlib" "/opt/rustwide/rustup-home/toolchains/1.54.0-x86_64-unknown-linux-gnu/lib/rustlib/x86_64-unknown-linux-gnu/lib/libadler-9981842c02975178.rlib" "/opt/rustwide/rustup-home/toolchains/1.54.0-x86_64-unknown-linux-gnu/lib/rustlib/x86_64-unknown-linux-gnu/lib/libobject-6fb405869b015fde.rlib" "/opt/rustwide/rustup-home/toolchains/1.54.0-x86_64-unknown-linux-gnu/lib/rustlib/x86_64-unknown-linux-gnu/lib/libaddr2line-d05c5c3c56004b7b.rlib" "/opt/rustwide/rustup-home/toolchains/1.54.0-x86_64-unknown-linux-gnu/lib/rustlib/x86_64-unknown-linux-gnu/lib/libgimli-42d74d2097528b38.rlib" "/opt/rustwide/rustup-home/toolchains/1.54.0-x86_64-unknown-linux-gnu/lib/rustlib/x86_64-unknown-linux-gnu/lib/libstd_detect-fb36534c113d2209.rlib" "/opt/rustwide/rustup-home/toolchains/1.54.0-x86_64-unknown-linux-gnu/lib/rustlib/x86_64-unknown-linux-gnu/lib/librustc_demangle-b56b9042c12b6535.rlib" "/opt/rustwide/rustup-home/toolchains/1.54.0-x86_64-unknown-linux-gnu/lib/rustlib/x86_64-unknown-linux-gnu/lib/libhashbrown-491902d6cb3e76df.rlib" "/opt/rustwide/rustup-home/toolchains/1.54.0-x86_64-unknown-linux-gnu/lib/rustlib/x86_64-unknown-linux-gnu/lib/librustc_std_workspace_alloc-61834e0981b8c367.rlib" "/opt/rustwide/rustup-home/toolchains/1.54.0-x86_64-unknown-linux-gnu/lib/rustlib/x86_64-unknown-linux-gnu/lib/libunwind-f78aa99d613a55bc.rlib" "/opt/rustwide/rustup-home/toolchains/1.54.0-x86_64-unknown-linux-gnu/lib/rustlib/x86_64-unknown-linux-gnu/lib/libcfg_if-53ee54cd7fed2c57.rlib" "/opt/rustwide/rustup-home/toolchains/1.54.0-x86_64-unknown-linux-gnu/lib/rustlib/x86_64-unknown-linux-gnu/lib/liblibc-544ecdbd6cda3c58.rlib" "/opt/rustwide/rustup-home/toolchains/1.54.0-x86_64-unknown-linux-gnu/lib/rustlib/x86_64-unknown-linux-gnu/lib/liballoc-379cc252b6943a79.rlib" "/opt/rustwide/rustup-home/toolchains/1.54.0-x86_64-unknown-linux-gnu/lib/rustlib/x86_64-unknown-linux-gnu/lib/librustc_std_workspace_core-8063eea38dcc5e62.rlib" "/opt/rustwide/rustup-home/toolchains/1.54.0-x86_64-unknown-linux-gnu/lib/rustlib/x86_64-unknown-linux-gnu/lib/libcore-5b228734afae15ee.rlib" "-Wl,--end-group" "/opt/rustwide/rustup-home/toolchains/1.54.0-x86_64-unknown-linux-gnu/lib/rustlib/x86_64-unknown-linux-gnu/lib/libcompiler_builtins-d6c7a399d95d173f.rlib" "-Wl,-Bdynamic" "-lssl" "-lcrypto" "-lutil" "-lgcc_s" "-lutil" "-lrt" "-lpthread" "-lm" "-ldl" "-lc" "-Wl,--eh-frame-hdr" "-Wl,-znoexecstack" "-L" "/opt/rustwide/rustup-home/toolchains/1.54.0-x86_64-unknown-linux-gnu/lib/rustlib/x86_64-unknown-linux-gnu/lib" "-o" "/tmp/rustdoctestZj3M1i/rust_out" "-Wl,--gc-sections" "-pie" "-Wl,-zrelro" "-Wl,-znow" "-nodefaultlibs"
[INFO] [stdout]   = note: collect2: fatal error: ld terminated with signal 9 [Killed]
[INFO] [stdout]           compilation terminated.
[INFO] [stdout]           
[INFO] [stdout] 
[INFO] [stdout] error: aborting due to previous error
[INFO] [stdout] 
[INFO] [stdout] Couldn't compile the test.
[INFO] [stdout] 
[INFO] [stdout] failures:
[INFO] [stdout]     src/data/path.rs - data::path::HasDataPath::parent (line 47)
[INFO] [stdout]     src/lib.rs - Algorithmia::client (line 84)
[INFO] [stdout]     src/lib.rs - Algorithmia::dir (line 126)
[INFO] [stdout] 
[INFO] [stdout] test result: FAILED. 23 passed; 3 failed; 0 ignored; 0 measured; 0 filtered out; finished in 16.16s
[INFO] [stdout] 
[INFO] [stderr] error: test failed, to rerun pass '--doc'
[INFO] running `Command { std: "docker" "inspect" "71c24ccdc98294f8447fc3a7cba9ae39652f1c7c637440326ca7bfa7d3a7630c", kill_on_drop: false }`
[INFO] running `Command { std: "docker" "rm" "-f" "71c24ccdc98294f8447fc3a7cba9ae39652f1c7c637440326ca7bfa7d3a7630c", kill_on_drop: false }`
[INFO] [stdout] 71c24ccdc98294f8447fc3a7cba9ae39652f1c7c637440326ca7bfa7d3a7630c
