[INFO] fetching crate alfred-gitignore 2.1.0...
[INFO] testing alfred-gitignore-2.1.0 against 1.54.0 for beta-1.55-1
[INFO] extracting crate alfred-gitignore 2.1.0 into /workspace/builds/worker-12/source
[INFO] validating manifest of crates.io crate alfred-gitignore 2.1.0 on toolchain 1.54.0
[INFO] running `Command { std: "/workspace/cargo-home/bin/cargo" "+1.54.0" "metadata" "--manifest-path" "Cargo.toml" "--no-deps", kill_on_drop: false }`
[INFO] started tweaking crates.io crate alfred-gitignore 2.1.0
[INFO] finished tweaking crates.io crate alfred-gitignore 2.1.0
[INFO] tweaked toml for crates.io crate alfred-gitignore 2.1.0 written to /workspace/builds/worker-12/source/Cargo.toml
[INFO] crate crates.io crate alfred-gitignore 2.1.0 already has a lockfile, it will not be regenerated
[INFO] running `Command { std: "/workspace/cargo-home/bin/cargo" "+1.54.0" "fetch" "--manifest-path" "Cargo.toml", kill_on_drop: false }`
[INFO] [stderr]     Blocking waiting for file lock on package cache
[INFO] [stderr]  Downloading crates ...
[INFO] [stderr]   Downloaded mockito v0.27.0
[INFO] running `Command { std: "docker" "create" "-v" "/var/lib/crater-agent-workspace/builds/worker-12/target:/opt/rustwide/target:rw,Z" "-v" "/var/lib/crater-agent-workspace/builds/worker-12/source:/opt/rustwide/workdir:ro,Z" "-v" "/var/lib/crater-agent-workspace/cargo-home:/opt/rustwide/cargo-home:ro,Z" "-v" "/var/lib/crater-agent-workspace/rustup-home:/opt/rustwide/rustup-home:ro,Z" "-e" "SOURCE_DIR=/opt/rustwide/workdir" "-e" "CARGO_TARGET_DIR=/opt/rustwide/target" "-e" "CARGO_HOME=/opt/rustwide/cargo-home" "-e" "RUSTUP_HOME=/opt/rustwide/rustup-home" "-w" "/opt/rustwide/workdir" "-m" "1610612736" "--user" "0:0" "--network" "none" "ghcr.io/rust-lang/crates-build-env/linux@sha256:34b6a614d2c27851fe6cbf88fbd1137609cefab8b10d0615aaeb6fd47975d74e" "/opt/rustwide/cargo-home/bin/cargo" "+1.54.0" "metadata" "--no-deps" "--format-version=1", kill_on_drop: false }`
[INFO] [stdout] 9ceb2b74d734f7d9523ab18340829753809cbedd3e06c178f970d43e8b23563d
[INFO] [stderr] WARNING: Your kernel does not support swap limit capabilities or the cgroup is not mounted. Memory limited without swap.
[INFO] running `Command { std: "docker" "start" "-a" "9ceb2b74d734f7d9523ab18340829753809cbedd3e06c178f970d43e8b23563d", kill_on_drop: false }`
[INFO] running `Command { std: "docker" "inspect" "9ceb2b74d734f7d9523ab18340829753809cbedd3e06c178f970d43e8b23563d", kill_on_drop: false }`
[INFO] running `Command { std: "docker" "rm" "-f" "9ceb2b74d734f7d9523ab18340829753809cbedd3e06c178f970d43e8b23563d", kill_on_drop: false }`
[INFO] [stdout] 9ceb2b74d734f7d9523ab18340829753809cbedd3e06c178f970d43e8b23563d
[INFO] running `Command { std: "docker" "create" "-v" "/var/lib/crater-agent-workspace/builds/worker-12/target:/opt/rustwide/target:rw,Z" "-v" "/var/lib/crater-agent-workspace/builds/worker-12/source:/opt/rustwide/workdir:ro,Z" "-v" "/var/lib/crater-agent-workspace/cargo-home:/opt/rustwide/cargo-home:ro,Z" "-v" "/var/lib/crater-agent-workspace/rustup-home:/opt/rustwide/rustup-home:ro,Z" "-e" "SOURCE_DIR=/opt/rustwide/workdir" "-e" "CARGO_TARGET_DIR=/opt/rustwide/target" "-e" "CARGO_INCREMENTAL=0" "-e" "RUST_BACKTRACE=full" "-e" "RUSTFLAGS=--cap-lints=warn" "-e" "CARGO_HOME=/opt/rustwide/cargo-home" "-e" "RUSTUP_HOME=/opt/rustwide/rustup-home" "-w" "/opt/rustwide/workdir" "-m" "1610612736" "--user" "0:0" "--network" "none" "ghcr.io/rust-lang/crates-build-env/linux@sha256:34b6a614d2c27851fe6cbf88fbd1137609cefab8b10d0615aaeb6fd47975d74e" "/opt/rustwide/cargo-home/bin/cargo" "+1.54.0" "build" "--frozen" "--message-format=json", kill_on_drop: false }`
[INFO] [stdout] 4f366a4b23c168b3564df3b2338c25d5db2ad77e1831c10ed914c2dd470f7424
[INFO] [stderr] WARNING: Your kernel does not support swap limit capabilities or the cgroup is not mounted. Memory limited without swap.
[INFO] running `Command { std: "docker" "start" "-a" "4f366a4b23c168b3564df3b2338c25d5db2ad77e1831c10ed914c2dd470f7424", kill_on_drop: false }`
[INFO] [stderr]     Blocking waiting for file lock on package cache
[INFO] [stderr]     Blocking waiting for file lock on package cache
[INFO] [stderr]    Compiling libc v0.2.69
[INFO] [stderr]    Compiling cc v1.0.51
[INFO] [stderr]    Compiling autocfg v1.0.0
[INFO] [stderr]    Compiling version_check v0.9.1
[INFO] [stderr]    Compiling proc-macro2 v1.0.10
[INFO] [stderr]    Compiling log v0.4.8
[INFO] [stderr]    Compiling syn v1.0.17
[INFO] [stderr]    Compiling pkg-config v0.3.17
[INFO] [stderr]    Compiling memchr v2.3.3
[INFO] [stderr]    Compiling fnv v1.0.6
[INFO] [stderr]    Compiling bytes v0.5.4
[INFO] [stderr]    Compiling itoa v0.4.5
[INFO] [stderr]    Compiling futures-core v0.3.4
[INFO] [stderr]    Compiling pin-project-lite v0.1.4
[INFO] [stderr]    Compiling serde v1.0.106
[INFO] [stderr]    Compiling openssl v0.10.29
[INFO] [stderr]    Compiling futures-sink v0.3.4
[INFO] [stderr]    Compiling httparse v1.3.4
[INFO] [stderr]    Compiling smallvec v1.3.0
[INFO] [stderr]    Compiling futures-task v0.3.4
[INFO] [stderr]    Compiling native-tls v0.2.4
[INFO] [stderr]    Compiling futures-io v0.3.4
[INFO] [stderr]    Compiling ryu v1.0.3
[INFO] [stderr]    Compiling openssl-probe v0.1.2
[INFO] [stderr]    Compiling crc32fast v1.2.0
[INFO] [stderr]    Compiling try-lock v0.2.2
[INFO] [stderr]    Compiling tower-service v0.3.0
[INFO] [stderr]    Compiling encoding_rs v0.8.22
[INFO] [stderr]    Compiling adler32 v1.0.4
[INFO] [stderr]    Compiling dtoa v0.4.5
[INFO] [stderr]    Compiling unicode-width v0.1.7
[INFO] [stderr]    Compiling vec_map v0.8.1
[INFO] [stderr]    Compiling podio v0.1.6
[INFO] [stderr]    Compiling base64 v0.12.1
[INFO] [stderr]    Compiling ipnet v2.3.0
[INFO] [stderr]    Compiling futures-channel v0.3.4
[INFO] [stderr]    Compiling unicode-bidi v0.3.4
[INFO] [stderr]    Compiling unicode-normalization v0.1.12
[INFO] [stderr]    Compiling http v0.2.1
[INFO] [stderr]    Compiling unicase v2.6.0
[INFO] [stderr]    Compiling proc-macro-error-attr v1.0.2
[INFO] [stderr]    Compiling proc-macro-error v1.0.2
[INFO] [stderr]    Compiling indexmap v1.3.2
[INFO] [stderr]    Compiling miniz_oxide v0.3.6
[INFO] [stderr]    Compiling textwrap v0.11.0
[INFO] [stderr]    Compiling want v0.3.0
[INFO] [stderr]    Compiling futures-util v0.3.4
[INFO] [stderr]    Compiling quote v1.0.3
[INFO] [stderr]    Compiling idna v0.2.0
[INFO] [stderr]    Compiling openssl-sys v0.9.55
[INFO] [stderr]    Compiling bzip2-sys v0.1.8+1.0.8
[INFO] [stderr]    Compiling net2 v0.2.33
[INFO] [stderr]    Compiling iovec v0.1.4
[INFO] [stderr]    Compiling num_cpus v1.13.0
[INFO] [stderr]    Compiling time v0.1.43
[INFO] [stderr]    Compiling flate2 v1.0.14
[INFO] [stderr]    Compiling atty v0.2.14
[INFO] [stderr]    Compiling mime_guess v2.0.3
[INFO] [stderr]    Compiling clap v2.33.2
[INFO] [stderr]    Compiling mio v0.6.21
[INFO] [stderr]    Compiling url v2.1.1
[INFO] [stderr]    Compiling bzip2 v0.3.3
[INFO] [stderr]    Compiling tokio v0.2.18
[INFO] [stderr]    Compiling zip v0.5.6
[INFO] [stderr]    Compiling http-body v0.3.1
[INFO] [stderr]    Compiling serde_urlencoded v0.6.1
[INFO] [stderr]    Compiling serde_json v1.0.51
[INFO] [stderr]    Compiling tokio-util v0.3.1
[INFO] [stderr]    Compiling alfred v4.0.2
[INFO] [stderr]    Compiling tokio-tls v0.3.0
[INFO] [stderr]    Compiling h2 v0.2.4
[INFO] [stderr]    Compiling syn-mid v0.5.0
[INFO] [stderr]    Compiling pin-project-internal v0.4.9
[INFO] [stderr]    Compiling getset v0.1.1
[INFO] [stderr]    Compiling pin-project v0.4.9
[INFO] [stderr]    Compiling hyper v0.13.5
[INFO] [stderr]    Compiling hyper-tls v0.4.1
[INFO] [stderr]    Compiling reqwest v0.10.7
[INFO] [stderr]    Compiling alfred-gitignore v2.1.0 (/opt/rustwide/workdir)
[INFO] [stderr]     Finished dev [unoptimized + debuginfo] target(s) in 2m 19s
[INFO] running `Command { std: "docker" "inspect" "4f366a4b23c168b3564df3b2338c25d5db2ad77e1831c10ed914c2dd470f7424", kill_on_drop: false }`
[INFO] running `Command { std: "docker" "rm" "-f" "4f366a4b23c168b3564df3b2338c25d5db2ad77e1831c10ed914c2dd470f7424", kill_on_drop: false }`
[INFO] [stdout] 4f366a4b23c168b3564df3b2338c25d5db2ad77e1831c10ed914c2dd470f7424
[INFO] running `Command { std: "docker" "create" "-v" "/var/lib/crater-agent-workspace/builds/worker-12/target:/opt/rustwide/target:rw,Z" "-v" "/var/lib/crater-agent-workspace/builds/worker-12/source:/opt/rustwide/workdir:ro,Z" "-v" "/var/lib/crater-agent-workspace/cargo-home:/opt/rustwide/cargo-home:ro,Z" "-v" "/var/lib/crater-agent-workspace/rustup-home:/opt/rustwide/rustup-home:ro,Z" "-e" "SOURCE_DIR=/opt/rustwide/workdir" "-e" "CARGO_TARGET_DIR=/opt/rustwide/target" "-e" "CARGO_INCREMENTAL=0" "-e" "RUST_BACKTRACE=full" "-e" "RUSTFLAGS=--cap-lints=warn" "-e" "CARGO_HOME=/opt/rustwide/cargo-home" "-e" "RUSTUP_HOME=/opt/rustwide/rustup-home" "-w" "/opt/rustwide/workdir" "-m" "1610612736" "--user" "0:0" "--network" "none" "ghcr.io/rust-lang/crates-build-env/linux@sha256:34b6a614d2c27851fe6cbf88fbd1137609cefab8b10d0615aaeb6fd47975d74e" "/opt/rustwide/cargo-home/bin/cargo" "+1.54.0" "test" "--frozen" "--no-run" "--message-format=json", kill_on_drop: false }`
[INFO] [stdout] a23075545229bc2e678c5260f67e0bbd0adb24dfc3450587e1588369839ebf38
[INFO] [stderr] WARNING: Your kernel does not support swap limit capabilities or the cgroup is not mounted. Memory limited without swap.
[INFO] running `Command { std: "docker" "start" "-a" "a23075545229bc2e678c5260f67e0bbd0adb24dfc3450587e1588369839ebf38", kill_on_drop: false }`
[INFO] [stderr]    Compiling getrandom v0.1.14
[INFO] [stderr]    Compiling ppv-lite86 v0.2.6
[INFO] [stderr]    Compiling regex-syntax v0.6.17
[INFO] [stderr]    Compiling doc-comment v0.3.3
[INFO] [stderr]    Compiling predicates-core v1.0.0
[INFO] [stderr]    Compiling difference v2.0.0
[INFO] [stderr]    Compiling treeline v0.1.0
[INFO] [stderr]    Compiling normalize-line-endings v0.3.0
[INFO] [stderr]    Compiling remove_dir_all v0.5.2
[INFO] [stderr]    Compiling proc-macro-error-attr v0.4.12
[INFO] [stderr]    Compiling num-traits v0.2.11
[INFO] [stderr]    Compiling proc-macro-error v0.4.12
[INFO] [stderr]    Compiling thread_local v1.0.1
[INFO] [stderr]    Compiling aho-corasick v0.7.10
[INFO] [stderr]    Compiling wait-timeout v0.2.0
[INFO] [stderr]    Compiling colored v1.9.3
[INFO] [stderr]    Compiling predicates-tree v1.0.0
[INFO] [stderr]    Compiling rand_core v0.5.1
[INFO] [stderr]    Compiling rand_chacha v0.2.2
[INFO] [stderr]    Compiling float-cmp v0.8.0
[INFO] [stderr]    Compiling rand v0.7.3
[INFO] [stderr]    Compiling extend v0.1.1
[INFO] [stderr]    Compiling regex v1.3.7
[INFO] [stderr]    Compiling tempfile v3.1.0
[INFO] [stderr]    Compiling predicates v1.0.5
[INFO] [stderr]    Compiling assert_cmd v1.0.1
[INFO] [stderr]    Compiling assert-json-diff v1.0.3
[INFO] [stderr]    Compiling mockito v0.27.0
[INFO] [stderr]    Compiling alfred-gitignore v2.1.0 (/opt/rustwide/workdir)
[INFO] [stderr]     Finished test [unoptimized + debuginfo] target(s) in 35.55s
[INFO] running `Command { std: "docker" "inspect" "a23075545229bc2e678c5260f67e0bbd0adb24dfc3450587e1588369839ebf38", kill_on_drop: false }`
[INFO] running `Command { std: "docker" "rm" "-f" "a23075545229bc2e678c5260f67e0bbd0adb24dfc3450587e1588369839ebf38", kill_on_drop: false }`
[INFO] [stdout] a23075545229bc2e678c5260f67e0bbd0adb24dfc3450587e1588369839ebf38
[INFO] running `Command { std: "docker" "create" "-v" "/var/lib/crater-agent-workspace/builds/worker-12/target:/opt/rustwide/target:rw,Z" "-v" "/var/lib/crater-agent-workspace/builds/worker-12/source:/opt/rustwide/workdir:ro,Z" "-v" "/var/lib/crater-agent-workspace/cargo-home:/opt/rustwide/cargo-home:ro,Z" "-v" "/var/lib/crater-agent-workspace/rustup-home:/opt/rustwide/rustup-home:ro,Z" "-e" "SOURCE_DIR=/opt/rustwide/workdir" "-e" "CARGO_TARGET_DIR=/opt/rustwide/target" "-e" "CARGO_INCREMENTAL=0" "-e" "RUST_BACKTRACE=full" "-e" "RUSTFLAGS=--cap-lints=warn" "-e" "CARGO_HOME=/opt/rustwide/cargo-home" "-e" "RUSTUP_HOME=/opt/rustwide/rustup-home" "-w" "/opt/rustwide/workdir" "-m" "1610612736" "--user" "0:0" "--network" "none" "ghcr.io/rust-lang/crates-build-env/linux@sha256:34b6a614d2c27851fe6cbf88fbd1137609cefab8b10d0615aaeb6fd47975d74e" "/opt/rustwide/cargo-home/bin/cargo" "+1.54.0" "test" "--frozen", kill_on_drop: false }`
[INFO] [stdout] 35764c006c331da4b25fdd9c3ef876240ce2f831c83e4413e12d30a8a6a308ef
[INFO] [stderr] WARNING: Your kernel does not support swap limit capabilities or the cgroup is not mounted. Memory limited without swap.
[INFO] running `Command { std: "docker" "start" "-a" "35764c006c331da4b25fdd9c3ef876240ce2f831c83e4413e12d30a8a6a308ef", kill_on_drop: false }`
[INFO] [stderr]     Finished test [unoptimized + debuginfo] target(s) in 0.15s
[INFO] [stderr]      Running unittests (/opt/rustwide/target/debug/deps/alfred_gitignore-53704232dd5fcf0c)
[INFO] [stdout] 
[INFO] [stdout] running 14 tests
[INFO] [stdout] test repository::tests::new_with_existing_path ... ok
[INFO] [stdout] test repository::tests::new_with_empty_path ... ok
[INFO] [stdout] test query::tests::new_without_query ... ok
[INFO] [stdout] test query::tests::new_with_query ... ok
[INFO] [stdout] test query::tests::suggestions_with_match ... ok
[INFO] [stdout] test query::tests::suggestions_without_match ... ok
[INFO] [stdout] test query::tests::suggestions_without_query ... ok
[INFO] [stdout] test query::tests::sanitized_query ... ok
[INFO] [stdout] test builder::tests::file_name ... ok
[INFO] [stdout] test repository::tests::templates_returns_names ... ok
[INFO] [stdout] test builder::tests::build_two_files ... ok
[INFO] [stdout] test builder::tests::build_one_file ... ok
[INFO] [stdout] test repository::tests::download_archive ... ok
[INFO] [stdout] test repository::tests::extract_archive ... ok
[INFO] [stdout] 
[INFO] [stdout] test result: ok. 14 passed; 0 failed; 0 ignored; 0 measured; 0 filtered out; finished in 0.20s
[INFO] [stdout] 
[INFO] [stderr]      Running tests/build.rs (/opt/rustwide/target/debug/deps/build-40d2d23289088529)
[INFO] [stdout] 
[INFO] [stdout] running 1 test
[INFO] [stderr]      Running tests/select.rs (/opt/rustwide/target/debug/deps/select-578052c8daa87067)
[INFO] [stdout] test build ... ok
[INFO] [stdout] 
[INFO] [stdout] test result: ok. 1 passed; 0 failed; 0 ignored; 0 measured; 0 filtered out; finished in 0.18s
[INFO] [stdout] 
[INFO] [stdout] 
[INFO] [stdout] running 2 tests
[INFO] [stdout] test select_without_input ... ok
[INFO] [stderr]      Running tests/update.rs (/opt/rustwide/target/debug/deps/update-c6f20c449eb80fae)
[INFO] [stdout] test select_with_suggestions ... ok
[INFO] [stdout] 
[INFO] [stdout] test result: ok. 2 passed; 0 failed; 0 ignored; 0 measured; 0 filtered out; finished in 0.04s
[INFO] [stdout] 
[INFO] [stdout] 
[INFO] [stdout] running 1 test
[INFO] [stderr] error: test failed, to rerun pass '--test update'
[INFO] [stdout] test update ... FAILED
[INFO] [stdout] 
[INFO] [stdout] failures:
[INFO] [stdout] 
[INFO] [stdout] ---- update stdout ----
[INFO] [stdout] thread 'update' panicked at 'Unexpected failure.
[INFO] [stdout] code-101
[INFO] [stdout] stderr=```thread 'main' panicked at 'called `Result::unwrap()` on an `Err` value: reqwest::Error { kind: Request, url: "https://github.com/github/gitignore/archive/master.zip", source: hyper::Error(Connect, ConnectError("dns error", Custom { kind: Other, error: "failed to lookup address information: Temporary failure in name resolution" })) }', src/repository.rs:119:57
[INFO] [stdout] stack backtrace:
[INFO] [stdout]    0:     0x5594bcd007c0 - std::backtrace_rs::backtrace::libunwind::trace::h34055254b57d8e79
[INFO] [stdout]                                at /rustc/a178d0322ce20e33eac124758e837cbd80a6f633/library/std/src/../../backtrace/src/backtrace/libunwind.rs:90:5
[INFO] [stdout]    1:     0x5594bcd007c0 - std::backtrace_rs::backtrace::trace_unsynchronized::h8f1e3fbd9afff6ec
[INFO] [stdout]                                at /rustc/a178d0322ce20e33eac124758e837cbd80a6f633/library/std/src/../../backtrace/src/backtrace/mod.rs:66:5
[INFO] [stdout]    2:     0x5594bcd007c0 - std::sys_common::backtrace::_print_fmt::h3a99a796b770c360
[INFO] [stdout]                                at /rustc/a178d0322ce20e33eac124758e837cbd80a6f633/library/std/src/sys_common/backtrace.rs:67:5
[INFO] [stdout]    3:     0x5594bcd007c0 - <std::sys_common::backtrace::_print::DisplayBacktrace as core::fmt::Display>::fmt::h32d1f94a80615d18
[INFO] [stdout]                                at /rustc/a178d0322ce20e33eac124758e837cbd80a6f633/library/std/src/sys_common/backtrace.rs:46:22
[INFO] [stdout]    4:     0x5594bcd227ec - core::fmt::write::h306731c068f7162c
[INFO] [stdout]                                at /rustc/a178d0322ce20e33eac124758e837cbd80a6f633/library/core/src/fmt/mod.rs:1110:17
[INFO] [stdout]    5:     0x5594bccfae75 - std::io::Write::write_fmt::hd2fa90334eee2a21
[INFO] [stdout]                                at /rustc/a178d0322ce20e33eac124758e837cbd80a6f633/library/std/src/io/mod.rs:1588:15
[INFO] [stdout]    6:     0x5594bcd0286b - std::sys_common::backtrace::_print::h5abaa2601a852287
[INFO] [stdout]                                at /rustc/a178d0322ce20e33eac124758e837cbd80a6f633/library/std/src/sys_common/backtrace.rs:49:5
[INFO] [stdout]    7:     0x5594bcd0286b - std::sys_common::backtrace::print::h8d81445442bb638f
[INFO] [stdout]                                at /rustc/a178d0322ce20e33eac124758e837cbd80a6f633/library/std/src/sys_common/backtrace.rs:36:9
[INFO] [stdout]    8:     0x5594bcd0286b - std::panicking::default_hook::{{closure}}::hcfe804496a9fa747
[INFO] [stdout]                                at /rustc/a178d0322ce20e33eac124758e837cbd80a6f633/library/std/src/panicking.rs:208:50
[INFO] [stdout]    9:     0x5594bcd02341 - std::panicking::default_hook::hbea8e3ccf2ba8901
[INFO] [stdout]                                at /rustc/a178d0322ce20e33eac124758e837cbd80a6f633/library/std/src/panicking.rs:225:9
[INFO] [stdout]   10:     0x5594bcd02f34 - std::panicking::rust_panic_with_hook::h7ee9e1a2d0f8975a
[INFO] [stdout]                                at /rustc/a178d0322ce20e33eac124758e837cbd80a6f633/library/std/src/panicking.rs:622:17
[INFO] [stdout]   11:     0x5594bcd02a17 - std::panicking::begin_panic_handler::{{closure}}::h8ab3b4491718b2c7
[INFO] [stdout]                                at /rustc/a178d0322ce20e33eac124758e837cbd80a6f633/library/std/src/panicking.rs:519:13
[INFO] [stdout]   12:     0x5594bcd00cbc - std::sys_common::backtrace::__rust_end_short_backtrace::hd489062ffa586a9f
[INFO] [stdout]                                at /rustc/a178d0322ce20e33eac124758e837cbd80a6f633/library/std/src/sys_common/backtrace.rs:141:18
[INFO] [stdout]   13:     0x5594bcd02979 - rust_begin_unwind
[INFO] [stdout]                                at /rustc/a178d0322ce20e33eac124758e837cbd80a6f633/library/std/src/panicking.rs:515:5
[INFO] [stdout]   14:     0x5594bc7999b1 - core::panicking::panic_fmt::hca6330e3e14086b4
[INFO] [stdout]                                at /rustc/a178d0322ce20e33eac124758e837cbd80a6f633/library/core/src/panicking.rs:92:14
[INFO] [stdout]   15:     0x5594bc799aa3 - core::result::unwrap_failed::h6160d2b4bfbb0e87
[INFO] [stdout]                                at /rustc/a178d0322ce20e33eac124758e837cbd80a6f633/library/core/src/result.rs:1355:5
[INFO] [stdout]   16:     0x5594bc7b44cb - core::result::Result<T,E>::unwrap::h0dabc740fb5f04f8
[INFO] [stdout]                                at /rustc/a178d0322ce20e33eac124758e837cbd80a6f633/library/core/src/result.rs:1037:23
[INFO] [stdout]   17:     0x5594bc7a9636 - alfred_gitignore::repository::Repository::download_archive::ha23ebbf12bf598e9
[INFO] [stdout]                                at /opt/rustwide/workdir/src/repository.rs:119:28
[INFO] [stdout]   18:     0x5594bc7a9338 - alfred_gitignore::repository::Repository::update::h2a8e0ce5fb246caf
[INFO] [stdout]                                at /opt/rustwide/workdir/src/repository.rs:104:23
[INFO] [stdout]   19:     0x5594bc7b55e4 - alfred_gitignore::command::update::Update::perform::h8aafa2c33dfdb4b6
[INFO] [stdout]                                at /opt/rustwide/workdir/src/command/update.rs:21:15
[INFO] [stdout]   20:     0x5594bc7a7c6d - alfred_gitignore::main::h0d924ae3612a1123
[INFO] [stdout]                                at /opt/rustwide/workdir/src/main.rs:63:9
[INFO] [stdout]   21:     0x5594bc7b8b2b - core::ops::function::FnOnce::call_once::h12947dd3d476ab5e
[INFO] [stdout]                                at /rustc/a178d0322ce20e33eac124758e837cbd80a6f633/library/core/src/ops/function.rs:227:5
[INFO] [stdout]   22:     0x5594bc7b2eae - std::sys_common::backtrace::__rust_begin_short_backtrace::h4eecddcef2dea63e
[INFO] [stdout]                                at /rustc/a178d0322ce20e33eac124758e837cbd80a6f633/library/std/src/sys_common/backtrace.rs:125:18
[INFO] [stdout]   23:     0x5594bc7c3ec1 - std::rt::lang_start::{{closure}}::h18ab8549fffb514b
[INFO] [stdout]                                at /rustc/a178d0322ce20e33eac124758e837cbd80a6f633/library/std/src/rt.rs:49:18
[INFO] [stdout]   24:     0x5594bcd03539 - core::ops::function::impls::<impl core::ops::function::FnOnce<A> for &F>::call_once::h2aabc384aab89b7b
[INFO] [stdout]                                at /rustc/a178d0322ce20e33eac124758e837cbd80a6f633/library/core/src/ops/function.rs:259:13
[INFO] [stdout]   25:     0x5594bcd03539 - std::panicking::try::do_call::hc5fcacb7a85fc7b1
[INFO] [stdout]                                at /rustc/a178d0322ce20e33eac124758e837cbd80a6f633/library/std/src/panicking.rs:401:40
[INFO] [stdout]   26:     0x5594bcd03539 - std::panicking::try::hb5d9603af3abbe3a
[INFO] [stdout]                                at /rustc/a178d0322ce20e33eac124758e837cbd80a6f633/library/std/src/panicking.rs:365:19
[INFO] [stdout]   27:     0x5594bcd03539 - std::panic::catch_unwind::h98fe6ac3925e64b4
[INFO] [stdout]                                at /rustc/a178d0322ce20e33eac124758e837cbd80a6f633/library/std/src/panic.rs:434:14
[INFO] [stdout]   28:     0x5594bcd03539 - std::rt::lang_start_internal::h22ac7383c516f93e
[INFO] [stdout]                                at /rustc/a178d0322ce20e33eac124758e837cbd80a6f633/library/std/src/rt.rs:34:21
[INFO] [stdout]   29:     0x5594bc7c3ea0 - std::rt::lang_start::h2ec39cb893e47064
[INFO] [stdout]                                at /rustc/a178d0322ce20e33eac124758e837cbd80a6f633/library/std/src/rt.rs:48:5
[INFO] [stdout]   30:     0x5594bc7a808c - main
[INFO] [stdout]   31:     0x7f9fae22e0b3 - __libc_start_main
[INFO] [stdout]   32:     0x5594bc79a1ae - _start
[INFO] [stdout]   33:                0x0 - <unknown>
[INFO] [stdout] ```
[INFO] [stdout] command=`"/opt/rustwide/target/debug/alfred-gitignore" "--repository" "/tmp/.tmpnk4eJr" "--update"`
[INFO] [stdout] code=101
[INFO] [stdout] stdout=``````
[INFO] [stdout] stderr=```thread 'main' panicked at 'called `Result::unwrap()` on an `Err` value: reqwest::Error { kind: Request, url: "https://github.com/github/gitignore/archive/master.zip", source: hyper::Error(Connect, ConnectError("dns error", Custom { kind: Other, error: "failed to lookup address information: Temporary failure in name resolution" })) }', src/repository.rs:119:57
[INFO] [stdout] stack backtrace:
[INFO] [stdout]    0:     0x5594bcd007c0 - std::backtrace_rs::backtrace::libunwind::trace::h34055254b57d8e79
[INFO] [stdout]                                at /rustc/a178d0322ce20e33eac124758e837cbd80a6f633/library/std/src/../../backtrace/src/backtrace/libunwind.rs:90:5
[INFO] [stdout]    1:     0x5594bcd007c0 - std::backtrace_rs::backtrace::trace_unsynchronized::h8f1e3fbd9afff6ec
[INFO] [stdout]                                at /rustc/a178d0322ce20e33eac124758e837cbd80a6f633/library/std/src/../../backtrace/src/backtrace/mod.rs:66:5
[INFO] [stdout]    2:     0x5594bcd007c0 - std::sys_common::backtrace::_print_fmt::h3a99a796b770c360
[INFO] [stdout]                                at /rustc/a178d0322ce20e33eac124758e837cbd80a6f633/library/std/src/sys_common/backtrace.rs:67:5
[INFO] [stdout]    3:     0x5594bcd007c0 - <std::sys_common::backtrace::_print::DisplayBacktrace as core::fmt::Display>::fmt::h32d1f94a80615d18
[INFO] [stdout]                                at /rustc/a178d0322ce20e33eac124758e837cbd80a6f633/library/std/src/sys_common/backtrace.rs:46:22
[INFO] [stdout]    4:     0x5594bcd227ec - core::fmt::write::h306731c068f7162c
[INFO] [stdout]                                at /rustc/a178d0322ce20e33eac124758e837cbd80a6f633/library/core/src/fmt/mod.rs:1110:17
[INFO] [stdout]    5:     0x5594bccfae75 - std::io::Write::write_fmt::hd2fa90334eee2a21
[INFO] [stdout]                                at /rustc/a178d0322ce20e33eac124758e837cbd80a6f633/library/std/src/io/mod.rs:1588:15
[INFO] [stdout]    6:     0x5594bcd0286b - std::sys_common::backtrace::_print::h5abaa2601a852287
[INFO] [stdout]                                at /rustc/a178d0322ce20e33eac124758e837cbd80a6f633/library/std/src/sys_common/backtrace.rs:49:5
[INFO] [stdout]    7:     0x5594bcd0286b - std::sys_common::backtrace::print::h8d81445442bb638f
[INFO] [stdout]                                at /rustc/a178d0322ce20e33eac124758e837cbd80a6f633/library/std/src/sys_common/backtrace.rs:36:9
[INFO] [stdout]    8:     0x5594bcd0286b - std::panicking::default_hook::{{closure}}::hcfe804496a9fa747
[INFO] [stdout]                                at /rustc/a178d0322ce20e33eac124758e837cbd80a6f633/library/std/src/panicking.rs:208:50
[INFO] [stdout]    9:     0x5594bcd02341 - std::panicking::default_hook::hbea8e3ccf2ba8901
[INFO] [stdout]                                at /rustc/a178d0322ce20e33eac124758e837cbd80a6f633/library/std/src/panicking.rs:225:9
[INFO] [stdout]   10:     0x5594bcd02f34 - std::panicking::rust_panic_with_hook::h7ee9e1a2d0f8975a
[INFO] [stdout]                                at /rustc/a178d0322ce20e33eac124758e837cbd80a6f633/library/std/src/panicking.rs:622:17
[INFO] [stdout]   11:     0x5594bcd02a17 - std::panicking::begin_panic_handler::{{closure}}::h8ab3b4491718b2c7
[INFO] [stdout]                                at /rustc/a178d0322ce20e33eac124758e837cbd80a6f633/library/std/src/panicking.rs:519:13
[INFO] [stdout]   12:     0x5594bcd00cbc - std::sys_common::backtrace::__rust_end_short_backtrace::hd489062ffa586a9f
[INFO] [stdout]                                at /rustc/a178d0322ce20e33eac124758e837cbd80a6f633/library/std/src/sys_common/backtrace.rs:141:18
[INFO] [stdout]   13:     0x5594bcd02979 - rust_begin_unwind
[INFO] [stdout]                                at /rustc/a178d0322ce20e33eac124758e837cbd80a6f633/library/std/src/panicking.rs:515:5
[INFO] [stdout]   14:     0x5594bc7999b1 - core::panicking::panic_fmt::hca6330e3e14086b4
[INFO] [stdout]                                at /rustc/a178d0322ce20e33eac124758e837cbd80a6f633/library/core/src/panicking.rs:92:14
[INFO] [stdout]   15:     0x5594bc799aa3 - core::result::unwrap_failed::h6160d2b4bfbb0e87
[INFO] [stdout]                                at /rustc/a178d0322ce20e33eac124758e837cbd80a6f633/library/core/src/result.rs:1355:5
[INFO] [stdout]   16:     0x5594bc7b44cb - core::result::Result<T,E>::unwrap::h0dabc740fb5f04f8
[INFO] [stdout]                                at /rustc/a178d0322ce20e33eac124758e837cbd80a6f633/library/core/src/result.rs:1037:23
[INFO] [stdout]   17:     0x5594bc7a9636 - alfred_gitignore::repository::Repository::download_archive::ha23ebbf12bf598e9
[INFO] [stdout]                                at /opt/rustwide/workdir/src/repository.rs:119:28
[INFO] [stdout]   18:     0x5594bc7a9338 - alfred_gitignore::repository::Repository::update::h2a8e0ce5fb246caf
[INFO] [stdout]                                at /opt/rustwide/workdir/src/repository.rs:104:23
[INFO] [stdout]   19:     0x5594bc7b55e4 - alfred_gitignore::command::update::Update::perform::h8aafa2c33dfdb4b6
[INFO] [stdout]                                at /opt/rustwide/workdir/src/command/update.rs:21:15
[INFO] [stdout]   20:     0x5594bc7a7c6d - alfred_gitignore::main::h0d924ae3612a1123
[INFO] [stdout]                                at /opt/rustwide/workdir/src/main.rs:63:9
[INFO] [stdout]   21:     0x5594bc7b8b2b - core::ops::function::FnOnce::call_once::h12947dd3d476ab5e
[INFO] [stdout]                                at /rustc/a178d0322ce20e33eac124758e837cbd80a6f633/library/core/src/ops/function.rs:227:5
[INFO] [stdout]   22:     0x5594bc7b2eae - std::sys_common::backtrace::__rust_begin_short_backtrace::h4eecddcef2dea63e
[INFO] [stdout]                                at /rustc/a178d0322ce20e33eac124758e837cbd80a6f633/library/std/src/sys_common/backtrace.rs:125:18
[INFO] [stdout]   23:     0x5594bc7c3ec1 - std::rt::lang_start::{{closure}}::h18ab8549fffb514b
[INFO] [stdout]                                at /rustc/a178d0322ce20e33eac124758e837cbd80a6f633/library/std/src/rt.rs:49:18
[INFO] [stdout]   24:     0x5594bcd03539 - core::ops::function::impls::<impl core::ops::function::FnOnce<A> for &F>::call_once::h2aabc384aab89b7b
[INFO] [stdout]                                at /rustc/a178d0322ce20e33eac124758e837cbd80a6f633/library/core/src/ops/function.rs:259:13
[INFO] [stdout]   25:     0x5594bcd03539 - std::panicking::try::do_call::hc5fcacb7a85fc7b1
[INFO] [stdout]                                at /rustc/a178d0322ce20e33eac124758e837cbd80a6f633/library/std/src/panicking.rs:401:40
[INFO] [stdout]   26:     0x5594bcd03539 - std::panicking::try::hb5d9603af3abbe3a
[INFO] [stdout]                                at /rustc/a178d0322ce20e33eac124758e837cbd80a6f633/library/std/src/panicking.rs:365:19
[INFO] [stdout]   27:     0x5594bcd03539 - std::panic::catch_unwind::h98fe6ac3925e64b4
[INFO] [stdout]                                at /rustc/a178d0322ce20e33eac124758e837cbd80a6f633/library/std/src/panic.rs:434:14
[INFO] [stdout]   28:     0x5594bcd03539 - std::rt::lang_start_internal::h22ac7383c516f93e
[INFO] [stdout]                                at /rustc/a178d0322ce20e33eac124758e837cbd80a6f633/library/std/src/rt.rs:34:21
[INFO] [stdout]   29:     0x5594bc7c3ea0 - std::rt::lang_start::h2ec39cb893e47064
[INFO] [stdout]                                at /rustc/a178d0322ce20e33eac124758e837cbd80a6f633/library/std/src/rt.rs:48:5
[INFO] [stdout]   30:     0x5594bc7a808c - main
[INFO] [stdout]   31:     0x7f9fae22e0b3 - __libc_start_main
[INFO] [stdout]   32:     0x5594bc79a1ae - _start
[INFO] [stdout]   33:                0x0 - <unknown>
[INFO] [stdout] ```
[INFO] [stdout] ', /opt/rustwide/cargo-home/registry/src/github.com-1ecc6299db9ec823/assert_cmd-1.0.1/src/assert.rs:152:13
[INFO] [stdout] stack backtrace:
[INFO] [stdout]    0:     0x564dc3a37150 - std::backtrace_rs::backtrace::libunwind::trace::h34055254b57d8e79
[INFO] [stdout]                                at /rustc/a178d0322ce20e33eac124758e837cbd80a6f633/library/std/src/../../backtrace/src/backtrace/libunwind.rs:90:5
[INFO] [stdout]    1:     0x564dc3a37150 - std::backtrace_rs::backtrace::trace_unsynchronized::h8f1e3fbd9afff6ec
[INFO] [stdout]                                at /rustc/a178d0322ce20e33eac124758e837cbd80a6f633/library/std/src/../../backtrace/src/backtrace/mod.rs:66:5
[INFO] [stdout]    2:     0x564dc3a37150 - std::sys_common::backtrace::_print_fmt::h3a99a796b770c360
[INFO] [stdout]                                at /rustc/a178d0322ce20e33eac124758e837cbd80a6f633/library/std/src/sys_common/backtrace.rs:67:5
[INFO] [stdout]    3:     0x564dc3a37150 - <std::sys_common::backtrace::_print::DisplayBacktrace as core::fmt::Display>::fmt::h32d1f94a80615d18
[INFO] [stdout]                                at /rustc/a178d0322ce20e33eac124758e837cbd80a6f633/library/std/src/sys_common/backtrace.rs:46:22
[INFO] [stdout]    4:     0x564dc3a5af4c - core::fmt::write::h306731c068f7162c
[INFO] [stdout]                                at /rustc/a178d0322ce20e33eac124758e837cbd80a6f633/library/core/src/fmt/mod.rs:1110:17
[INFO] [stdout]    5:     0x564dc3a33825 - std::io::Write::write_fmt::h87f19b0a2cd190bc
[INFO] [stdout]                                at /rustc/a178d0322ce20e33eac124758e837cbd80a6f633/library/std/src/io/mod.rs:1588:15
[INFO] [stdout]    6:     0x564dc3a3974b - std::sys_common::backtrace::_print::h5abaa2601a852287
[INFO] [stdout]                                at /rustc/a178d0322ce20e33eac124758e837cbd80a6f633/library/std/src/sys_common/backtrace.rs:49:5
[INFO] [stdout]    7:     0x564dc3a3974b - std::sys_common::backtrace::print::h8d81445442bb638f
[INFO] [stdout]                                at /rustc/a178d0322ce20e33eac124758e837cbd80a6f633/library/std/src/sys_common/backtrace.rs:36:9
[INFO] [stdout]    8:     0x564dc3a3974b - std::panicking::default_hook::{{closure}}::hcfe804496a9fa747
[INFO] [stdout]                                at /rustc/a178d0322ce20e33eac124758e837cbd80a6f633/library/std/src/panicking.rs:208:50
[INFO] [stdout]    9:     0x564dc3a3925c - std::panicking::default_hook::hbea8e3ccf2ba8901
[INFO] [stdout]                                at /rustc/a178d0322ce20e33eac124758e837cbd80a6f633/library/std/src/panicking.rs:222:9
[INFO] [stdout]   10:     0x564dc3a39e14 - std::panicking::rust_panic_with_hook::h7ee9e1a2d0f8975a
[INFO] [stdout]                                at /rustc/a178d0322ce20e33eac124758e837cbd80a6f633/library/std/src/panicking.rs:622:17
[INFO] [stdout]   11:     0x564dc3a398f7 - std::panicking::begin_panic_handler::{{closure}}::h8ab3b4491718b2c7
[INFO] [stdout]                                at /rustc/a178d0322ce20e33eac124758e837cbd80a6f633/library/std/src/panicking.rs:519:13
[INFO] [stdout]   12:     0x564dc3a3764c - std::sys_common::backtrace::__rust_end_short_backtrace::hd489062ffa586a9f
[INFO] [stdout]                                at /rustc/a178d0322ce20e33eac124758e837cbd80a6f633/library/std/src/sys_common/backtrace.rs:141:18
[INFO] [stdout]   13:     0x564dc3a39859 - rust_begin_unwind
[INFO] [stdout]                                at /rustc/a178d0322ce20e33eac124758e837cbd80a6f633/library/std/src/panicking.rs:515:5
[INFO] [stdout]   14:     0x564dc3974f4b - std::panicking::begin_panic_fmt::h5479575e112541f8
[INFO] [stdout]                                at /rustc/a178d0322ce20e33eac124758e837cbd80a6f633/library/std/src/panicking.rs:457:5
[INFO] [stdout]   15:     0x564dc39fccfb - assert_cmd::assert::Assert::success::h2183b431d05b137a
[INFO] [stdout]                                at /opt/rustwide/cargo-home/registry/src/github.com-1ecc6299db9ec823/assert_cmd-1.0.1/src/assert.rs:152:13
[INFO] [stdout]   16:     0x564dc397b0e7 - update::update::h7b2e5f28310b7385
[INFO] [stdout]                                at /opt/rustwide/workdir/tests/update.rs:13:5
[INFO] [stdout]   17:     0x564dc397af7a - update::update::{{closure}}::h3217fd6451062897
[INFO] [stdout]                                at /opt/rustwide/workdir/tests/update.rs:6:1
[INFO] [stdout]   18:     0x564dc3977d4e - core::ops::function::FnOnce::call_once::h21956efa2552a94d
[INFO] [stdout]                                at /rustc/a178d0322ce20e33eac124758e837cbd80a6f633/library/core/src/ops/function.rs:227:5
[INFO] [stdout]   19:     0x564dc39a4743 - core::ops::function::FnOnce::call_once::h152e7e439ff59e19
[INFO] [stdout]                                at /rustc/a178d0322ce20e33eac124758e837cbd80a6f633/library/core/src/ops/function.rs:227:5
[INFO] [stdout]   20:     0x564dc39a4743 - test::__rust_begin_short_backtrace::h0908f3b1fdbb72ab
[INFO] [stdout]                                at /rustc/a178d0322ce20e33eac124758e837cbd80a6f633/library/test/src/lib.rs:577:5
[INFO] [stdout]   21:     0x564dc39a3200 - <alloc::boxed::Box<F,A> as core::ops::function::FnOnce<Args>>::call_once::hf6d2a51e5587546c
[INFO] [stdout]                                at /rustc/a178d0322ce20e33eac124758e837cbd80a6f633/library/alloc/src/boxed.rs:1575:9
[INFO] [stdout]   22:     0x564dc39a3200 - <std::panic::AssertUnwindSafe<F> as core::ops::function::FnOnce<()>>::call_once::h8af660f3a89ef593
[INFO] [stdout]                                at /rustc/a178d0322ce20e33eac124758e837cbd80a6f633/library/std/src/panic.rs:347:9
[INFO] [stdout]   23:     0x564dc39a3200 - std::panicking::try::do_call::hd36aef60f84b6d36
[INFO] [stdout]                                at /rustc/a178d0322ce20e33eac124758e837cbd80a6f633/library/std/src/panicking.rs:401:40
[INFO] [stdout]   24:     0x564dc39a3200 - std::panicking::try::h9932b4480e69817c
[INFO] [stdout]                                at /rustc/a178d0322ce20e33eac124758e837cbd80a6f633/library/std/src/panicking.rs:365:19
[INFO] [stdout]   25:     0x564dc39a3200 - std::panic::catch_unwind::h6aa177099cfff5f8
[INFO] [stdout]                                at /rustc/a178d0322ce20e33eac124758e837cbd80a6f633/library/std/src/panic.rs:434:14
[INFO] [stdout]   26:     0x564dc39a3200 - test::run_test_in_process::h5884d6f2d99e20c3
[INFO] [stdout]                                at /rustc/a178d0322ce20e33eac124758e837cbd80a6f633/library/test/src/lib.rs:600:18
[INFO] [stdout]   27:     0x564dc39a3200 - test::run_test::run_test_inner::{{closure}}::h6fdc58c6d5f5b6e3
[INFO] [stdout]                                at /rustc/a178d0322ce20e33eac124758e837cbd80a6f633/library/test/src/lib.rs:492:39
[INFO] [stdout]   28:     0x564dc397c8b2 - test::run_test::run_test_inner::{{closure}}::h408365d67a78ade8
[INFO] [stdout]                                at /rustc/a178d0322ce20e33eac124758e837cbd80a6f633/library/test/src/lib.rs:519:37
[INFO] [stdout]   29:     0x564dc397c8b2 - std::sys_common::backtrace::__rust_begin_short_backtrace::hb560b77c4f701523
[INFO] [stdout]                                at /rustc/a178d0322ce20e33eac124758e837cbd80a6f633/library/std/src/sys_common/backtrace.rs:125:18
[INFO] [stdout]   30:     0x564dc3980468 - std::thread::Builder::spawn_unchecked::{{closure}}::{{closure}}::hf2e7831dad93c597
[INFO] [stdout]                                at /rustc/a178d0322ce20e33eac124758e837cbd80a6f633/library/std/src/thread/mod.rs:481:17
[INFO] [stdout]   31:     0x564dc3980468 - <std::panic::AssertUnwindSafe<F> as core::ops::function::FnOnce<()>>::call_once::hd2e08783d8be4d02
[INFO] [stdout]                                at /rustc/a178d0322ce20e33eac124758e837cbd80a6f633/library/std/src/panic.rs:347:9
[INFO] [stdout]   32:     0x564dc3980468 - std::panicking::try::do_call::h062597b7acfd6b82
[INFO] [stdout]                                at /rustc/a178d0322ce20e33eac124758e837cbd80a6f633/library/std/src/panicking.rs:401:40
[INFO] [stdout]   33:     0x564dc3980468 - std::panicking::try::h0d7b79db04c14552
[INFO] [stdout]                                at /rustc/a178d0322ce20e33eac124758e837cbd80a6f633/library/std/src/panicking.rs:365:19
[INFO] [stdout]   34:     0x564dc3980468 - std::panic::catch_unwind::hb01a0b5e7c8cd43b
[INFO] [stdout]                                at /rustc/a178d0322ce20e33eac124758e837cbd80a6f633/library/std/src/panic.rs:434:14
[INFO] [stdout]   35:     0x564dc3980468 - std::thread::Builder::spawn_unchecked::{{closure}}::h5bde48cc887e0d1e
[INFO] [stdout]                                at /rustc/a178d0322ce20e33eac124758e837cbd80a6f633/library/std/src/thread/mod.rs:480:30
[INFO] [stdout]   36:     0x564dc3980468 - core::ops::function::FnOnce::call_once{{vtable.shim}}::h745ea30807a29e55
[INFO] [stdout]                                at /rustc/a178d0322ce20e33eac124758e837cbd80a6f633/library/core/src/ops/function.rs:227:5
[INFO] [stdout]   37:     0x564dc3a3f887 - <alloc::boxed::Box<F,A> as core::ops::function::FnOnce<Args>>::call_once::h7ece6cfefaff1005
[INFO] [stdout]                                at /rustc/a178d0322ce20e33eac124758e837cbd80a6f633/library/alloc/src/boxed.rs:1575:9
[INFO] [stdout]   38:     0x564dc3a3f887 - <alloc::boxed::Box<F,A> as core::ops::function::FnOnce<Args>>::call_once::hb8b48e55c21f193e
[INFO] [stdout]                                at /rustc/a178d0322ce20e33eac124758e837cbd80a6f633/library/alloc/src/boxed.rs:1575:9
[INFO] [stdout]   39:     0x564dc3a3f887 - std::sys::unix::thread::Thread::new::thread_start::h8c7c4450dba62914
[INFO] [stdout]                                at /rustc/a178d0322ce20e33eac124758e837cbd80a6f633/library/std/src/sys/unix/thread.rs:71:17
[INFO] [stdout]   40:     0x7f2bfb57c609 - start_thread
[INFO] [stdout]   41:     0x7f2bfb354293 - clone
[INFO] [stdout]   42:                0x0 - <unknown>
[INFO] [stdout] 
[INFO] [stdout] 
[INFO] [stdout] failures:
[INFO] [stdout]     update
[INFO] [stdout] 
[INFO] [stdout] test result: FAILED. 0 passed; 1 failed; 0 ignored; 0 measured; 0 filtered out; finished in 0.09s
[INFO] [stdout] 
[INFO] running `Command { std: "docker" "inspect" "35764c006c331da4b25fdd9c3ef876240ce2f831c83e4413e12d30a8a6a308ef", kill_on_drop: false }`
[INFO] running `Command { std: "docker" "rm" "-f" "35764c006c331da4b25fdd9c3ef876240ce2f831c83e4413e12d30a8a6a308ef", kill_on_drop: false }`
[INFO] [stdout] 35764c006c331da4b25fdd9c3ef876240ce2f831c83e4413e12d30a8a6a308ef
