[INFO] fetching crate alerts 0.1.1...
[INFO] testing alerts-0.1.1 against 1.54.0 for beta-1.55-1
[INFO] extracting crate alerts 0.1.1 into /workspace/builds/worker-1/source
[INFO] validating manifest of crates.io crate alerts 0.1.1 on toolchain 1.54.0
[INFO] running `Command { std: "/workspace/cargo-home/bin/cargo" "+1.54.0" "metadata" "--manifest-path" "Cargo.toml" "--no-deps", kill_on_drop: false }`
[INFO] started tweaking crates.io crate alerts 0.1.1
[INFO] finished tweaking crates.io crate alerts 0.1.1
[INFO] tweaked toml for crates.io crate alerts 0.1.1 written to /workspace/builds/worker-1/source/Cargo.toml
[INFO] running `Command { std: "/workspace/cargo-home/bin/cargo" "+1.54.0" "generate-lockfile" "--manifest-path" "Cargo.toml" "-Zno-index-update", kill_on_drop: false }`
[INFO] running `Command { std: "/workspace/cargo-home/bin/cargo" "+1.54.0" "fetch" "--manifest-path" "Cargo.toml", kill_on_drop: false }`
[INFO] running `Command { std: "docker" "create" "-v" "/var/lib/crater-agent-workspace/builds/worker-1/target:/opt/rustwide/target:rw,Z" "-v" "/var/lib/crater-agent-workspace/builds/worker-1/source:/opt/rustwide/workdir:ro,Z" "-v" "/var/lib/crater-agent-workspace/cargo-home:/opt/rustwide/cargo-home:ro,Z" "-v" "/var/lib/crater-agent-workspace/rustup-home:/opt/rustwide/rustup-home:ro,Z" "-e" "SOURCE_DIR=/opt/rustwide/workdir" "-e" "CARGO_TARGET_DIR=/opt/rustwide/target" "-e" "CARGO_HOME=/opt/rustwide/cargo-home" "-e" "RUSTUP_HOME=/opt/rustwide/rustup-home" "-w" "/opt/rustwide/workdir" "-m" "1610612736" "--user" "0:0" "--network" "none" "ghcr.io/rust-lang/crates-build-env/linux@sha256:34b6a614d2c27851fe6cbf88fbd1137609cefab8b10d0615aaeb6fd47975d74e" "/opt/rustwide/cargo-home/bin/cargo" "+1.54.0" "metadata" "--no-deps" "--format-version=1", kill_on_drop: false }`
[INFO] [stdout] b6a688708fd31af85faad67c3e8b1e1a48257f14e98d0358ae6072ab9a5b2022
[INFO] [stderr] WARNING: Your kernel does not support swap limit capabilities or the cgroup is not mounted. Memory limited without swap.
[INFO] running `Command { std: "docker" "start" "-a" "b6a688708fd31af85faad67c3e8b1e1a48257f14e98d0358ae6072ab9a5b2022", kill_on_drop: false }`
[INFO] running `Command { std: "docker" "inspect" "b6a688708fd31af85faad67c3e8b1e1a48257f14e98d0358ae6072ab9a5b2022", kill_on_drop: false }`
[INFO] running `Command { std: "docker" "rm" "-f" "b6a688708fd31af85faad67c3e8b1e1a48257f14e98d0358ae6072ab9a5b2022", kill_on_drop: false }`
[INFO] [stdout] b6a688708fd31af85faad67c3e8b1e1a48257f14e98d0358ae6072ab9a5b2022
[INFO] running `Command { std: "docker" "create" "-v" "/var/lib/crater-agent-workspace/builds/worker-1/target:/opt/rustwide/target:rw,Z" "-v" "/var/lib/crater-agent-workspace/builds/worker-1/source:/opt/rustwide/workdir:ro,Z" "-v" "/var/lib/crater-agent-workspace/cargo-home:/opt/rustwide/cargo-home:ro,Z" "-v" "/var/lib/crater-agent-workspace/rustup-home:/opt/rustwide/rustup-home:ro,Z" "-e" "SOURCE_DIR=/opt/rustwide/workdir" "-e" "CARGO_TARGET_DIR=/opt/rustwide/target" "-e" "CARGO_INCREMENTAL=0" "-e" "RUST_BACKTRACE=full" "-e" "RUSTFLAGS=--cap-lints=warn" "-e" "CARGO_HOME=/opt/rustwide/cargo-home" "-e" "RUSTUP_HOME=/opt/rustwide/rustup-home" "-w" "/opt/rustwide/workdir" "-m" "1610612736" "--user" "0:0" "--network" "none" "ghcr.io/rust-lang/crates-build-env/linux@sha256:34b6a614d2c27851fe6cbf88fbd1137609cefab8b10d0615aaeb6fd47975d74e" "/opt/rustwide/cargo-home/bin/cargo" "+1.54.0" "build" "--frozen" "--message-format=json", kill_on_drop: false }`
[INFO] [stdout] 2c065abff3aad8e5b3457776bd0725cc6e2c924301ada896d06fe6ebbc8adeb0
[INFO] [stderr] WARNING: Your kernel does not support swap limit capabilities or the cgroup is not mounted. Memory limited without swap.
[INFO] running `Command { std: "docker" "start" "-a" "2c065abff3aad8e5b3457776bd0725cc6e2c924301ada896d06fe6ebbc8adeb0", kill_on_drop: false }`
[INFO] [stderr]     Blocking waiting for file lock on package cache
[INFO] [stderr]    Compiling alerts v0.1.1 (/opt/rustwide/workdir)
[INFO] [stdout] warning: unused variable: `head`
[INFO] [stdout]   --> src/alert.rs:33:18
[INFO] [stdout]    |
[INFO] [stdout] 33 | fn alert_message(head: &str,msg: &str,_wflags: i32) -> Result<(), Error> {
[INFO] [stdout]    |                  ^^^^ help: if this is intentional, prefix it with an underscore: `_head`
[INFO] [stdout]    |
[INFO] [stdout]    = note: `#[warn(unused_variables)]` on by default
[INFO] [stdout] 
[INFO] [stdout] 
[INFO] [stdout] warning: 1 warning emitted
[INFO] [stdout] 
[INFO] [stdout] 
[INFO] [stderr]     Finished dev [unoptimized + debuginfo] target(s) in 2.25s
[INFO] running `Command { std: "docker" "inspect" "2c065abff3aad8e5b3457776bd0725cc6e2c924301ada896d06fe6ebbc8adeb0", kill_on_drop: false }`
[INFO] running `Command { std: "docker" "rm" "-f" "2c065abff3aad8e5b3457776bd0725cc6e2c924301ada896d06fe6ebbc8adeb0", kill_on_drop: false }`
[INFO] [stdout] 2c065abff3aad8e5b3457776bd0725cc6e2c924301ada896d06fe6ebbc8adeb0
[INFO] running `Command { std: "docker" "create" "-v" "/var/lib/crater-agent-workspace/builds/worker-1/target:/opt/rustwide/target:rw,Z" "-v" "/var/lib/crater-agent-workspace/builds/worker-1/source:/opt/rustwide/workdir:ro,Z" "-v" "/var/lib/crater-agent-workspace/cargo-home:/opt/rustwide/cargo-home:ro,Z" "-v" "/var/lib/crater-agent-workspace/rustup-home:/opt/rustwide/rustup-home:ro,Z" "-e" "SOURCE_DIR=/opt/rustwide/workdir" "-e" "CARGO_TARGET_DIR=/opt/rustwide/target" "-e" "CARGO_INCREMENTAL=0" "-e" "RUST_BACKTRACE=full" "-e" "RUSTFLAGS=--cap-lints=warn" "-e" "CARGO_HOME=/opt/rustwide/cargo-home" "-e" "RUSTUP_HOME=/opt/rustwide/rustup-home" "-w" "/opt/rustwide/workdir" "-m" "1610612736" "--user" "0:0" "--network" "none" "ghcr.io/rust-lang/crates-build-env/linux@sha256:34b6a614d2c27851fe6cbf88fbd1137609cefab8b10d0615aaeb6fd47975d74e" "/opt/rustwide/cargo-home/bin/cargo" "+1.54.0" "test" "--frozen" "--no-run" "--message-format=json", kill_on_drop: false }`
[INFO] [stderr] WARNING: Your kernel does not support swap limit capabilities or the cgroup is not mounted. Memory limited without swap.
[INFO] [stdout] 1c654a4ecf740f98146c7612ca5d693aece6e5f00da4d836079baffc76f1260e
[INFO] running `Command { std: "docker" "start" "-a" "1c654a4ecf740f98146c7612ca5d693aece6e5f00da4d836079baffc76f1260e", kill_on_drop: false }`
[INFO] [stdout] warning: unused variable: `head`
[INFO] [stdout]   --> src/alert.rs:33:18
[INFO] [stdout]    |
[INFO] [stdout] 33 | fn alert_message(head: &str,msg: &str,_wflags: i32) -> Result<(), Error> {
[INFO] [stdout]    |                  ^^^^ help: if this is intentional, prefix it with an underscore: `_head`
[INFO] [stdout]    |
[INFO] [stdout]    = note: `#[warn(unused_variables)]` on by default
[INFO] [stdout] 
[INFO] [stdout] 
[INFO] [stderr]    Compiling alerts v0.1.1 (/opt/rustwide/workdir)
[INFO] [stdout] warning: 1 warning emitted
[INFO] [stdout] 
[INFO] [stdout] 
[INFO] [stdout] warning: unused variable: `head`
[INFO] [stdout]   --> src/alert.rs:33:18
[INFO] [stdout]    |
[INFO] [stdout] 33 | fn alert_message(head: &str,msg: &str,_wflags: i32) -> Result<(), Error> {
[INFO] [stdout]    |                  ^^^^ help: if this is intentional, prefix it with an underscore: `_head`
[INFO] [stdout]    |
[INFO] [stdout]    = note: `#[warn(unused_variables)]` on by default
[INFO] [stdout] 
[INFO] [stdout] 
[INFO] [stderr]     Finished test [unoptimized + debuginfo] target(s) in 0.88s
[INFO] [stdout] warning: 1 warning emitted
[INFO] [stdout] 
[INFO] [stdout] 
[INFO] running `Command { std: "docker" "inspect" "1c654a4ecf740f98146c7612ca5d693aece6e5f00da4d836079baffc76f1260e", kill_on_drop: false }`
[INFO] running `Command { std: "docker" "rm" "-f" "1c654a4ecf740f98146c7612ca5d693aece6e5f00da4d836079baffc76f1260e", kill_on_drop: false }`
[INFO] [stdout] 1c654a4ecf740f98146c7612ca5d693aece6e5f00da4d836079baffc76f1260e
[INFO] running `Command { std: "docker" "create" "-v" "/var/lib/crater-agent-workspace/builds/worker-1/target:/opt/rustwide/target:rw,Z" "-v" "/var/lib/crater-agent-workspace/builds/worker-1/source:/opt/rustwide/workdir:ro,Z" "-v" "/var/lib/crater-agent-workspace/cargo-home:/opt/rustwide/cargo-home:ro,Z" "-v" "/var/lib/crater-agent-workspace/rustup-home:/opt/rustwide/rustup-home:ro,Z" "-e" "SOURCE_DIR=/opt/rustwide/workdir" "-e" "CARGO_TARGET_DIR=/opt/rustwide/target" "-e" "CARGO_INCREMENTAL=0" "-e" "RUST_BACKTRACE=full" "-e" "RUSTFLAGS=--cap-lints=warn" "-e" "CARGO_HOME=/opt/rustwide/cargo-home" "-e" "RUSTUP_HOME=/opt/rustwide/rustup-home" "-w" "/opt/rustwide/workdir" "-m" "1610612736" "--user" "0:0" "--network" "none" "ghcr.io/rust-lang/crates-build-env/linux@sha256:34b6a614d2c27851fe6cbf88fbd1137609cefab8b10d0615aaeb6fd47975d74e" "/opt/rustwide/cargo-home/bin/cargo" "+1.54.0" "test" "--frozen", kill_on_drop: false }`
[INFO] [stdout] 815b988fc9deebf904f169037fa4785d1be0810777dcdd45a199a49c3944362f
[INFO] [stderr] WARNING: Your kernel does not support swap limit capabilities or the cgroup is not mounted. Memory limited without swap.
[INFO] running `Command { std: "docker" "start" "-a" "815b988fc9deebf904f169037fa4785d1be0810777dcdd45a199a49c3944362f", kill_on_drop: false }`
[INFO] [stderr] warning: unused variable: `head`
[INFO] [stderr]   --> src/alert.rs:33:18
[INFO] [stderr]    |
[INFO] [stderr] 33 | fn alert_message(head: &str,msg: &str,_wflags: i32) -> Result<(), Error> {
[INFO] [stderr]    |                  ^^^^ help: if this is intentional, prefix it with an underscore: `_head`
[INFO] [stderr]    |
[INFO] [stderr]    = note: `#[warn(unused_variables)]` on by default
[INFO] [stderr] 
[INFO] [stderr] warning: 1 warning emitted
[INFO] [stderr] 
[INFO] [stdout] 
[INFO] [stderr] warning: unused variable: `head`
[INFO] [stdout] running 0 tests
[INFO] [stderr]   --> src/alert.rs:33:18
[INFO] [stdout] 
[INFO] [stderr]    |
[INFO] [stdout] test result: ok. 0 passed; 0 failed; 0 ignored; 0 measured; 0 filtered out; finished in 0.00s
[INFO] [stderr] 33 | fn alert_message(head: &str,msg: &str,_wflags: i32) -> Result<(), Error> {
[INFO] [stdout] 
[INFO] [stderr]    |                  ^^^^ help: if this is intentional, prefix it with an underscore: `_head`
[INFO] [stderr]    |
[INFO] [stderr]    = note: `#[warn(unused_variables)]` on by default
[INFO] [stderr] 
[INFO] [stderr] warning: 1 warning emitted
[INFO] [stderr] 
[INFO] [stderr]     Finished test [unoptimized + debuginfo] target(s) in 0.03s
[INFO] [stderr]      Running unittests (/opt/rustwide/target/debug/deps/alert-dfae26c60c188d3d)
[INFO] [stderr]    Doc-tests alert
[INFO] [stdout] 
[INFO] [stdout] running 1 test
[INFO] [stdout] test src/alert.rs - (line 6) ... FAILED
[INFO] [stdout] 
[INFO] [stdout] failures:
[INFO] [stdout] 
[INFO] [stdout] ---- src/alert.rs - (line 6) stdout ----
[INFO] [stdout] error[E0463]: can't find crate for `alerts`
[INFO] [stdout]  --> src/alert.rs:6:1
[INFO] [stdout]   |
[INFO] [stdout] 2 | extern crate alerts;
[INFO] [stdout]   | ^^^^^^^^^^^^^^^^^^^^ can't find crate
[INFO] [stdout] 
[INFO] [stdout] error: aborting due to previous error
[INFO] [stdout] 
[INFO] [stdout] For more information about this error, try `rustc --explain E0463`.
[INFO] [stdout] Couldn't compile the test.
[INFO] [stdout] 
[INFO] [stdout] failures:
[INFO] [stdout]     src/alert.rs - (line 6)
[INFO] [stdout] 
[INFO] [stdout] test result: FAILED. 0 passed; 1 failed; 0 ignored; 0 measured; 0 filtered out; finished in 0.11s
[INFO] [stdout] 
[INFO] [stderr] error: test failed, to rerun pass '--doc'
[INFO] running `Command { std: "docker" "inspect" "815b988fc9deebf904f169037fa4785d1be0810777dcdd45a199a49c3944362f", kill_on_drop: false }`
[INFO] running `Command { std: "docker" "rm" "-f" "815b988fc9deebf904f169037fa4785d1be0810777dcdd45a199a49c3944362f", kill_on_drop: false }`
[INFO] [stdout] 815b988fc9deebf904f169037fa4785d1be0810777dcdd45a199a49c3944362f
