[INFO] fetching crate alcs 0.1.3...
[INFO] testing alcs-0.1.3 against 1.54.0 for beta-1.55-1
[INFO] extracting crate alcs 0.1.3 into /workspace/builds/worker-4/source
[INFO] validating manifest of crates.io crate alcs 0.1.3 on toolchain 1.54.0
[INFO] running `Command { std: "/workspace/cargo-home/bin/cargo" "+1.54.0" "metadata" "--manifest-path" "Cargo.toml" "--no-deps", kill_on_drop: false }`
[INFO] started tweaking crates.io crate alcs 0.1.3
[INFO] finished tweaking crates.io crate alcs 0.1.3
[INFO] tweaked toml for crates.io crate alcs 0.1.3 written to /workspace/builds/worker-4/source/Cargo.toml
[INFO] running `Command { std: "/workspace/cargo-home/bin/cargo" "+1.54.0" "generate-lockfile" "--manifest-path" "Cargo.toml" "-Zno-index-update", kill_on_drop: false }`
[INFO] running `Command { std: "/workspace/cargo-home/bin/cargo" "+1.54.0" "fetch" "--manifest-path" "Cargo.toml", kill_on_drop: false }`
[INFO] running `Command { std: "docker" "create" "-v" "/var/lib/crater-agent-workspace/builds/worker-4/target:/opt/rustwide/target:rw,Z" "-v" "/var/lib/crater-agent-workspace/builds/worker-4/source:/opt/rustwide/workdir:ro,Z" "-v" "/var/lib/crater-agent-workspace/cargo-home:/opt/rustwide/cargo-home:ro,Z" "-v" "/var/lib/crater-agent-workspace/rustup-home:/opt/rustwide/rustup-home:ro,Z" "-e" "SOURCE_DIR=/opt/rustwide/workdir" "-e" "CARGO_TARGET_DIR=/opt/rustwide/target" "-e" "CARGO_HOME=/opt/rustwide/cargo-home" "-e" "RUSTUP_HOME=/opt/rustwide/rustup-home" "-w" "/opt/rustwide/workdir" "-m" "1610612736" "--user" "0:0" "--network" "none" "ghcr.io/rust-lang/crates-build-env/linux@sha256:34b6a614d2c27851fe6cbf88fbd1137609cefab8b10d0615aaeb6fd47975d74e" "/opt/rustwide/cargo-home/bin/cargo" "+1.54.0" "metadata" "--no-deps" "--format-version=1", kill_on_drop: false }`
[INFO] [stdout] 48af808de2ec539a7e035b9cbe475afc7740e51188691f6775d55514439e4a0f
[INFO] [stderr] WARNING: Your kernel does not support swap limit capabilities or the cgroup is not mounted. Memory limited without swap.
[INFO] running `Command { std: "docker" "start" "-a" "48af808de2ec539a7e035b9cbe475afc7740e51188691f6775d55514439e4a0f", kill_on_drop: false }`
[INFO] running `Command { std: "docker" "inspect" "48af808de2ec539a7e035b9cbe475afc7740e51188691f6775d55514439e4a0f", kill_on_drop: false }`
[INFO] running `Command { std: "docker" "rm" "-f" "48af808de2ec539a7e035b9cbe475afc7740e51188691f6775d55514439e4a0f", kill_on_drop: false }`
[INFO] [stdout] 48af808de2ec539a7e035b9cbe475afc7740e51188691f6775d55514439e4a0f
[INFO] running `Command { std: "docker" "create" "-v" "/var/lib/crater-agent-workspace/builds/worker-4/target:/opt/rustwide/target:rw,Z" "-v" "/var/lib/crater-agent-workspace/builds/worker-4/source:/opt/rustwide/workdir:ro,Z" "-v" "/var/lib/crater-agent-workspace/cargo-home:/opt/rustwide/cargo-home:ro,Z" "-v" "/var/lib/crater-agent-workspace/rustup-home:/opt/rustwide/rustup-home:ro,Z" "-e" "SOURCE_DIR=/opt/rustwide/workdir" "-e" "CARGO_TARGET_DIR=/opt/rustwide/target" "-e" "CARGO_INCREMENTAL=0" "-e" "RUST_BACKTRACE=full" "-e" "RUSTFLAGS=--cap-lints=warn" "-e" "CARGO_HOME=/opt/rustwide/cargo-home" "-e" "RUSTUP_HOME=/opt/rustwide/rustup-home" "-w" "/opt/rustwide/workdir" "-m" "1610612736" "--user" "0:0" "--network" "none" "ghcr.io/rust-lang/crates-build-env/linux@sha256:34b6a614d2c27851fe6cbf88fbd1137609cefab8b10d0615aaeb6fd47975d74e" "/opt/rustwide/cargo-home/bin/cargo" "+1.54.0" "build" "--frozen" "--message-format=json", kill_on_drop: false }`
[INFO] [stdout] d1d7662206dda6a608129140f7e93565f8f1b35ee740b073181e88af0989493e
[INFO] [stderr] WARNING: Your kernel does not support swap limit capabilities or the cgroup is not mounted. Memory limited without swap.
[INFO] running `Command { std: "docker" "start" "-a" "d1d7662206dda6a608129140f7e93565f8f1b35ee740b073181e88af0989493e", kill_on_drop: false }`
[INFO] [stderr]    Compiling alcs v0.1.3 (/opt/rustwide/workdir)
[INFO] [stderr]     Finished dev [unoptimized + debuginfo] target(s) in 0.87s
[INFO] running `Command { std: "docker" "inspect" "d1d7662206dda6a608129140f7e93565f8f1b35ee740b073181e88af0989493e", kill_on_drop: false }`
[INFO] running `Command { std: "docker" "rm" "-f" "d1d7662206dda6a608129140f7e93565f8f1b35ee740b073181e88af0989493e", kill_on_drop: false }`
[INFO] [stdout] d1d7662206dda6a608129140f7e93565f8f1b35ee740b073181e88af0989493e
[INFO] running `Command { std: "docker" "create" "-v" "/var/lib/crater-agent-workspace/builds/worker-4/target:/opt/rustwide/target:rw,Z" "-v" "/var/lib/crater-agent-workspace/builds/worker-4/source:/opt/rustwide/workdir:ro,Z" "-v" "/var/lib/crater-agent-workspace/cargo-home:/opt/rustwide/cargo-home:ro,Z" "-v" "/var/lib/crater-agent-workspace/rustup-home:/opt/rustwide/rustup-home:ro,Z" "-e" "SOURCE_DIR=/opt/rustwide/workdir" "-e" "CARGO_TARGET_DIR=/opt/rustwide/target" "-e" "CARGO_INCREMENTAL=0" "-e" "RUST_BACKTRACE=full" "-e" "RUSTFLAGS=--cap-lints=warn" "-e" "CARGO_HOME=/opt/rustwide/cargo-home" "-e" "RUSTUP_HOME=/opt/rustwide/rustup-home" "-w" "/opt/rustwide/workdir" "-m" "1610612736" "--user" "0:0" "--network" "none" "ghcr.io/rust-lang/crates-build-env/linux@sha256:34b6a614d2c27851fe6cbf88fbd1137609cefab8b10d0615aaeb6fd47975d74e" "/opt/rustwide/cargo-home/bin/cargo" "+1.54.0" "test" "--frozen" "--no-run" "--message-format=json", kill_on_drop: false }`
[INFO] [stdout] 89b0a6f4e8a0d63c80a1fdee941af96682ef2bb49f41e8ad4906a10cfc6bec20
[INFO] [stderr] WARNING: Your kernel does not support swap limit capabilities or the cgroup is not mounted. Memory limited without swap.
[INFO] running `Command { std: "docker" "start" "-a" "89b0a6f4e8a0d63c80a1fdee941af96682ef2bb49f41e8ad4906a10cfc6bec20", kill_on_drop: false }`
[INFO] [stderr]    Compiling alcs v0.1.3 (/opt/rustwide/workdir)
[INFO] [stderr]     Finished test [unoptimized + debuginfo] target(s) in 1.05s
[INFO] running `Command { std: "docker" "inspect" "89b0a6f4e8a0d63c80a1fdee941af96682ef2bb49f41e8ad4906a10cfc6bec20", kill_on_drop: false }`
[INFO] running `Command { std: "docker" "rm" "-f" "89b0a6f4e8a0d63c80a1fdee941af96682ef2bb49f41e8ad4906a10cfc6bec20", kill_on_drop: false }`
[INFO] [stdout] 89b0a6f4e8a0d63c80a1fdee941af96682ef2bb49f41e8ad4906a10cfc6bec20
[INFO] running `Command { std: "docker" "create" "-v" "/var/lib/crater-agent-workspace/builds/worker-4/target:/opt/rustwide/target:rw,Z" "-v" "/var/lib/crater-agent-workspace/builds/worker-4/source:/opt/rustwide/workdir:ro,Z" "-v" "/var/lib/crater-agent-workspace/cargo-home:/opt/rustwide/cargo-home:ro,Z" "-v" "/var/lib/crater-agent-workspace/rustup-home:/opt/rustwide/rustup-home:ro,Z" "-e" "SOURCE_DIR=/opt/rustwide/workdir" "-e" "CARGO_TARGET_DIR=/opt/rustwide/target" "-e" "CARGO_INCREMENTAL=0" "-e" "RUST_BACKTRACE=full" "-e" "RUSTFLAGS=--cap-lints=warn" "-e" "CARGO_HOME=/opt/rustwide/cargo-home" "-e" "RUSTUP_HOME=/opt/rustwide/rustup-home" "-w" "/opt/rustwide/workdir" "-m" "1610612736" "--user" "0:0" "--network" "none" "ghcr.io/rust-lang/crates-build-env/linux@sha256:34b6a614d2c27851fe6cbf88fbd1137609cefab8b10d0615aaeb6fd47975d74e" "/opt/rustwide/cargo-home/bin/cargo" "+1.54.0" "test" "--frozen", kill_on_drop: false }`
[INFO] [stderr] WARNING: Your kernel does not support swap limit capabilities or the cgroup is not mounted. Memory limited without swap.
[INFO] [stdout] 3d6eaa3c6f8a84e09e06dc32829b63bf91bf8919f183d28365cac4e204b59c04
[INFO] running `Command { std: "docker" "start" "-a" "3d6eaa3c6f8a84e09e06dc32829b63bf91bf8919f183d28365cac4e204b59c04", kill_on_drop: false }`
[INFO] [stderr]     Finished test [unoptimized + debuginfo] target(s) in 0.01s
[INFO] [stdout] 
[INFO] [stderr]      Running unittests (/opt/rustwide/target/debug/deps/alcs-1ee29b4083f0cc35)
[INFO] [stdout] running 1 test
[INFO] [stderr]    Doc-tests alcs
[INFO] [stdout] test tests::it_works ... ok
[INFO] [stdout] 
[INFO] [stdout] test result: ok. 1 passed; 0 failed; 0 ignored; 0 measured; 0 filtered out; finished in 0.00s
[INFO] [stdout] 
[INFO] [stdout] 
[INFO] [stdout] running 11 tests
[INFO] [stdout] test src/lib.rs - (line 84) ... FAILED
[INFO] [stdout] test src/lib.rs - (line 36) ... FAILED
[INFO] [stdout] test src/lib.rs - Alcs::new (line 311) ... FAILED
[INFO] [stdout] test src/lib.rs - (line 54) ... ok
[INFO] [stdout] test src/lib.rs - compute_vec_ig (line 141) ... ok
[INFO] [stdout] test src/lib.rs - alcs (line 253) ... ok
[INFO] [stdout] test src/lib.rs - (line 15) ... ok
[INFO] [stdout] test src/lib.rs - compute_ig_vg_dg_from_ih_mat (line 226) ... ok
[INFO] [stdout] test src/lib.rs - compute_mat_ih_iv (line 95) ... ok
[INFO] [stdout] test src/lib.rs - compute_vg_dg_from_ig (line 183) ... ok
[INFO] [stdout] test src/lib.rs - alcs_mat (line 274) ... ok
[INFO] [stdout] 
[INFO] [stdout] failures:
[INFO] [stdout] 
[INFO] [stdout] ---- src/lib.rs - (line 84) stdout ----
[INFO] [stdout] error: expected one of `.`, `;`, `?`, `}`, or an operator, found `contains`
[INFO] [stdout]  --> src/lib.rs:86:19
[INFO] [stdout]   |
[INFO] [stdout] 4 | "he.llo.wor.ld.!" contains "world" ("wor.ld") with score 0.8333333
[INFO] [stdout]   |                   ^^^^^^^^ expected one of `.`, `;`, `?`, `}`, or an operator
[INFO] [stdout] 
[INFO] [stdout] error: aborting due to previous error
[INFO] [stdout] 
[INFO] [stdout] Couldn't compile the test.
[INFO] [stdout] ---- src/lib.rs - (line 36) stdout ----
[INFO] [stdout] error: expected one of `!`, `.`, `::`, `;`, `?`, `{`, `}`, or an operator, found `between`
[INFO] [stdout]  --> src/lib.rs:38:5
[INFO] [stdout]   |
[INFO] [stdout] 4 | LCS between "word" and "h" has length 0
[INFO] [stdout]   |     ^^^^^^^ expected one of 8 possible tokens
[INFO] [stdout] 
[INFO] [stdout] error: aborting due to previous error
[INFO] [stdout] 
[INFO] [stdout] Couldn't compile the test.
[INFO] [stdout] ---- src/lib.rs - Alcs::new (line 311) stdout ----
[INFO] [stdout] error[E0433]: failed to resolve: use of undeclared type `Alcs`
[INFO] [stdout]  --> src/lib.rs:317:15
[INFO] [stdout]   |
[INFO] [stdout] 9 |    let alcs = Alcs::new(&va, &vb);
[INFO] [stdout]   |               ^^^^ not found in this scope
[INFO] [stdout]   |
[INFO] [stdout] help: consider importing this struct
[INFO] [stdout]   |
[INFO] [stdout] 4 | use alcs::Alcs;
[INFO] [stdout]   |
[INFO] [stdout] 
[INFO] [stdout] error: aborting due to previous error
[INFO] [stdout] 
[INFO] [stdout] For more information about this error, try `rustc --explain E0433`.
[INFO] [stdout] Couldn't compile the test.
[INFO] [stdout] 
[INFO] [stdout] failures:
[INFO] [stdout]     src/lib.rs - (line 36)
[INFO] [stdout]     src/lib.rs - (line 84)
[INFO] [stdout]     src/lib.rs - Alcs::new (line 311)
[INFO] [stdout] 
[INFO] [stdout] test result: FAILED. 8 passed; 3 failed; 0 ignored; 0 measured; 0 filtered out; finished in 3.02s
[INFO] [stdout] 
[INFO] [stderr] error: test failed, to rerun pass '--doc'
[INFO] running `Command { std: "docker" "inspect" "3d6eaa3c6f8a84e09e06dc32829b63bf91bf8919f183d28365cac4e204b59c04", kill_on_drop: false }`
[INFO] running `Command { std: "docker" "rm" "-f" "3d6eaa3c6f8a84e09e06dc32829b63bf91bf8919f183d28365cac4e204b59c04", kill_on_drop: false }`
[INFO] [stdout] 3d6eaa3c6f8a84e09e06dc32829b63bf91bf8919f183d28365cac4e204b59c04
