[INFO] fetching crate aktrs-macros 0.1.0-alpha.2...
[INFO] testing aktrs-macros-0.1.0-alpha.2 against beta-2021-08-01 for beta-1.55-1
[INFO] extracting crate aktrs-macros 0.1.0-alpha.2 into /workspace/builds/worker-13/source
[INFO] validating manifest of crates.io crate aktrs-macros 0.1.0-alpha.2 on toolchain beta-2021-08-01
[INFO] running `Command { std: "/workspace/cargo-home/bin/cargo" "+beta-2021-08-01" "metadata" "--manifest-path" "Cargo.toml" "--no-deps", kill_on_drop: false }`
[INFO] started tweaking crates.io crate aktrs-macros 0.1.0-alpha.2
[INFO] finished tweaking crates.io crate aktrs-macros 0.1.0-alpha.2
[INFO] tweaked toml for crates.io crate aktrs-macros 0.1.0-alpha.2 written to /workspace/builds/worker-13/source/Cargo.toml
[INFO] running `Command { std: "/workspace/cargo-home/bin/cargo" "+beta-2021-08-01" "generate-lockfile" "--manifest-path" "Cargo.toml" "-Zno-index-update", kill_on_drop: false }`
[INFO] running `Command { std: "/workspace/cargo-home/bin/cargo" "+beta-2021-08-01" "fetch" "--manifest-path" "Cargo.toml", kill_on_drop: false }`
[INFO] running `Command { std: "docker" "create" "-v" "/var/lib/crater-agent-workspace/builds/worker-13/target:/opt/rustwide/target:rw,Z" "-v" "/var/lib/crater-agent-workspace/builds/worker-13/source:/opt/rustwide/workdir:ro,Z" "-v" "/var/lib/crater-agent-workspace/cargo-home:/opt/rustwide/cargo-home:ro,Z" "-v" "/var/lib/crater-agent-workspace/rustup-home:/opt/rustwide/rustup-home:ro,Z" "-e" "SOURCE_DIR=/opt/rustwide/workdir" "-e" "CARGO_TARGET_DIR=/opt/rustwide/target" "-e" "CARGO_HOME=/opt/rustwide/cargo-home" "-e" "RUSTUP_HOME=/opt/rustwide/rustup-home" "-w" "/opt/rustwide/workdir" "-m" "1610612736" "--user" "0:0" "--network" "none" "ghcr.io/rust-lang/crates-build-env/linux@sha256:34b6a614d2c27851fe6cbf88fbd1137609cefab8b10d0615aaeb6fd47975d74e" "/opt/rustwide/cargo-home/bin/cargo" "+beta-2021-08-01" "metadata" "--no-deps" "--format-version=1", kill_on_drop: false }`
[INFO] [stdout] 768c1ab5b94a2072dd6ebc8a9295c8aa1b4154eeb53cbf277e1f96b6e1cbe924
[INFO] [stderr] WARNING: Your kernel does not support swap limit capabilities or the cgroup is not mounted. Memory limited without swap.
[INFO] running `Command { std: "docker" "start" "-a" "768c1ab5b94a2072dd6ebc8a9295c8aa1b4154eeb53cbf277e1f96b6e1cbe924", kill_on_drop: false }`
[INFO] running `Command { std: "docker" "inspect" "768c1ab5b94a2072dd6ebc8a9295c8aa1b4154eeb53cbf277e1f96b6e1cbe924", kill_on_drop: false }`
[INFO] running `Command { std: "docker" "rm" "-f" "768c1ab5b94a2072dd6ebc8a9295c8aa1b4154eeb53cbf277e1f96b6e1cbe924", kill_on_drop: false }`
[INFO] [stdout] 768c1ab5b94a2072dd6ebc8a9295c8aa1b4154eeb53cbf277e1f96b6e1cbe924
[INFO] running `Command { std: "docker" "create" "-v" "/var/lib/crater-agent-workspace/builds/worker-13/target:/opt/rustwide/target:rw,Z" "-v" "/var/lib/crater-agent-workspace/builds/worker-13/source:/opt/rustwide/workdir:ro,Z" "-v" "/var/lib/crater-agent-workspace/cargo-home:/opt/rustwide/cargo-home:ro,Z" "-v" "/var/lib/crater-agent-workspace/rustup-home:/opt/rustwide/rustup-home:ro,Z" "-e" "SOURCE_DIR=/opt/rustwide/workdir" "-e" "CARGO_TARGET_DIR=/opt/rustwide/target" "-e" "CARGO_INCREMENTAL=0" "-e" "RUST_BACKTRACE=full" "-e" "RUSTFLAGS=--cap-lints=warn" "-e" "CARGO_HOME=/opt/rustwide/cargo-home" "-e" "RUSTUP_HOME=/opt/rustwide/rustup-home" "-w" "/opt/rustwide/workdir" "-m" "1610612736" "--user" "0:0" "--network" "none" "ghcr.io/rust-lang/crates-build-env/linux@sha256:34b6a614d2c27851fe6cbf88fbd1137609cefab8b10d0615aaeb6fd47975d74e" "/opt/rustwide/cargo-home/bin/cargo" "+beta-2021-08-01" "build" "--frozen" "--message-format=json", kill_on_drop: false }`
[INFO] [stdout] d4010651072049eb761bc258fa1f23968eddda9c45d0aa589822dcc7b4a2e826
[INFO] [stderr] WARNING: Your kernel does not support swap limit capabilities or the cgroup is not mounted. Memory limited without swap.
[INFO] running `Command { std: "docker" "start" "-a" "d4010651072049eb761bc258fa1f23968eddda9c45d0aa589822dcc7b4a2e826", kill_on_drop: false }`
[INFO] [stderr]     Blocking waiting for file lock on package cache
[INFO] [stderr]    Compiling syn v1.0.74
[INFO] [stderr]    Compiling aktrs-macros v0.1.0-alpha.2 (/opt/rustwide/workdir)
[INFO] [stderr]     Finished dev [unoptimized + debuginfo] target(s) in 14.35s
[INFO] running `Command { std: "docker" "inspect" "d4010651072049eb761bc258fa1f23968eddda9c45d0aa589822dcc7b4a2e826", kill_on_drop: false }`
[INFO] running `Command { std: "docker" "rm" "-f" "d4010651072049eb761bc258fa1f23968eddda9c45d0aa589822dcc7b4a2e826", kill_on_drop: false }`
[INFO] [stdout] d4010651072049eb761bc258fa1f23968eddda9c45d0aa589822dcc7b4a2e826
[INFO] running `Command { std: "docker" "create" "-v" "/var/lib/crater-agent-workspace/builds/worker-13/target:/opt/rustwide/target:rw,Z" "-v" "/var/lib/crater-agent-workspace/builds/worker-13/source:/opt/rustwide/workdir:ro,Z" "-v" "/var/lib/crater-agent-workspace/cargo-home:/opt/rustwide/cargo-home:ro,Z" "-v" "/var/lib/crater-agent-workspace/rustup-home:/opt/rustwide/rustup-home:ro,Z" "-e" "SOURCE_DIR=/opt/rustwide/workdir" "-e" "CARGO_TARGET_DIR=/opt/rustwide/target" "-e" "CARGO_INCREMENTAL=0" "-e" "RUST_BACKTRACE=full" "-e" "RUSTFLAGS=--cap-lints=warn" "-e" "CARGO_HOME=/opt/rustwide/cargo-home" "-e" "RUSTUP_HOME=/opt/rustwide/rustup-home" "-w" "/opt/rustwide/workdir" "-m" "1610612736" "--user" "0:0" "--network" "none" "ghcr.io/rust-lang/crates-build-env/linux@sha256:34b6a614d2c27851fe6cbf88fbd1137609cefab8b10d0615aaeb6fd47975d74e" "/opt/rustwide/cargo-home/bin/cargo" "+beta-2021-08-01" "test" "--frozen" "--no-run" "--message-format=json", kill_on_drop: false }`
[INFO] [stdout] e7fadf2d2f2ed69d9209c671a7f3a6b010cda75e3f978aac6c424784c115dc81
[INFO] [stderr] WARNING: Your kernel does not support swap limit capabilities or the cgroup is not mounted. Memory limited without swap.
[INFO] running `Command { std: "docker" "start" "-a" "e7fadf2d2f2ed69d9209c671a7f3a6b010cda75e3f978aac6c424784c115dc81", kill_on_drop: false }`
[INFO] [stderr]    Compiling aktrs-macros v0.1.0-alpha.2 (/opt/rustwide/workdir)
[INFO] [stderr]     Finished test [unoptimized + debuginfo] target(s) in 0.63s
[INFO] running `Command { std: "docker" "inspect" "e7fadf2d2f2ed69d9209c671a7f3a6b010cda75e3f978aac6c424784c115dc81", kill_on_drop: false }`
[INFO] running `Command { std: "docker" "rm" "-f" "e7fadf2d2f2ed69d9209c671a7f3a6b010cda75e3f978aac6c424784c115dc81", kill_on_drop: false }`
[INFO] [stdout] e7fadf2d2f2ed69d9209c671a7f3a6b010cda75e3f978aac6c424784c115dc81
[INFO] running `Command { std: "docker" "create" "-v" "/var/lib/crater-agent-workspace/builds/worker-13/target:/opt/rustwide/target:rw,Z" "-v" "/var/lib/crater-agent-workspace/builds/worker-13/source:/opt/rustwide/workdir:ro,Z" "-v" "/var/lib/crater-agent-workspace/cargo-home:/opt/rustwide/cargo-home:ro,Z" "-v" "/var/lib/crater-agent-workspace/rustup-home:/opt/rustwide/rustup-home:ro,Z" "-e" "SOURCE_DIR=/opt/rustwide/workdir" "-e" "CARGO_TARGET_DIR=/opt/rustwide/target" "-e" "CARGO_INCREMENTAL=0" "-e" "RUST_BACKTRACE=full" "-e" "RUSTFLAGS=--cap-lints=warn" "-e" "CARGO_HOME=/opt/rustwide/cargo-home" "-e" "RUSTUP_HOME=/opt/rustwide/rustup-home" "-w" "/opt/rustwide/workdir" "-m" "1610612736" "--user" "0:0" "--network" "none" "ghcr.io/rust-lang/crates-build-env/linux@sha256:34b6a614d2c27851fe6cbf88fbd1137609cefab8b10d0615aaeb6fd47975d74e" "/opt/rustwide/cargo-home/bin/cargo" "+beta-2021-08-01" "test" "--frozen", kill_on_drop: false }`
[INFO] [stdout] ffedeb0f0c18701b13879a636ab8eb1be33dae000863357ccc29db1995048b74
[INFO] [stderr] WARNING: Your kernel does not support swap limit capabilities or the cgroup is not mounted. Memory limited without swap.
[INFO] running `Command { std: "docker" "start" "-a" "ffedeb0f0c18701b13879a636ab8eb1be33dae000863357ccc29db1995048b74", kill_on_drop: false }`
[INFO] [stderr]     Finished test [unoptimized + debuginfo] target(s) in 0.02s
[INFO] [stderr]      Running unittests (/opt/rustwide/target/debug/deps/aktrs_macros-495f0bef6d268724)
[INFO] [stdout] 
[INFO] [stderr]    Doc-tests aktrs-macros
[INFO] [stdout] running 0 tests
[INFO] [stdout] 
[INFO] [stdout] test result: ok. 0 passed; 0 failed; 0 ignored; 0 measured; 0 filtered out; finished in 0.00s
[INFO] [stdout] 
[INFO] [stdout] 
[INFO] [stdout] running 1 test
[INFO] [stdout] test src/lib.rs - test (line 15) - compile ... FAILED
[INFO] [stdout] 
[INFO] [stdout] failures:
[INFO] [stdout] 
[INFO] [stdout] ---- src/lib.rs - test (line 15) stdout ----
[INFO] [stdout] error[E0433]: failed to resolve: use of undeclared crate or module `aktrs`
[INFO] [stdout]  --> src/lib.rs:16:5
[INFO] [stdout]   |
[INFO] [stdout] 3 | use aktrs::actor::{testkit::ActorTestKit, Behavior};
[INFO] [stdout]   |     ^^^^^ use of undeclared crate or module `aktrs`
[INFO] [stdout] 
[INFO] [stdout] error[E0433]: failed to resolve: use of undeclared crate or module `aktrs`
[INFO] [stdout]  --> src/lib.rs:18:3
[INFO] [stdout]   |
[INFO] [stdout] 5 | #[aktrs::test]
[INFO] [stdout]   |   ^^^^^ use of undeclared crate or module `aktrs`
[INFO] [stdout] 
[INFO] [stdout] error[E0433]: failed to resolve: use of undeclared crate or module `aktrs`
[INFO] [stdout]  --> src/lib.rs:19:43
[INFO] [stdout]   |
[INFO] [stdout] 6 | fn my_simple_test(mut t: ActorTestKit) -> aktrs::Result<()> {
[INFO] [stdout]   |                                           ^^^^^ use of undeclared crate or module `aktrs`
[INFO] [stdout] 
[INFO] [stdout] error[E0433]: failed to resolve: use of undeclared type `Behaviors`
[INFO] [stdout]   --> src/lib.rs:23:39
[INFO] [stdout]    |
[INFO] [stdout] 10 |     let mut actor = t.spawn_anonymous(Behaviors::receive_message(move |cx, msg| {
[INFO] [stdout]    |                                       ^^^^^^^^^ use of undeclared type `Behaviors`
[INFO] [stdout] 
[INFO] [stdout] error[E0433]: failed to resolve: use of undeclared type `Behaviors`
[INFO] [stdout]   --> src/lib.rs:28:12
[INFO] [stdout]    |
[INFO] [stdout] 15 |         Ok(Behaviors::same())
[INFO] [stdout]    |            ^^^^^^^^^ use of undeclared type `Behaviors`
[INFO] [stdout] 
[INFO] [stdout] error[E0412]: cannot find type `ActorTestKit` in this scope
[INFO] [stdout]  --> src/lib.rs:19:26
[INFO] [stdout]   |
[INFO] [stdout] 6 | fn my_simple_test(mut t: ActorTestKit) -> aktrs::Result<()> {
[INFO] [stdout]   |                          ^^^^^^^^^^^^ not found in this scope
[INFO] [stdout] 
[INFO] [stdout] error: aborting due to 6 previous errors
[INFO] [stdout] 
[INFO] [stdout] Some errors have detailed explanations: E0412, E0433.
[INFO] [stdout] For more information about an error, try `rustc --explain E0412`.
[INFO] [stdout] Couldn't compile the test.
[INFO] [stdout] 
[INFO] [stdout] failures:
[INFO] [stdout]     src/lib.rs - test (line 15)
[INFO] [stdout] 
[INFO] [stdout] test result: FAILED. 0 passed; 1 failed; 0 ignored; 0 measured; 0 filtered out; finished in 0.17s
[INFO] [stdout] 
[INFO] [stderr] error: test failed, to rerun pass '--doc'
[INFO] running `Command { std: "docker" "inspect" "ffedeb0f0c18701b13879a636ab8eb1be33dae000863357ccc29db1995048b74", kill_on_drop: false }`
[INFO] running `Command { std: "docker" "rm" "-f" "ffedeb0f0c18701b13879a636ab8eb1be33dae000863357ccc29db1995048b74", kill_on_drop: false }`
[INFO] [stdout] ffedeb0f0c18701b13879a636ab8eb1be33dae000863357ccc29db1995048b74
