[INFO] fetching crate ajour-core 1.0.1...
[INFO] testing ajour-core-1.0.1 against 1.54.0 for beta-1.55-1
[INFO] extracting crate ajour-core 1.0.1 into /workspace/builds/worker-3/source
[INFO] validating manifest of crates.io crate ajour-core 1.0.1 on toolchain 1.54.0
[INFO] running `Command { std: "/workspace/cargo-home/bin/cargo" "+1.54.0" "metadata" "--manifest-path" "Cargo.toml" "--no-deps", kill_on_drop: false }`
[INFO] started tweaking crates.io crate ajour-core 1.0.1
[INFO] finished tweaking crates.io crate ajour-core 1.0.1
[INFO] tweaked toml for crates.io crate ajour-core 1.0.1 written to /workspace/builds/worker-3/source/Cargo.toml
[INFO] crate crates.io crate ajour-core 1.0.1 already has a lockfile, it will not be regenerated
[INFO] running `Command { std: "/workspace/cargo-home/bin/cargo" "+1.54.0" "fetch" "--manifest-path" "Cargo.toml", kill_on_drop: false }`
[INFO] running `Command { std: "docker" "create" "-v" "/var/lib/crater-agent-workspace/builds/worker-3/target:/opt/rustwide/target:rw,Z" "-v" "/var/lib/crater-agent-workspace/builds/worker-3/source:/opt/rustwide/workdir:ro,Z" "-v" "/var/lib/crater-agent-workspace/cargo-home:/opt/rustwide/cargo-home:ro,Z" "-v" "/var/lib/crater-agent-workspace/rustup-home:/opt/rustwide/rustup-home:ro,Z" "-e" "SOURCE_DIR=/opt/rustwide/workdir" "-e" "CARGO_TARGET_DIR=/opt/rustwide/target" "-e" "CARGO_HOME=/opt/rustwide/cargo-home" "-e" "RUSTUP_HOME=/opt/rustwide/rustup-home" "-w" "/opt/rustwide/workdir" "-m" "1610612736" "--user" "0:0" "--network" "none" "ghcr.io/rust-lang/crates-build-env/linux@sha256:34b6a614d2c27851fe6cbf88fbd1137609cefab8b10d0615aaeb6fd47975d74e" "/opt/rustwide/cargo-home/bin/cargo" "+1.54.0" "metadata" "--no-deps" "--format-version=1", kill_on_drop: false }`
[INFO] [stdout] 61c651348303cbccefbba5b049fe6d021444e8ea4b9d10e0ac5d21f6c03555ba
[INFO] [stderr] WARNING: Your kernel does not support swap limit capabilities or the cgroup is not mounted. Memory limited without swap.
[INFO] running `Command { std: "docker" "start" "-a" "61c651348303cbccefbba5b049fe6d021444e8ea4b9d10e0ac5d21f6c03555ba", kill_on_drop: false }`
[INFO] running `Command { std: "docker" "inspect" "61c651348303cbccefbba5b049fe6d021444e8ea4b9d10e0ac5d21f6c03555ba", kill_on_drop: false }`
[INFO] running `Command { std: "docker" "rm" "-f" "61c651348303cbccefbba5b049fe6d021444e8ea4b9d10e0ac5d21f6c03555ba", kill_on_drop: false }`
[INFO] [stdout] 61c651348303cbccefbba5b049fe6d021444e8ea4b9d10e0ac5d21f6c03555ba
[INFO] running `Command { std: "docker" "create" "-v" "/var/lib/crater-agent-workspace/builds/worker-3/target:/opt/rustwide/target:rw,Z" "-v" "/var/lib/crater-agent-workspace/builds/worker-3/source:/opt/rustwide/workdir:ro,Z" "-v" "/var/lib/crater-agent-workspace/cargo-home:/opt/rustwide/cargo-home:ro,Z" "-v" "/var/lib/crater-agent-workspace/rustup-home:/opt/rustwide/rustup-home:ro,Z" "-e" "SOURCE_DIR=/opt/rustwide/workdir" "-e" "CARGO_TARGET_DIR=/opt/rustwide/target" "-e" "CARGO_INCREMENTAL=0" "-e" "RUST_BACKTRACE=full" "-e" "RUSTFLAGS=--cap-lints=warn" "-e" "CARGO_HOME=/opt/rustwide/cargo-home" "-e" "RUSTUP_HOME=/opt/rustwide/rustup-home" "-w" "/opt/rustwide/workdir" "-m" "1610612736" "--user" "0:0" "--network" "none" "ghcr.io/rust-lang/crates-build-env/linux@sha256:34b6a614d2c27851fe6cbf88fbd1137609cefab8b10d0615aaeb6fd47975d74e" "/opt/rustwide/cargo-home/bin/cargo" "+1.54.0" "build" "--frozen" "--message-format=json", kill_on_drop: false }`
[INFO] [stderr] WARNING: Your kernel does not support swap limit capabilities or the cgroup is not mounted. Memory limited without swap.
[INFO] [stdout] 7894a644a01d0e225d15997a35ec372c17eed7fb5dfbe3f9123dca27658044e4
[INFO] running `Command { std: "docker" "start" "-a" "7894a644a01d0e225d15997a35ec372c17eed7fb5dfbe3f9123dca27658044e4", kill_on_drop: false }`
[INFO] [stderr]    Compiling libc v0.2.92
[INFO] [stderr]    Compiling syn v1.0.67
[INFO] [stderr]    Compiling futures-core v0.3.13
[INFO] [stderr]    Compiling value-bag v1.0.0-alpha.6
[INFO] [stderr]    Compiling log v0.4.14
[INFO] [stderr]    Compiling futures-io v0.3.13
[INFO] [stderr]    Compiling parking v2.0.0
[INFO] [stderr]    Compiling cache-padded v1.1.1
[INFO] [stderr]    Compiling waker-fn v1.1.0
[INFO] [stderr]    Compiling fastrand v1.4.0
[INFO] [stderr]    Compiling event-listener v2.5.1
[INFO] [stderr]    Compiling futures-sink v0.3.13
[INFO] [stderr]    Compiling vec-arena v1.1.0
[INFO] [stderr]    Compiling rayon-core v1.9.0
[INFO] [stderr]    Compiling async-task v4.0.3
[INFO] [stderr]    Compiling signal-hook v0.3.7
[INFO] [stderr]    Compiling curl v0.4.35
[INFO] [stderr]    Compiling atomic-waker v1.0.0
[INFO] [stderr]    Compiling futures-task v0.3.13
[INFO] [stderr]    Compiling zstd-safe v3.0.1+zstd.1.4.9
[INFO] [stderr]    Compiling async-trait v0.1.48
[INFO] [stderr]    Compiling regex-syntax v0.6.23
[INFO] [stderr]    Compiling isahc v1.2.0
[INFO] [stderr]    Compiling glob v0.3.0
[INFO] [stderr]    Compiling path-slash v0.1.4
[INFO] [stderr]    Compiling dyn-clone v1.0.4
[INFO] [stderr]    Compiling crossbeam-utils v0.8.3
[INFO] [stderr]    Compiling memoffset v0.6.3
[INFO] [stderr]    Compiling tracing-core v0.1.17
[INFO] [stderr]    Compiling rayon v1.5.0
[INFO] [stderr]    Compiling lock_api v0.4.2
[INFO] [stderr]    Compiling tinyvec v1.1.1
[INFO] [stderr]    Compiling concurrent-queue v1.2.2
[INFO] [stderr]    Compiling futures-channel v0.3.13
[INFO] [stderr]    Compiling async-mutex v1.4.0
[INFO] [stderr]    Compiling async-lock v2.3.0
[INFO] [stderr]    Compiling http v0.2.3
[INFO] [stderr]    Compiling quote v1.0.9
[INFO] [stderr]    Compiling futures-lite v1.11.3
[INFO] [stderr]    Compiling spinning_top v0.2.2
[INFO] [stderr]    Compiling async-channel v1.6.1
[INFO] [stderr]    Compiling sluice v0.5.4
[INFO] [stderr]    Compiling unicode-normalization v0.1.17
[INFO] [stderr]    Compiling jobserver v0.1.21
[INFO] [stderr]    Compiling socket2 v0.4.0
[INFO] [stderr]    Compiling num_cpus v1.13.0
[INFO] [stderr]    Compiling getrandom v0.1.16
[INFO] [stderr]    Compiling signal-hook-registry v1.3.0
[INFO] [stderr]    Compiling time v0.1.43
[INFO] [stderr]    Compiling socket2 v0.3.19
[INFO] [stderr]    Compiling flate2 v1.0.14
[INFO] [stderr]    Compiling dirs-sys-next v0.1.2
[INFO] [stderr]    Compiling filetime v0.2.14
[INFO] [stderr]    Compiling xattr v0.2.2
[INFO] [stderr]    Compiling async-executor v1.4.0
[INFO] [stderr]    Compiling blocking v1.0.2
[INFO] [stderr]    Compiling dirs-next v2.0.0
[INFO] [stderr]    Compiling cc v1.0.67
[INFO] [stderr]    Compiling rand_core v0.5.1
[INFO] [stderr]    Compiling tar v0.4.33
[INFO] [stderr]    Compiling nb-connect v1.1.0
[INFO] [stderr]    Compiling crossbeam-epoch v0.9.3
[INFO] [stderr]    Compiling crossbeam-channel v0.5.0
[INFO] [stderr]    Compiling rand_chacha v0.2.2
[INFO] [stderr]    Compiling idna v0.2.2
[INFO] [stderr]    Compiling crossbeam-deque v0.8.0
[INFO] [stderr]    Compiling rand v0.7.3
[INFO] [stderr]    Compiling regex v1.4.5
[INFO] [stderr]    Compiling url v2.2.1
[INFO] [stderr]    Compiling libz-sys v1.1.2
[INFO] [stderr]    Compiling openssl-sys v0.9.61
[INFO] [stderr]    Compiling libnghttp2-sys v0.1.6+1.43.0
[INFO] [stderr]    Compiling curl-sys v0.4.41+curl-7.75.0
[INFO] [stderr]    Compiling zstd-sys v1.4.20+zstd.1.4.9
[INFO] [stderr]    Compiling bzip2-sys v0.1.10+1.0.8
[INFO] [stderr]    Compiling retry v1.2.0
[INFO] [stderr]    Compiling fancy-regex v0.5.0
[INFO] [stderr]    Compiling bzip2 v0.3.3
[INFO] [stderr]    Compiling ctor v0.1.20
[INFO] [stderr]    Compiling serde_derive v1.0.125
[INFO] [stderr]    Compiling pin-project-internal v1.0.6
[INFO] [stderr]    Compiling futures-macro v0.3.13
[INFO] [stderr]    Compiling tracing-attributes v0.1.15
[INFO] [stderr]    Compiling thiserror-impl v1.0.24
[INFO] [stderr]    Compiling futures-util v0.3.13
[INFO] [stderr]    Compiling polling v2.0.3
[INFO] [stderr]    Compiling kv-log-macro v1.0.7
[INFO] [stderr]    Compiling fern v0.6.0
[INFO] [stderr]    Compiling async-io v1.3.1
[INFO] [stderr]    Compiling thiserror v1.0.24
[INFO] [stderr]    Compiling tracing v0.1.25
[INFO] [stderr]    Compiling pin-project v1.0.6
[INFO] [stderr]    Compiling zip v0.5.11
[INFO] [stderr]    Compiling flume v0.10.2
[INFO] [stderr]    Compiling async-process v1.0.2
[INFO] [stderr]    Compiling async-global-executor v2.0.2
[INFO] [stderr]    Compiling tracing-futures v0.2.5
[INFO] [stderr]    Compiling async-std v1.9.0
[INFO] [stderr]    Compiling futures-executor v0.3.13
[INFO] [stderr]    Compiling serde v1.0.125
[INFO] [stderr]    Compiling futures v0.3.13
[INFO] [stderr]    Compiling serde_json v1.0.64
[INFO] [stderr]    Compiling chrono v0.4.19
[INFO] [stderr]    Compiling serde_yaml v0.8.17
[INFO] [stderr]    Compiling zstd v0.6.1+zstd.1.4.9
[INFO] [stderr]    Compiling ajour-core v1.0.1 (/opt/rustwide/workdir)
[INFO] [stdout] warning: derive helper attribute is used before it is introduced
[INFO] [stdout]   --> src/catalog.rs:85:3
[INFO] [stdout]    |
[INFO] [stdout] 85 | #[serde(transparent)]
[INFO] [stdout]    |   ^^^^^
[INFO] [stdout] 86 | #[derive(Debug, Clone, Serialize, Deserialize)]
[INFO] [stdout]    |                        --------- the attribute is introduced here
[INFO] [stdout]    |
[INFO] [stdout]    = note: `#[warn(legacy_derive_helpers)]` on by default
[INFO] [stdout]    = warning: this was previously accepted by the compiler but is being phased out; it will become a hard error in a future release!
[INFO] [stdout]    = note: for more information, see issue #79202 <https://github.com/rust-lang/rust/issues/79202>
[INFO] [stdout] 
[INFO] [stdout] 
[INFO] [stdout] warning: derive helper attribute is used before it is introduced
[INFO] [stdout]   --> src/catalog.rs:91:3
[INFO] [stdout]    |
[INFO] [stdout] 91 | #[serde(rename_all = "camelCase")]
[INFO] [stdout]    |   ^^^^^
[INFO] [stdout] 92 | #[derive(Debug, Clone, Serialize, Deserialize, Eq, PartialEq, Ord, PartialOrd)]
[INFO] [stdout]    |                        --------- the attribute is introduced here
[INFO] [stdout]    |
[INFO] [stdout]    = warning: this was previously accepted by the compiler but is being phased out; it will become a hard error in a future release!
[INFO] [stdout]    = note: for more information, see issue #79202 <https://github.com/rust-lang/rust/issues/79202>
[INFO] [stdout] 
[INFO] [stdout] 
[INFO] [stdout] warning: derive helper attribute is used before it is introduced
[INFO] [stdout]    --> src/catalog.rs:99:3
[INFO] [stdout]     |
[INFO] [stdout] 99  | #[serde(rename_all = "camelCase")]
[INFO] [stdout]     |   ^^^^^
[INFO] [stdout] 100 | #[derive(Debug, Clone, Serialize, Deserialize)]
[INFO] [stdout]     |                        --------- the attribute is introduced here
[INFO] [stdout]     |
[INFO] [stdout]     = warning: this was previously accepted by the compiler but is being phased out; it will become a hard error in a future release!
[INFO] [stdout]     = note: for more information, see issue #79202 <https://github.com/rust-lang/rust/issues/79202>
[INFO] [stdout] 
[INFO] [stdout] 
[INFO] [stdout] warning: derive helper attribute is used before it is introduced
[INFO] [stdout]  --> src/config/wow.rs:6:3
[INFO] [stdout]   |
[INFO] [stdout] 6 | #[serde(default)]
[INFO] [stdout]   |   ^^^^^
[INFO] [stdout] 7 | #[derive(Deserialize, Serialize, Clone, Debug, PartialEq, Eq)]
[INFO] [stdout]   |          ----------- the attribute is introduced here
[INFO] [stdout]   |
[INFO] [stdout]   = warning: this was previously accepted by the compiler but is being phased out; it will become a hard error in a future release!
[INFO] [stdout]   = note: for more information, see issue #79202 <https://github.com/rust-lang/rust/issues/79202>
[INFO] [stdout] 
[INFO] [stdout] 
[INFO] [stdout] warning: derive helper attribute is used before it is introduced
[INFO] [stdout]    --> src/repository/backend/townlongyak.rs:176:3
[INFO] [stdout]     |
[INFO] [stdout] 176 | #[serde(rename_all = "camelCase")]
[INFO] [stdout]     |   ^^^^^
[INFO] [stdout] 177 | #[derive(Clone, Debug, Serialize)]
[INFO] [stdout]     |                        --------- the attribute is introduced here
[INFO] [stdout]     |
[INFO] [stdout]     = warning: this was previously accepted by the compiler but is being phased out; it will become a hard error in a future release!
[INFO] [stdout]     = note: for more information, see issue #79202 <https://github.com/rust-lang/rust/issues/79202>
[INFO] [stdout] 
[INFO] [stdout] 
[INFO] [stdout] warning: derive helper attribute is used before it is introduced
[INFO] [stdout]    --> src/repository/backend/wowi.rs:141:3
[INFO] [stdout]     |
[INFO] [stdout] 141 | #[serde(rename_all = "camelCase")]
[INFO] [stdout]     |   ^^^^^
[INFO] [stdout] 142 | #[derive(Clone, Debug, Deserialize)]
[INFO] [stdout]     |                        ----------- the attribute is introduced here
[INFO] [stdout]     |
[INFO] [stdout]     = warning: this was previously accepted by the compiler but is being phased out; it will become a hard error in a future release!
[INFO] [stdout]     = note: for more information, see issue #79202 <https://github.com/rust-lang/rust/issues/79202>
[INFO] [stdout] 
[INFO] [stdout] 
[INFO] [stdout] warning: 6 warnings emitted
[INFO] [stdout] 
[INFO] [stdout] 
[INFO] [stderr]     Finished dev [unoptimized + debuginfo] target(s) in 4m 49s
[INFO] running `Command { std: "docker" "inspect" "7894a644a01d0e225d15997a35ec372c17eed7fb5dfbe3f9123dca27658044e4", kill_on_drop: false }`
[INFO] running `Command { std: "docker" "rm" "-f" "7894a644a01d0e225d15997a35ec372c17eed7fb5dfbe3f9123dca27658044e4", kill_on_drop: false }`
[INFO] [stdout] 7894a644a01d0e225d15997a35ec372c17eed7fb5dfbe3f9123dca27658044e4
[INFO] running `Command { std: "docker" "create" "-v" "/var/lib/crater-agent-workspace/builds/worker-3/target:/opt/rustwide/target:rw,Z" "-v" "/var/lib/crater-agent-workspace/builds/worker-3/source:/opt/rustwide/workdir:ro,Z" "-v" "/var/lib/crater-agent-workspace/cargo-home:/opt/rustwide/cargo-home:ro,Z" "-v" "/var/lib/crater-agent-workspace/rustup-home:/opt/rustwide/rustup-home:ro,Z" "-e" "SOURCE_DIR=/opt/rustwide/workdir" "-e" "CARGO_TARGET_DIR=/opt/rustwide/target" "-e" "CARGO_INCREMENTAL=0" "-e" "RUST_BACKTRACE=full" "-e" "RUSTFLAGS=--cap-lints=warn" "-e" "CARGO_HOME=/opt/rustwide/cargo-home" "-e" "RUSTUP_HOME=/opt/rustwide/rustup-home" "-w" "/opt/rustwide/workdir" "-m" "1610612736" "--user" "0:0" "--network" "none" "ghcr.io/rust-lang/crates-build-env/linux@sha256:34b6a614d2c27851fe6cbf88fbd1137609cefab8b10d0615aaeb6fd47975d74e" "/opt/rustwide/cargo-home/bin/cargo" "+1.54.0" "test" "--frozen" "--no-run" "--message-format=json", kill_on_drop: false }`
[INFO] [stdout] 7bf98acc915c9e16fb1b24ab1a6200d2c2edadd33479c4ad75031190ac64b314
[INFO] [stderr] WARNING: Your kernel does not support swap limit capabilities or the cgroup is not mounted. Memory limited without swap.
[INFO] running `Command { std: "docker" "start" "-a" "7bf98acc915c9e16fb1b24ab1a6200d2c2edadd33479c4ad75031190ac64b314", kill_on_drop: false }`
[INFO] [stderr]     Blocking waiting for file lock on package cache
[INFO] [stderr]     Blocking waiting for file lock on package cache
[INFO] [stdout] warning: derive helper attribute is used before it is introduced
[INFO] [stdout]   --> src/catalog.rs:85:3
[INFO] [stdout]    |
[INFO] [stdout] 85 | #[serde(transparent)]
[INFO] [stdout]    |   ^^^^^
[INFO] [stdout] 86 | #[derive(Debug, Clone, Serialize, Deserialize)]
[INFO] [stdout]    |                        --------- the attribute is introduced here
[INFO] [stdout]    |
[INFO] [stdout]    = note: `#[warn(legacy_derive_helpers)]` on by default
[INFO] [stdout]    = warning: this was previously accepted by the compiler but is being phased out; it will become a hard error in a future release!
[INFO] [stdout]    = note: for more information, see issue #79202 <https://github.com/rust-lang/rust/issues/79202>
[INFO] [stdout] 
[INFO] [stdout] 
[INFO] [stdout] warning: derive helper attribute is used before it is introduced
[INFO] [stdout]   --> src/catalog.rs:91:3
[INFO] [stdout]    |
[INFO] [stdout] 91 | #[serde(rename_all = "camelCase")]
[INFO] [stdout]    |   ^^^^^
[INFO] [stdout] 92 | #[derive(Debug, Clone, Serialize, Deserialize, Eq, PartialEq, Ord, PartialOrd)]
[INFO] [stdout]    |                        --------- the attribute is introduced here
[INFO] [stdout]    |
[INFO] [stdout]    = warning: this was previously accepted by the compiler but is being phased out; it will become a hard error in a future release!
[INFO] [stdout]    = note: for more information, see issue #79202 <https://github.com/rust-lang/rust/issues/79202>
[INFO] [stdout] 
[INFO] [stdout] 
[INFO] [stdout] warning: derive helper attribute is used before it is introduced
[INFO] [stdout]    --> src/catalog.rs:99:3
[INFO] [stdout]     |
[INFO] [stdout] 99  | #[serde(rename_all = "camelCase")]
[INFO] [stdout]     |   ^^^^^
[INFO] [stdout] 100 | #[derive(Debug, Clone, Serialize, Deserialize)]
[INFO] [stdout]     |                        --------- the attribute is introduced here
[INFO] [stdout]     |
[INFO] [stdout]     = warning: this was previously accepted by the compiler but is being phased out; it will become a hard error in a future release!
[INFO] [stdout]     = note: for more information, see issue #79202 <https://github.com/rust-lang/rust/issues/79202>
[INFO] [stdout] 
[INFO] [stdout] 
[INFO] [stdout] warning: derive helper attribute is used before it is introduced
[INFO] [stdout]  --> src/config/wow.rs:6:3
[INFO] [stdout]   |
[INFO] [stdout] 6 | #[serde(default)]
[INFO] [stdout]   |   ^^^^^
[INFO] [stdout] 7 | #[derive(Deserialize, Serialize, Clone, Debug, PartialEq, Eq)]
[INFO] [stdout]   |          ----------- the attribute is introduced here
[INFO] [stdout]   |
[INFO] [stdout]   = warning: this was previously accepted by the compiler but is being phased out; it will become a hard error in a future release!
[INFO] [stdout]   = note: for more information, see issue #79202 <https://github.com/rust-lang/rust/issues/79202>
[INFO] [stdout] 
[INFO] [stdout] 
[INFO] [stdout] warning: derive helper attribute is used before it is introduced
[INFO] [stdout]    --> src/repository/backend/townlongyak.rs:176:3
[INFO] [stdout]     |
[INFO] [stdout] 176 | #[serde(rename_all = "camelCase")]
[INFO] [stdout]     |   ^^^^^
[INFO] [stdout] 177 | #[derive(Clone, Debug, Serialize)]
[INFO] [stdout]     |                        --------- the attribute is introduced here
[INFO] [stdout]     |
[INFO] [stdout]     = warning: this was previously accepted by the compiler but is being phased out; it will become a hard error in a future release!
[INFO] [stdout]     = note: for more information, see issue #79202 <https://github.com/rust-lang/rust/issues/79202>
[INFO] [stdout] 
[INFO] [stdout] 
[INFO] [stdout] warning: derive helper attribute is used before it is introduced
[INFO] [stdout]    --> src/repository/backend/wowi.rs:141:3
[INFO] [stdout]     |
[INFO] [stdout] 141 | #[serde(rename_all = "camelCase")]
[INFO] [stdout]     |   ^^^^^
[INFO] [stdout] 142 | #[derive(Clone, Debug, Deserialize)]
[INFO] [stdout]     |                        ----------- the attribute is introduced here
[INFO] [stdout]     |
[INFO] [stdout]     = warning: this was previously accepted by the compiler but is being phased out; it will become a hard error in a future release!
[INFO] [stdout]     = note: for more information, see issue #79202 <https://github.com/rust-lang/rust/issues/79202>
[INFO] [stdout] 
[INFO] [stdout] 
[INFO] [stdout] warning: 6 warnings emitted
[INFO] [stdout] 
[INFO] [stdout] 
[INFO] [stderr]    Compiling ajour-core v1.0.1 (/opt/rustwide/workdir)
[INFO] [stdout] warning: derive helper attribute is used before it is introduced
[INFO] [stdout]   --> src/catalog.rs:85:3
[INFO] [stdout]    |
[INFO] [stdout] 85 | #[serde(transparent)]
[INFO] [stdout]    |   ^^^^^
[INFO] [stdout] 86 | #[derive(Debug, Clone, Serialize, Deserialize)]
[INFO] [stdout]    |                        --------- the attribute is introduced here
[INFO] [stdout]    |
[INFO] [stdout]    = note: `#[warn(legacy_derive_helpers)]` on by default
[INFO] [stdout]    = warning: this was previously accepted by the compiler but is being phased out; it will become a hard error in a future release!
[INFO] [stdout]    = note: for more information, see issue #79202 <https://github.com/rust-lang/rust/issues/79202>
[INFO] [stdout] 
[INFO] [stdout] 
[INFO] [stdout] warning: derive helper attribute is used before it is introduced
[INFO] [stdout]   --> src/catalog.rs:91:3
[INFO] [stdout]    |
[INFO] [stdout] 91 | #[serde(rename_all = "camelCase")]
[INFO] [stdout]    |   ^^^^^
[INFO] [stdout] 92 | #[derive(Debug, Clone, Serialize, Deserialize, Eq, PartialEq, Ord, PartialOrd)]
[INFO] [stdout]    |                        --------- the attribute is introduced here
[INFO] [stdout]    |
[INFO] [stdout]    = warning: this was previously accepted by the compiler but is being phased out; it will become a hard error in a future release!
[INFO] [stdout]    = note: for more information, see issue #79202 <https://github.com/rust-lang/rust/issues/79202>
[INFO] [stdout] 
[INFO] [stdout] 
[INFO] [stdout] warning: derive helper attribute is used before it is introduced
[INFO] [stdout]    --> src/catalog.rs:99:3
[INFO] [stdout]     |
[INFO] [stdout] 99  | #[serde(rename_all = "camelCase")]
[INFO] [stdout]     |   ^^^^^
[INFO] [stdout] 100 | #[derive(Debug, Clone, Serialize, Deserialize)]
[INFO] [stdout]     |                        --------- the attribute is introduced here
[INFO] [stdout]     |
[INFO] [stdout]     = warning: this was previously accepted by the compiler but is being phased out; it will become a hard error in a future release!
[INFO] [stdout]     = note: for more information, see issue #79202 <https://github.com/rust-lang/rust/issues/79202>
[INFO] [stdout] 
[INFO] [stdout] 
[INFO] [stdout] warning: derive helper attribute is used before it is introduced
[INFO] [stdout]  --> src/config/wow.rs:6:3
[INFO] [stdout]   |
[INFO] [stdout] 6 | #[serde(default)]
[INFO] [stdout]   |   ^^^^^
[INFO] [stdout] 7 | #[derive(Deserialize, Serialize, Clone, Debug, PartialEq, Eq)]
[INFO] [stdout]   |          ----------- the attribute is introduced here
[INFO] [stdout]   |
[INFO] [stdout]   = warning: this was previously accepted by the compiler but is being phased out; it will become a hard error in a future release!
[INFO] [stdout]   = note: for more information, see issue #79202 <https://github.com/rust-lang/rust/issues/79202>
[INFO] [stdout] 
[INFO] [stdout] 
[INFO] [stdout] warning: derive helper attribute is used before it is introduced
[INFO] [stdout]    --> src/repository/backend/townlongyak.rs:176:3
[INFO] [stdout]     |
[INFO] [stdout] 176 | #[serde(rename_all = "camelCase")]
[INFO] [stdout]     |   ^^^^^
[INFO] [stdout] 177 | #[derive(Clone, Debug, Serialize)]
[INFO] [stdout]     |                        --------- the attribute is introduced here
[INFO] [stdout]     |
[INFO] [stdout]     = warning: this was previously accepted by the compiler but is being phased out; it will become a hard error in a future release!
[INFO] [stdout]     = note: for more information, see issue #79202 <https://github.com/rust-lang/rust/issues/79202>
[INFO] [stdout] 
[INFO] [stdout] 
[INFO] [stdout] warning: derive helper attribute is used before it is introduced
[INFO] [stdout]    --> src/repository/backend/wowi.rs:141:3
[INFO] [stdout]     |
[INFO] [stdout] 141 | #[serde(rename_all = "camelCase")]
[INFO] [stdout]     |   ^^^^^
[INFO] [stdout] 142 | #[derive(Clone, Debug, Deserialize)]
[INFO] [stdout]     |                        ----------- the attribute is introduced here
[INFO] [stdout]     |
[INFO] [stdout]     = warning: this was previously accepted by the compiler but is being phased out; it will become a hard error in a future release!
[INFO] [stdout]     = note: for more information, see issue #79202 <https://github.com/rust-lang/rust/issues/79202>
[INFO] [stdout] 
[INFO] [stdout] 
[INFO] [stdout] warning: 6 warnings emitted
[INFO] [stdout] 
[INFO] [stdout] 
[INFO] [stderr]     Finished test [unoptimized + debuginfo] target(s) in 16.50s
[INFO] running `Command { std: "docker" "inspect" "7bf98acc915c9e16fb1b24ab1a6200d2c2edadd33479c4ad75031190ac64b314", kill_on_drop: false }`
[INFO] running `Command { std: "docker" "rm" "-f" "7bf98acc915c9e16fb1b24ab1a6200d2c2edadd33479c4ad75031190ac64b314", kill_on_drop: false }`
[INFO] [stdout] 7bf98acc915c9e16fb1b24ab1a6200d2c2edadd33479c4ad75031190ac64b314
[INFO] running `Command { std: "docker" "create" "-v" "/var/lib/crater-agent-workspace/builds/worker-3/target:/opt/rustwide/target:rw,Z" "-v" "/var/lib/crater-agent-workspace/builds/worker-3/source:/opt/rustwide/workdir:ro,Z" "-v" "/var/lib/crater-agent-workspace/cargo-home:/opt/rustwide/cargo-home:ro,Z" "-v" "/var/lib/crater-agent-workspace/rustup-home:/opt/rustwide/rustup-home:ro,Z" "-e" "SOURCE_DIR=/opt/rustwide/workdir" "-e" "CARGO_TARGET_DIR=/opt/rustwide/target" "-e" "CARGO_INCREMENTAL=0" "-e" "RUST_BACKTRACE=full" "-e" "RUSTFLAGS=--cap-lints=warn" "-e" "CARGO_HOME=/opt/rustwide/cargo-home" "-e" "RUSTUP_HOME=/opt/rustwide/rustup-home" "-w" "/opt/rustwide/workdir" "-m" "1610612736" "--user" "0:0" "--network" "none" "ghcr.io/rust-lang/crates-build-env/linux@sha256:34b6a614d2c27851fe6cbf88fbd1137609cefab8b10d0615aaeb6fd47975d74e" "/opt/rustwide/cargo-home/bin/cargo" "+1.54.0" "test" "--frozen", kill_on_drop: false }`
[INFO] [stdout] 4e73c84561361b6f18b7b3d66bb033b6df282fd19ec4e43b6b6ae1cc09edd596
[INFO] [stderr] WARNING: Your kernel does not support swap limit capabilities or the cgroup is not mounted. Memory limited without swap.
[INFO] running `Command { std: "docker" "start" "-a" "4e73c84561361b6f18b7b3d66bb033b6df282fd19ec4e43b6b6ae1cc09edd596", kill_on_drop: false }`
[INFO] [stderr] warning: derive helper attribute is used before it is introduced
[INFO] [stderr]   --> src/catalog.rs:85:3
[INFO] [stderr]    |
[INFO] [stderr] 85 | #[serde(transparent)]
[INFO] [stderr]    |   ^^^^^
[INFO] [stderr] 86 | #[derive(Debug, Clone, Serialize, Deserialize)]
[INFO] [stderr]    |                        --------- the attribute is introduced here
[INFO] [stderr]    |
[INFO] [stderr]    = note: `#[warn(legacy_derive_helpers)]` on by default
[INFO] [stderr]    = warning: this was previously accepted by the compiler but is being phased out; it will become a hard error in a future release!
[INFO] [stderr]    = note: for more information, see issue #79202 <https://github.com/rust-lang/rust/issues/79202>
[INFO] [stderr] 
[INFO] [stderr] warning: derive helper attribute is used before it is introduced
[INFO] [stderr]   --> src/catalog.rs:91:3
[INFO] [stderr]    |
[INFO] [stderr] 91 | #[serde(rename_all = "camelCase")]
[INFO] [stderr]    |   ^^^^^
[INFO] [stderr] 92 | #[derive(Debug, Clone, Serialize, Deserialize, Eq, PartialEq, Ord, PartialOrd)]
[INFO] [stderr]    |                        --------- the attribute is introduced here
[INFO] [stderr]    |
[INFO] [stderr]    = warning: this was previously accepted by the compiler but is being phased out; it will become a hard error in a future release!
[INFO] [stderr]    = note: for more information, see issue #79202 <https://github.com/rust-lang/rust/issues/79202>
[INFO] [stderr] 
[INFO] [stderr] warning: derive helper attribute is used before it is introduced
[INFO] [stderr]    --> src/catalog.rs:99:3
[INFO] [stderr]     |
[INFO] [stderr] 99  | #[serde(rename_all = "camelCase")]
[INFO] [stderr]     |   ^^^^^
[INFO] [stderr] 100 | #[derive(Debug, Clone, Serialize, Deserialize)]
[INFO] [stderr]     |                        --------- the attribute is introduced here
[INFO] [stderr]     |
[INFO] [stderr]     = warning: this was previously accepted by the compiler but is being phased out; it will become a hard error in a future release!
[INFO] [stderr]     = note: for more information, see issue #79202 <https://github.com/rust-lang/rust/issues/79202>
[INFO] [stderr] 
[INFO] [stderr] warning: derive helper attribute is used before it is introduced
[INFO] [stderr]  --> src/config/wow.rs:6:3
[INFO] [stderr]   |
[INFO] [stderr] 6 | #[serde(default)]
[INFO] [stderr]   |   ^^^^^
[INFO] [stderr] 7 | #[derive(Deserialize, Serialize, Clone, Debug, PartialEq, Eq)]
[INFO] [stderr]   |          ----------- the attribute is introduced here
[INFO] [stderr]   |
[INFO] [stderr]   = warning: this was previously accepted by the compiler but is being phased out; it will become a hard error in a future release!
[INFO] [stderr]   = note: for more information, see issue #79202 <https://github.com/rust-lang/rust/issues/79202>
[INFO] [stderr] 
[INFO] [stderr] warning: derive helper attribute is used before it is introduced
[INFO] [stderr]    --> src/repository/backend/townlongyak.rs:176:3
[INFO] [stderr]     |
[INFO] [stderr] 176 | #[serde(rename_all = "camelCase")]
[INFO] [stderr]     |   ^^^^^
[INFO] [stderr] 177 | #[derive(Clone, Debug, Serialize)]
[INFO] [stderr]     |                        --------- the attribute is introduced here
[INFO] [stderr]     |
[INFO] [stderr]     = warning: this was previously accepted by the compiler but is being phased out; it will become a hard error in a future release!
[INFO] [stderr]     = note: for more information, see issue #79202 <https://github.com/rust-lang/rust/issues/79202>
[INFO] [stderr] 
[INFO] [stderr] warning: derive helper attribute is used before it is introduced
[INFO] [stderr]    --> src/repository/backend/wowi.rs:141:3
[INFO] [stderr]     |
[INFO] [stderr] 141 | #[serde(rename_all = "camelCase")]
[INFO] [stderr]     |   ^^^^^
[INFO] [stderr] 142 | #[derive(Clone, Debug, Deserialize)]
[INFO] [stderr]     |                        ----------- the attribute is introduced here
[INFO] [stderr]     |
[INFO] [stderr]     = warning: this was previously accepted by the compiler but is being phased out; it will become a hard error in a future release!
[INFO] [stderr]     = note: for more information, see issue #79202 <https://github.com/rust-lang/rust/issues/79202>
[INFO] [stderr] 
[INFO] [stderr] warning: 6 warnings emitted
[INFO] [stderr] 
[INFO] [stderr] warning: derive helper attribute is used before it is introduced
[INFO] [stderr]   --> src/catalog.rs:85:3
[INFO] [stderr]    |
[INFO] [stderr] 85 | #[serde(transparent)]
[INFO] [stderr]    |   ^^^^^
[INFO] [stderr] 86 | #[derive(Debug, Clone, Serialize, Deserialize)]
[INFO] [stderr]    |                        --------- the attribute is introduced here
[INFO] [stderr]    |
[INFO] [stderr]    = note: `#[warn(legacy_derive_helpers)]` on by default
[INFO] [stderr]    = warning: this was previously accepted by the compiler but is being phased out; it will become a hard error in a future release!
[INFO] [stderr]    = note: for more information, see issue #79202 <https://github.com/rust-lang/rust/issues/79202>
[INFO] [stderr] 
[INFO] [stderr] warning: derive helper attribute is used before it is introduced
[INFO] [stderr]   --> src/catalog.rs:91:3
[INFO] [stderr]    |
[INFO] [stderr] 91 | #[serde(rename_all = "camelCase")]
[INFO] [stderr]    |   ^^^^^
[INFO] [stderr] 92 | #[derive(Debug, Clone, Serialize, Deserialize, Eq, PartialEq, Ord, PartialOrd)]
[INFO] [stderr]    |                        --------- the attribute is introduced here
[INFO] [stderr]    |
[INFO] [stderr]    = warning: this was previously accepted by the compiler but is being phased out; it will become a hard error in a future release!
[INFO] [stderr]    = note: for more information, see issue #79202 <https://github.com/rust-lang/rust/issues/79202>
[INFO] [stderr] 
[INFO] [stderr] warning: derive helper attribute is used before it is introduced
[INFO] [stderr]    --> src/catalog.rs:99:3
[INFO] [stderr]     |
[INFO] [stderr] 99  | #[serde(rename_all = "camelCase")]
[INFO] [stderr]     |   ^^^^^
[INFO] [stderr] 100 | #[derive(Debug, Clone, Serialize, Deserialize)]
[INFO] [stderr]     |                        --------- the attribute is introduced here
[INFO] [stderr]     |
[INFO] [stderr]     = warning: this was previously accepted by the compiler but is being phased out; it will become a hard error in a future release!
[INFO] [stderr]     = note: for more information, see issue #79202 <https://github.com/rust-lang/rust/issues/79202>
[INFO] [stderr] 
[INFO] [stderr] warning: derive helper attribute is used before it is introduced
[INFO] [stderr]  --> src/config/wow.rs:6:3
[INFO] [stderr]   |
[INFO] [stderr] 6 | #[serde(default)]
[INFO] [stderr]   |   ^^^^^
[INFO] [stderr] 7 | #[derive(Deserialize, Serialize, Clone, Debug, PartialEq, Eq)]
[INFO] [stderr]   |          ----------- the attribute is introduced here
[INFO] [stderr]   |
[INFO] [stderr]   = warning: this was previously accepted by the compiler but is being phased out; it will become a hard error in a future release!
[INFO] [stderr]   = note: for more information, see issue #79202 <https://github.com/rust-lang/rust/issues/79202>
[INFO] [stderr] 
[INFO] [stderr] warning: derive helper attribute is used before it is introduced
[INFO] [stderr]    --> src/repository/backend/townlongyak.rs:176:3
[INFO] [stderr]     |
[INFO] [stderr] 176 | #[serde(rename_all = "camelCase")]
[INFO] [stderr]     |   ^^^^^
[INFO] [stderr] 177 | #[derive(Clone, Debug, Serialize)]
[INFO] [stderr]     |                        --------- the attribute is introduced here
[INFO] [stderr]     |
[INFO] [stderr]     = warning: this was previously accepted by the compiler but is being phased out; it will become a hard error in a future release!
[INFO] [stderr]     = note: for more information, see issue #79202 <https://github.com/rust-lang/rust/issues/79202>
[INFO] [stderr] 
[INFO] [stderr] warning: derive helper attribute is used before it is introduced
[INFO] [stderr]    --> src/repository/backend/wowi.rs:141:3
[INFO] [stderr]     |
[INFO] [stderr] 141 | #[serde(rename_all = "camelCase")]
[INFO] [stderr]     |   ^^^^^
[INFO] [stderr] 142 | #[derive(Clone, Debug, Deserialize)]
[INFO] [stderr]     |                        ----------- the attribute is introduced here
[INFO] [stderr]     |
[INFO] [stderr]     = warning: this was previously accepted by the compiler but is being phased out; it will become a hard error in a future release!
[INFO] [stderr]     = note: for more information, see issue #79202 <https://github.com/rust-lang/rust/issues/79202>
[INFO] [stderr] 
[INFO] [stderr] warning: 6 warnings emitted
[INFO] [stderr] 
[INFO] [stderr]     Finished test [unoptimized + debuginfo] target(s) in 0.23s
[INFO] [stderr]      Running unittests (/opt/rustwide/target/debug/deps/ajour_core-e4f43f68162be1b7)
[INFO] [stdout] 
[INFO] [stdout] running 7 tests
[INFO] [stdout] test murmur2::tests::test_hash ... ok
[INFO] [stdout] test utility::tests::test_interface ... ok
[INFO] [stdout] test catalog::tests::test_null_fields ... ok
[INFO] [stdout] test cache::test::test_remove_entries_with_missing_folders ... ok
[INFO] [stdout] test utility::tests::test_wow_path_resolution ... ok
[INFO] [stdout] test parse::tests::test_toc_title ... ok
[INFO] [stdout] test catalog::tests::test_catalog_download ... FAILED
[INFO] [stdout] 
[INFO] [stdout] failures:
[INFO] [stdout] 
[INFO] [stdout] ---- catalog::tests::test_catalog_download stdout ----
[INFO] [stdout] thread 'catalog::tests::test_catalog_download' panicked at 'failed to resolve host name', src/catalog.rs:195:17
[INFO] [stdout] stack backtrace:
[INFO] [stdout]    0:     0x55f457fa1210 - std::backtrace_rs::backtrace::libunwind::trace::h34055254b57d8e79
[INFO] [stdout]                                at /rustc/a178d0322ce20e33eac124758e837cbd80a6f633/library/std/src/../../backtrace/src/backtrace/libunwind.rs:90:5
[INFO] [stdout]    1:     0x55f457fa1210 - std::backtrace_rs::backtrace::trace_unsynchronized::h8f1e3fbd9afff6ec
[INFO] [stdout]                                at /rustc/a178d0322ce20e33eac124758e837cbd80a6f633/library/std/src/../../backtrace/src/backtrace/mod.rs:66:5
[INFO] [stdout]    2:     0x55f457fa1210 - std::sys_common::backtrace::_print_fmt::h3a99a796b770c360
[INFO] [stdout]                                at /rustc/a178d0322ce20e33eac124758e837cbd80a6f633/library/std/src/sys_common/backtrace.rs:67:5
[INFO] [stdout]    3:     0x55f457fa1210 - <std::sys_common::backtrace::_print::DisplayBacktrace as core::fmt::Display>::fmt::h32d1f94a80615d18
[INFO] [stdout]                                at /rustc/a178d0322ce20e33eac124758e837cbd80a6f633/library/std/src/sys_common/backtrace.rs:46:22
[INFO] [stdout]    4:     0x55f457fc55ac - core::fmt::write::h306731c068f7162c
[INFO] [stdout]                                at /rustc/a178d0322ce20e33eac124758e837cbd80a6f633/library/core/src/fmt/mod.rs:1110:17
[INFO] [stdout]    5:     0x55f457f9c665 - std::io::Write::write_fmt::h87f19b0a2cd190bc
[INFO] [stdout]                                at /rustc/a178d0322ce20e33eac124758e837cbd80a6f633/library/std/src/io/mod.rs:1588:15
[INFO] [stdout]    6:     0x55f457fa343b - std::sys_common::backtrace::_print::h5abaa2601a852287
[INFO] [stdout]                                at /rustc/a178d0322ce20e33eac124758e837cbd80a6f633/library/std/src/sys_common/backtrace.rs:49:5
[INFO] [stdout]    7:     0x55f457fa343b - std::sys_common::backtrace::print::h8d81445442bb638f
[INFO] [stdout]                                at /rustc/a178d0322ce20e33eac124758e837cbd80a6f633/library/std/src/sys_common/backtrace.rs:36:9
[INFO] [stdout]    8:     0x55f457fa343b - std::panicking::default_hook::{{closure}}::hcfe804496a9fa747
[INFO] [stdout]                                at /rustc/a178d0322ce20e33eac124758e837cbd80a6f633/library/std/src/panicking.rs:208:50
[INFO] [stdout]    9:     0x55f457fa2f4c - std::panicking::default_hook::hbea8e3ccf2ba8901
[INFO] [stdout]                                at /rustc/a178d0322ce20e33eac124758e837cbd80a6f633/library/std/src/panicking.rs:222:9
[INFO] [stdout]   10:     0x55f457fa3b04 - std::panicking::rust_panic_with_hook::h7ee9e1a2d0f8975a
[INFO] [stdout]                                at /rustc/a178d0322ce20e33eac124758e837cbd80a6f633/library/std/src/panicking.rs:622:17
[INFO] [stdout]   11:     0x55f457fa35e7 - std::panicking::begin_panic_handler::{{closure}}::h8ab3b4491718b2c7
[INFO] [stdout]                                at /rustc/a178d0322ce20e33eac124758e837cbd80a6f633/library/std/src/panicking.rs:519:13
[INFO] [stdout]   12:     0x55f457fa170c - std::sys_common::backtrace::__rust_end_short_backtrace::hd489062ffa586a9f
[INFO] [stdout]                                at /rustc/a178d0322ce20e33eac124758e837cbd80a6f633/library/std/src/sys_common/backtrace.rs:141:18
[INFO] [stdout]   13:     0x55f457fa3549 - rust_begin_unwind
[INFO] [stdout]                                at /rustc/a178d0322ce20e33eac124758e837cbd80a6f633/library/std/src/panicking.rs:515:5
[INFO] [stdout]   14:     0x55f4579d6f5b - std::panicking::begin_panic_fmt::h5479575e112541f8
[INFO] [stdout]                                at /rustc/a178d0322ce20e33eac124758e837cbd80a6f633/library/std/src/panicking.rs:457:5
[INFO] [stdout]   15:     0x55f457a247aa - ajour_core::catalog::tests::test_catalog_download::{{closure}}::h2bfdc209c0ec7247
[INFO] [stdout]                                at /opt/rustwide/workdir/src/catalog.rs:195:17
[INFO] [stdout]   16:     0x55f457a33c0b - <core::future::from_generator::GenFuture<T> as core::future::future::Future>::poll::h8bd09953d7626e68
[INFO] [stdout]                                at /rustc/a178d0322ce20e33eac124758e837cbd80a6f633/library/core/src/future/mod.rs:80:19
[INFO] [stdout]   17:     0x55f457a627d9 - <async_std::task::builder::SupportTaskLocals<F> as core::future::future::Future>::poll::{{closure}}::h1fca0d22932abbe3
[INFO] [stdout]                                at /opt/rustwide/cargo-home/registry/src/github.com-1ecc6299db9ec823/async-std-1.9.0/src/task/builder.rs:199:17
[INFO] [stdout]   18:     0x55f457a54656 - async_std::task::task_locals_wrapper::TaskLocalsWrapper::set_current::{{closure}}::h2ba5e9812d1ab832
[INFO] [stdout]                                at /opt/rustwide/cargo-home/registry/src/github.com-1ecc6299db9ec823/async-std-1.9.0/src/task/task_locals_wrapper.rs:60:13
[INFO] [stdout]   19:     0x55f457a58261 - std::thread::local::LocalKey<T>::try_with::h4844eaac80dd4fde
[INFO] [stdout]                                at /rustc/a178d0322ce20e33eac124758e837cbd80a6f633/library/std/src/thread/local.rs:400:16
[INFO] [stdout]   20:     0x55f457a578ed - std::thread::local::LocalKey<T>::with::h8cb01705d97679a9
[INFO] [stdout]                                at /rustc/a178d0322ce20e33eac124758e837cbd80a6f633/library/std/src/thread/local.rs:376:9
[INFO] [stdout]   21:     0x55f457a545a8 - async_std::task::task_locals_wrapper::TaskLocalsWrapper::set_current::hffbb52d8fe39cb79
[INFO] [stdout]                                at /opt/rustwide/cargo-home/registry/src/github.com-1ecc6299db9ec823/async-std-1.9.0/src/task/task_locals_wrapper.rs:55:9
[INFO] [stdout]   22:     0x55f457a62785 - <async_std::task::builder::SupportTaskLocals<F> as core::future::future::Future>::poll::hb53176778ce0a0c0
[INFO] [stdout]                                at /opt/rustwide/cargo-home/registry/src/github.com-1ecc6299db9ec823/async-std-1.9.0/src/task/builder.rs:197:13
[INFO] [stdout]   23:     0x55f457a2150b - <futures_lite::future::Or<F1,F2> as core::future::future::Future>::poll::h59efaed34a02e3e7
[INFO] [stdout]                                at /opt/rustwide/cargo-home/registry/src/github.com-1ecc6299db9ec823/futures-lite-1.11.3/src/future.rs:526:33
[INFO] [stdout]   24:     0x55f457a25834 - async_executor::Executor::run::{{closure}}::h14275b2384b078f5
[INFO] [stdout]                                at /opt/rustwide/cargo-home/registry/src/github.com-1ecc6299db9ec823/async-executor-1.4.0/src/lib.rs:236:9
[INFO] [stdout]   25:     0x55f457a3406b - <core::future::from_generator::GenFuture<T> as core::future::future::Future>::poll::hceee93bb3bb8ab63
[INFO] [stdout]                                at /rustc/a178d0322ce20e33eac124758e837cbd80a6f633/library/core/src/future/mod.rs:80:19
[INFO] [stdout]   26:     0x55f457a25350 - async_executor::LocalExecutor::run::{{closure}}::hec6292a55bc78e09
[INFO] [stdout]                                at /opt/rustwide/cargo-home/registry/src/github.com-1ecc6299db9ec823/async-executor-1.4.0/src/lib.rs:437:9
[INFO] [stdout]   27:     0x55f457a3378b - <core::future::from_generator::GenFuture<T> as core::future::future::Future>::poll::h30b6e5a1b1de6f42
[INFO] [stdout]                                at /rustc/a178d0322ce20e33eac124758e837cbd80a6f633/library/core/src/future/mod.rs:80:19
[INFO] [stdout]   28:     0x55f457a52a07 - async_io::driver::block_on::hd8f702755df8e51e
[INFO] [stdout]                                at /opt/rustwide/cargo-home/registry/src/github.com-1ecc6299db9ec823/async-io-1.3.1/src/driver.rs:142:33
[INFO] [stdout]   29:     0x55f457a29f1f - async_global_executor::reactor::block_on::{{closure}}::hc87f0e7a97de9ad6
[INFO] [stdout]                                at /opt/rustwide/cargo-home/registry/src/github.com-1ecc6299db9ec823/async-global-executor-2.0.2/src/reactor.rs:3:18
[INFO] [stdout]   30:     0x55f457a29e6d - async_global_executor::reactor::block_on::h6d4d45e8cb9dcb69
[INFO] [stdout]                                at /opt/rustwide/cargo-home/registry/src/github.com-1ecc6299db9ec823/async-global-executor-2.0.2/src/reactor.rs:12:5
[INFO] [stdout]   31:     0x55f457a2a00d - async_global_executor::executor::block_on::{{closure}}::h018cf35d71ea187a
[INFO] [stdout]                                at /opt/rustwide/cargo-home/registry/src/github.com-1ecc6299db9ec823/async-global-executor-2.0.2/src/executor.rs:26:36
[INFO] [stdout]   32:     0x55f457a583ba - std::thread::local::LocalKey<T>::try_with::h6d5c39416b5dbfdd
[INFO] [stdout]                                at /rustc/a178d0322ce20e33eac124758e837cbd80a6f633/library/std/src/thread/local.rs:400:16
[INFO] [stdout]   33:     0x55f457a57622 - std::thread::local::LocalKey<T>::with::h1ad931d8c0d4f29a
[INFO] [stdout]                                at /rustc/a178d0322ce20e33eac124758e837cbd80a6f633/library/std/src/thread/local.rs:376:9
[INFO] [stdout]   34:     0x55f457a29f86 - async_global_executor::executor::block_on::h7ca07c4a57d0b6b9
[INFO] [stdout]                                at /opt/rustwide/cargo-home/registry/src/github.com-1ecc6299db9ec823/async-global-executor-2.0.2/src/executor.rs:26:5
[INFO] [stdout]   35:     0x55f457a66aa0 - async_std::task::builder::Builder::blocking::{{closure}}::{{closure}}::ha5ded11524184d01
[INFO] [stdout]                                at /opt/rustwide/cargo-home/registry/src/github.com-1ecc6299db9ec823/async-std-1.9.0/src/task/builder.rs:171:25
[INFO] [stdout]   36:     0x55f457a54879 - async_std::task::task_locals_wrapper::TaskLocalsWrapper::set_current::{{closure}}::hb4d6109772d5872d
[INFO] [stdout]                                at /opt/rustwide/cargo-home/registry/src/github.com-1ecc6299db9ec823/async-std-1.9.0/src/task/task_locals_wrapper.rs:60:13
[INFO] [stdout]   37:     0x55f457a57eda - std::thread::local::LocalKey<T>::try_with::h2045aff11a8c2b65
[INFO] [stdout]                                at /rustc/a178d0322ce20e33eac124758e837cbd80a6f633/library/std/src/thread/local.rs:400:16
[INFO] [stdout]   38:     0x55f457a577d0 - std::thread::local::LocalKey<T>::with::h4fc8b9f788e3b744
[INFO] [stdout]                                at /rustc/a178d0322ce20e33eac124758e837cbd80a6f633/library/std/src/thread/local.rs:376:9
[INFO] [stdout]   39:     0x55f457a54567 - async_std::task::task_locals_wrapper::TaskLocalsWrapper::set_current::hf1fd0b5f4af6511c
[INFO] [stdout]                                at /opt/rustwide/cargo-home/registry/src/github.com-1ecc6299db9ec823/async-std-1.9.0/src/task/task_locals_wrapper.rs:55:9
[INFO] [stdout]   40:     0x55f457a66892 - async_std::task::builder::Builder::blocking::{{closure}}::hbcb27a1b4fc86565
[INFO] [stdout]                                at /opt/rustwide/cargo-home/registry/src/github.com-1ecc6299db9ec823/async-std-1.9.0/src/task/builder.rs:168:17
[INFO] [stdout]   41:     0x55f457a58632 - std::thread::local::LocalKey<T>::try_with::h894047e08e35301c
[INFO] [stdout]                                at /rustc/a178d0322ce20e33eac124758e837cbd80a6f633/library/std/src/thread/local.rs:400:16
[INFO] [stdout]   42:     0x55f457a576e2 - std::thread::local::LocalKey<T>::with::h36e87b73477132ed
[INFO] [stdout]                                at /rustc/a178d0322ce20e33eac124758e837cbd80a6f633/library/std/src/thread/local.rs:376:9
[INFO] [stdout]   43:     0x55f457a663f5 - async_std::task::builder::Builder::blocking::h4570c7dad3e1c243
[INFO] [stdout]                                at /opt/rustwide/cargo-home/registry/src/github.com-1ecc6299db9ec823/async-std-1.9.0/src/task/builder.rs:161:9
[INFO] [stdout]   44:     0x55f457a66d4c - async_std::task::block_on::block_on::h7237f57669a6ae59
[INFO] [stdout]                                at /opt/rustwide/cargo-home/registry/src/github.com-1ecc6299db9ec823/async-std-1.9.0/src/task/block_on.rs:33:5
[INFO] [stdout]   45:     0x55f457a243cb - ajour_core::catalog::tests::test_catalog_download::hec0fc0200f614b60
[INFO] [stdout]                                at /opt/rustwide/workdir/src/catalog.rs:191:9
[INFO] [stdout]   46:     0x55f457a2438a - ajour_core::catalog::tests::test_catalog_download::{{closure}}::ha6c00b4ca17677a4
[INFO] [stdout]                                at /opt/rustwide/workdir/src/catalog.rs:190:5
[INFO] [stdout]   47:     0x55f457a350fe - core::ops::function::FnOnce::call_once::h126d433e12467ad7
[INFO] [stdout]                                at /rustc/a178d0322ce20e33eac124758e837cbd80a6f633/library/core/src/ops/function.rs:227:5
[INFO] [stdout]   48:     0x55f457ab8bf3 - core::ops::function::FnOnce::call_once::h152e7e439ff59e19
[INFO] [stdout]                                at /rustc/a178d0322ce20e33eac124758e837cbd80a6f633/library/core/src/ops/function.rs:227:5
[INFO] [stdout]   49:     0x55f457ab8bf3 - test::__rust_begin_short_backtrace::h0908f3b1fdbb72ab
[INFO] [stdout]                                at /rustc/a178d0322ce20e33eac124758e837cbd80a6f633/library/test/src/lib.rs:577:5
[INFO] [stdout]   50:     0x55f457ab76b0 - <alloc::boxed::Box<F,A> as core::ops::function::FnOnce<Args>>::call_once::hf6d2a51e5587546c
[INFO] [stdout]                                at /rustc/a178d0322ce20e33eac124758e837cbd80a6f633/library/alloc/src/boxed.rs:1575:9
[INFO] [stdout]   51:     0x55f457ab76b0 - <std::panic::AssertUnwindSafe<F> as core::ops::function::FnOnce<()>>::call_once::h8af660f3a89ef593
[INFO] [stdout]                                at /rustc/a178d0322ce20e33eac124758e837cbd80a6f633/library/std/src/panic.rs:347:9
[INFO] [stdout]   52:     0x55f457ab76b0 - std::panicking::try::do_call::hd36aef60f84b6d36
[INFO] [stdout]                                at /rustc/a178d0322ce20e33eac124758e837cbd80a6f633/library/std/src/panicking.rs:401:40
[INFO] [stdout]   53:     0x55f457ab76b0 - std::panicking::try::h9932b4480e69817c
[INFO] [stdout]                                at /rustc/a178d0322ce20e33eac124758e837cbd80a6f633/library/std/src/panicking.rs:365:19
[INFO] [stdout]   54:     0x55f457ab76b0 - std::panic::catch_unwind::h6aa177099cfff5f8
[INFO] [stdout]                                at /rustc/a178d0322ce20e33eac124758e837cbd80a6f633/library/std/src/panic.rs:434:14
[INFO] [stdout]   55:     0x55f457ab76b0 - test::run_test_in_process::h5884d6f2d99e20c3
[INFO] [stdout]                                at /rustc/a178d0322ce20e33eac124758e837cbd80a6f633/library/test/src/lib.rs:600:18
[INFO] [stdout]   56:     0x55f457ab76b0 - test::run_test::run_test_inner::{{closure}}::h6fdc58c6d5f5b6e3
[INFO] [stdout]                                at /rustc/a178d0322ce20e33eac124758e837cbd80a6f633/library/test/src/lib.rs:492:39
[INFO] [stdout]   57:     0x55f457a90d62 - test::run_test::run_test_inner::{{closure}}::h408365d67a78ade8
[INFO] [stdout]                                at /rustc/a178d0322ce20e33eac124758e837cbd80a6f633/library/test/src/lib.rs:519:37
[INFO] [stdout]   58:     0x55f457a90d62 - std::sys_common::backtrace::__rust_begin_short_backtrace::hb560b77c4f701523
[INFO] [stdout]                                at /rustc/a178d0322ce20e33eac124758e837cbd80a6f633/library/std/src/sys_common/backtrace.rs:125:18
[INFO] [stdout]   59:     0x55f457a94918 - std::thread::Builder::spawn_unchecked::{{closure}}::{{closure}}::hf2e7831dad93c597
[INFO] [stdout]                                at /rustc/a178d0322ce20e33eac124758e837cbd80a6f633/library/std/src/thread/mod.rs:481:17
[INFO] [stdout]   60:     0x55f457a94918 - <std::panic::AssertUnwindSafe<F> as core::ops::function::FnOnce<()>>::call_once::hd2e08783d8be4d02
[INFO] [stdout]                                at /rustc/a178d0322ce20e33eac124758e837cbd80a6f633/library/std/src/panic.rs:347:9
[INFO] [stdout]   61:     0x55f457a94918 - std::panicking::try::do_call::h062597b7acfd6b82
[INFO] [stdout]                                at /rustc/a178d0322ce20e33eac124758e837cbd80a6f633/library/std/src/panicking.rs:401:40
[INFO] [stdout]   62:     0x55f457a94918 - std::panicking::try::h0d7b79db04c14552
[INFO] [stdout]                                at /rustc/a178d0322ce20e33eac124758e837cbd80a6f633/library/std/src/panicking.rs:365:19
[INFO] [stdout]   63:     0x55f457a94918 - std::panic::catch_unwind::hb01a0b5e7c8cd43b
[INFO] [stdout]                                at /rustc/a178d0322ce20e33eac124758e837cbd80a6f633/library/std/src/panic.rs:434:14
[INFO] [stdout]   64:     0x55f457a94918 - std::thread::Builder::spawn_unchecked::{{closure}}::h5bde48cc887e0d1e
[INFO] [stdout]                                at /rustc/a178d0322ce20e33eac124758e837cbd80a6f633/library/std/src/thread/mod.rs:480:30
[INFO] [stdout]   65:     0x55f457a94918 - core::ops::function::FnOnce::call_once{{vtable.shim}}::h745ea30807a29e55
[INFO] [stdout]                                at /rustc/a178d0322ce20e33eac124758e837cbd80a6f633/library/core/src/ops/function.rs:227:5
[INFO] [stdout]   66:     0x55f457fa8a67 - <alloc::boxed::Box<F,A> as core::ops::function::FnOnce<Args>>::call_once::h7ece6cfefaff1005
[INFO] [stdout]                                at /rustc/a178d0322ce20e33eac124758e837cbd80a6f633/library/alloc/src/boxed.rs:1575:9
[INFO] [stdout]   67:     0x55f457fa8a67 - <alloc::boxed::Box<F,A> as core::ops::function::FnOnce<Args>>::call_once::hb8b48e55c21f193e
[INFO] [stdout]                                at /rustc/a178d0322ce20e33eac124758e837cbd80a6f633/library/alloc/src/boxed.rs:1575:9
[INFO] [stdout]   68:     0x55f457fa8a67 - std::sys::unix::thread::Thread::new::thread_start::h8c7c4450dba62914
[INFO] [stdout]                                at /rustc/a178d0322ce20e33eac124758e837cbd80a6f633/library/std/src/sys/unix/thread.rs:71:17
[INFO] [stdout]   69:     0x7f2146e59609 - start_thread
[INFO] [stdout]   70:     0x7f2146c2b293 - clone
[INFO] [stdout]   71:                0x0 - <unknown>
[INFO] [stdout] 
[INFO] [stdout] 
[INFO] [stdout] failures:
[INFO] [stdout]     catalog::tests::test_catalog_download
[INFO] [stdout] 
[INFO] [stdout] test result: FAILED. 6 passed; 1 failed; 0 ignored; 0 measured; 0 filtered out; finished in 0.20s
[INFO] [stdout] 
[INFO] [stderr] error: test failed, to rerun pass '--lib'
[INFO] running `Command { std: "docker" "inspect" "4e73c84561361b6f18b7b3d66bb033b6df282fd19ec4e43b6b6ae1cc09edd596", kill_on_drop: false }`
[INFO] running `Command { std: "docker" "rm" "-f" "4e73c84561361b6f18b7b3d66bb033b6df282fd19ec4e43b6b6ae1cc09edd596", kill_on_drop: false }`
[INFO] [stdout] 4e73c84561361b6f18b7b3d66bb033b6df282fd19ec4e43b6b6ae1cc09edd596
