[INFO] fetching crate airtable 0.1.0...
[INFO] testing airtable-0.1.0 against 1.54.0 for beta-1.55-1
[INFO] extracting crate airtable 0.1.0 into /workspace/builds/worker-1/source
[INFO] validating manifest of crates.io crate airtable 0.1.0 on toolchain 1.54.0
[INFO] running `Command { std: "/workspace/cargo-home/bin/cargo" "+1.54.0" "metadata" "--manifest-path" "Cargo.toml" "--no-deps", kill_on_drop: false }`
[INFO] started tweaking crates.io crate airtable 0.1.0
[INFO] finished tweaking crates.io crate airtable 0.1.0
[INFO] tweaked toml for crates.io crate airtable 0.1.0 written to /workspace/builds/worker-1/source/Cargo.toml
[INFO] running `Command { std: "/workspace/cargo-home/bin/cargo" "+1.54.0" "generate-lockfile" "--manifest-path" "Cargo.toml" "-Zno-index-update", kill_on_drop: false }`
[INFO] running `Command { std: "/workspace/cargo-home/bin/cargo" "+1.54.0" "fetch" "--manifest-path" "Cargo.toml", kill_on_drop: false }`
[INFO] running `Command { std: "docker" "create" "-v" "/var/lib/crater-agent-workspace/builds/worker-1/target:/opt/rustwide/target:rw,Z" "-v" "/var/lib/crater-agent-workspace/builds/worker-1/source:/opt/rustwide/workdir:ro,Z" "-v" "/var/lib/crater-agent-workspace/cargo-home:/opt/rustwide/cargo-home:ro,Z" "-v" "/var/lib/crater-agent-workspace/rustup-home:/opt/rustwide/rustup-home:ro,Z" "-e" "SOURCE_DIR=/opt/rustwide/workdir" "-e" "CARGO_TARGET_DIR=/opt/rustwide/target" "-e" "CARGO_HOME=/opt/rustwide/cargo-home" "-e" "RUSTUP_HOME=/opt/rustwide/rustup-home" "-w" "/opt/rustwide/workdir" "-m" "1610612736" "--user" "0:0" "--network" "none" "ghcr.io/rust-lang/crates-build-env/linux@sha256:34b6a614d2c27851fe6cbf88fbd1137609cefab8b10d0615aaeb6fd47975d74e" "/opt/rustwide/cargo-home/bin/cargo" "+1.54.0" "metadata" "--no-deps" "--format-version=1", kill_on_drop: false }`
[INFO] [stderr] WARNING: Your kernel does not support swap limit capabilities or the cgroup is not mounted. Memory limited without swap.
[INFO] [stdout] 6df4402092c70b4945c8c9855d0c1040afc1bfbdbe01c238b85a74b9688c2eee
[INFO] running `Command { std: "docker" "start" "-a" "6df4402092c70b4945c8c9855d0c1040afc1bfbdbe01c238b85a74b9688c2eee", kill_on_drop: false }`
[INFO] running `Command { std: "docker" "inspect" "6df4402092c70b4945c8c9855d0c1040afc1bfbdbe01c238b85a74b9688c2eee", kill_on_drop: false }`
[INFO] running `Command { std: "docker" "rm" "-f" "6df4402092c70b4945c8c9855d0c1040afc1bfbdbe01c238b85a74b9688c2eee", kill_on_drop: false }`
[INFO] [stdout] 6df4402092c70b4945c8c9855d0c1040afc1bfbdbe01c238b85a74b9688c2eee
[INFO] running `Command { std: "docker" "create" "-v" "/var/lib/crater-agent-workspace/builds/worker-1/target:/opt/rustwide/target:rw,Z" "-v" "/var/lib/crater-agent-workspace/builds/worker-1/source:/opt/rustwide/workdir:ro,Z" "-v" "/var/lib/crater-agent-workspace/cargo-home:/opt/rustwide/cargo-home:ro,Z" "-v" "/var/lib/crater-agent-workspace/rustup-home:/opt/rustwide/rustup-home:ro,Z" "-e" "SOURCE_DIR=/opt/rustwide/workdir" "-e" "CARGO_TARGET_DIR=/opt/rustwide/target" "-e" "CARGO_INCREMENTAL=0" "-e" "RUST_BACKTRACE=full" "-e" "RUSTFLAGS=--cap-lints=warn" "-e" "CARGO_HOME=/opt/rustwide/cargo-home" "-e" "RUSTUP_HOME=/opt/rustwide/rustup-home" "-w" "/opt/rustwide/workdir" "-m" "1610612736" "--user" "0:0" "--network" "none" "ghcr.io/rust-lang/crates-build-env/linux@sha256:34b6a614d2c27851fe6cbf88fbd1137609cefab8b10d0615aaeb6fd47975d74e" "/opt/rustwide/cargo-home/bin/cargo" "+1.54.0" "build" "--frozen" "--message-format=json", kill_on_drop: false }`
[INFO] [stdout] 1c6a128150bdf59e7a6dd2c9d06302c74e733dc7bfa94f802cb1ba2f9f23340a
[INFO] [stderr] WARNING: Your kernel does not support swap limit capabilities or the cgroup is not mounted. Memory limited without swap.
[INFO] running `Command { std: "docker" "start" "-a" "1c6a128150bdf59e7a6dd2c9d06302c74e733dc7bfa94f802cb1ba2f9f23340a", kill_on_drop: false }`
[INFO] [stderr]    Compiling futures v0.1.31
[INFO] [stderr]    Compiling either v1.6.1
[INFO] [stderr]    Compiling percent-encoding v1.0.1
[INFO] [stderr]    Compiling crossbeam-epoch v0.8.2
[INFO] [stderr]    Compiling try_from v0.3.2
[INFO] [stderr]    Compiling base64 v0.10.1
[INFO] [stderr]    Compiling lock_api v0.3.4
[INFO] [stderr]    Compiling iovec v0.1.4
[INFO] [stderr]    Compiling parking_lot_core v0.6.2
[INFO] [stderr]    Compiling parking_lot v0.9.0
[INFO] [stderr]    Compiling net2 v0.2.37
[INFO] [stderr]    Compiling time v0.1.44
[INFO] [stderr]    Compiling hyper v0.12.36
[INFO] [stderr]    Compiling smallvec v0.6.14
[INFO] [stderr]    Compiling memoffset v0.5.6
[INFO] [stderr]    Compiling idna v0.1.5
[INFO] [stderr]    Compiling crossbeam-queue v0.2.3
[INFO] [stderr]    Compiling flate2 v1.0.20
[INFO] [stderr]    Compiling backtrace v0.3.61
[INFO] [stderr]    Compiling bytes v0.4.12
[INFO] [stderr]    Compiling serde_derive v1.0.127
[INFO] [stderr]    Compiling publicsuffix v1.5.6
[INFO] [stderr]    Compiling native-tls v0.2.7
[INFO] [stderr]    Compiling uuid v0.7.4
[INFO] [stderr]    Compiling mio v0.6.23
[INFO] [stderr]    Compiling http v0.1.21
[INFO] [stderr]    Compiling string v0.2.1
[INFO] [stderr]    Compiling url v1.7.2
[INFO] [stderr]    Compiling crossbeam-deque v0.7.4
[INFO] [stderr]    Compiling failure v0.1.8
[INFO] [stderr]    Compiling cookie v0.12.0
[INFO] [stderr]    Compiling tokio-executor v0.1.10
[INFO] [stderr]    Compiling tokio-io v0.1.13
[INFO] [stderr]    Compiling tokio-sync v0.1.8
[INFO] [stderr]    Compiling tokio-buf v0.1.1
[INFO] [stderr]    Compiling futures-cpupool v0.1.8
[INFO] [stderr]    Compiling want v0.2.0
[INFO] [stderr]    Compiling tokio-current-thread v0.1.7
[INFO] [stderr]    Compiling tokio-timer v0.2.13
[INFO] [stderr]    Compiling tokio-threadpool v0.1.18
[INFO] [stderr]    Compiling tokio-reactor v0.1.12
[INFO] [stderr]    Compiling tokio-tcp v0.1.4
[INFO] [stderr]    Compiling tokio v0.1.22
[INFO] [stderr]    Compiling http-body v0.1.0
[INFO] [stderr]    Compiling h2 v0.1.26
[INFO] [stderr]    Compiling serde v1.0.127
[INFO] [stderr]    Compiling hyper-tls v0.3.2
[INFO] [stderr]    Compiling serde_json v1.0.66
[INFO] [stderr]    Compiling serde_urlencoded v0.5.5
[INFO] [stderr]    Compiling cookie_store v0.7.0
[INFO] [stderr]    Compiling reqwest v0.9.24
[INFO] [stderr]    Compiling airtable v0.1.0 (/opt/rustwide/workdir)
[INFO] [stdout] warning: anonymous parameters are deprecated and will be removed in the next edition.
[INFO] [stdout]    --> src/lib.rs:262:26
[INFO] [stdout]     |
[INFO] [stdout] 262 |     fn set_id(&mut self, String);
[INFO] [stdout]     |                          ^^^^^^ help: try naming the parameter or explicitly ignoring it: `_: String`
[INFO] [stdout]     |
[INFO] [stdout]     = note: `#[warn(anonymous_parameters)]` on by default
[INFO] [stdout]     = warning: this was previously accepted by the compiler but is being phased out; it will become a hard error in the 2018 edition!
[INFO] [stdout]     = note: for more information, see issue #41686 <https://github.com/rust-lang/rust/issues/41686>
[INFO] [stdout] 
[INFO] [stdout] 
[INFO] [stdout] warning: 1 warning emitted
[INFO] [stdout] 
[INFO] [stdout] 
[INFO] [stderr]     Finished dev [unoptimized + debuginfo] target(s) in 1m 16s
[INFO] running `Command { std: "docker" "inspect" "1c6a128150bdf59e7a6dd2c9d06302c74e733dc7bfa94f802cb1ba2f9f23340a", kill_on_drop: false }`
[INFO] running `Command { std: "docker" "rm" "-f" "1c6a128150bdf59e7a6dd2c9d06302c74e733dc7bfa94f802cb1ba2f9f23340a", kill_on_drop: false }`
[INFO] [stdout] 1c6a128150bdf59e7a6dd2c9d06302c74e733dc7bfa94f802cb1ba2f9f23340a
[INFO] running `Command { std: "docker" "create" "-v" "/var/lib/crater-agent-workspace/builds/worker-1/target:/opt/rustwide/target:rw,Z" "-v" "/var/lib/crater-agent-workspace/builds/worker-1/source:/opt/rustwide/workdir:ro,Z" "-v" "/var/lib/crater-agent-workspace/cargo-home:/opt/rustwide/cargo-home:ro,Z" "-v" "/var/lib/crater-agent-workspace/rustup-home:/opt/rustwide/rustup-home:ro,Z" "-e" "SOURCE_DIR=/opt/rustwide/workdir" "-e" "CARGO_TARGET_DIR=/opt/rustwide/target" "-e" "CARGO_INCREMENTAL=0" "-e" "RUST_BACKTRACE=full" "-e" "RUSTFLAGS=--cap-lints=warn" "-e" "CARGO_HOME=/opt/rustwide/cargo-home" "-e" "RUSTUP_HOME=/opt/rustwide/rustup-home" "-w" "/opt/rustwide/workdir" "-m" "1610612736" "--user" "0:0" "--network" "none" "ghcr.io/rust-lang/crates-build-env/linux@sha256:34b6a614d2c27851fe6cbf88fbd1137609cefab8b10d0615aaeb6fd47975d74e" "/opt/rustwide/cargo-home/bin/cargo" "+1.54.0" "test" "--frozen" "--no-run" "--message-format=json", kill_on_drop: false }`
[INFO] [stderr] WARNING: Your kernel does not support swap limit capabilities or the cgroup is not mounted. Memory limited without swap.
[INFO] [stdout] 4ad987f570abde5f4705545129385917fc491ae330f615709719ba791f1bbb3a
[INFO] running `Command { std: "docker" "start" "-a" "4ad987f570abde5f4705545129385917fc491ae330f615709719ba791f1bbb3a", kill_on_drop: false }`
[INFO] [stderr]    Compiling difference v2.0.0
[INFO] [stderr]    Compiling lazy_static v0.2.11
[INFO] [stderr]    Compiling http-muncher v0.3.2
[INFO] [stderr]    Compiling colored v1.9.3
[INFO] [stderr]    Compiling dotenv v0.13.0
[INFO] [stdout] warning: anonymous parameters are deprecated and will be removed in the next edition.
[INFO] [stdout]    --> src/lib.rs:262:26
[INFO] [stdout]     |
[INFO] [stdout] 262 |     fn set_id(&mut self, String);
[INFO] [stdout]     |                          ^^^^^^ help: try naming the parameter or explicitly ignoring it: `_: String`
[INFO] [stdout]     |
[INFO] [stdout]     = note: `#[warn(anonymous_parameters)]` on by default
[INFO] [stdout]     = warning: this was previously accepted by the compiler but is being phased out; it will become a hard error in the 2018 edition!
[INFO] [stdout]     = note: for more information, see issue #41686 <https://github.com/rust-lang/rust/issues/41686>
[INFO] [stdout] 
[INFO] [stdout] 
[INFO] [stdout] warning: 1 warning emitted
[INFO] [stdout] 
[INFO] [stdout] 
[INFO] [stderr]    Compiling mockito v0.13.0
[INFO] [stderr]    Compiling airtable v0.1.0 (/opt/rustwide/workdir)
[INFO] [stdout] warning: anonymous parameters are deprecated and will be removed in the next edition.
[INFO] [stdout]    --> src/lib.rs:262:26
[INFO] [stdout]     |
[INFO] [stdout] 262 |     fn set_id(&mut self, String);
[INFO] [stdout]     |                          ^^^^^^ help: try naming the parameter or explicitly ignoring it: `_: String`
[INFO] [stdout]     |
[INFO] [stdout]     = note: `#[warn(anonymous_parameters)]` on by default
[INFO] [stdout]     = warning: this was previously accepted by the compiler but is being phased out; it will become a hard error in the 2018 edition!
[INFO] [stdout]     = note: for more information, see issue #41686 <https://github.com/rust-lang/rust/issues/41686>
[INFO] [stdout] 
[INFO] [stdout] 
[INFO] [stdout] warning: 1 warning emitted
[INFO] [stdout] 
[INFO] [stdout] 
[INFO] [stderr]     Finished test [unoptimized + debuginfo] target(s) in 6.49s
[INFO] running `Command { std: "docker" "inspect" "4ad987f570abde5f4705545129385917fc491ae330f615709719ba791f1bbb3a", kill_on_drop: false }`
[INFO] running `Command { std: "docker" "rm" "-f" "4ad987f570abde5f4705545129385917fc491ae330f615709719ba791f1bbb3a", kill_on_drop: false }`
[INFO] [stdout] 4ad987f570abde5f4705545129385917fc491ae330f615709719ba791f1bbb3a
[INFO] running `Command { std: "docker" "create" "-v" "/var/lib/crater-agent-workspace/builds/worker-1/target:/opt/rustwide/target:rw,Z" "-v" "/var/lib/crater-agent-workspace/builds/worker-1/source:/opt/rustwide/workdir:ro,Z" "-v" "/var/lib/crater-agent-workspace/cargo-home:/opt/rustwide/cargo-home:ro,Z" "-v" "/var/lib/crater-agent-workspace/rustup-home:/opt/rustwide/rustup-home:ro,Z" "-e" "SOURCE_DIR=/opt/rustwide/workdir" "-e" "CARGO_TARGET_DIR=/opt/rustwide/target" "-e" "CARGO_INCREMENTAL=0" "-e" "RUST_BACKTRACE=full" "-e" "RUSTFLAGS=--cap-lints=warn" "-e" "CARGO_HOME=/opt/rustwide/cargo-home" "-e" "RUSTUP_HOME=/opt/rustwide/rustup-home" "-w" "/opt/rustwide/workdir" "-m" "1610612736" "--user" "0:0" "--network" "none" "ghcr.io/rust-lang/crates-build-env/linux@sha256:34b6a614d2c27851fe6cbf88fbd1137609cefab8b10d0615aaeb6fd47975d74e" "/opt/rustwide/cargo-home/bin/cargo" "+1.54.0" "test" "--frozen", kill_on_drop: false }`
[INFO] [stderr] WARNING: Your kernel does not support swap limit capabilities or the cgroup is not mounted. Memory limited without swap.
[INFO] [stdout] bcb97e06ade7da76d89e6b6ffbdd66e09cb0098151fb97a068da68d5670c55e0
[INFO] running `Command { std: "docker" "start" "-a" "bcb97e06ade7da76d89e6b6ffbdd66e09cb0098151fb97a068da68d5670c55e0", kill_on_drop: false }`
[INFO] [stderr]     Blocking waiting for file lock on package cache
[INFO] [stderr] warning: anonymous parameters are deprecated and will be removed in the next edition.
[INFO] [stderr]    --> src/lib.rs:262:26
[INFO] [stderr]     |
[INFO] [stderr] 262 |     fn set_id(&mut self, String);
[INFO] [stderr]     |                          ^^^^^^ help: try naming the parameter or explicitly ignoring it: `_: String`
[INFO] [stderr]     |
[INFO] [stderr]     = note: `#[warn(anonymous_parameters)]` on by default
[INFO] [stderr]     = warning: this was previously accepted by the compiler but is being phased out; it will become a hard error in the 2018 edition!
[INFO] [stderr]     = note: for more information, see issue #41686 <https://github.com/rust-lang/rust/issues/41686>
[INFO] [stderr] 
[INFO] [stderr] warning: 1 warning emitted
[INFO] [stderr] 
[INFO] [stderr] warning: anonymous parameters are deprecated and will be removed in the next edition.
[INFO] [stderr]    --> src/lib.rs:262:26
[INFO] [stderr]     |
[INFO] [stderr] 262 |     fn set_id(&mut self, String);
[INFO] [stderr]     |                          ^^^^^^ help: try naming the parameter or explicitly ignoring it: `_: String`
[INFO] [stderr]     |
[INFO] [stderr]     = note: `#[warn(anonymous_parameters)]` on by default
[INFO] [stderr]     = warning: this was previously accepted by the compiler but is being phased out; it will become a hard error in the 2018 edition!
[INFO] [stderr]     = note: for more information, see issue #41686 <https://github.com/rust-lang/rust/issues/41686>
[INFO] [stderr] 
[INFO] [stderr] warning: 1 warning emitted
[INFO] [stderr] 
[INFO] [stderr]     Finished test [unoptimized + debuginfo] target(s) in 0.26s
[INFO] [stdout] 
[INFO] [stderr]      Running unittests (/opt/rustwide/target/debug/deps/airtable-f9368a369a9bb9f2)
[INFO] [stdout] running 0 tests
[INFO] [stdout] 
[INFO] [stdout] test result: ok. 0 passed; 0 failed; 0 ignored; 0 measured; 0 filtered out; finished in 0.00s
[INFO] [stdout] 
[INFO] [stderr]    Doc-tests airtable
[INFO] [stdout] 
[INFO] [stdout] running 1 test
[INFO] [stdout] test src/lib.rs - (line 17) ... FAILED
[INFO] [stdout] 
[INFO] [stdout] failures:
[INFO] [stdout] 
[INFO] [stdout] ---- src/lib.rs - (line 17) stdout ----
[INFO] [stdout] Test executable failed (exit code 101).
[INFO] [stdout] 
[INFO] [stdout] stderr:
[INFO] [stdout] thread 'main' panicked at 'called `Result::unwrap()` on an `Err` value: NotPresent', src/lib.rs:50:31
[INFO] [stdout] stack backtrace:
[INFO] [stdout]    0:     0x56237dc27430 - std::backtrace_rs::backtrace::libunwind::trace::h34055254b57d8e79
[INFO] [stdout]                                at /rustc/a178d0322ce20e33eac124758e837cbd80a6f633/library/std/src/../../backtrace/src/backtrace/libunwind.rs:90:5
[INFO] [stdout]    1:     0x56237dc27430 - std::backtrace_rs::backtrace::trace_unsynchronized::h8f1e3fbd9afff6ec
[INFO] [stdout]                                at /rustc/a178d0322ce20e33eac124758e837cbd80a6f633/library/std/src/../../backtrace/src/backtrace/mod.rs:66:5
[INFO] [stdout]    2:     0x56237dc27430 - std::sys_common::backtrace::_print_fmt::h3a99a796b770c360
[INFO] [stdout]                                at /rustc/a178d0322ce20e33eac124758e837cbd80a6f633/library/std/src/sys_common/backtrace.rs:67:5
[INFO] [stdout]    3:     0x56237dc27430 - <std::sys_common::backtrace::_print::DisplayBacktrace as core::fmt::Display>::fmt::h32d1f94a80615d18
[INFO] [stdout]                                at /rustc/a178d0322ce20e33eac124758e837cbd80a6f633/library/std/src/sys_common/backtrace.rs:46:22
[INFO] [stdout]    4:     0x56237dc48c9c - core::fmt::write::h306731c068f7162c
[INFO] [stdout]                                at /rustc/a178d0322ce20e33eac124758e837cbd80a6f633/library/core/src/fmt/mod.rs:1110:17
[INFO] [stdout]    5:     0x56237dc21a25 - std::io::Write::write_fmt::hd2fa90334eee2a21
[INFO] [stdout]                                at /rustc/a178d0322ce20e33eac124758e837cbd80a6f633/library/std/src/io/mod.rs:1588:15
[INFO] [stdout]    6:     0x56237dc294eb - std::sys_common::backtrace::_print::h5abaa2601a852287
[INFO] [stdout]                                at /rustc/a178d0322ce20e33eac124758e837cbd80a6f633/library/std/src/sys_common/backtrace.rs:49:5
[INFO] [stdout]    7:     0x56237dc294eb - std::sys_common::backtrace::print::h8d81445442bb638f
[INFO] [stdout]                                at /rustc/a178d0322ce20e33eac124758e837cbd80a6f633/library/std/src/sys_common/backtrace.rs:36:9
[INFO] [stdout]    8:     0x56237dc294eb - std::panicking::default_hook::{{closure}}::hcfe804496a9fa747
[INFO] [stdout]                                at /rustc/a178d0322ce20e33eac124758e837cbd80a6f633/library/std/src/panicking.rs:208:50
[INFO] [stdout]    9:     0x56237dc28fc1 - std::panicking::default_hook::hbea8e3ccf2ba8901
[INFO] [stdout]                                at /rustc/a178d0322ce20e33eac124758e837cbd80a6f633/library/std/src/panicking.rs:225:9
[INFO] [stdout]   10:     0x56237dc29bb4 - std::panicking::rust_panic_with_hook::h7ee9e1a2d0f8975a
[INFO] [stdout]                                at /rustc/a178d0322ce20e33eac124758e837cbd80a6f633/library/std/src/panicking.rs:622:17
[INFO] [stdout]   11:     0x56237dc29697 - std::panicking::begin_panic_handler::{{closure}}::h8ab3b4491718b2c7
[INFO] [stdout]                                at /rustc/a178d0322ce20e33eac124758e837cbd80a6f633/library/std/src/panicking.rs:519:13
[INFO] [stdout]   12:     0x56237dc2792c - std::sys_common::backtrace::__rust_end_short_backtrace::hd489062ffa586a9f
[INFO] [stdout]                                at /rustc/a178d0322ce20e33eac124758e837cbd80a6f633/library/std/src/sys_common/backtrace.rs:141:18
[INFO] [stdout]   13:     0x56237dc295f9 - rust_begin_unwind
[INFO] [stdout]                                at /rustc/a178d0322ce20e33eac124758e837cbd80a6f633/library/std/src/panicking.rs:515:5
[INFO] [stdout]   14:     0x56237d55a781 - core::panicking::panic_fmt::hca6330e3e14086b4
[INFO] [stdout]                                at /rustc/a178d0322ce20e33eac124758e837cbd80a6f633/library/core/src/panicking.rs:92:14
[INFO] [stdout]   15:     0x56237d55a873 - core::result::unwrap_failed::h6160d2b4bfbb0e87
[INFO] [stdout]                                at /rustc/a178d0322ce20e33eac124758e837cbd80a6f633/library/core/src/result.rs:1355:5
[INFO] [stdout]   16:     0x56237d5680cd - core::result::Result<T,E>::unwrap::h4d51ac0e8470eeee
[INFO] [stdout]   17:     0x56237d57b038 - rust_out::main::_doctest_main_src_lib_rs_17_0::hdadd1ab08564df2b
[INFO] [stdout]   18:     0x56237d57afc6 - rust_out::main::h2a38bb51b9580a7d
[INFO] [stdout]   19:     0x56237d564033 - core::ops::function::FnOnce::call_once::hb73b95e6982fd3f0
[INFO] [stdout]   20:     0x56237d5633c9 - std::sys_common::backtrace::__rust_begin_short_backtrace::h8371d112165838d3
[INFO] [stdout]   21:     0x56237d563439 - std::rt::lang_start::{{closure}}::h783adf50233ec5ec
[INFO] [stdout]   22:     0x56237dc2a1b9 - core::ops::function::impls::<impl core::ops::function::FnOnce<A> for &F>::call_once::h2aabc384aab89b7b
[INFO] [stdout]                                at /rustc/a178d0322ce20e33eac124758e837cbd80a6f633/library/core/src/ops/function.rs:259:13
[INFO] [stdout]   23:     0x56237dc2a1b9 - std::panicking::try::do_call::hc5fcacb7a85fc7b1
[INFO] [stdout]                                at /rustc/a178d0322ce20e33eac124758e837cbd80a6f633/library/std/src/panicking.rs:401:40
[INFO] [stdout]   24:     0x56237dc2a1b9 - std::panicking::try::hb5d9603af3abbe3a
[INFO] [stdout]                                at /rustc/a178d0322ce20e33eac124758e837cbd80a6f633/library/std/src/panicking.rs:365:19
[INFO] [stdout]   25:     0x56237dc2a1b9 - std::panic::catch_unwind::h98fe6ac3925e64b4
[INFO] [stdout]                                at /rustc/a178d0322ce20e33eac124758e837cbd80a6f633/library/std/src/panic.rs:434:14
[INFO] [stdout]   26:     0x56237dc2a1b9 - std::rt::lang_start_internal::h22ac7383c516f93e
[INFO] [stdout]                                at /rustc/a178d0322ce20e33eac124758e837cbd80a6f633/library/std/src/rt.rs:34:21
[INFO] [stdout]   27:     0x56237d563421 - std::rt::lang_start::h11b9716471e37ff8
[INFO] [stdout]   28:     0x56237d57d0d3 - main
[INFO] [stdout]   29:     0x7f664bb6f0b3 - __libc_start_main
[INFO] [stdout]   30:     0x56237d55af7e - _start
[INFO] [stdout]   31:                0x0 - <unknown>
[INFO] [stdout] 
[INFO] [stdout] 
[INFO] [stdout] 
[INFO] [stdout] failures:
[INFO] [stdout]     src/lib.rs - (line 17)
[INFO] [stdout] 
[INFO] [stdout] test result: FAILED. 0 passed; 1 failed; 0 ignored; 0 measured; 0 filtered out; finished in 8.47s
[INFO] [stdout] 
[INFO] [stderr] error: test failed, to rerun pass '--doc'
[INFO] running `Command { std: "docker" "inspect" "bcb97e06ade7da76d89e6b6ffbdd66e09cb0098151fb97a068da68d5670c55e0", kill_on_drop: false }`
[INFO] running `Command { std: "docker" "rm" "-f" "bcb97e06ade7da76d89e6b6ffbdd66e09cb0098151fb97a068da68d5670c55e0", kill_on_drop: false }`
[INFO] [stdout] bcb97e06ade7da76d89e6b6ffbdd66e09cb0098151fb97a068da68d5670c55e0
