[INFO] fetching crate aho-corasick 0.7.18...
[INFO] testing aho-corasick-0.7.18 against 1.54.0 for beta-1.55-1
[INFO] extracting crate aho-corasick 0.7.18 into /workspace/builds/worker-35/source
[INFO] validating manifest of crates.io crate aho-corasick 0.7.18 on toolchain 1.54.0
[INFO] running `Command { std: "/workspace/cargo-home/bin/cargo" "+1.54.0" "metadata" "--manifest-path" "Cargo.toml" "--no-deps", kill_on_drop: false }`
[INFO] started tweaking crates.io crate aho-corasick 0.7.18
[INFO] finished tweaking crates.io crate aho-corasick 0.7.18
[INFO] tweaked toml for crates.io crate aho-corasick 0.7.18 written to /workspace/builds/worker-35/source/Cargo.toml
[INFO] running `Command { std: "/workspace/cargo-home/bin/cargo" "+1.54.0" "generate-lockfile" "--manifest-path" "Cargo.toml" "-Zno-index-update", kill_on_drop: false }`
[INFO] [stderr]     Blocking waiting for file lock on package cache
[INFO] running `Command { std: "/workspace/cargo-home/bin/cargo" "+1.54.0" "fetch" "--manifest-path" "Cargo.toml", kill_on_drop: false }`
[INFO] [stderr]     Blocking waiting for file lock on package cache
[INFO] [stderr]     Blocking waiting for file lock on package cache
[INFO] running `Command { std: "docker" "create" "-v" "/var/lib/crater-agent-workspace/builds/worker-35/target:/opt/rustwide/target:rw,Z" "-v" "/var/lib/crater-agent-workspace/builds/worker-35/source:/opt/rustwide/workdir:ro,Z" "-v" "/var/lib/crater-agent-workspace/cargo-home:/opt/rustwide/cargo-home:ro,Z" "-v" "/var/lib/crater-agent-workspace/rustup-home:/opt/rustwide/rustup-home:ro,Z" "-e" "SOURCE_DIR=/opt/rustwide/workdir" "-e" "CARGO_TARGET_DIR=/opt/rustwide/target" "-e" "CARGO_HOME=/opt/rustwide/cargo-home" "-e" "RUSTUP_HOME=/opt/rustwide/rustup-home" "-w" "/opt/rustwide/workdir" "-m" "1610612736" "--user" "0:0" "--network" "none" "ghcr.io/rust-lang/crates-build-env/linux@sha256:34b6a614d2c27851fe6cbf88fbd1137609cefab8b10d0615aaeb6fd47975d74e" "/opt/rustwide/cargo-home/bin/cargo" "+1.54.0" "metadata" "--no-deps" "--format-version=1", kill_on_drop: false }`
[INFO] [stdout] a08e6fd2727ffb8f0be5b5ce6a49784db76bba095a7be1287bcfe51be7928bb5
[INFO] running `Command { std: "docker" "start" "-a" "a08e6fd2727ffb8f0be5b5ce6a49784db76bba095a7be1287bcfe51be7928bb5", kill_on_drop: false }`
[INFO] running `Command { std: "docker" "inspect" "a08e6fd2727ffb8f0be5b5ce6a49784db76bba095a7be1287bcfe51be7928bb5", kill_on_drop: false }`
[INFO] running `Command { std: "docker" "rm" "-f" "a08e6fd2727ffb8f0be5b5ce6a49784db76bba095a7be1287bcfe51be7928bb5", kill_on_drop: false }`
[INFO] [stdout] a08e6fd2727ffb8f0be5b5ce6a49784db76bba095a7be1287bcfe51be7928bb5
[INFO] running `Command { std: "docker" "create" "-v" "/var/lib/crater-agent-workspace/builds/worker-35/target:/opt/rustwide/target:rw,Z" "-v" "/var/lib/crater-agent-workspace/builds/worker-35/source:/opt/rustwide/workdir:ro,Z" "-v" "/var/lib/crater-agent-workspace/cargo-home:/opt/rustwide/cargo-home:ro,Z" "-v" "/var/lib/crater-agent-workspace/rustup-home:/opt/rustwide/rustup-home:ro,Z" "-e" "SOURCE_DIR=/opt/rustwide/workdir" "-e" "CARGO_TARGET_DIR=/opt/rustwide/target" "-e" "CARGO_INCREMENTAL=0" "-e" "RUST_BACKTRACE=full" "-e" "RUSTFLAGS=--cap-lints=warn" "-e" "CARGO_HOME=/opt/rustwide/cargo-home" "-e" "RUSTUP_HOME=/opt/rustwide/rustup-home" "-w" "/opt/rustwide/workdir" "-m" "1610612736" "--user" "0:0" "--network" "none" "ghcr.io/rust-lang/crates-build-env/linux@sha256:34b6a614d2c27851fe6cbf88fbd1137609cefab8b10d0615aaeb6fd47975d74e" "/opt/rustwide/cargo-home/bin/cargo" "+1.54.0" "build" "--frozen" "--message-format=json", kill_on_drop: false }`
[INFO] [stdout] 6975fa4b7df6ee6cbdc9b9a123e4bc154f545174a0a85237a5fd656db4abbcf9
[INFO] running `Command { std: "docker" "start" "-a" "6975fa4b7df6ee6cbdc9b9a123e4bc154f545174a0a85237a5fd656db4abbcf9", kill_on_drop: false }`
[INFO] [stderr]     Blocking waiting for file lock on package cache
[INFO] [stderr]    Compiling memchr v2.4.0
[INFO] [stderr]    Compiling aho-corasick v0.7.18 (/opt/rustwide/workdir)
[INFO] [stderr]     Finished dev [unoptimized + debuginfo] target(s) in 18.83s
[INFO] running `Command { std: "docker" "inspect" "6975fa4b7df6ee6cbdc9b9a123e4bc154f545174a0a85237a5fd656db4abbcf9", kill_on_drop: false }`
[INFO] running `Command { std: "docker" "rm" "-f" "6975fa4b7df6ee6cbdc9b9a123e4bc154f545174a0a85237a5fd656db4abbcf9", kill_on_drop: false }`
[INFO] [stdout] 6975fa4b7df6ee6cbdc9b9a123e4bc154f545174a0a85237a5fd656db4abbcf9
[INFO] running `Command { std: "docker" "create" "-v" "/var/lib/crater-agent-workspace/builds/worker-35/target:/opt/rustwide/target:rw,Z" "-v" "/var/lib/crater-agent-workspace/builds/worker-35/source:/opt/rustwide/workdir:ro,Z" "-v" "/var/lib/crater-agent-workspace/cargo-home:/opt/rustwide/cargo-home:ro,Z" "-v" "/var/lib/crater-agent-workspace/rustup-home:/opt/rustwide/rustup-home:ro,Z" "-e" "SOURCE_DIR=/opt/rustwide/workdir" "-e" "CARGO_TARGET_DIR=/opt/rustwide/target" "-e" "CARGO_INCREMENTAL=0" "-e" "RUST_BACKTRACE=full" "-e" "RUSTFLAGS=--cap-lints=warn" "-e" "CARGO_HOME=/opt/rustwide/cargo-home" "-e" "RUSTUP_HOME=/opt/rustwide/rustup-home" "-w" "/opt/rustwide/workdir" "-m" "1610612736" "--user" "0:0" "--network" "none" "ghcr.io/rust-lang/crates-build-env/linux@sha256:34b6a614d2c27851fe6cbf88fbd1137609cefab8b10d0615aaeb6fd47975d74e" "/opt/rustwide/cargo-home/bin/cargo" "+1.54.0" "test" "--frozen" "--no-run" "--message-format=json", kill_on_drop: false }`
[INFO] [stdout] cb7632a80d232625220eccfdbbd2edebb64f67bcbcebfae7fafc6d93e019c53d
[INFO] running `Command { std: "docker" "start" "-a" "cb7632a80d232625220eccfdbbd2edebb64f67bcbcebfae7fafc6d93e019c53d", kill_on_drop: false }`
[INFO] [stderr]    Compiling aho-corasick v0.7.18 (/opt/rustwide/workdir)
[INFO] [stderr]     Finished test [unoptimized + debuginfo] target(s) in 7.24s
[INFO] running `Command { std: "docker" "inspect" "cb7632a80d232625220eccfdbbd2edebb64f67bcbcebfae7fafc6d93e019c53d", kill_on_drop: false }`
[INFO] running `Command { std: "docker" "rm" "-f" "cb7632a80d232625220eccfdbbd2edebb64f67bcbcebfae7fafc6d93e019c53d", kill_on_drop: false }`
[INFO] [stdout] cb7632a80d232625220eccfdbbd2edebb64f67bcbcebfae7fafc6d93e019c53d
[INFO] running `Command { std: "docker" "create" "-v" "/var/lib/crater-agent-workspace/builds/worker-35/target:/opt/rustwide/target:rw,Z" "-v" "/var/lib/crater-agent-workspace/builds/worker-35/source:/opt/rustwide/workdir:ro,Z" "-v" "/var/lib/crater-agent-workspace/cargo-home:/opt/rustwide/cargo-home:ro,Z" "-v" "/var/lib/crater-agent-workspace/rustup-home:/opt/rustwide/rustup-home:ro,Z" "-e" "SOURCE_DIR=/opt/rustwide/workdir" "-e" "CARGO_TARGET_DIR=/opt/rustwide/target" "-e" "CARGO_INCREMENTAL=0" "-e" "RUST_BACKTRACE=full" "-e" "RUSTFLAGS=--cap-lints=warn" "-e" "CARGO_HOME=/opt/rustwide/cargo-home" "-e" "RUSTUP_HOME=/opt/rustwide/rustup-home" "-w" "/opt/rustwide/workdir" "-m" "1610612736" "--user" "0:0" "--network" "none" "ghcr.io/rust-lang/crates-build-env/linux@sha256:34b6a614d2c27851fe6cbf88fbd1137609cefab8b10d0615aaeb6fd47975d74e" "/opt/rustwide/cargo-home/bin/cargo" "+1.54.0" "test" "--frozen", kill_on_drop: false }`
[INFO] [stdout] 49c65afbc513b0bcc8170d50d932535d33426335cefeffcf309d34b9e7845376
[INFO] running `Command { std: "docker" "start" "-a" "49c65afbc513b0bcc8170d50d932535d33426335cefeffcf309d34b9e7845376", kill_on_drop: false }`
[INFO] [stderr]     Blocking waiting for file lock on package cache
[INFO] [stderr]     Finished test [unoptimized + debuginfo] target(s) in 0.50s
[INFO] [stderr]      Running unittests (/opt/rustwide/target/debug/deps/aho_corasick-4701d2f3fe227796)
[INFO] [stdout] 
[INFO] [stdout] running 88 tests
[INFO] [stdout] test ahocorasick::tests::oibits ... ok
[INFO] [stdout] test classes::tests::byte_classes ... ok
[INFO] [stdout] test classes::tests::full_byte_classes ... ok
[INFO] [stdout] test packed::tests::search_tests_have_unique_names ... ok
[INFO] [stdout] test prefilter::tests::scratch ... ok
[INFO] [stdout] test nfa::tests::scratch ... ok
[INFO] [stdout] test tests::acasei_leftmost_longest_nfa_default ... ok
[INFO] [stdout] test tests::acasei_leftmost_first_nfa_default ... ok
[INFO] [stdout] test tests::acasei_standard_nfa_default ... ok
[INFO] [stdout] test tests::acasei_standard_dfa_default ... ok
[INFO] [stdout] test tests::acasei_leftmost_first_dfa_default ... ok
[INFO] [stdout] test tests::regression_rare_byte_prefilter ... ok
[INFO] [stdout] test tests::regression_ascii_case_insensitive_no_exponential ... ok
[INFO] [stdout] test tests::acasei_leftmost_longest_dfa_default ... ok
[INFO] [stdout] test tests::acasei_standard_overlapping_dfa_default ... ok
[INFO] [stdout] test tests::acasei_standard_overlapping_nfa_default ... ok
[INFO] [stdout] test tests::search_leftmost_first::dfa_default ... ok
[INFO] [stdout] test tests::search_leftmost_first_anchored_nfa_default ... ok
[INFO] [stdout] test tests::search_leftmost_first::nfa_default ... ok
[INFO] [stdout] test tests::search_leftmost_first::nfa_no_prefilter ... ok
[INFO] [stdout] test tests::search_leftmost_first::nfa_all_dense ... ok
[INFO] [stdout] test tests::search_leftmost_longest_anchored_nfa_default ... ok
[INFO] [stdout] test tests::search_leftmost_first_anchored_dfa_default ... ok
[INFO] [stdout] test tests::regression_case_insensitive_prefilter ... ok
[INFO] [stdout] test tests::search_leftmost_longest::dfa_no_premultiply ... ok
[INFO] [stdout] test tests::search_leftmost_longest::nfa_default ... ok
[INFO] [stdout] test tests::search_leftmost_longest::dfa_no_prefilter ... ok
[INFO] [stdout] test tests::search_leftmost_longest_anchored_dfa_default ... ok
[INFO] [stdout] test tests::search_leftmost_longest::nfa_no_prefilter ... ok
[INFO] [stdout] test tests::search_standard_anchored_overlapping_nfa_default ... ok
[INFO] [stdout] test tests::search_standard_anchored_nfa_default ... ok
[INFO] [stdout] test tests::search_leftmost_first::dfa_no_premultiply ... ok
[INFO] [stdout] test tests::search_standard_anchored_overlapping_dfa_default ... ok
[INFO] [stdout] test tests::search_leftmost_first::dfa_all_dense ... ok
[INFO] [stdout] test tests::search_leftmost_first::dfa_no_prefilter ... ok
[INFO] [stdout] test tests::search_leftmost_longest::dfa_default ... ok
[INFO] [stdout] test tests::search_standard_stream_nfa_default ... ok
[INFO] [stdout] test tests::search_standard_nonoverlapping::nfa_default ... ok
[INFO] [stdout] test tests::search_standard_nonoverlapping::nfa_all_dense ... ok
[INFO] [stdout] test tests::search_standard_nonoverlapping::dfa_no_prefilter ... ok
[INFO] [stdout] test tests::search_leftmost_longest::dfa_no_byte_class_no_premultiply ... ok
[INFO] [stdout] test tests::search_leftmost_first::dfa_all_sparse ... ok
[INFO] [stdout] test tests::search_standard_overlapping_nfa_all_dense ... ok
[INFO] [stdout] test tests::search_tests_have_unique_names ... ok
[INFO] [stdout] test tests::search_standard_anchored_dfa_default ... ok
[INFO] [stdout] test tests::search_standard_nonoverlapping::nfa_no_prefilter ... ok
[INFO] [stdout] test tests::search_standard_overlapping_nfa_default ... ok
[INFO] [stdout] test tests::search_leftmost_first::dfa_no_byte_class_no_premultiply ... ok
[INFO] [stdout] test tests::search_standard_overlapping_dfa_all_dense ... ok
[INFO] [stdout] test tests::search_standard_nonoverlapping::dfa_no_byte_class ... ok
[INFO] [stdout] test tests::search_standard_overlapping_dfa_no_premultiply ... ok
[INFO] [stdout] test tests::search_standard_nonoverlapping::dfa_no_premultiply ... ok
[INFO] [stdout] test tests::search_leftmost_longest::dfa_no_byte_class ... ok
[INFO] [stdout] test tests::state_id_too_small ... ok
[INFO] [stdout] test tests::regression_stream_rare_byte_prefilter ... ok
[INFO] [stdout] test tests::search_standard_stream_dfa_default ... ok
[INFO] [stdout] test tests::search_standard_nonoverlapping::nfa_all_sparse ... ok
[INFO] [stdout] test tests::search_leftmost_longest::nfa_all_dense ... ok
[INFO] [stdout] test tests::search_standard_nonoverlapping::dfa_all_dense ... ok
[INFO] [stdout] test tests::search_standard_nonoverlapping::dfa_default ... ok
[INFO] [stdout] test tests::search_leftmost_longest::dfa_all_dense ... ok
[INFO] [stdout] test tests::search_standard_nonoverlapping::dfa_no_byte_class_no_premultiply ... ok
[INFO] [stdout] test tests::search_standard_overlapping_dfa_no_byte_class_no_premultiply ... ok
[INFO] [stdout] test tests::search_standard_overlapping_dfa_default ... ok
[INFO] [stdout] test tests::search_standard_overlapping_dfa_no_byte_class ... ok
[INFO] [stdout] test tests::search_standard_overlapping_nfa_all_sparse ... ok
[INFO] [stdout] test tests::search_leftmost_first::dfa_no_byte_class ... ok
[INFO] [stdout] test tests::overlapping_not_allowed_leftmost_longest - should panic ... ok
[INFO] [stdout] test tests::stream_not_allowed_leftmost_first - should panic ... ok
[INFO] [stdout] test tests::stream_not_allowed_leftmost_longest - should panic ... ok
[INFO] [stdout] test tests::overlapping_not_allowed_leftmost_first - should panic ... ok
[INFO] [stdout] test tests::search_leftmost_first::nfa_all_sparse ... ok
[INFO] [stdout] test tests::search_standard_nonoverlapping::dfa_all_sparse ... ok
[INFO] [stdout] test tests::search_leftmost_longest::dfa_all_sparse ... ok
[INFO] [stdout] test tests::search_leftmost_longest::nfa_all_sparse ... ok
[INFO] [stdout] test tests::search_standard_overlapping_dfa_all_sparse ... ok
[INFO] [stdout] test packed::tests::search_rabinkarp_leftmost_longest ... ok
[INFO] [stdout] test packed::tests::search_rabinkarp_leftmost_first ... ok
[INFO] [stdout] test packed::tests::search_teddy_leftmost_first ... ok
[INFO] [stdout] test packed::tests::search_teddy_avx2_leftmost_longest ... ok
[INFO] [stdout] test packed::tests::search_teddy_avx2_leftmost_first ... ok
[INFO] [stdout] test packed::tests::search_default_leftmost_longest ... ok
[INFO] [stdout] test packed::tests::search_teddy_ssse3_leftmost_longest ... ok
[INFO] [stdout] test packed::tests::search_default_leftmost_first ... ok
[INFO] [stdout] test packed::tests::search_teddy_fat_leftmost_first ... ok
[INFO] [stdout] test packed::tests::search_teddy_leftmost_longest ... ok
[INFO] [stdout] test packed::tests::search_teddy_ssse3_leftmost_first ... ok
[INFO] [stdout] test packed::tests::search_teddy_fat_leftmost_longest ... ok
[INFO] [stdout] 
[INFO] [stdout] test result: ok. 88 passed; 0 failed; 0 ignored; 0 measured; 0 filtered out; finished in 8.61s
[INFO] [stdout] 
[INFO] [stderr]    Doc-tests aho_corasick
[INFO] [stdout] 
[INFO] [stdout] running 58 tests
[INFO] [stdout] test src/ahocorasick.rs - ahocorasick::AhoCorasick<S>::heap_bytes (line 992) ... ignored
[INFO] [stdout] test src/nfa.rs - nfa::Compiler::fill_failure_transitions_standard (line 756) ... ignored
[INFO] [stdout] test src/nfa.rs - nfa::Compiler::fill_failure_transitions_standard (line 789) ... ignored
[INFO] [stdout] test src/nfa.rs - nfa::Compiler::fill_failure_transitions_standard (line 809) ... ignored
[INFO] [stdout] test src/packed/pattern.rs - packed::pattern::Patterns::iter (line 181) ... ignored
[INFO] [stdout] test src/ahocorasick.rs - ahocorasick::AhoCorasick<S>::stream_find_iter (line 669) ... FAILED
[INFO] [stdout] test src/ahocorasick.rs - ahocorasick::AhoCorasick::new_auto_configured (line 146) ... FAILED
[INFO] [stdout] test src/ahocorasick.rs - ahocorasick::AhoCorasick::new (line 111) ... FAILED
[INFO] [stdout] test src/ahocorasick.rs - ahocorasick::AhoCorasick<S>::find_iter (line 299) ... FAILED
[INFO] [stdout] test src/ahocorasick.rs - ahocorasick::AhoCorasickBuilder::build (line 1537) ... FAILED
[INFO] [stdout] test src/ahocorasick.rs - ahocorasick::AhoCorasick<S>::find_overlapping_iter (line 380) ... FAILED
[INFO] [stdout] test src/ahocorasick.rs - ahocorasick::AhoCorasickBuilder::build_with_size (line 1597) ... FAILED
[INFO] [stdout] test src/lib.rs - (line 93) ... FAILED
[INFO] [stdout] test src/ahocorasick.rs - ahocorasick::AhoCorasick<S>::replace_all (line 417) ... FAILED
[INFO] [stdout] test src/ahocorasick.rs - ahocorasick::AhoCorasickBuilder::match_kind (line 1737) ... FAILED
[INFO] [stdout] test src/ahocorasick.rs - ahocorasick::AhoCorasick<S>::replace_all_with_bytes (line 577) ... FAILED
[INFO] [stdout] test src/lib.rs - (line 45) ... FAILED
[INFO] [stdout] test src/ahocorasick.rs - ahocorasick::AhoCorasick<S>::stream_replace_all (line 736) ... FAILED
[INFO] [stdout] test src/ahocorasick.rs - ahocorasick::AhoCorasickBuilder::ascii_case_insensitive (line 1811) ... FAILED
[INFO] [stdout] test src/ahocorasick.rs - ahocorasick::AhoCorasick (line 52) ... FAILED
[INFO] [stdout] test src/packed/api.rs - packed::api::Searcher::match_kind (line 545) ... ok
[INFO] [stdout] test src/ahocorasick.rs - ahocorasick::AhoCorasick (line 74) ... FAILED
[INFO] [stdout] test src/ahocorasick.rs - ahocorasick::AhoCorasick<S>::is_match (line 174) ... FAILED
[INFO] [stdout] test src/ahocorasick.rs - ahocorasick::AhoCorasickBuilder::auto_configure (line 1643) ... FAILED
[INFO] [stdout] test src/packed/mod.rs - packed (line 32) ... ok
[INFO] [stdout] test src/packed/mod.rs - packed (line 53) ... ok
[INFO] [stdout] test src/packed/api.rs - packed::api::Searcher::find_iter (line 515) ... ok
[INFO] [stdout] test src/packed/api.rs - packed::api::Searcher::find (line 440) ... ok
[INFO] [stdout] test src/packed/api.rs - packed::api::Config (line 71) ... ok
[INFO] [stdout] test src/packed/api.rs - packed::api::Searcher::find_at (line 473) ... ok
[INFO] [stdout] test src/packed/api.rs - packed::api::Builder (line 205) ... ok
[INFO] [stdout] test src/packed/api.rs - packed::api::Searcher (line 361) ... ok
[INFO] [stdout] test src/packed/api.rs - packed::api::Searcher::new (line 405) ... ok
[INFO] [stdout] test src/ahocorasick.rs - ahocorasick::AhoCorasick<S>::pattern_count (line 910) ... ok
[INFO] [stdout] test src/ahocorasick.rs - ahocorasick::AhoCorasick<S>::max_pattern_len (line 885) ... ok
[INFO] [stdout] test src/ahocorasick.rs - ahocorasick::AhoCorasick<S>::match_kind (line 867) ... ok
[INFO] [stdout] test src/ahocorasick.rs - ahocorasick::AhoCorasick<S>::supports_overlapping (line 937) ... ok
[INFO] [stdout] test src/lib.rs - (line 68) ... ok
[INFO] [stdout] test src/ahocorasick.rs - ahocorasick::AhoCorasickBuilder::anchored (line 1763) ... ok
[INFO] [stdout] test src/ahocorasick.rs - ahocorasick::AhoCorasickBuilder::build_with_size (line 1584) ... ok
[INFO] [stdout] test src/ahocorasick.rs - ahocorasick::AhoCorasick<S>::find (line 241) ... ok
[INFO] [stdout] test src/lib.rs - (line 144) ... ok
[INFO] [stdout] test src/ahocorasick.rs - ahocorasick::AhoCorasick<S>::supports_stream (line 967) ... ok
[INFO] [stdout] test src/ahocorasick.rs - ahocorasick::AhoCorasick<S>::replace_all_with (line 531) ... ok
[INFO] [stdout] test src/ahocorasick.rs - ahocorasick::AhoCorasickBuilder::match_kind (line 1707) ... ok
[INFO] [stdout] test src/ahocorasick.rs - ahocorasick::AhoCorasick<S>::find (line 256) ... ok
[INFO] [stdout] test src/ahocorasick.rs - ahocorasick::AhoCorasick<S>::earliest_find (line 201) ... ok
[INFO] [stdout] test src/ahocorasick.rs - ahocorasick::AhoCorasick<S>::find_iter (line 317) ... ok
[INFO] [stdout] test src/ahocorasick.rs - ahocorasick::AhoCorasick<S>::find (line 271) ... ok
[INFO] [stdout] test src/ahocorasick.rs - ahocorasick::AhoCorasickBuilder::match_kind (line 1722) ... ok
[INFO] [stdout] test src/ahocorasick.rs - ahocorasick::AhoCorasickBuilder::anchored (line 1778) ... ok
[INFO] [stdout] test src/ahocorasick.rs - ahocorasick::AhoCorasick<S>::stream_replace_all_with (line 815) ... ok
[INFO] [stdout] test src/lib.rs - (line 130) ... ok
[INFO] [stdout] test src/ahocorasick.rs - ahocorasick::AhoCorasick<S>::replace_all_with (line 511) ... ok
[INFO] [stdout] test src/ahocorasick.rs - ahocorasick::AhoCorasick<S>::replace_all_with_bytes (line 597) ... ok
[INFO] [stdout] test src/ahocorasick.rs - ahocorasick::AhoCorasick<S>::find_iter (line 335) ... ok
[INFO] [stdout] test src/ahocorasick.rs - ahocorasick::AhoCorasick<S>::replace_all_bytes (line 464) ... ok
[INFO] [stdout] test src/lib.rs - Match (line 227) ... ok
[INFO] [stdout] 
[INFO] [stdout] failures:
[INFO] [stdout] 
[INFO] [stdout] ---- src/ahocorasick.rs - ahocorasick::AhoCorasick<S>::stream_find_iter (line 669) stdout ----
[INFO] [stdout] Couldn't compile the test.
[INFO] [stdout] ---- src/ahocorasick.rs - ahocorasick::AhoCorasick::new_auto_configured (line 146) stdout ----
[INFO] [stdout] Couldn't compile the test.
[INFO] [stdout] ---- src/ahocorasick.rs - ahocorasick::AhoCorasick::new (line 111) stdout ----
[INFO] [stdout] Couldn't compile the test.
[INFO] [stdout] ---- src/ahocorasick.rs - ahocorasick::AhoCorasick<S>::find_iter (line 299) stdout ----
[INFO] [stdout] Couldn't compile the test.
[INFO] [stdout] ---- src/ahocorasick.rs - ahocorasick::AhoCorasickBuilder::build (line 1537) stdout ----
[INFO] [stdout] Couldn't compile the test.
[INFO] [stdout] ---- src/ahocorasick.rs - ahocorasick::AhoCorasick<S>::find_overlapping_iter (line 380) stdout ----
[INFO] [stdout] Couldn't compile the test.
[INFO] [stdout] ---- src/ahocorasick.rs - ahocorasick::AhoCorasickBuilder::build_with_size (line 1597) stdout ----
[INFO] [stdout] Couldn't compile the test.
[INFO] [stdout] ---- src/lib.rs - (line 93) stdout ----
[INFO] [stdout] Couldn't compile the test.
[INFO] [stdout] ---- src/ahocorasick.rs - ahocorasick::AhoCorasick<S>::replace_all (line 417) stdout ----
[INFO] [stdout] Couldn't compile the test.
[INFO] [stdout] ---- src/ahocorasick.rs - ahocorasick::AhoCorasickBuilder::match_kind (line 1737) stdout ----
[INFO] [stdout] Couldn't compile the test.
[INFO] [stdout] ---- src/ahocorasick.rs - ahocorasick::AhoCorasick<S>::replace_all_with_bytes (line 577) stdout ----
[INFO] [stdout] Couldn't compile the test.
[INFO] [stdout] ---- src/lib.rs - (line 45) stdout ----
[INFO] [stdout] Couldn't compile the test.
[INFO] [stdout] ---- src/ahocorasick.rs - ahocorasick::AhoCorasick<S>::stream_replace_all (line 736) stdout ----
[INFO] [stdout] Couldn't compile the test.
[INFO] [stdout] ---- src/ahocorasick.rs - ahocorasick::AhoCorasickBuilder::ascii_case_insensitive (line 1811) stdout ----
[INFO] [stdout] Couldn't compile the test.
[INFO] [stdout] ---- src/ahocorasick.rs - ahocorasick::AhoCorasick (line 52) stdout ----
[INFO] [stdout] Couldn't compile the test.
[INFO] [stdout] ---- src/ahocorasick.rs - ahocorasick::AhoCorasick (line 74) stdout ----
[INFO] [stdout] Couldn't compile the test.
[INFO] [stdout] ---- src/ahocorasick.rs - ahocorasick::AhoCorasick<S>::is_match (line 174) stdout ----
[INFO] [stdout] Couldn't compile the test.
[INFO] [stdout] ---- src/ahocorasick.rs - ahocorasick::AhoCorasickBuilder::auto_configure (line 1643) stdout ----
[INFO] [stdout] Couldn't compile the test.
[INFO] [stdout] 
[INFO] [stdout] failures:
[INFO] [stdout]     src/ahocorasick.rs - ahocorasick::AhoCorasick (line 52)
[INFO] [stdout]     src/ahocorasick.rs - ahocorasick::AhoCorasick (line 74)
[INFO] [stdout]     src/ahocorasick.rs - ahocorasick::AhoCorasick::new (line 111)
[INFO] [stdout]     src/ahocorasick.rs - ahocorasick::AhoCorasick::new_auto_configured (line 146)
[INFO] [stdout]     src/ahocorasick.rs - ahocorasick::AhoCorasick<S>::find_iter (line 299)
[INFO] [stdout]     src/ahocorasick.rs - ahocorasick::AhoCorasick<S>::find_overlapping_iter (line 380)
[INFO] [stdout]     src/ahocorasick.rs - ahocorasick::AhoCorasick<S>::is_match (line 174)
[INFO] [stdout]     src/ahocorasick.rs - ahocorasick::AhoCorasick<S>::replace_all (line 417)
[INFO] [stdout]     src/ahocorasick.rs - ahocorasick::AhoCorasick<S>::replace_all_with_bytes (line 577)
[INFO] [stdout]     src/ahocorasick.rs - ahocorasick::AhoCorasick<S>::stream_find_iter (line 669)
[INFO] [stdout]     src/ahocorasick.rs - ahocorasick::AhoCorasick<S>::stream_replace_all (line 736)
[INFO] [stdout]     src/ahocorasick.rs - ahocorasick::AhoCorasickBuilder::ascii_case_insensitive (line 1811)
[INFO] [stdout]     src/ahocorasick.rs - ahocorasick::AhoCorasickBuilder::auto_configure (line 1643)
[INFO] [stdout]     src/ahocorasick.rs - ahocorasick::AhoCorasickBuilder::build (line 1537)
[INFO] [stdout]     src/ahocorasick.rs - ahocorasick::AhoCorasickBuilder::build_with_size (line 1597)
[INFO] [stdout]     src/ahocorasick.rs - ahocorasick::AhoCorasickBuilder::match_kind (line 1737)
[INFO] [stdout]     src/lib.rs - (line 45)
[INFO] [stdout]     src/lib.rs - (line 93)
[INFO] [stdout] 
[INFO] [stdout] test result: FAILED. 35 passed; 18 failed; 5 ignored; 0 measured; 0 filtered out; finished in 2.26s
[INFO] [stdout] 
[INFO] [stderr] error: test failed, to rerun pass '--doc'
[INFO] running `Command { std: "docker" "inspect" "49c65afbc513b0bcc8170d50d932535d33426335cefeffcf309d34b9e7845376", kill_on_drop: false }`
[INFO] running `Command { std: "docker" "rm" "-f" "49c65afbc513b0bcc8170d50d932535d33426335cefeffcf309d34b9e7845376", kill_on_drop: false }`
[INFO] [stdout] 49c65afbc513b0bcc8170d50d932535d33426335cefeffcf309d34b9e7845376
