[INFO] fetching crate agnostik 0.2.3...
[INFO] testing agnostik-0.2.3 against 1.54.0 for beta-1.55-1
[INFO] extracting crate agnostik 0.2.3 into /workspace/builds/worker-96/source
[INFO] validating manifest of crates.io crate agnostik 0.2.3 on toolchain 1.54.0
[INFO] running `Command { std: "/workspace/cargo-home/bin/cargo" "+1.54.0" "metadata" "--manifest-path" "Cargo.toml" "--no-deps", kill_on_drop: false }`
[INFO] started tweaking crates.io crate agnostik 0.2.3
[INFO] finished tweaking crates.io crate agnostik 0.2.3
[INFO] tweaked toml for crates.io crate agnostik 0.2.3 written to /workspace/builds/worker-96/source/Cargo.toml
[INFO] running `Command { std: "/workspace/cargo-home/bin/cargo" "+1.54.0" "generate-lockfile" "--manifest-path" "Cargo.toml" "-Zno-index-update", kill_on_drop: false }`
[INFO] [stderr]     Blocking waiting for file lock on package cache
[INFO] running `Command { std: "/workspace/cargo-home/bin/cargo" "+1.54.0" "fetch" "--manifest-path" "Cargo.toml", kill_on_drop: false }`
[INFO] [stderr]     Blocking waiting for file lock on package cache
[INFO] [stderr]     Blocking waiting for file lock on package cache
[INFO] running `Command { std: "docker" "create" "-v" "/var/lib/crater-agent-workspace/builds/worker-96/target:/opt/rustwide/target:rw,Z" "-v" "/var/lib/crater-agent-workspace/builds/worker-96/source:/opt/rustwide/workdir:ro,Z" "-v" "/var/lib/crater-agent-workspace/cargo-home:/opt/rustwide/cargo-home:ro,Z" "-v" "/var/lib/crater-agent-workspace/rustup-home:/opt/rustwide/rustup-home:ro,Z" "-e" "SOURCE_DIR=/opt/rustwide/workdir" "-e" "CARGO_TARGET_DIR=/opt/rustwide/target" "-e" "CARGO_HOME=/opt/rustwide/cargo-home" "-e" "RUSTUP_HOME=/opt/rustwide/rustup-home" "-w" "/opt/rustwide/workdir" "-m" "1610612736" "--user" "0:0" "--network" "none" "ghcr.io/rust-lang/crates-build-env/linux@sha256:34b6a614d2c27851fe6cbf88fbd1137609cefab8b10d0615aaeb6fd47975d74e" "/opt/rustwide/cargo-home/bin/cargo" "+1.54.0" "metadata" "--no-deps" "--format-version=1", kill_on_drop: false }`
[INFO] [stdout] 12bfc4ea69b25aec1792f48bfc0d7786d5017cd15bce890a36de3c6268616618
[INFO] running `Command { std: "docker" "start" "-a" "12bfc4ea69b25aec1792f48bfc0d7786d5017cd15bce890a36de3c6268616618", kill_on_drop: false }`
[INFO] running `Command { std: "docker" "inspect" "12bfc4ea69b25aec1792f48bfc0d7786d5017cd15bce890a36de3c6268616618", kill_on_drop: false }`
[INFO] running `Command { std: "docker" "rm" "-f" "12bfc4ea69b25aec1792f48bfc0d7786d5017cd15bce890a36de3c6268616618", kill_on_drop: false }`
[INFO] [stdout] 12bfc4ea69b25aec1792f48bfc0d7786d5017cd15bce890a36de3c6268616618
[INFO] running `Command { std: "docker" "create" "-v" "/var/lib/crater-agent-workspace/builds/worker-96/target:/opt/rustwide/target:rw,Z" "-v" "/var/lib/crater-agent-workspace/builds/worker-96/source:/opt/rustwide/workdir:ro,Z" "-v" "/var/lib/crater-agent-workspace/cargo-home:/opt/rustwide/cargo-home:ro,Z" "-v" "/var/lib/crater-agent-workspace/rustup-home:/opt/rustwide/rustup-home:ro,Z" "-e" "SOURCE_DIR=/opt/rustwide/workdir" "-e" "CARGO_TARGET_DIR=/opt/rustwide/target" "-e" "CARGO_INCREMENTAL=0" "-e" "RUST_BACKTRACE=full" "-e" "RUSTFLAGS=--cap-lints=warn" "-e" "CARGO_HOME=/opt/rustwide/cargo-home" "-e" "RUSTUP_HOME=/opt/rustwide/rustup-home" "-w" "/opt/rustwide/workdir" "-m" "1610612736" "--user" "0:0" "--network" "none" "ghcr.io/rust-lang/crates-build-env/linux@sha256:34b6a614d2c27851fe6cbf88fbd1137609cefab8b10d0615aaeb6fd47975d74e" "/opt/rustwide/cargo-home/bin/cargo" "+1.54.0" "build" "--frozen" "--message-format=json", kill_on_drop: false }`
[INFO] [stdout] 1a513076565567759232549ec297c2d9b2ff5d5bfa81de22394a28a68021901a
[INFO] running `Command { std: "docker" "start" "-a" "1a513076565567759232549ec297c2d9b2ff5d5bfa81de22394a28a68021901a", kill_on_drop: false }`
[INFO] [stderr]     Blocking waiting for file lock on package cache
[INFO] [stderr]    Compiling proc-macro2 v1.0.28
[INFO] [stderr]    Compiling unicode-xid v0.2.2
[INFO] [stderr]    Compiling syn v1.0.74
[INFO] [stderr]    Compiling cfg_aliases v0.1.1
[INFO] [stderr]    Compiling once_cell v1.8.0
[INFO] [stderr]    Compiling agnostik v0.2.3 (/opt/rustwide/workdir)
[INFO] [stderr]    Compiling quote v1.0.9
[INFO] [stderr]    Compiling pin-project-internal v1.0.8
[INFO] [stderr]    Compiling pin-project v1.0.8
[INFO] [stderr]     Finished dev [unoptimized + debuginfo] target(s) in 30.62s
[INFO] running `Command { std: "docker" "inspect" "1a513076565567759232549ec297c2d9b2ff5d5bfa81de22394a28a68021901a", kill_on_drop: false }`
[INFO] running `Command { std: "docker" "rm" "-f" "1a513076565567759232549ec297c2d9b2ff5d5bfa81de22394a28a68021901a", kill_on_drop: false }`
[INFO] [stdout] 1a513076565567759232549ec297c2d9b2ff5d5bfa81de22394a28a68021901a
[INFO] running `Command { std: "docker" "create" "-v" "/var/lib/crater-agent-workspace/builds/worker-96/target:/opt/rustwide/target:rw,Z" "-v" "/var/lib/crater-agent-workspace/builds/worker-96/source:/opt/rustwide/workdir:ro,Z" "-v" "/var/lib/crater-agent-workspace/cargo-home:/opt/rustwide/cargo-home:ro,Z" "-v" "/var/lib/crater-agent-workspace/rustup-home:/opt/rustwide/rustup-home:ro,Z" "-e" "SOURCE_DIR=/opt/rustwide/workdir" "-e" "CARGO_TARGET_DIR=/opt/rustwide/target" "-e" "CARGO_INCREMENTAL=0" "-e" "RUST_BACKTRACE=full" "-e" "RUSTFLAGS=--cap-lints=warn" "-e" "CARGO_HOME=/opt/rustwide/cargo-home" "-e" "RUSTUP_HOME=/opt/rustwide/rustup-home" "-w" "/opt/rustwide/workdir" "-m" "1610612736" "--user" "0:0" "--network" "none" "ghcr.io/rust-lang/crates-build-env/linux@sha256:34b6a614d2c27851fe6cbf88fbd1137609cefab8b10d0615aaeb6fd47975d74e" "/opt/rustwide/cargo-home/bin/cargo" "+1.54.0" "test" "--frozen" "--no-run" "--message-format=json", kill_on_drop: false }`
[INFO] [stdout] 7ea86329acb75e9a04c90f613ea43125c8e7c6423577756022f45cb6a142ead8
[INFO] running `Command { std: "docker" "start" "-a" "7ea86329acb75e9a04c90f613ea43125c8e7c6423577756022f45cb6a142ead8", kill_on_drop: false }`
[INFO] [stderr]    Compiling autocfg v1.0.1
[INFO] [stderr]    Compiling pin-project-lite v0.2.7
[INFO] [stderr]    Compiling tokio v0.3.7
[INFO] [stderr]    Compiling agnostik v0.2.3 (/opt/rustwide/workdir)
[INFO] [stderr]     Finished test [unoptimized + debuginfo] target(s) in 6.32s
[INFO] running `Command { std: "docker" "inspect" "7ea86329acb75e9a04c90f613ea43125c8e7c6423577756022f45cb6a142ead8", kill_on_drop: false }`
[INFO] running `Command { std: "docker" "rm" "-f" "7ea86329acb75e9a04c90f613ea43125c8e7c6423577756022f45cb6a142ead8", kill_on_drop: false }`
[INFO] [stdout] 7ea86329acb75e9a04c90f613ea43125c8e7c6423577756022f45cb6a142ead8
[INFO] running `Command { std: "docker" "create" "-v" "/var/lib/crater-agent-workspace/builds/worker-96/target:/opt/rustwide/target:rw,Z" "-v" "/var/lib/crater-agent-workspace/builds/worker-96/source:/opt/rustwide/workdir:ro,Z" "-v" "/var/lib/crater-agent-workspace/cargo-home:/opt/rustwide/cargo-home:ro,Z" "-v" "/var/lib/crater-agent-workspace/rustup-home:/opt/rustwide/rustup-home:ro,Z" "-e" "SOURCE_DIR=/opt/rustwide/workdir" "-e" "CARGO_TARGET_DIR=/opt/rustwide/target" "-e" "CARGO_INCREMENTAL=0" "-e" "RUST_BACKTRACE=full" "-e" "RUSTFLAGS=--cap-lints=warn" "-e" "CARGO_HOME=/opt/rustwide/cargo-home" "-e" "RUSTUP_HOME=/opt/rustwide/rustup-home" "-w" "/opt/rustwide/workdir" "-m" "1610612736" "--user" "0:0" "--network" "none" "ghcr.io/rust-lang/crates-build-env/linux@sha256:34b6a614d2c27851fe6cbf88fbd1137609cefab8b10d0615aaeb6fd47975d74e" "/opt/rustwide/cargo-home/bin/cargo" "+1.54.0" "test" "--frozen", kill_on_drop: false }`
[INFO] [stdout] 04050a7305c6366da827746ec9d2e22705891e68aca9eb3c27c6a2a6e785ed19
[INFO] running `Command { std: "docker" "start" "-a" "04050a7305c6366da827746ec9d2e22705891e68aca9eb3c27c6a2a6e785ed19", kill_on_drop: false }`
[INFO] [stderr]     Blocking waiting for file lock on package cache
[INFO] [stderr]     Finished test [unoptimized + debuginfo] target(s) in 0.46s
[INFO] [stderr]      Running unittests (/opt/rustwide/target/debug/deps/agnostik-5983e11201020ad7)
[INFO] [stdout] 
[INFO] [stderr]      Running tests/asyncstd.rs (/opt/rustwide/target/debug/deps/asyncstd-b047eca2aea49b83)
[INFO] [stdout] running 0 tests
[INFO] [stdout] 
[INFO] [stdout] test result: ok. 0 passed; 0 failed; 0 ignored; 0 measured; 0 filtered out; finished in 0.00s
[INFO] [stdout] 
[INFO] [stderr]      Running tests/bastion.rs (/opt/rustwide/target/debug/deps/bastion-288ea830a6a7219d)
[INFO] [stdout] 
[INFO] [stdout] running 0 tests
[INFO] [stdout] 
[INFO] [stdout] test result: ok. 0 passed; 0 failed; 0 ignored; 0 measured; 0 filtered out; finished in 0.00s
[INFO] [stdout] 
[INFO] [stdout] 
[INFO] [stdout] running 0 tests
[INFO] [stdout] 
[INFO] [stdout] test result: ok. 0 passed; 0 failed; 0 ignored; 0 measured; 0 filtered out; finished in 0.00s
[INFO] [stdout] 
[INFO] [stderr]      Running tests/tokio.rs (/opt/rustwide/target/debug/deps/tokio-4a97794969c0257b)
[INFO] [stdout] 
[INFO] [stdout] running 0 tests
[INFO] [stdout] 
[INFO] [stdout] test result: ok. 0 passed; 0 failed; 0 ignored; 0 measured; 0 filtered out; finished in 0.00s
[INFO] [stdout] 
[INFO] [stderr]    Doc-tests agnostik
[INFO] [stdout] 
[INFO] [stdout] running 5 tests
[INFO] [stdout] test src/lib.rs - (line 119) ... ignored
[INFO] [stdout] test src/lib.rs - (line 135) ... ignored
[INFO] [stdout] test src/lib.rs - (line 57) ... ignored
[INFO] [stdout] test src/lib.rs - (line 78) ... ignored
[INFO] [stdout] test src/lib.rs - (line 93) ... FAILED
[INFO] [stdout] 
[INFO] [stdout] failures:
[INFO] [stdout] 
[INFO] [stdout] ---- src/lib.rs - (line 93) stdout ----
[INFO] [stdout] error[E0433]: failed to resolve: could not find `main` in `agnostik`
[INFO] [stdout]  --> src/lib.rs:94:13
[INFO] [stdout]   |
[INFO] [stdout] 3 | #[agnostik::main]
[INFO] [stdout]   |             ^^^^ could not find `main` in `agnostik`
[INFO] [stdout] 
[INFO] [stdout] error[E0752]: `main` function is not allowed to be `async`
[INFO] [stdout]  --> src/lib.rs:95:1
[INFO] [stdout]   |
[INFO] [stdout] 4 | async fn main() {
[INFO] [stdout]   | ^^^^^^^^^^^^^^^ `main` function is not allowed to be `async`
[INFO] [stdout] 
[INFO] [stdout] error: aborting due to 2 previous errors
[INFO] [stdout] 
[INFO] [stdout] Some errors have detailed explanations: E0433, E0752.
[INFO] [stdout] For more information about an error, try `rustc --explain E0433`.
[INFO] [stdout] Couldn't compile the test.
[INFO] [stdout] 
[INFO] [stdout] failures:
[INFO] [stdout]     src/lib.rs - (line 93)
[INFO] [stdout] 
[INFO] [stdout] test result: FAILED. 0 passed; 1 failed; 4 ignored; 0 measured; 0 filtered out; finished in 0.07s
[INFO] [stdout] 
[INFO] [stderr] error: test failed, to rerun pass '--doc'
[INFO] running `Command { std: "docker" "inspect" "04050a7305c6366da827746ec9d2e22705891e68aca9eb3c27c6a2a6e785ed19", kill_on_drop: false }`
[INFO] running `Command { std: "docker" "rm" "-f" "04050a7305c6366da827746ec9d2e22705891e68aca9eb3c27c6a2a6e785ed19", kill_on_drop: false }`
[INFO] [stdout] 04050a7305c6366da827746ec9d2e22705891e68aca9eb3c27c6a2a6e785ed19
