[INFO] fetching crate agnostik-attributes 1.2.0...
[INFO] testing agnostik-attributes-1.2.0 against 1.54.0 for beta-1.55-1
[INFO] extracting crate agnostik-attributes 1.2.0 into /workspace/builds/worker-73/source
[INFO] validating manifest of crates.io crate agnostik-attributes 1.2.0 on toolchain 1.54.0
[INFO] running `Command { std: "/workspace/cargo-home/bin/cargo" "+1.54.0" "metadata" "--manifest-path" "Cargo.toml" "--no-deps", kill_on_drop: false }`
[INFO] started tweaking crates.io crate agnostik-attributes 1.2.0
[INFO] finished tweaking crates.io crate agnostik-attributes 1.2.0
[INFO] tweaked toml for crates.io crate agnostik-attributes 1.2.0 written to /workspace/builds/worker-73/source/Cargo.toml
[INFO] running `Command { std: "/workspace/cargo-home/bin/cargo" "+1.54.0" "generate-lockfile" "--manifest-path" "Cargo.toml" "-Zno-index-update", kill_on_drop: false }`
[INFO] [stderr]     Blocking waiting for file lock on package cache
[INFO] running `Command { std: "/workspace/cargo-home/bin/cargo" "+1.54.0" "fetch" "--manifest-path" "Cargo.toml", kill_on_drop: false }`
[INFO] [stderr]     Blocking waiting for file lock on package cache
[INFO] [stderr]     Blocking waiting for file lock on package cache
[INFO] running `Command { std: "docker" "create" "-v" "/var/lib/crater-agent-workspace/builds/worker-73/target:/opt/rustwide/target:rw,Z" "-v" "/var/lib/crater-agent-workspace/builds/worker-73/source:/opt/rustwide/workdir:ro,Z" "-v" "/var/lib/crater-agent-workspace/cargo-home:/opt/rustwide/cargo-home:ro,Z" "-v" "/var/lib/crater-agent-workspace/rustup-home:/opt/rustwide/rustup-home:ro,Z" "-e" "SOURCE_DIR=/opt/rustwide/workdir" "-e" "CARGO_TARGET_DIR=/opt/rustwide/target" "-e" "CARGO_HOME=/opt/rustwide/cargo-home" "-e" "RUSTUP_HOME=/opt/rustwide/rustup-home" "-w" "/opt/rustwide/workdir" "-m" "1610612736" "--user" "0:0" "--network" "none" "ghcr.io/rust-lang/crates-build-env/linux@sha256:34b6a614d2c27851fe6cbf88fbd1137609cefab8b10d0615aaeb6fd47975d74e" "/opt/rustwide/cargo-home/bin/cargo" "+1.54.0" "metadata" "--no-deps" "--format-version=1", kill_on_drop: false }`
[INFO] [stdout] 6f4e16f50104ec6ebec9521ddb10daf557676319de0a7ae16dbb6c2419b87f30
[INFO] running `Command { std: "docker" "start" "-a" "6f4e16f50104ec6ebec9521ddb10daf557676319de0a7ae16dbb6c2419b87f30", kill_on_drop: false }`
[INFO] running `Command { std: "docker" "inspect" "6f4e16f50104ec6ebec9521ddb10daf557676319de0a7ae16dbb6c2419b87f30", kill_on_drop: false }`
[INFO] running `Command { std: "docker" "rm" "-f" "6f4e16f50104ec6ebec9521ddb10daf557676319de0a7ae16dbb6c2419b87f30", kill_on_drop: false }`
[INFO] [stdout] 6f4e16f50104ec6ebec9521ddb10daf557676319de0a7ae16dbb6c2419b87f30
[INFO] running `Command { std: "docker" "create" "-v" "/var/lib/crater-agent-workspace/builds/worker-73/target:/opt/rustwide/target:rw,Z" "-v" "/var/lib/crater-agent-workspace/builds/worker-73/source:/opt/rustwide/workdir:ro,Z" "-v" "/var/lib/crater-agent-workspace/cargo-home:/opt/rustwide/cargo-home:ro,Z" "-v" "/var/lib/crater-agent-workspace/rustup-home:/opt/rustwide/rustup-home:ro,Z" "-e" "SOURCE_DIR=/opt/rustwide/workdir" "-e" "CARGO_TARGET_DIR=/opt/rustwide/target" "-e" "CARGO_INCREMENTAL=0" "-e" "RUST_BACKTRACE=full" "-e" "RUSTFLAGS=--cap-lints=warn" "-e" "CARGO_HOME=/opt/rustwide/cargo-home" "-e" "RUSTUP_HOME=/opt/rustwide/rustup-home" "-w" "/opt/rustwide/workdir" "-m" "1610612736" "--user" "0:0" "--network" "none" "ghcr.io/rust-lang/crates-build-env/linux@sha256:34b6a614d2c27851fe6cbf88fbd1137609cefab8b10d0615aaeb6fd47975d74e" "/opt/rustwide/cargo-home/bin/cargo" "+1.54.0" "build" "--frozen" "--message-format=json", kill_on_drop: false }`
[INFO] [stdout] 27885fb42be8a57a6333ce29db4381cb4ace2a4fcc13a62917c23c4cadaa0ba5
[INFO] running `Command { std: "docker" "start" "-a" "27885fb42be8a57a6333ce29db4381cb4ace2a4fcc13a62917c23c4cadaa0ba5", kill_on_drop: false }`
[INFO] [stderr]     Blocking waiting for file lock on package cache
[INFO] [stderr]    Compiling proc-macro2 v1.0.28
[INFO] [stderr]    Compiling unicode-xid v0.2.2
[INFO] [stderr]    Compiling syn v1.0.74
[INFO] [stderr]    Compiling quote v1.0.9
[INFO] [stderr]    Compiling agnostik-attributes v1.2.0 (/opt/rustwide/workdir)
[INFO] [stderr]     Finished dev [unoptimized + debuginfo] target(s) in 25.65s
[INFO] running `Command { std: "docker" "inspect" "27885fb42be8a57a6333ce29db4381cb4ace2a4fcc13a62917c23c4cadaa0ba5", kill_on_drop: false }`
[INFO] running `Command { std: "docker" "rm" "-f" "27885fb42be8a57a6333ce29db4381cb4ace2a4fcc13a62917c23c4cadaa0ba5", kill_on_drop: false }`
[INFO] [stdout] 27885fb42be8a57a6333ce29db4381cb4ace2a4fcc13a62917c23c4cadaa0ba5
[INFO] running `Command { std: "docker" "create" "-v" "/var/lib/crater-agent-workspace/builds/worker-73/target:/opt/rustwide/target:rw,Z" "-v" "/var/lib/crater-agent-workspace/builds/worker-73/source:/opt/rustwide/workdir:ro,Z" "-v" "/var/lib/crater-agent-workspace/cargo-home:/opt/rustwide/cargo-home:ro,Z" "-v" "/var/lib/crater-agent-workspace/rustup-home:/opt/rustwide/rustup-home:ro,Z" "-e" "SOURCE_DIR=/opt/rustwide/workdir" "-e" "CARGO_TARGET_DIR=/opt/rustwide/target" "-e" "CARGO_INCREMENTAL=0" "-e" "RUST_BACKTRACE=full" "-e" "RUSTFLAGS=--cap-lints=warn" "-e" "CARGO_HOME=/opt/rustwide/cargo-home" "-e" "RUSTUP_HOME=/opt/rustwide/rustup-home" "-w" "/opt/rustwide/workdir" "-m" "1610612736" "--user" "0:0" "--network" "none" "ghcr.io/rust-lang/crates-build-env/linux@sha256:34b6a614d2c27851fe6cbf88fbd1137609cefab8b10d0615aaeb6fd47975d74e" "/opt/rustwide/cargo-home/bin/cargo" "+1.54.0" "test" "--frozen" "--no-run" "--message-format=json", kill_on_drop: false }`
[INFO] [stdout] 74cd9a3033860ebb07be528b2c1727073ff287b60b8118c400bd2fee88e3636d
[INFO] running `Command { std: "docker" "start" "-a" "74cd9a3033860ebb07be528b2c1727073ff287b60b8118c400bd2fee88e3636d", kill_on_drop: false }`
[INFO] [stderr]    Compiling agnostik-attributes v1.2.0 (/opt/rustwide/workdir)
[INFO] [stderr]     Finished test [unoptimized + debuginfo] target(s) in 0.94s
[INFO] running `Command { std: "docker" "inspect" "74cd9a3033860ebb07be528b2c1727073ff287b60b8118c400bd2fee88e3636d", kill_on_drop: false }`
[INFO] running `Command { std: "docker" "rm" "-f" "74cd9a3033860ebb07be528b2c1727073ff287b60b8118c400bd2fee88e3636d", kill_on_drop: false }`
[INFO] [stdout] 74cd9a3033860ebb07be528b2c1727073ff287b60b8118c400bd2fee88e3636d
[INFO] running `Command { std: "docker" "create" "-v" "/var/lib/crater-agent-workspace/builds/worker-73/target:/opt/rustwide/target:rw,Z" "-v" "/var/lib/crater-agent-workspace/builds/worker-73/source:/opt/rustwide/workdir:ro,Z" "-v" "/var/lib/crater-agent-workspace/cargo-home:/opt/rustwide/cargo-home:ro,Z" "-v" "/var/lib/crater-agent-workspace/rustup-home:/opt/rustwide/rustup-home:ro,Z" "-e" "SOURCE_DIR=/opt/rustwide/workdir" "-e" "CARGO_TARGET_DIR=/opt/rustwide/target" "-e" "CARGO_INCREMENTAL=0" "-e" "RUST_BACKTRACE=full" "-e" "RUSTFLAGS=--cap-lints=warn" "-e" "CARGO_HOME=/opt/rustwide/cargo-home" "-e" "RUSTUP_HOME=/opt/rustwide/rustup-home" "-w" "/opt/rustwide/workdir" "-m" "1610612736" "--user" "0:0" "--network" "none" "ghcr.io/rust-lang/crates-build-env/linux@sha256:34b6a614d2c27851fe6cbf88fbd1137609cefab8b10d0615aaeb6fd47975d74e" "/opt/rustwide/cargo-home/bin/cargo" "+1.54.0" "test" "--frozen", kill_on_drop: false }`
[INFO] [stdout] 6c31bee4cf5797121ec7b9b5a2d4f1e33395d620b8b959caa85866c812a4da4d
[INFO] running `Command { std: "docker" "start" "-a" "6c31bee4cf5797121ec7b9b5a2d4f1e33395d620b8b959caa85866c812a4da4d", kill_on_drop: false }`
[INFO] [stderr]     Blocking waiting for file lock on package cache
[INFO] [stderr]     Finished test [unoptimized + debuginfo] target(s) in 0.43s
[INFO] [stderr]      Running unittests (/opt/rustwide/target/debug/deps/agnostik_attributes-df0f6c16e35029e8)
[INFO] [stdout] 
[INFO] [stderr]    Doc-tests agnostik-attributes
[INFO] [stdout] running 0 tests
[INFO] [stdout] 
[INFO] [stdout] test result: ok. 0 passed; 0 failed; 0 ignored; 0 measured; 0 filtered out; finished in 0.00s
[INFO] [stdout] 
[INFO] [stdout] 
[INFO] [stdout] running 4 tests
[INFO] [stdout] test src/lib.rs - bench (line 113) ... ignored
[INFO] [stdout] test src/lib.rs - main (line 24) ... ignored
[INFO] [stdout] test src/lib.rs - test (line 75) ... ignored
[INFO] [stdout] test src/lib.rs - (line 5) ... FAILED
[INFO] [stdout] 
[INFO] [stdout] failures:
[INFO] [stdout] 
[INFO] [stdout] ---- src/lib.rs - (line 5) stdout ----
[INFO] [stdout] error[E0433]: failed to resolve: use of undeclared crate or module `agnostik`
[INFO] [stdout]  --> src/lib.rs:6:3
[INFO] [stdout]   |
[INFO] [stdout] 2 | #[agnostik::main]
[INFO] [stdout]   |   ^^^^^^^^ use of undeclared crate or module `agnostik`
[INFO] [stdout] 
[INFO] [stdout] error[E0752]: `main` function is not allowed to be `async`
[INFO] [stdout]  --> src/lib.rs:7:1
[INFO] [stdout]   |
[INFO] [stdout] 3 | async fn main() {
[INFO] [stdout]   | ^^^^^^^^^^^^^^^ `main` function is not allowed to be `async`
[INFO] [stdout] 
[INFO] [stdout] error: aborting due to 2 previous errors
[INFO] [stdout] 
[INFO] [stdout] Some errors have detailed explanations: E0433, E0752.
[INFO] [stdout] For more information about an error, try `rustc --explain E0433`.
[INFO] [stdout] Couldn't compile the test.
[INFO] [stdout] 
[INFO] [stdout] failures:
[INFO] [stdout]     src/lib.rs - (line 5)
[INFO] [stdout] 
[INFO] [stdout] test result: FAILED. 0 passed; 1 failed; 3 ignored; 0 measured; 0 filtered out; finished in 0.06s
[INFO] [stdout] 
[INFO] [stderr] error: test failed, to rerun pass '--doc'
[INFO] running `Command { std: "docker" "inspect" "6c31bee4cf5797121ec7b9b5a2d4f1e33395d620b8b959caa85866c812a4da4d", kill_on_drop: false }`
[INFO] running `Command { std: "docker" "rm" "-f" "6c31bee4cf5797121ec7b9b5a2d4f1e33395d620b8b959caa85866c812a4da4d", kill_on_drop: false }`
[INFO] [stdout] 6c31bee4cf5797121ec7b9b5a2d4f1e33395d620b8b959caa85866c812a4da4d
