[INFO] fetching crate advanced_collections 0.1.0...
[INFO] testing advanced_collections-0.1.0 against beta-2021-08-01 for beta-1.55-1
[INFO] extracting crate advanced_collections 0.1.0 into /workspace/builds/worker-111/source
[INFO] validating manifest of crates.io crate advanced_collections 0.1.0 on toolchain beta-2021-08-01
[INFO] running `Command { std: "/workspace/cargo-home/bin/cargo" "+beta-2021-08-01" "metadata" "--manifest-path" "Cargo.toml" "--no-deps", kill_on_drop: false }`
[INFO] started tweaking crates.io crate advanced_collections 0.1.0
[INFO] finished tweaking crates.io crate advanced_collections 0.1.0
[INFO] tweaked toml for crates.io crate advanced_collections 0.1.0 written to /workspace/builds/worker-111/source/Cargo.toml
[INFO] running `Command { std: "/workspace/cargo-home/bin/cargo" "+beta-2021-08-01" "generate-lockfile" "--manifest-path" "Cargo.toml" "-Zno-index-update", kill_on_drop: false }`
[INFO] running `Command { std: "/workspace/cargo-home/bin/cargo" "+beta-2021-08-01" "fetch" "--manifest-path" "Cargo.toml", kill_on_drop: false }`
[INFO] running `Command { std: "docker" "create" "-v" "/var/lib/crater-agent-workspace/builds/worker-111/target:/opt/rustwide/target:rw,Z" "-v" "/var/lib/crater-agent-workspace/builds/worker-111/source:/opt/rustwide/workdir:ro,Z" "-v" "/var/lib/crater-agent-workspace/cargo-home:/opt/rustwide/cargo-home:ro,Z" "-v" "/var/lib/crater-agent-workspace/rustup-home:/opt/rustwide/rustup-home:ro,Z" "-e" "SOURCE_DIR=/opt/rustwide/workdir" "-e" "CARGO_TARGET_DIR=/opt/rustwide/target" "-e" "CARGO_HOME=/opt/rustwide/cargo-home" "-e" "RUSTUP_HOME=/opt/rustwide/rustup-home" "-w" "/opt/rustwide/workdir" "-m" "1610612736" "--user" "0:0" "--network" "none" "ghcr.io/rust-lang/crates-build-env/linux@sha256:34b6a614d2c27851fe6cbf88fbd1137609cefab8b10d0615aaeb6fd47975d74e" "/opt/rustwide/cargo-home/bin/cargo" "+beta-2021-08-01" "metadata" "--no-deps" "--format-version=1", kill_on_drop: false }`
[INFO] [stdout] f9fed0daffc53c23a75b5d88c8b58c63fe96c4543c0eca6a3c1a57d2a2f09f3c
[INFO] running `Command { std: "docker" "start" "-a" "f9fed0daffc53c23a75b5d88c8b58c63fe96c4543c0eca6a3c1a57d2a2f09f3c", kill_on_drop: false }`
[INFO] running `Command { std: "docker" "inspect" "f9fed0daffc53c23a75b5d88c8b58c63fe96c4543c0eca6a3c1a57d2a2f09f3c", kill_on_drop: false }`
[INFO] running `Command { std: "docker" "rm" "-f" "f9fed0daffc53c23a75b5d88c8b58c63fe96c4543c0eca6a3c1a57d2a2f09f3c", kill_on_drop: false }`
[INFO] [stdout] f9fed0daffc53c23a75b5d88c8b58c63fe96c4543c0eca6a3c1a57d2a2f09f3c
[INFO] running `Command { std: "docker" "create" "-v" "/var/lib/crater-agent-workspace/builds/worker-111/target:/opt/rustwide/target:rw,Z" "-v" "/var/lib/crater-agent-workspace/builds/worker-111/source:/opt/rustwide/workdir:ro,Z" "-v" "/var/lib/crater-agent-workspace/cargo-home:/opt/rustwide/cargo-home:ro,Z" "-v" "/var/lib/crater-agent-workspace/rustup-home:/opt/rustwide/rustup-home:ro,Z" "-e" "SOURCE_DIR=/opt/rustwide/workdir" "-e" "CARGO_TARGET_DIR=/opt/rustwide/target" "-e" "CARGO_INCREMENTAL=0" "-e" "RUST_BACKTRACE=full" "-e" "RUSTFLAGS=--cap-lints=warn" "-e" "CARGO_HOME=/opt/rustwide/cargo-home" "-e" "RUSTUP_HOME=/opt/rustwide/rustup-home" "-w" "/opt/rustwide/workdir" "-m" "1610612736" "--user" "0:0" "--network" "none" "ghcr.io/rust-lang/crates-build-env/linux@sha256:34b6a614d2c27851fe6cbf88fbd1137609cefab8b10d0615aaeb6fd47975d74e" "/opt/rustwide/cargo-home/bin/cargo" "+beta-2021-08-01" "build" "--frozen" "--message-format=json", kill_on_drop: false }`
[INFO] [stdout] 7bad517cbfab4b94a528962cd326991e4de54c5cdc39829cef541fdaedbb0aaf
[INFO] running `Command { std: "docker" "start" "-a" "7bad517cbfab4b94a528962cd326991e4de54c5cdc39829cef541fdaedbb0aaf", kill_on_drop: false }`
[INFO] [stderr]    Compiling advanced_collections v0.1.0 (/opt/rustwide/workdir)
[INFO] [stdout] warning: use of deprecated function `std::mem::uninitialized`: use `mem::MaybeUninit` instead
[INFO] [stdout]  --> src/circular_buffer/circular.rs:1:30
[INFO] [stdout]   |
[INFO] [stdout] 1 | use std::mem::{ManuallyDrop, uninitialized, swap, drop, transmute};
[INFO] [stdout]   |                              ^^^^^^^^^^^^^
[INFO] [stdout]   |
[INFO] [stdout]   = note: `#[warn(deprecated)]` on by default
[INFO] [stdout] 
[INFO] [stdout] 
[INFO] [stdout] warning: use of deprecated function `std::mem::uninitialized`: use `mem::MaybeUninit` instead
[INFO] [stdout]   --> src/circular_buffer/circular.rs:93:50
[INFO] [stdout]    |
[INFO] [stdout] 93 |             buffer.push(ManuallyDrop::new(unsafe{uninitialized()}));
[INFO] [stdout]    |                                                  ^^^^^^^^^^^^^
[INFO] [stdout] 
[INFO] [stdout] 
[INFO] [stdout] warning: use of deprecated function `std::mem::uninitialized`: use `mem::MaybeUninit` instead
[INFO] [stdout]    --> src/circular_buffer/circular.rs:175:51
[INFO] [stdout]     |
[INFO] [stdout] 175 |             new_buf.push(ManuallyDrop::new(unsafe{uninitialized()}));
[INFO] [stdout]     |                                                   ^^^^^^^^^^^^^
[INFO] [stdout] 
[INFO] [stdout] 
[INFO] [stdout] warning: use of deprecated function `std::mem::uninitialized`: use `mem::MaybeUninit` instead
[INFO] [stdout]    --> src/circular_buffer/circular.rs:745:48
[INFO] [stdout]     |
[INFO] [stdout] 745 |         let mut tmp = ManuallyDrop::new(unsafe{uninitialized()});
[INFO] [stdout]     |                                                ^^^^^^^^^^^^^
[INFO] [stdout] 
[INFO] [stdout] 
[INFO] [stdout] warning: use of deprecated function `std::mem::uninitialized`: use `mem::MaybeUninit` instead
[INFO] [stdout]    --> src/circular_buffer/circular.rs:785:25
[INFO] [stdout]     |
[INFO] [stdout] 785 |         buf.push(unsafe{uninitialized()});
[INFO] [stdout]     |                         ^^^^^^^^^^^^^
[INFO] [stdout] 
[INFO] [stdout] 
[INFO] [stdout] warning: use of deprecated function `std::mem::uninitialized`: use `mem::MaybeUninit` instead
[INFO] [stdout]    --> src/circular_buffer/circular.rs:800:25
[INFO] [stdout]     |
[INFO] [stdout] 800 |         buf.push(unsafe{uninitialized()});
[INFO] [stdout]     |                         ^^^^^^^^^^^^^
[INFO] [stdout] 
[INFO] [stdout] 
[INFO] [stdout] warning: use of deprecated function `std::mem::uninitialized`: use `mem::MaybeUninit` instead
[INFO] [stdout]    --> src/circular_buffer/circular.rs:814:23
[INFO] [stdout]     |
[INFO] [stdout] 814 |         v.push(unsafe{uninitialized()});
[INFO] [stdout]     |                       ^^^^^^^^^^^^^
[INFO] [stdout] 
[INFO] [stdout] 
[INFO] [stdout] warning: 7 warnings emitted
[INFO] [stdout] 
[INFO] [stdout] 
[INFO] [stderr]     Finished dev [unoptimized + debuginfo] target(s) in 0.63s
[INFO] running `Command { std: "docker" "inspect" "7bad517cbfab4b94a528962cd326991e4de54c5cdc39829cef541fdaedbb0aaf", kill_on_drop: false }`
[INFO] running `Command { std: "docker" "rm" "-f" "7bad517cbfab4b94a528962cd326991e4de54c5cdc39829cef541fdaedbb0aaf", kill_on_drop: false }`
[INFO] [stdout] 7bad517cbfab4b94a528962cd326991e4de54c5cdc39829cef541fdaedbb0aaf
[INFO] running `Command { std: "docker" "create" "-v" "/var/lib/crater-agent-workspace/builds/worker-111/target:/opt/rustwide/target:rw,Z" "-v" "/var/lib/crater-agent-workspace/builds/worker-111/source:/opt/rustwide/workdir:ro,Z" "-v" "/var/lib/crater-agent-workspace/cargo-home:/opt/rustwide/cargo-home:ro,Z" "-v" "/var/lib/crater-agent-workspace/rustup-home:/opt/rustwide/rustup-home:ro,Z" "-e" "SOURCE_DIR=/opt/rustwide/workdir" "-e" "CARGO_TARGET_DIR=/opt/rustwide/target" "-e" "CARGO_INCREMENTAL=0" "-e" "RUST_BACKTRACE=full" "-e" "RUSTFLAGS=--cap-lints=warn" "-e" "CARGO_HOME=/opt/rustwide/cargo-home" "-e" "RUSTUP_HOME=/opt/rustwide/rustup-home" "-w" "/opt/rustwide/workdir" "-m" "1610612736" "--user" "0:0" "--network" "none" "ghcr.io/rust-lang/crates-build-env/linux@sha256:34b6a614d2c27851fe6cbf88fbd1137609cefab8b10d0615aaeb6fd47975d74e" "/opt/rustwide/cargo-home/bin/cargo" "+beta-2021-08-01" "test" "--frozen" "--no-run" "--message-format=json", kill_on_drop: false }`
[INFO] [stdout] 1b025f3f7ebdeda93225193eb718ca175f15e3de4ad98e78788f0d878573c0dd
[INFO] running `Command { std: "docker" "start" "-a" "1b025f3f7ebdeda93225193eb718ca175f15e3de4ad98e78788f0d878573c0dd", kill_on_drop: false }`
[INFO] [stdout] warning: use of deprecated function `std::mem::uninitialized`: use `mem::MaybeUninit` instead
[INFO] [stdout]  --> src/circular_buffer/circular.rs:1:30
[INFO] [stdout]   |
[INFO] [stdout] 1 | use std::mem::{ManuallyDrop, uninitialized, swap, drop, transmute};
[INFO] [stdout]   |                              ^^^^^^^^^^^^^
[INFO] [stdout]   |
[INFO] [stdout]   = note: `#[warn(deprecated)]` on by default
[INFO] [stdout] 
[INFO] [stdout] 
[INFO] [stdout] warning: use of deprecated function `std::mem::uninitialized`: use `mem::MaybeUninit` instead
[INFO] [stdout]   --> src/circular_buffer/circular.rs:93:50
[INFO] [stdout]    |
[INFO] [stdout] 93 |             buffer.push(ManuallyDrop::new(unsafe{uninitialized()}));
[INFO] [stdout]    |                                                  ^^^^^^^^^^^^^
[INFO] [stdout] 
[INFO] [stdout] 
[INFO] [stdout] warning: use of deprecated function `std::mem::uninitialized`: use `mem::MaybeUninit` instead
[INFO] [stdout]    --> src/circular_buffer/circular.rs:175:51
[INFO] [stdout]     |
[INFO] [stdout] 175 |             new_buf.push(ManuallyDrop::new(unsafe{uninitialized()}));
[INFO] [stdout]     |                                                   ^^^^^^^^^^^^^
[INFO] [stdout] 
[INFO] [stdout] 
[INFO] [stdout] warning: use of deprecated function `std::mem::uninitialized`: use `mem::MaybeUninit` instead
[INFO] [stdout]    --> src/circular_buffer/circular.rs:745:48
[INFO] [stdout]     |
[INFO] [stdout] 745 |         let mut tmp = ManuallyDrop::new(unsafe{uninitialized()});
[INFO] [stdout]     |                                                ^^^^^^^^^^^^^
[INFO] [stdout] 
[INFO] [stdout] 
[INFO] [stdout] warning: use of deprecated function `std::mem::uninitialized`: use `mem::MaybeUninit` instead
[INFO] [stdout]    --> src/circular_buffer/circular.rs:785:25
[INFO] [stdout]     |
[INFO] [stdout] 785 |         buf.push(unsafe{uninitialized()});
[INFO] [stdout]     |                         ^^^^^^^^^^^^^
[INFO] [stdout] 
[INFO] [stdout] 
[INFO] [stdout] warning: use of deprecated function `std::mem::uninitialized`: use `mem::MaybeUninit` instead
[INFO] [stdout]    --> src/circular_buffer/circular.rs:800:25
[INFO] [stdout]     |
[INFO] [stdout] 800 |         buf.push(unsafe{uninitialized()});
[INFO] [stdout]     |                         ^^^^^^^^^^^^^
[INFO] [stdout] 
[INFO] [stdout] 
[INFO] [stdout] warning: use of deprecated function `std::mem::uninitialized`: use `mem::MaybeUninit` instead
[INFO] [stdout]    --> src/circular_buffer/circular.rs:814:23
[INFO] [stdout]     |
[INFO] [stdout] 814 |         v.push(unsafe{uninitialized()});
[INFO] [stdout]     |                       ^^^^^^^^^^^^^
[INFO] [stdout] 
[INFO] [stdout] 
[INFO] [stdout] warning: 7 warnings emitted
[INFO] [stdout] 
[INFO] [stdout] 
[INFO] [stderr]    Compiling advanced_collections v0.1.0 (/opt/rustwide/workdir)
[INFO] [stdout] warning: use of deprecated function `std::mem::uninitialized`: use `mem::MaybeUninit` instead
[INFO] [stdout]  --> src/circular_buffer/circular.rs:1:30
[INFO] [stdout]   |
[INFO] [stdout] 1 | use std::mem::{ManuallyDrop, uninitialized, swap, drop, transmute};
[INFO] [stdout]   |                              ^^^^^^^^^^^^^
[INFO] [stdout]   |
[INFO] [stdout]   = note: `#[warn(deprecated)]` on by default
[INFO] [stdout] 
[INFO] [stdout] 
[INFO] [stdout] warning: use of deprecated function `std::mem::uninitialized`: use `mem::MaybeUninit` instead
[INFO] [stdout]   --> src/circular_buffer/circular.rs:93:50
[INFO] [stdout]    |
[INFO] [stdout] 93 |             buffer.push(ManuallyDrop::new(unsafe{uninitialized()}));
[INFO] [stdout]    |                                                  ^^^^^^^^^^^^^
[INFO] [stdout] 
[INFO] [stdout] 
[INFO] [stdout] warning: use of deprecated function `std::mem::uninitialized`: use `mem::MaybeUninit` instead
[INFO] [stdout]    --> src/circular_buffer/circular.rs:175:51
[INFO] [stdout]     |
[INFO] [stdout] 175 |             new_buf.push(ManuallyDrop::new(unsafe{uninitialized()}));
[INFO] [stdout]     |                                                   ^^^^^^^^^^^^^
[INFO] [stdout] 
[INFO] [stdout] 
[INFO] [stdout] warning: use of deprecated function `std::mem::uninitialized`: use `mem::MaybeUninit` instead
[INFO] [stdout]    --> src/circular_buffer/circular.rs:745:48
[INFO] [stdout]     |
[INFO] [stdout] 745 |         let mut tmp = ManuallyDrop::new(unsafe{uninitialized()});
[INFO] [stdout]     |                                                ^^^^^^^^^^^^^
[INFO] [stdout] 
[INFO] [stdout] 
[INFO] [stdout] warning: use of deprecated function `std::mem::uninitialized`: use `mem::MaybeUninit` instead
[INFO] [stdout]    --> src/circular_buffer/circular.rs:785:25
[INFO] [stdout]     |
[INFO] [stdout] 785 |         buf.push(unsafe{uninitialized()});
[INFO] [stdout]     |                         ^^^^^^^^^^^^^
[INFO] [stdout] 
[INFO] [stdout] 
[INFO] [stdout] warning: use of deprecated function `std::mem::uninitialized`: use `mem::MaybeUninit` instead
[INFO] [stdout]    --> src/circular_buffer/circular.rs:800:25
[INFO] [stdout]     |
[INFO] [stdout] 800 |         buf.push(unsafe{uninitialized()});
[INFO] [stdout]     |                         ^^^^^^^^^^^^^
[INFO] [stdout] 
[INFO] [stdout] 
[INFO] [stdout] warning: use of deprecated function `std::mem::uninitialized`: use `mem::MaybeUninit` instead
[INFO] [stdout]    --> src/circular_buffer/circular.rs:814:23
[INFO] [stdout]     |
[INFO] [stdout] 814 |         v.push(unsafe{uninitialized()});
[INFO] [stdout]     |                       ^^^^^^^^^^^^^
[INFO] [stdout] 
[INFO] [stdout] 
[INFO] [stdout] warning: 7 warnings emitted
[INFO] [stdout] 
[INFO] [stdout] 
[INFO] [stderr]     Finished test [unoptimized + debuginfo] target(s) in 2.26s
[INFO] running `Command { std: "docker" "inspect" "1b025f3f7ebdeda93225193eb718ca175f15e3de4ad98e78788f0d878573c0dd", kill_on_drop: false }`
[INFO] running `Command { std: "docker" "rm" "-f" "1b025f3f7ebdeda93225193eb718ca175f15e3de4ad98e78788f0d878573c0dd", kill_on_drop: false }`
[INFO] [stdout] 1b025f3f7ebdeda93225193eb718ca175f15e3de4ad98e78788f0d878573c0dd
[INFO] running `Command { std: "docker" "create" "-v" "/var/lib/crater-agent-workspace/builds/worker-111/target:/opt/rustwide/target:rw,Z" "-v" "/var/lib/crater-agent-workspace/builds/worker-111/source:/opt/rustwide/workdir:ro,Z" "-v" "/var/lib/crater-agent-workspace/cargo-home:/opt/rustwide/cargo-home:ro,Z" "-v" "/var/lib/crater-agent-workspace/rustup-home:/opt/rustwide/rustup-home:ro,Z" "-e" "SOURCE_DIR=/opt/rustwide/workdir" "-e" "CARGO_TARGET_DIR=/opt/rustwide/target" "-e" "CARGO_INCREMENTAL=0" "-e" "RUST_BACKTRACE=full" "-e" "RUSTFLAGS=--cap-lints=warn" "-e" "CARGO_HOME=/opt/rustwide/cargo-home" "-e" "RUSTUP_HOME=/opt/rustwide/rustup-home" "-w" "/opt/rustwide/workdir" "-m" "1610612736" "--user" "0:0" "--network" "none" "ghcr.io/rust-lang/crates-build-env/linux@sha256:34b6a614d2c27851fe6cbf88fbd1137609cefab8b10d0615aaeb6fd47975d74e" "/opt/rustwide/cargo-home/bin/cargo" "+beta-2021-08-01" "test" "--frozen", kill_on_drop: false }`
[INFO] [stdout] 575fc47523eecd28ad37a168b853bc60314d7ba39a6d6a21474c85728c37d412
[INFO] running `Command { std: "docker" "start" "-a" "575fc47523eecd28ad37a168b853bc60314d7ba39a6d6a21474c85728c37d412", kill_on_drop: false }`
[INFO] [stderr] warning: use of deprecated function `std::mem::uninitialized`: use `mem::MaybeUninit` instead
[INFO] [stderr]  --> src/circular_buffer/circular.rs:1:30
[INFO] [stderr]   |
[INFO] [stderr] 1 | use std::mem::{ManuallyDrop, uninitialized, swap, drop, transmute};
[INFO] [stderr]   |                              ^^^^^^^^^^^^^
[INFO] [stderr]   |
[INFO] [stderr]   = note: `#[warn(deprecated)]` on by default
[INFO] [stderr] 
[INFO] [stderr] warning: use of deprecated function `std::mem::uninitialized`: use `mem::MaybeUninit` instead
[INFO] [stderr]   --> src/circular_buffer/circular.rs:93:50
[INFO] [stderr]    |
[INFO] [stderr] 93 |             buffer.push(ManuallyDrop::new(unsafe{uninitialized()}));
[INFO] [stderr]    |                                                  ^^^^^^^^^^^^^
[INFO] [stderr] 
[INFO] [stderr] warning: use of deprecated function `std::mem::uninitialized`: use `mem::MaybeUninit` instead
[INFO] [stderr]    --> src/circular_buffer/circular.rs:175:51
[INFO] [stderr]     |
[INFO] [stderr] 175 |             new_buf.push(ManuallyDrop::new(unsafe{uninitialized()}));
[INFO] [stderr]     |                                                   ^^^^^^^^^^^^^
[INFO] [stderr] 
[INFO] [stderr] warning: use of deprecated function `std::mem::uninitialized`: use `mem::MaybeUninit` instead
[INFO] [stderr]    --> src/circular_buffer/circular.rs:745:48
[INFO] [stderr]     |
[INFO] [stderr] 745 |         let mut tmp = ManuallyDrop::new(unsafe{uninitialized()});
[INFO] [stderr]     |                                                ^^^^^^^^^^^^^
[INFO] [stderr] 
[INFO] [stderr] warning: use of deprecated function `std::mem::uninitialized`: use `mem::MaybeUninit` instead
[INFO] [stderr]    --> src/circular_buffer/circular.rs:785:25
[INFO] [stderr]     |
[INFO] [stderr] 785 |         buf.push(unsafe{uninitialized()});
[INFO] [stderr]     |                         ^^^^^^^^^^^^^
[INFO] [stderr] 
[INFO] [stderr] warning: use of deprecated function `std::mem::uninitialized`: use `mem::MaybeUninit` instead
[INFO] [stderr]    --> src/circular_buffer/circular.rs:800:25
[INFO] [stderr]     |
[INFO] [stderr] 800 |         buf.push(unsafe{uninitialized()});
[INFO] [stderr]     |                         ^^^^^^^^^^^^^
[INFO] [stderr] 
[INFO] [stderr] warning: use of deprecated function `std::mem::uninitialized`: use `mem::MaybeUninit` instead
[INFO] [stderr]    --> src/circular_buffer/circular.rs:814:23
[INFO] [stderr]     |
[INFO] [stderr] 814 |         v.push(unsafe{uninitialized()});
[INFO] [stderr]     |                       ^^^^^^^^^^^^^
[INFO] [stderr] 
[INFO] [stderr] warning: `advanced_collections` (lib) generated 7 warnings
[INFO] [stderr] warning: `advanced_collections` (lib test) generated 7 warnings (7 duplicates)
[INFO] [stderr]     Finished test [unoptimized + debuginfo] target(s) in 0.01s
[INFO] [stderr]      Running unittests (/opt/rustwide/target/debug/deps/advanced_collections-be8d64b78c426601)
[INFO] [stdout] 
[INFO] [stdout] running 66 tests
[INFO] [stdout] test circular_buffer::circular::tests::test_access_elems ... ok
[INFO] [stdout] test circular_buffer::circular::tests::test_append ... ok
[INFO] [stdout] test circular_buffer::circular::tests::test_back_push_pop ... ok
[INFO] [stdout] test circular_buffer::circular::tests::test_clear ... ok
[INFO] [stdout] test circular_buffer::circular::tests::test_capacity ... ok
[INFO] [stdout] test circular_buffer::circular::tests::test_cmp ... ok
[INFO] [stdout] test circular_buffer::circular::tests::test_create ... ok
[INFO] [stdout] test circular_buffer::circular::tests::test_droppable ... ok
[INFO] [stdout] test circular_buffer::circular::tests::test_drain ... ok
[INFO] [stdout] test circular_buffer::circular::tests::test_front_push_pop ... ok
[INFO] [stdout] test circular_buffer::circular::tests::test_full_empty ... ok
[INFO] [stdout] test circular_buffer::circular::tests::test_iters_ref ... ok
[INFO] [stdout] test circular_buffer::circular::tests::test_iters_val ... ok
[INFO] [stdout] test circular_buffer::circular::tests::test_linearize ... ok
[INFO] [stdout] test circular_buffer::circular::tests::test_len ... ok
[INFO] [stdout] test circular_buffer::circular::tests::test_reverse ... ok
[INFO] [stdout] test circular_buffer::circular::tests::test_slices ... ok
[INFO] [stdout] test circular_buffer::circular::tests::test_swap ... ok
[INFO] [stdout] test counter::counter::tests::chars ... ok
[INFO] [stdout] test counter::counter::tests::ints ... ok
[INFO] [stdout] test counter::counter::tests::new ... ok
[INFO] [stdout] test counter::fast_counter::tests::new ... ok
[INFO] [stdout] test disjoint_set::disjoint_set::tests::contains ... ok
[INFO] [stdout] test disjoint_set::disjoint_set::tests::create ... ok
[INFO] [stdout] test disjoint_set::disjoint_set::tests::make_set ... ok
[INFO] [stdout] test interval::bounds::tests::test_add ... ok
[INFO] [stdout] test disjoint_set::disjoint_set::tests::union ... ok
[INFO] [stdout] test interval::bounds::tests::test_div ... ok
[INFO] [stdout] test interval::bounds::tests::test_is_separated_from ... ok
[INFO] [stdout] test interval::bounds::tests::test_lower_cmp ... ok
[INFO] [stdout] test interval::bounds::tests::test_lower_create_check_destroy ... ok
[INFO] [stdout] test interval::bounds::tests::test_lower_upper_cmp ... ok
[INFO] [stdout] test interval::bounds::tests::test_lower_val_cmp ... ok
[INFO] [stdout] test interval::bounds::tests::test_mul ... ok
[INFO] [stdout] test interval::bounds::tests::test_sub ... ok
[INFO] [stdout] test interval::bounds::tests::test_upper_cmp ... ok
[INFO] [stdout] test interval::bounds::tests::test_upper_create_check_destroy ... ok
[INFO] [stdout] test interval::bounds::tests::test_upper_lower_cmp ... ok
[INFO] [stdout] test interval::bounds::tests::test_upper_val_cmp ... ok
[INFO] [stdout] test interval::interval::tests::test_can_be_merged ... ok
[INFO] [stdout] test interval::interval::tests::test_contains_interval ... ok
[INFO] [stdout] test interval::interval::tests::test_contains_val ... ok
[INFO] [stdout] test interval::interval::tests::test_create_closed ... ok
[INFO] [stdout] test interval::interval::tests::test_create_empty ... ok
[INFO] [stdout] test interval::interval::tests::test_create_lower_closed ... ok
[INFO] [stdout] test interval::interval::tests::test_create_single ... ok
[INFO] [stdout] test interval::interval::tests::test_create_upper_closed ... ok
[INFO] [stdout] test interval::interval::tests::test_intersection ... ok
[INFO] [stdout] test interval::interval::tests::test_into_intersection ... ok
[INFO] [stdout] test interval::interval::tests::test_into_merged ... ok
[INFO] [stdout] test interval::interval::tests::test_into_span ... ok
[INFO] [stdout] test interval::interval::tests::test_merge ... ok
[INFO] [stdout] test interval::interval::tests::test_span ... ok
[INFO] [stdout] test interval::interval_cmp::tests::test_eq ... ok
[INFO] [stdout] test interval::interval_cmp::tests::test_intv_cmp_eq ... ok
[INFO] [stdout] test interval::interval_cmp::tests::test_intv_cmp_nq ... ok
[INFO] [stdout] test interval::interval_cmp::tests::test_val_cmp_eq ... ok
[INFO] [stdout] test interval::interval_cmp::tests::test_val_cmp_ne ... ok
[INFO] [stdout] test interval::interval_math::tests::test_add ... ok
[INFO] [stdout] test interval::interval_math::tests::test_div ... ok
[INFO] [stdout] test interval::interval_math::tests::test_mul ... ok
[INFO] [stdout] test interval::interval_math::tests::test_sub ... ok
[INFO] [stdout] test circular_buffer::circular::tests::test_drops ... FAILED
[INFO] [stdout] test interval::interval::tests::test_create_closed_fail - should panic ... ok
[INFO] [stdout] test interval::interval::tests::test_create_lower_closed_fail - should panic ... ok
[INFO] [stdout] test interval::interval::tests::test_create_upper_closed_fail - should panic ... ok
[INFO] [stdout] 
[INFO] [stdout] failures:
[INFO] [stdout] 
[INFO] [stdout] ---- circular_buffer::circular::tests::test_drops stdout ----
[INFO] [stdout] thread 'circular_buffer::circular::tests::test_drops' panicked at 'attempted to leave type `circular_buffer::circular::tests::Droppable` uninitialized, which is invalid', /rustc/53fd98ca776cb875bc9e5514f56b52eb74f9e7a9/library/core/src/mem/mod.rs:663:9
[INFO] [stdout] stack backtrace:
[INFO] [stdout]    0:     0x557c29371af0 - std::backtrace_rs::backtrace::libunwind::trace::hff4d1766e93f64f1
[INFO] [stdout]                                at /rustc/53fd98ca776cb875bc9e5514f56b52eb74f9e7a9/library/std/src/../../backtrace/src/backtrace/libunwind.rs:90:5
[INFO] [stdout]    1:     0x557c29371af0 - std::backtrace_rs::backtrace::trace_unsynchronized::h56bbc8eb78770bcb
[INFO] [stdout]                                at /rustc/53fd98ca776cb875bc9e5514f56b52eb74f9e7a9/library/std/src/../../backtrace/src/backtrace/mod.rs:66:5
[INFO] [stdout]    2:     0x557c29371af0 - std::sys_common::backtrace::_print_fmt::h5c8e75464faca780
[INFO] [stdout]                                at /rustc/53fd98ca776cb875bc9e5514f56b52eb74f9e7a9/library/std/src/sys_common/backtrace.rs:67:5
[INFO] [stdout]    3:     0x557c29371af0 - <std::sys_common::backtrace::_print::DisplayBacktrace as core::fmt::Display>::fmt::h48b88277def8b362
[INFO] [stdout]                                at /rustc/53fd98ca776cb875bc9e5514f56b52eb74f9e7a9/library/std/src/sys_common/backtrace.rs:46:22
[INFO] [stdout]    4:     0x557c293942bc - core::fmt::write::h3381b3176fe2b3d3
[INFO] [stdout]                                at /rustc/53fd98ca776cb875bc9e5514f56b52eb74f9e7a9/library/core/src/fmt/mod.rs:1115:17
[INFO] [stdout]    5:     0x557c2936ea55 - std::io::Write::write_fmt::h5f34a676f60246b5
[INFO] [stdout]                                at /rustc/53fd98ca776cb875bc9e5514f56b52eb74f9e7a9/library/std/src/io/mod.rs:1665:15
[INFO] [stdout]    6:     0x557c29373c6b - std::sys_common::backtrace::_print::ha537687d6c17dd0d
[INFO] [stdout]                                at /rustc/53fd98ca776cb875bc9e5514f56b52eb74f9e7a9/library/std/src/sys_common/backtrace.rs:49:5
[INFO] [stdout]    7:     0x557c29373c6b - std::sys_common::backtrace::print::h61376ae57d131d72
[INFO] [stdout]                                at /rustc/53fd98ca776cb875bc9e5514f56b52eb74f9e7a9/library/std/src/sys_common/backtrace.rs:36:9
[INFO] [stdout]    8:     0x557c29373c6b - std::panicking::default_hook::{{closure}}::h0f7208c0b9644a54
[INFO] [stdout]                                at /rustc/53fd98ca776cb875bc9e5514f56b52eb74f9e7a9/library/std/src/panicking.rs:208:50
[INFO] [stdout]    9:     0x557c2937377c - std::panicking::default_hook::hdac7fc06578c14ce
[INFO] [stdout]                                at /rustc/53fd98ca776cb875bc9e5514f56b52eb74f9e7a9/library/std/src/panicking.rs:222:9
[INFO] [stdout]   10:     0x557c29374334 - std::panicking::rust_panic_with_hook::h72b21c283da3d1ef
[INFO] [stdout]                                at /rustc/53fd98ca776cb875bc9e5514f56b52eb74f9e7a9/library/std/src/panicking.rs:622:17
[INFO] [stdout]   11:     0x557c29373de7 - std::panicking::begin_panic_handler::{{closure}}::he5778f1729cff84a
[INFO] [stdout]                                at /rustc/53fd98ca776cb875bc9e5514f56b52eb74f9e7a9/library/std/src/panicking.rs:517:13
[INFO] [stdout]   12:     0x557c29371fcc - std::sys_common::backtrace::__rust_end_short_backtrace::h2d11ca8b453b4b1d
[INFO] [stdout]                                at /rustc/53fd98ca776cb875bc9e5514f56b52eb74f9e7a9/library/std/src/sys_common/backtrace.rs:141:18
[INFO] [stdout]   13:     0x557c29373d79 - rust_begin_unwind
[INFO] [stdout]                                at /rustc/53fd98ca776cb875bc9e5514f56b52eb74f9e7a9/library/std/src/panicking.rs:515:5
[INFO] [stdout]   14:     0x557c292e03b1 - core::panicking::panic_fmt::hf9de31d4acbce4db
[INFO] [stdout]                                at /rustc/53fd98ca776cb875bc9e5514f56b52eb74f9e7a9/library/core/src/panicking.rs:92:14
[INFO] [stdout]   15:     0x557c292e02fd - core::panicking::panic::h8a6bc58a21c6c095
[INFO] [stdout]                                at /rustc/53fd98ca776cb875bc9e5514f56b52eb74f9e7a9/library/core/src/panicking.rs:50:5
[INFO] [stdout]   16:     0x557c2931f279 - core::mem::uninitialized::hcdd6707a70fccd58
[INFO] [stdout]                                at /rustc/53fd98ca776cb875bc9e5514f56b52eb74f9e7a9/library/core/src/mem/mod.rs:663:9
[INFO] [stdout]   17:     0x557c2931f279 - advanced_collections::circular_buffer::circular::CircularBuffer<T>::with_capacity::h0104bb69778ff887
[INFO] [stdout]                                at /opt/rustwide/workdir/src/circular_buffer/circular.rs:93:50
[INFO] [stdout]   18:     0x557c2931f066 - advanced_collections::circular_buffer::circular::CircularBuffer<T>::new::h932e425d5b76b275
[INFO] [stdout]                                at /opt/rustwide/workdir/src/circular_buffer/circular.rs:72:9
[INFO] [stdout]   19:     0x557c292fb013 - advanced_collections::circular_buffer::circular::tests::test_drops::h4d18e3719c64d2b1
[INFO] [stdout]                                at /opt/rustwide/workdir/src/circular_buffer/circular.rs:1033:22
[INFO] [stdout]   20:     0x557c292fadea - advanced_collections::circular_buffer::circular::tests::test_drops::{{closure}}::h7c1b67d9e4492881
[INFO] [stdout]                                at /opt/rustwide/workdir/src/circular_buffer/circular.rs:1025:5
[INFO] [stdout]   21:     0x557c29314ede - core::ops::function::FnOnce::call_once::hee91a61cbbd8369f
[INFO] [stdout]                                at /rustc/53fd98ca776cb875bc9e5514f56b52eb74f9e7a9/library/core/src/ops/function.rs:227:5
[INFO] [stdout]   22:     0x557c293563b3 - core::ops::function::FnOnce::call_once::hbb52c4519d3137b0
[INFO] [stdout]                                at /rustc/53fd98ca776cb875bc9e5514f56b52eb74f9e7a9/library/core/src/ops/function.rs:227:5
[INFO] [stdout]   23:     0x557c293563b3 - test::__rust_begin_short_backtrace::h86fe3a2a5a5121af
[INFO] [stdout]                                at /rustc/53fd98ca776cb875bc9e5514f56b52eb74f9e7a9/library/test/src/lib.rs:578:5
[INFO] [stdout]   24:     0x557c29354e68 - <alloc::boxed::Box<F,A> as core::ops::function::FnOnce<Args>>::call_once::hfd956bc3d57399be
[INFO] [stdout]                                at /rustc/53fd98ca776cb875bc9e5514f56b52eb74f9e7a9/library/alloc/src/boxed.rs:1572:9
[INFO] [stdout]   25:     0x557c29354e68 - <std::panic::AssertUnwindSafe<F> as core::ops::function::FnOnce<()>>::call_once::h40dc93e0ddb5938a
[INFO] [stdout]                                at /rustc/53fd98ca776cb875bc9e5514f56b52eb74f9e7a9/library/std/src/panic.rs:347:9
[INFO] [stdout]   26:     0x557c29354e68 - std::panicking::try::do_call::h90d07750cb47c562
[INFO] [stdout]                                at /rustc/53fd98ca776cb875bc9e5514f56b52eb74f9e7a9/library/std/src/panicking.rs:401:40
[INFO] [stdout]   27:     0x557c29354e68 - std::panicking::try::h063c84733ad2a629
[INFO] [stdout]                                at /rustc/53fd98ca776cb875bc9e5514f56b52eb74f9e7a9/library/std/src/panicking.rs:365:19
[INFO] [stdout]   28:     0x557c29354e68 - std::panic::catch_unwind::h0c464836a84e7c08
[INFO] [stdout]                                at /rustc/53fd98ca776cb875bc9e5514f56b52eb74f9e7a9/library/std/src/panic.rs:434:14
[INFO] [stdout]   29:     0x557c29354e68 - test::run_test_in_process::h5cb06ef620b157fc
[INFO] [stdout]                                at /rustc/53fd98ca776cb875bc9e5514f56b52eb74f9e7a9/library/test/src/lib.rs:601:18
[INFO] [stdout]   30:     0x557c29354e68 - test::run_test::run_test_inner::{{closure}}::h76f677f4b93f9828
[INFO] [stdout]                                at /rustc/53fd98ca776cb875bc9e5514f56b52eb74f9e7a9/library/test/src/lib.rs:493:39
[INFO] [stdout]   31:     0x557c293235fd - test::run_test::run_test_inner::{{closure}}::h366d01fe04f4d67a
[INFO] [stdout]                                at /rustc/53fd98ca776cb875bc9e5514f56b52eb74f9e7a9/library/test/src/lib.rs:520:37
[INFO] [stdout]   32:     0x557c293235fd - std::sys_common::backtrace::__rust_begin_short_backtrace::h7dfa0de4eb395af2
[INFO] [stdout]                                at /rustc/53fd98ca776cb875bc9e5514f56b52eb74f9e7a9/library/std/src/sys_common/backtrace.rs:125:18
[INFO] [stdout]   33:     0x557c29327dc8 - std::thread::Builder::spawn_unchecked::{{closure}}::{{closure}}::hf0a74bb58798037f
[INFO] [stdout]                                at /rustc/53fd98ca776cb875bc9e5514f56b52eb74f9e7a9/library/std/src/thread/mod.rs:476:17
[INFO] [stdout]   34:     0x557c29327dc8 - <std::panic::AssertUnwindSafe<F> as core::ops::function::FnOnce<()>>::call_once::hb024e854818586ac
[INFO] [stdout]                                at /rustc/53fd98ca776cb875bc9e5514f56b52eb74f9e7a9/library/std/src/panic.rs:347:9
[INFO] [stdout]   35:     0x557c29327dc8 - std::panicking::try::do_call::hb2dd9f1d0d48e41d
[INFO] [stdout]                                at /rustc/53fd98ca776cb875bc9e5514f56b52eb74f9e7a9/library/std/src/panicking.rs:401:40
[INFO] [stdout]   36:     0x557c29327dc8 - std::panicking::try::h4717ae7bac8b2bf3
[INFO] [stdout]                                at /rustc/53fd98ca776cb875bc9e5514f56b52eb74f9e7a9/library/std/src/panicking.rs:365:19
[INFO] [stdout]   37:     0x557c29327dc8 - std::panic::catch_unwind::h0dc8a061326ce8d8
[INFO] [stdout]                                at /rustc/53fd98ca776cb875bc9e5514f56b52eb74f9e7a9/library/std/src/panic.rs:434:14
[INFO] [stdout]   38:     0x557c29327dc8 - std::thread::Builder::spawn_unchecked::{{closure}}::haa369e2d6fd00aa1
[INFO] [stdout]                                at /rustc/53fd98ca776cb875bc9e5514f56b52eb74f9e7a9/library/std/src/thread/mod.rs:475:30
[INFO] [stdout]   39:     0x557c29327dc8 - core::ops::function::FnOnce::call_once{{vtable.shim}}::h36dcf3de8b056f17
[INFO] [stdout]                                at /rustc/53fd98ca776cb875bc9e5514f56b52eb74f9e7a9/library/core/src/ops/function.rs:227:5
[INFO] [stdout]   40:     0x557c29378ea7 - <alloc::boxed::Box<F,A> as core::ops::function::FnOnce<Args>>::call_once::h65c29e4642be2358
[INFO] [stdout]                                at /rustc/53fd98ca776cb875bc9e5514f56b52eb74f9e7a9/library/alloc/src/boxed.rs:1572:9
[INFO] [stdout]   41:     0x557c29378ea7 - <alloc::boxed::Box<F,A> as core::ops::function::FnOnce<Args>>::call_once::hd0f8f7fbbd9fffbf
[INFO] [stdout]                                at /rustc/53fd98ca776cb875bc9e5514f56b52eb74f9e7a9/library/alloc/src/boxed.rs:1572:9
[INFO] [stdout]   42:     0x557c29378ea7 - std::sys::unix::thread::Thread::new::thread_start::h2fd22fee3ca77b65
[INFO] [stdout]                                at /rustc/53fd98ca776cb875bc9e5514f56b52eb74f9e7a9/library/std/src/sys/unix/thread.rs:74:17
[INFO] [stdout]   43:     0x7f404012f609 - start_thread
[INFO] [stdout]   44:     0x7f403ff01293 - clone
[INFO] [stdout]   45:                0x0 - <unknown>
[INFO] [stdout] 
[INFO] [stdout] 
[INFO] [stdout] failures:
[INFO] [stdout]     circular_buffer::circular::tests::test_drops
[INFO] [stdout] 
[INFO] [stdout] test result: FAILED. 65 passed; 1 failed; 0 ignored; 0 measured; 0 filtered out; finished in 0.02s
[INFO] [stdout] 
[INFO] [stderr] error: test failed, to rerun pass '--lib'
[INFO] running `Command { std: "docker" "inspect" "575fc47523eecd28ad37a168b853bc60314d7ba39a6d6a21474c85728c37d412", kill_on_drop: false }`
[INFO] running `Command { std: "docker" "rm" "-f" "575fc47523eecd28ad37a168b853bc60314d7ba39a6d6a21474c85728c37d412", kill_on_drop: false }`
[INFO] [stdout] 575fc47523eecd28ad37a168b853bc60314d7ba39a6d6a21474c85728c37d412
