[INFO] fetching crate adapton 0.3.31...
[INFO] testing adapton-0.3.31 against beta-2021-08-01 for beta-1.55-1
[INFO] extracting crate adapton 0.3.31 into /workspace/builds/worker-107/source
[INFO] validating manifest of crates.io crate adapton 0.3.31 on toolchain beta-2021-08-01
[INFO] running `Command { std: "/workspace/cargo-home/bin/cargo" "+beta-2021-08-01" "metadata" "--manifest-path" "Cargo.toml" "--no-deps", kill_on_drop: false }`
[INFO] started tweaking crates.io crate adapton 0.3.31
[INFO] finished tweaking crates.io crate adapton 0.3.31
[INFO] tweaked toml for crates.io crate adapton 0.3.31 written to /workspace/builds/worker-107/source/Cargo.toml
[INFO] running `Command { std: "/workspace/cargo-home/bin/cargo" "+beta-2021-08-01" "generate-lockfile" "--manifest-path" "Cargo.toml" "-Zno-index-update", kill_on_drop: false }`
[INFO] [stderr]     Blocking waiting for file lock on package cache
[INFO] running `Command { std: "/workspace/cargo-home/bin/cargo" "+beta-2021-08-01" "fetch" "--manifest-path" "Cargo.toml", kill_on_drop: false }`
[INFO] [stderr]     Blocking waiting for file lock on package cache
[INFO] running `Command { std: "docker" "create" "-v" "/var/lib/crater-agent-workspace/builds/worker-107/target:/opt/rustwide/target:rw,Z" "-v" "/var/lib/crater-agent-workspace/builds/worker-107/source:/opt/rustwide/workdir:ro,Z" "-v" "/var/lib/crater-agent-workspace/cargo-home:/opt/rustwide/cargo-home:ro,Z" "-v" "/var/lib/crater-agent-workspace/rustup-home:/opt/rustwide/rustup-home:ro,Z" "-e" "SOURCE_DIR=/opt/rustwide/workdir" "-e" "CARGO_TARGET_DIR=/opt/rustwide/target" "-e" "CARGO_HOME=/opt/rustwide/cargo-home" "-e" "RUSTUP_HOME=/opt/rustwide/rustup-home" "-w" "/opt/rustwide/workdir" "-m" "1610612736" "--user" "0:0" "--network" "none" "ghcr.io/rust-lang/crates-build-env/linux@sha256:34b6a614d2c27851fe6cbf88fbd1137609cefab8b10d0615aaeb6fd47975d74e" "/opt/rustwide/cargo-home/bin/cargo" "+beta-2021-08-01" "metadata" "--no-deps" "--format-version=1", kill_on_drop: false }`
[INFO] [stdout] 13a33b9e0043b2dfe199850d561bc15454701a289484e64c8480cf383046d04a
[INFO] running `Command { std: "docker" "start" "-a" "13a33b9e0043b2dfe199850d561bc15454701a289484e64c8480cf383046d04a", kill_on_drop: false }`
[INFO] running `Command { std: "docker" "inspect" "13a33b9e0043b2dfe199850d561bc15454701a289484e64c8480cf383046d04a", kill_on_drop: false }`
[INFO] running `Command { std: "docker" "rm" "-f" "13a33b9e0043b2dfe199850d561bc15454701a289484e64c8480cf383046d04a", kill_on_drop: false }`
[INFO] [stdout] 13a33b9e0043b2dfe199850d561bc15454701a289484e64c8480cf383046d04a
[INFO] running `Command { std: "docker" "create" "-v" "/var/lib/crater-agent-workspace/builds/worker-107/target:/opt/rustwide/target:rw,Z" "-v" "/var/lib/crater-agent-workspace/builds/worker-107/source:/opt/rustwide/workdir:ro,Z" "-v" "/var/lib/crater-agent-workspace/cargo-home:/opt/rustwide/cargo-home:ro,Z" "-v" "/var/lib/crater-agent-workspace/rustup-home:/opt/rustwide/rustup-home:ro,Z" "-e" "SOURCE_DIR=/opt/rustwide/workdir" "-e" "CARGO_TARGET_DIR=/opt/rustwide/target" "-e" "CARGO_INCREMENTAL=0" "-e" "RUST_BACKTRACE=full" "-e" "RUSTFLAGS=--cap-lints=warn" "-e" "CARGO_HOME=/opt/rustwide/cargo-home" "-e" "RUSTUP_HOME=/opt/rustwide/rustup-home" "-w" "/opt/rustwide/workdir" "-m" "1610612736" "--user" "0:0" "--network" "none" "ghcr.io/rust-lang/crates-build-env/linux@sha256:34b6a614d2c27851fe6cbf88fbd1137609cefab8b10d0615aaeb6fd47975d74e" "/opt/rustwide/cargo-home/bin/cargo" "+beta-2021-08-01" "build" "--frozen" "--message-format=json", kill_on_drop: false }`
[INFO] [stdout] db4b632d5d78691e6bb2989baafbe6db2487f94e55218b8821dbc4b44938f478
[INFO] running `Command { std: "docker" "start" "-a" "db4b632d5d78691e6bb2989baafbe6db2487f94e55218b8821dbc4b44938f478", kill_on_drop: false }`
[INFO] [stderr]     Blocking waiting for file lock on package cache
[INFO] [stderr]    Compiling adapton v0.3.31 (/opt/rustwide/workdir)
[INFO] [stdout] warning: unused doc comment
[INFO] [stdout]     --> src/engine.rs:263:9
[INFO] [stdout]      |
[INFO] [stdout] 263  |         /// An effect without an extent (without nested effects)
[INFO] [stdout]      |         ^^^^^^^^^^^^^^^^^^^^^^^^^^^^^^^^^^^^^^^^^^^^^^^^^^^^^^^^ rustdoc does not generate documentation for macro invocations
[INFO] [stdout] ...
[INFO] [stdout] 1020 |                 dcg_effect!(reflect::trace::Effect::CleanEdge, Some(loc), succ);
[INFO] [stdout]      |                 ---------------------------------------------------------------- in this macro invocation
[INFO] [stdout]      |
[INFO] [stdout]      = note: `#[warn(unused_doc_comments)]` on by default
[INFO] [stdout]      = help: to document an item produced by a macro, the macro must produce the documentation as part of its expansion
[INFO] [stdout]      = note: this warning originates in the macro `dcg_effect` (in Nightly builds, run with -Z macro-backtrace for more info)
[INFO] [stdout] 
[INFO] [stdout] 
[INFO] [stdout] warning: unused doc comment
[INFO] [stdout]     --> src/engine.rs:263:9
[INFO] [stdout]      |
[INFO] [stdout] 263  |         /// An effect without an extent (without nested effects)
[INFO] [stdout]      |         ^^^^^^^^^^^^^^^^^^^^^^^^^^^^^^^^^^^^^^^^^^^^^^^^^^^^^^^^ rustdoc does not generate documentation for macro invocations
[INFO] [stdout] ...
[INFO] [stdout] 1268 |         dcg_effect!(reflect::trace::Effect::Remove, Some(src), succ);
[INFO] [stdout]      |         ------------------------------------------------------------- in this macro invocation
[INFO] [stdout]      |
[INFO] [stdout]      = help: to document an item produced by a macro, the macro must produce the documentation as part of its expansion
[INFO] [stdout]      = note: this warning originates in the macro `dcg_effect` (in Nightly builds, run with -Z macro-backtrace for more info)
[INFO] [stdout] 
[INFO] [stdout] 
[INFO] [stdout] warning: unused doc comment
[INFO] [stdout]     --> src/engine.rs:263:9
[INFO] [stdout]      |
[INFO] [stdout] 263  |           /// An effect without an extent (without nested effects)
[INFO] [stdout]      |           ^^^^^^^^^^^^^^^^^^^^^^^^^^^^^^^^^^^^^^^^^^^^^^^^^^^^^^^^ rustdoc does not generate documentation for macro invocations
[INFO] [stdout] ...
[INFO] [stdout] 1843 | /                         dcg_effect!(
[INFO] [stdout] 1844 | |                             // TODO-Someday: Reflect the fact that we are doing a mapping here
[INFO] [stdout] 1845 | |                             reflect::trace::Effect::Force(reflect::trace::ForceCase::RefGet),
[INFO] [stdout] 1846 | |                             current_loc!(*g.borrow()),
[INFO] [stdout] ...    |
[INFO] [stdout] 1852 | |                                 is_dup:false,
[INFO] [stdout] 1853 | |                             });
[INFO] [stdout]      | |_______________________________- in this macro invocation
[INFO] [stdout]      |
[INFO] [stdout]      = help: to document an item produced by a macro, the macro must produce the documentation as part of its expansion
[INFO] [stdout]      = note: this warning originates in the macro `dcg_effect` (in Nightly builds, run with -Z macro-backtrace for more info)
[INFO] [stdout] 
[INFO] [stdout] 
[INFO] [stdout] warning: unused doc comment
[INFO] [stdout]     --> src/engine.rs:263:9
[INFO] [stdout]      |
[INFO] [stdout] 263  |           /// An effect without an extent (without nested effects)
[INFO] [stdout]      |           ^^^^^^^^^^^^^^^^^^^^^^^^^^^^^^^^^^^^^^^^^^^^^^^^^^^^^^^^ rustdoc does not generate documentation for macro invocations
[INFO] [stdout] ...
[INFO] [stdout] 1910 | /                         dcg_effect!(
[INFO] [stdout] 1911 | |                             // TODO-Someday: Reflect the fact that we are doing a mapping here
[INFO] [stdout] 1912 | |                             reflect::trace::Effect::Force(reflect::trace::ForceCase::RefGet),
[INFO] [stdout] 1913 | |                             current_loc!(*g.borrow()),
[INFO] [stdout] ...    |
[INFO] [stdout] 1919 | |                                 is_dup:false,
[INFO] [stdout] 1920 | |                             });
[INFO] [stdout]      | |_______________________________- in this macro invocation
[INFO] [stdout]      |
[INFO] [stdout]      = help: to document an item produced by a macro, the macro must produce the documentation as part of its expansion
[INFO] [stdout]      = note: this warning originates in the macro `dcg_effect` (in Nightly builds, run with -Z macro-backtrace for more info)
[INFO] [stdout] 
[INFO] [stdout] 
[INFO] [stdout] warning: unused doc comment
[INFO] [stdout]     --> src/engine.rs:263:9
[INFO] [stdout]      |
[INFO] [stdout] 263  |           /// An effect without an extent (without nested effects)
[INFO] [stdout]      |           ^^^^^^^^^^^^^^^^^^^^^^^^^^^^^^^^^^^^^^^^^^^^^^^^^^^^^^^^ rustdoc does not generate documentation for macro invocations
[INFO] [stdout] ...
[INFO] [stdout] 2056 | /                             dcg_effect!(
[INFO] [stdout] 2057 | |                                 reflect::trace::Effect::Force(reflect::trace::ForceCase::RefGet),
[INFO] [stdout] 2058 | |                                 current_loc!(*g.borrow()),
[INFO] [stdout] 2059 | |                                 reflect::Succ{
[INFO] [stdout] ...    |
[INFO] [stdout] 2064 | |                                     is_dup:is_dup,
[INFO] [stdout] 2065 | |                                 });
[INFO] [stdout]      | |___________________________________- in this macro invocation
[INFO] [stdout]      |
[INFO] [stdout]      = help: to document an item produced by a macro, the macro must produce the documentation as part of its expansion
[INFO] [stdout]      = note: this warning originates in the macro `dcg_effect` (in Nightly builds, run with -Z macro-backtrace for more info)
[INFO] [stdout] 
[INFO] [stdout] 
[INFO] [stdout] warning: unreachable expression
[INFO] [stdout]    --> src/catalog/trie.rs:270:9
[INFO] [stdout]     |
[INFO] [stdout] 269 |         let root_mfn_art = panic!("todo"); //put(Self::root_mfn(nm.clone(), nm_, trie, elt));
[INFO] [stdout]     |                            -------------- any code following this expression is unreachable
[INFO] [stdout] 270 |         Self::name(nm, Self::art(root_mfn_art))
[INFO] [stdout]     |         ^^^^^^^^^^^^^^^^^^^^^^^^^^^^^^^^^^^^^^^ unreachable expression
[INFO] [stdout]     |
[INFO] [stdout]     = note: `#[warn(unreachable_code)]` on by default
[INFO] [stdout] 
[INFO] [stdout] 
[INFO] [stdout] warning: unused variable: `nm`
[INFO] [stdout]    --> src/catalog/trie.rs:267:14
[INFO] [stdout]     |
[INFO] [stdout] 267 |         let (nm, nm_) = name_fork(nm);
[INFO] [stdout]     |              ^^ help: if this is intentional, prefix it with an underscore: `_nm`
[INFO] [stdout]     |
[INFO] [stdout]     = note: `#[warn(unused_variables)]` on by default
[INFO] [stdout] 
[INFO] [stdout] 
[INFO] [stdout] warning: unused variable: `nm_`
[INFO] [stdout]    --> src/catalog/trie.rs:267:18
[INFO] [stdout]     |
[INFO] [stdout] 267 |         let (nm, nm_) = name_fork(nm);
[INFO] [stdout]     |                  ^^^ help: if this is intentional, prefix it with an underscore: `_nm_`
[INFO] [stdout] 
[INFO] [stdout] 
[INFO] [stdout] warning: unused variable: `root_mfn_art`
[INFO] [stdout]    --> src/catalog/trie.rs:269:13
[INFO] [stdout]     |
[INFO] [stdout] 269 |         let root_mfn_art = panic!("todo"); //put(Self::root_mfn(nm.clone(), nm_, trie, elt));
[INFO] [stdout]     |             ^^^^^^^^^^^^ help: if this is intentional, prefix it with an underscore: `_root_mfn_art`
[INFO] [stdout] 
[INFO] [stdout] 
[INFO] [stdout] warning: unused variable: `trie`
[INFO] [stdout]    --> src/catalog/trie.rs:266:25
[INFO] [stdout]     |
[INFO] [stdout] 266 |     fn extend(nm: Name, trie: Self, elt: X) -> Self {
[INFO] [stdout]     |                         ^^^^ help: if this is intentional, prefix it with an underscore: `_trie`
[INFO] [stdout] 
[INFO] [stdout] 
[INFO] [stdout] warning: unused variable: `elt`
[INFO] [stdout]    --> src/catalog/trie.rs:266:37
[INFO] [stdout]     |
[INFO] [stdout] 266 |     fn extend(nm: Name, trie: Self, elt: X) -> Self {
[INFO] [stdout]     |                                     ^^^ help: if this is intentional, prefix it with an underscore: `_elt`
[INFO] [stdout] 
[INFO] [stdout] 
[INFO] [stdout] warning: panic message contains an unused formatting placeholder
[INFO] [stdout]     --> src/engine.rs:2651:25
[INFO] [stdout]      |
[INFO] [stdout] 2651 |                 panic!("{:?}: Constrained to be both clean and dirty: Inconsistent status => DCG is not well-formed.")
[INFO] [stdout]      |                         ^^^^
[INFO] [stdout]      |
[INFO] [stdout]      = note: `#[warn(non_fmt_panics)]` on by default
[INFO] [stdout]      = note: this message is not used as a format string when given without arguments, but will be in Rust 2021
[INFO] [stdout] help: add the missing argument
[INFO] [stdout]      |
[INFO] [stdout] 2651 |                 panic!("{:?}: Constrained to be both clean and dirty: Inconsistent status => DCG is not well-formed.", ...)
[INFO] [stdout]      |                                                                                                                      ^^^^^
[INFO] [stdout] help: or add a "{}" format string to use the message literally
[INFO] [stdout]      |
[INFO] [stdout] 2651 |                 panic!("{}", "{:?}: Constrained to be both clean and dirty: Inconsistent status => DCG is not well-formed.")
[INFO] [stdout]      |                        ^^^^^
[INFO] [stdout] 
[INFO] [stdout] 
[INFO] [stdout] warning: unused return value of `std::mem::replace` that must be used
[INFO] [stdout]    --> src/engine.rs:985:17
[INFO] [stdout]     |
[INFO] [stdout] 985 |                 replace(&mut node.succs, frame.succs.into_iter().map(|(succ,_)|succ).collect() ) ;
[INFO] [stdout]     |                 ^^^^^^^^^^^^^^^^^^^^^^^^^^^^^^^^^^^^^^^^^^^^^^^^^^^^^^^^^^^^^^^^^^^^^^^^^^^^^^^^^^
[INFO] [stdout]     |
[INFO] [stdout]     = note: `#[warn(unused_must_use)]` on by default
[INFO] [stdout]     = note: if you don't need the old value, you can just assign the new value directly
[INFO] [stdout] 
[INFO] [stdout] 
[INFO] [stdout] warning: unused return value of `std::mem::replace` that must be used
[INFO] [stdout]     --> src/engine.rs:1319:17
[INFO] [stdout]      |
[INFO] [stdout] 1319 |                 replace(&mut succ.dirty, true);
[INFO] [stdout]      |                 ^^^^^^^^^^^^^^^^^^^^^^^^^^^^^^^
[INFO] [stdout]      |
[INFO] [stdout]      = note: if you don't need the old value, you can just assign the new value directly
[INFO] [stdout] 
[INFO] [stdout] 
[INFO] [stdout] warning: unused return value of `std::mem::replace` that must be used
[INFO] [stdout]     --> src/engine.rs:1338:17
[INFO] [stdout]      |
[INFO] [stdout] 1338 |                 replace(&mut succ.dirty, true);
[INFO] [stdout]      |                 ^^^^^^^^^^^^^^^^^^^^^^^^^^^^^^^
[INFO] [stdout]      |
[INFO] [stdout]      = note: if you don't need the old value, you can just assign the new value directly
[INFO] [stdout] 
[INFO] [stdout] 
[INFO] [stdout] warning: unused return value of `std::mem::replace` that must be used
[INFO] [stdout]     --> src/engine.rs:1375:25
[INFO] [stdout]      |
[INFO] [stdout] 1375 |                         replace(&mut nd.val, val) ;
[INFO] [stdout]      |                         ^^^^^^^^^^^^^^^^^^^^^^^^^^^
[INFO] [stdout]      |
[INFO] [stdout]      = note: if you don't need the old value, you can just assign the new value directly
[INFO] [stdout] 
[INFO] [stdout] 
[INFO] [stdout] warning: 16 warnings emitted
[INFO] [stdout] 
[INFO] [stdout] 
[INFO] [stderr]     Finished dev [unoptimized + debuginfo] target(s) in 3.97s
[INFO] running `Command { std: "docker" "inspect" "db4b632d5d78691e6bb2989baafbe6db2487f94e55218b8821dbc4b44938f478", kill_on_drop: false }`
[INFO] running `Command { std: "docker" "rm" "-f" "db4b632d5d78691e6bb2989baafbe6db2487f94e55218b8821dbc4b44938f478", kill_on_drop: false }`
[INFO] [stdout] db4b632d5d78691e6bb2989baafbe6db2487f94e55218b8821dbc4b44938f478
[INFO] running `Command { std: "docker" "create" "-v" "/var/lib/crater-agent-workspace/builds/worker-107/target:/opt/rustwide/target:rw,Z" "-v" "/var/lib/crater-agent-workspace/builds/worker-107/source:/opt/rustwide/workdir:ro,Z" "-v" "/var/lib/crater-agent-workspace/cargo-home:/opt/rustwide/cargo-home:ro,Z" "-v" "/var/lib/crater-agent-workspace/rustup-home:/opt/rustwide/rustup-home:ro,Z" "-e" "SOURCE_DIR=/opt/rustwide/workdir" "-e" "CARGO_TARGET_DIR=/opt/rustwide/target" "-e" "CARGO_INCREMENTAL=0" "-e" "RUST_BACKTRACE=full" "-e" "RUSTFLAGS=--cap-lints=warn" "-e" "CARGO_HOME=/opt/rustwide/cargo-home" "-e" "RUSTUP_HOME=/opt/rustwide/rustup-home" "-w" "/opt/rustwide/workdir" "-m" "1610612736" "--user" "0:0" "--network" "none" "ghcr.io/rust-lang/crates-build-env/linux@sha256:34b6a614d2c27851fe6cbf88fbd1137609cefab8b10d0615aaeb6fd47975d74e" "/opt/rustwide/cargo-home/bin/cargo" "+beta-2021-08-01" "test" "--frozen" "--no-run" "--message-format=json", kill_on_drop: false }`
[INFO] [stdout] b57f5fbee4f89758dcb52cb48952b87fd7ede33666b51f5299d46d05c639c36b
[INFO] running `Command { std: "docker" "start" "-a" "b57f5fbee4f89758dcb52cb48952b87fd7ede33666b51f5299d46d05c639c36b", kill_on_drop: false }`
[INFO] [stdout] warning: unused doc comment
[INFO] [stdout]     --> src/engine.rs:263:9
[INFO] [stdout]      |
[INFO] [stdout] 263  |         /// An effect without an extent (without nested effects)
[INFO] [stdout]      |         ^^^^^^^^^^^^^^^^^^^^^^^^^^^^^^^^^^^^^^^^^^^^^^^^^^^^^^^^ rustdoc does not generate documentation for macro invocations
[INFO] [stdout] ...
[INFO] [stdout] 1020 |                 dcg_effect!(reflect::trace::Effect::CleanEdge, Some(loc), succ);
[INFO] [stdout]      |                 ---------------------------------------------------------------- in this macro invocation
[INFO] [stdout]      |
[INFO] [stdout]      = note: `#[warn(unused_doc_comments)]` on by default
[INFO] [stdout]      = help: to document an item produced by a macro, the macro must produce the documentation as part of its expansion
[INFO] [stdout]      = note: this warning originates in the macro `dcg_effect` (in Nightly builds, run with -Z macro-backtrace for more info)
[INFO] [stdout] 
[INFO] [stdout] 
[INFO] [stdout] warning: unused doc comment
[INFO] [stdout]     --> src/engine.rs:263:9
[INFO] [stdout]      |
[INFO] [stdout] 263  |         /// An effect without an extent (without nested effects)
[INFO] [stdout]      |         ^^^^^^^^^^^^^^^^^^^^^^^^^^^^^^^^^^^^^^^^^^^^^^^^^^^^^^^^ rustdoc does not generate documentation for macro invocations
[INFO] [stdout] ...
[INFO] [stdout] 1268 |         dcg_effect!(reflect::trace::Effect::Remove, Some(src), succ);
[INFO] [stdout]      |         ------------------------------------------------------------- in this macro invocation
[INFO] [stdout]      |
[INFO] [stdout]      = help: to document an item produced by a macro, the macro must produce the documentation as part of its expansion
[INFO] [stdout]      = note: this warning originates in the macro `dcg_effect` (in Nightly builds, run with -Z macro-backtrace for more info)
[INFO] [stdout] 
[INFO] [stdout] 
[INFO] [stdout] warning: unused doc comment
[INFO] [stdout]     --> src/engine.rs:263:9
[INFO] [stdout]      |
[INFO] [stdout] 263  |           /// An effect without an extent (without nested effects)
[INFO] [stdout]      |           ^^^^^^^^^^^^^^^^^^^^^^^^^^^^^^^^^^^^^^^^^^^^^^^^^^^^^^^^ rustdoc does not generate documentation for macro invocations
[INFO] [stdout] ...
[INFO] [stdout] 1843 | /                         dcg_effect!(
[INFO] [stdout] 1844 | |                             // TODO-Someday: Reflect the fact that we are doing a mapping here
[INFO] [stdout] 1845 | |                             reflect::trace::Effect::Force(reflect::trace::ForceCase::RefGet),
[INFO] [stdout] 1846 | |                             current_loc!(*g.borrow()),
[INFO] [stdout] ...    |
[INFO] [stdout] 1852 | |                                 is_dup:false,
[INFO] [stdout] 1853 | |                             });
[INFO] [stdout]      | |_______________________________- in this macro invocation
[INFO] [stdout]      |
[INFO] [stdout]      = help: to document an item produced by a macro, the macro must produce the documentation as part of its expansion
[INFO] [stdout]      = note: this warning originates in the macro `dcg_effect` (in Nightly builds, run with -Z macro-backtrace for more info)
[INFO] [stdout] 
[INFO] [stdout] 
[INFO] [stdout] warning: unused doc comment
[INFO] [stdout]     --> src/engine.rs:263:9
[INFO] [stdout]      |
[INFO] [stdout] 263  |           /// An effect without an extent (without nested effects)
[INFO] [stdout]      |           ^^^^^^^^^^^^^^^^^^^^^^^^^^^^^^^^^^^^^^^^^^^^^^^^^^^^^^^^ rustdoc does not generate documentation for macro invocations
[INFO] [stdout] ...
[INFO] [stdout] 1910 | /                         dcg_effect!(
[INFO] [stdout] 1911 | |                             // TODO-Someday: Reflect the fact that we are doing a mapping here
[INFO] [stdout] 1912 | |                             reflect::trace::Effect::Force(reflect::trace::ForceCase::RefGet),
[INFO] [stdout] 1913 | |                             current_loc!(*g.borrow()),
[INFO] [stdout] ...    |
[INFO] [stdout] 1919 | |                                 is_dup:false,
[INFO] [stdout] 1920 | |                             });
[INFO] [stdout]      | |_______________________________- in this macro invocation
[INFO] [stdout]      |
[INFO] [stdout]      = help: to document an item produced by a macro, the macro must produce the documentation as part of its expansion
[INFO] [stdout]      = note: this warning originates in the macro `dcg_effect` (in Nightly builds, run with -Z macro-backtrace for more info)
[INFO] [stdout] 
[INFO] [stdout] 
[INFO] [stdout] warning: unused doc comment
[INFO] [stdout]     --> src/engine.rs:263:9
[INFO] [stdout]      |
[INFO] [stdout] 263  |           /// An effect without an extent (without nested effects)
[INFO] [stdout]      |           ^^^^^^^^^^^^^^^^^^^^^^^^^^^^^^^^^^^^^^^^^^^^^^^^^^^^^^^^ rustdoc does not generate documentation for macro invocations
[INFO] [stdout] ...
[INFO] [stdout] 2056 | /                             dcg_effect!(
[INFO] [stdout] 2057 | |                                 reflect::trace::Effect::Force(reflect::trace::ForceCase::RefGet),
[INFO] [stdout] 2058 | |                                 current_loc!(*g.borrow()),
[INFO] [stdout] 2059 | |                                 reflect::Succ{
[INFO] [stdout] ...    |
[INFO] [stdout] 2064 | |                                     is_dup:is_dup,
[INFO] [stdout] 2065 | |                                 });
[INFO] [stdout]      | |___________________________________- in this macro invocation
[INFO] [stdout]      |
[INFO] [stdout]      = help: to document an item produced by a macro, the macro must produce the documentation as part of its expansion
[INFO] [stdout]      = note: this warning originates in the macro `dcg_effect` (in Nightly builds, run with -Z macro-backtrace for more info)
[INFO] [stdout] 
[INFO] [stdout] 
[INFO] [stdout] warning: unreachable expression
[INFO] [stdout]    --> src/catalog/trie.rs:270:9
[INFO] [stdout]     |
[INFO] [stdout] 269 |         let root_mfn_art = panic!("todo"); //put(Self::root_mfn(nm.clone(), nm_, trie, elt));
[INFO] [stdout]     |                            -------------- any code following this expression is unreachable
[INFO] [stdout] 270 |         Self::name(nm, Self::art(root_mfn_art))
[INFO] [stdout]     |         ^^^^^^^^^^^^^^^^^^^^^^^^^^^^^^^^^^^^^^^ unreachable expression
[INFO] [stdout]     |
[INFO] [stdout]     = note: `#[warn(unreachable_code)]` on by default
[INFO] [stdout] 
[INFO] [stdout] 
[INFO] [stdout] warning: unused variable: `nm`
[INFO] [stdout]    --> src/catalog/trie.rs:267:14
[INFO] [stdout]     |
[INFO] [stdout] 267 |         let (nm, nm_) = name_fork(nm);
[INFO] [stdout]     |              ^^ help: if this is intentional, prefix it with an underscore: `_nm`
[INFO] [stdout]     |
[INFO] [stdout]     = note: `#[warn(unused_variables)]` on by default
[INFO] [stdout] 
[INFO] [stdout] 
[INFO] [stdout] warning: unused variable: `nm_`
[INFO] [stdout]    --> src/catalog/trie.rs:267:18
[INFO] [stdout]     |
[INFO] [stdout] 267 |         let (nm, nm_) = name_fork(nm);
[INFO] [stdout]     |                  ^^^ help: if this is intentional, prefix it with an underscore: `_nm_`
[INFO] [stdout] 
[INFO] [stdout] 
[INFO] [stdout] warning: unused variable: `root_mfn_art`
[INFO] [stdout]    --> src/catalog/trie.rs:269:13
[INFO] [stdout]     |
[INFO] [stdout] 269 |         let root_mfn_art = panic!("todo"); //put(Self::root_mfn(nm.clone(), nm_, trie, elt));
[INFO] [stdout]     |             ^^^^^^^^^^^^ help: if this is intentional, prefix it with an underscore: `_root_mfn_art`
[INFO] [stdout] 
[INFO] [stdout] 
[INFO] [stdout] warning: unused variable: `trie`
[INFO] [stdout]    --> src/catalog/trie.rs:266:25
[INFO] [stdout]     |
[INFO] [stdout] 266 |     fn extend(nm: Name, trie: Self, elt: X) -> Self {
[INFO] [stdout]     |                         ^^^^ help: if this is intentional, prefix it with an underscore: `_trie`
[INFO] [stdout] 
[INFO] [stdout] 
[INFO] [stdout] warning: unused variable: `elt`
[INFO] [stdout]    --> src/catalog/trie.rs:266:37
[INFO] [stdout]     |
[INFO] [stdout] 266 |     fn extend(nm: Name, trie: Self, elt: X) -> Self {
[INFO] [stdout]     |                                     ^^^ help: if this is intentional, prefix it with an underscore: `_elt`
[INFO] [stdout] 
[INFO] [stdout] 
[INFO] [stderr]    Compiling adapton v0.3.31 (/opt/rustwide/workdir)
[INFO] [stdout] warning: panic message contains an unused formatting placeholder
[INFO] [stdout]     --> src/engine.rs:2651:25
[INFO] [stdout]      |
[INFO] [stdout] 2651 |                 panic!("{:?}: Constrained to be both clean and dirty: Inconsistent status => DCG is not well-formed.")
[INFO] [stdout]      |                         ^^^^
[INFO] [stdout]      |
[INFO] [stdout]      = note: `#[warn(non_fmt_panics)]` on by default
[INFO] [stdout]      = note: this message is not used as a format string when given without arguments, but will be in Rust 2021
[INFO] [stdout] help: add the missing argument
[INFO] [stdout]      |
[INFO] [stdout] 2651 |                 panic!("{:?}: Constrained to be both clean and dirty: Inconsistent status => DCG is not well-formed.", ...)
[INFO] [stdout]      |                                                                                                                      ^^^^^
[INFO] [stdout] help: or add a "{}" format string to use the message literally
[INFO] [stdout]      |
[INFO] [stdout] 2651 |                 panic!("{}", "{:?}: Constrained to be both clean and dirty: Inconsistent status => DCG is not well-formed.")
[INFO] [stdout]      |                        ^^^^^
[INFO] [stdout] 
[INFO] [stdout] 
[INFO] [stdout] warning: unused return value of `std::mem::replace` that must be used
[INFO] [stdout]    --> src/engine.rs:985:17
[INFO] [stdout]     |
[INFO] [stdout] 985 |                 replace(&mut node.succs, frame.succs.into_iter().map(|(succ,_)|succ).collect() ) ;
[INFO] [stdout]     |                 ^^^^^^^^^^^^^^^^^^^^^^^^^^^^^^^^^^^^^^^^^^^^^^^^^^^^^^^^^^^^^^^^^^^^^^^^^^^^^^^^^^
[INFO] [stdout]     |
[INFO] [stdout]     = note: `#[warn(unused_must_use)]` on by default
[INFO] [stdout]     = note: if you don't need the old value, you can just assign the new value directly
[INFO] [stdout] 
[INFO] [stdout] 
[INFO] [stdout] warning: unused return value of `std::mem::replace` that must be used
[INFO] [stdout]     --> src/engine.rs:1319:17
[INFO] [stdout]      |
[INFO] [stdout] 1319 |                 replace(&mut succ.dirty, true);
[INFO] [stdout]      |                 ^^^^^^^^^^^^^^^^^^^^^^^^^^^^^^^
[INFO] [stdout]      |
[INFO] [stdout]      = note: if you don't need the old value, you can just assign the new value directly
[INFO] [stdout] 
[INFO] [stdout] 
[INFO] [stdout] warning: unused return value of `std::mem::replace` that must be used
[INFO] [stdout]     --> src/engine.rs:1338:17
[INFO] [stdout]      |
[INFO] [stdout] 1338 |                 replace(&mut succ.dirty, true);
[INFO] [stdout]      |                 ^^^^^^^^^^^^^^^^^^^^^^^^^^^^^^^
[INFO] [stdout]      |
[INFO] [stdout]      = note: if you don't need the old value, you can just assign the new value directly
[INFO] [stdout] 
[INFO] [stdout] 
[INFO] [stdout] warning: unused return value of `std::mem::replace` that must be used
[INFO] [stdout]     --> src/engine.rs:1375:25
[INFO] [stdout]      |
[INFO] [stdout] 1375 |                         replace(&mut nd.val, val) ;
[INFO] [stdout]      |                         ^^^^^^^^^^^^^^^^^^^^^^^^^^^
[INFO] [stdout]      |
[INFO] [stdout]      = note: if you don't need the old value, you can just assign the new value directly
[INFO] [stdout] 
[INFO] [stdout] 
[INFO] [stdout] warning: 16 warnings emitted
[INFO] [stdout] 
[INFO] [stdout] 
[INFO] [stdout] warning: unused doc comment
[INFO] [stdout]     --> src/engine.rs:263:9
[INFO] [stdout]      |
[INFO] [stdout] 263  |         /// An effect without an extent (without nested effects)
[INFO] [stdout]      |         ^^^^^^^^^^^^^^^^^^^^^^^^^^^^^^^^^^^^^^^^^^^^^^^^^^^^^^^^ rustdoc does not generate documentation for macro invocations
[INFO] [stdout] ...
[INFO] [stdout] 1020 |                 dcg_effect!(reflect::trace::Effect::CleanEdge, Some(loc), succ);
[INFO] [stdout]      |                 ---------------------------------------------------------------- in this macro invocation
[INFO] [stdout]      |
[INFO] [stdout]      = note: `#[warn(unused_doc_comments)]` on by default
[INFO] [stdout]      = help: to document an item produced by a macro, the macro must produce the documentation as part of its expansion
[INFO] [stdout]      = note: this warning originates in the macro `dcg_effect` (in Nightly builds, run with -Z macro-backtrace for more info)
[INFO] [stdout] 
[INFO] [stdout] 
[INFO] [stdout] warning: unused doc comment
[INFO] [stdout]     --> src/engine.rs:263:9
[INFO] [stdout]      |
[INFO] [stdout] 263  |         /// An effect without an extent (without nested effects)
[INFO] [stdout]      |         ^^^^^^^^^^^^^^^^^^^^^^^^^^^^^^^^^^^^^^^^^^^^^^^^^^^^^^^^ rustdoc does not generate documentation for macro invocations
[INFO] [stdout] ...
[INFO] [stdout] 1268 |         dcg_effect!(reflect::trace::Effect::Remove, Some(src), succ);
[INFO] [stdout]      |         ------------------------------------------------------------- in this macro invocation
[INFO] [stdout]      |
[INFO] [stdout]      = help: to document an item produced by a macro, the macro must produce the documentation as part of its expansion
[INFO] [stdout]      = note: this warning originates in the macro `dcg_effect` (in Nightly builds, run with -Z macro-backtrace for more info)
[INFO] [stdout] 
[INFO] [stdout] 
[INFO] [stdout] warning: unused doc comment
[INFO] [stdout]     --> src/engine.rs:263:9
[INFO] [stdout]      |
[INFO] [stdout] 263  |           /// An effect without an extent (without nested effects)
[INFO] [stdout]      |           ^^^^^^^^^^^^^^^^^^^^^^^^^^^^^^^^^^^^^^^^^^^^^^^^^^^^^^^^ rustdoc does not generate documentation for macro invocations
[INFO] [stdout] ...
[INFO] [stdout] 1843 | /                         dcg_effect!(
[INFO] [stdout] 1844 | |                             // TODO-Someday: Reflect the fact that we are doing a mapping here
[INFO] [stdout] 1845 | |                             reflect::trace::Effect::Force(reflect::trace::ForceCase::RefGet),
[INFO] [stdout] 1846 | |                             current_loc!(*g.borrow()),
[INFO] [stdout] ...    |
[INFO] [stdout] 1852 | |                                 is_dup:false,
[INFO] [stdout] 1853 | |                             });
[INFO] [stdout]      | |_______________________________- in this macro invocation
[INFO] [stdout]      |
[INFO] [stdout]      = help: to document an item produced by a macro, the macro must produce the documentation as part of its expansion
[INFO] [stdout]      = note: this warning originates in the macro `dcg_effect` (in Nightly builds, run with -Z macro-backtrace for more info)
[INFO] [stdout] 
[INFO] [stdout] 
[INFO] [stdout] warning: unused doc comment
[INFO] [stdout]     --> src/engine.rs:263:9
[INFO] [stdout]      |
[INFO] [stdout] 263  |           /// An effect without an extent (without nested effects)
[INFO] [stdout]      |           ^^^^^^^^^^^^^^^^^^^^^^^^^^^^^^^^^^^^^^^^^^^^^^^^^^^^^^^^ rustdoc does not generate documentation for macro invocations
[INFO] [stdout] ...
[INFO] [stdout] 1910 | /                         dcg_effect!(
[INFO] [stdout] 1911 | |                             // TODO-Someday: Reflect the fact that we are doing a mapping here
[INFO] [stdout] 1912 | |                             reflect::trace::Effect::Force(reflect::trace::ForceCase::RefGet),
[INFO] [stdout] 1913 | |                             current_loc!(*g.borrow()),
[INFO] [stdout] ...    |
[INFO] [stdout] 1919 | |                                 is_dup:false,
[INFO] [stdout] 1920 | |                             });
[INFO] [stdout]      | |_______________________________- in this macro invocation
[INFO] [stdout]      |
[INFO] [stdout]      = help: to document an item produced by a macro, the macro must produce the documentation as part of its expansion
[INFO] [stdout]      = note: this warning originates in the macro `dcg_effect` (in Nightly builds, run with -Z macro-backtrace for more info)
[INFO] [stdout] 
[INFO] [stdout] 
[INFO] [stdout] warning: unused doc comment
[INFO] [stdout]     --> src/engine.rs:263:9
[INFO] [stdout]      |
[INFO] [stdout] 263  |           /// An effect without an extent (without nested effects)
[INFO] [stdout]      |           ^^^^^^^^^^^^^^^^^^^^^^^^^^^^^^^^^^^^^^^^^^^^^^^^^^^^^^^^ rustdoc does not generate documentation for macro invocations
[INFO] [stdout] ...
[INFO] [stdout] 2056 | /                             dcg_effect!(
[INFO] [stdout] 2057 | |                                 reflect::trace::Effect::Force(reflect::trace::ForceCase::RefGet),
[INFO] [stdout] 2058 | |                                 current_loc!(*g.borrow()),
[INFO] [stdout] 2059 | |                                 reflect::Succ{
[INFO] [stdout] ...    |
[INFO] [stdout] 2064 | |                                     is_dup:is_dup,
[INFO] [stdout] 2065 | |                                 });
[INFO] [stdout]      | |___________________________________- in this macro invocation
[INFO] [stdout]      |
[INFO] [stdout]      = help: to document an item produced by a macro, the macro must produce the documentation as part of its expansion
[INFO] [stdout]      = note: this warning originates in the macro `dcg_effect` (in Nightly builds, run with -Z macro-backtrace for more info)
[INFO] [stdout] 
[INFO] [stdout] 
[INFO] [stdout] warning: unnecessary trailing semicolon
[INFO] [stdout]    --> src/macros.rs:875:6
[INFO] [stdout]     |
[INFO] [stdout] 875 |     };
[INFO] [stdout]     |      ^ help: remove this semicolon
[INFO] [stdout]     |
[INFO] [stdout]     = note: `#[warn(redundant_semicolons)]` on by default
[INFO] [stdout] 
[INFO] [stdout] 
[INFO] [stdout] warning: unnecessary trailing semicolon
[INFO] [stdout]     --> src/catalog/collections.rs:1222:4
[INFO] [stdout]      |
[INFO] [stdout] 1222 |   };
[INFO] [stdout]      |    ^ help: remove this semicolon
[INFO] [stdout] 
[INFO] [stdout] 
[INFO] [stdout] warning: unnecessary trailing semicolon
[INFO] [stdout]     --> src/catalog/collections.rs:1230:4
[INFO] [stdout]      |
[INFO] [stdout] 1230 |   };
[INFO] [stdout]      |    ^ help: remove this semicolon
[INFO] [stdout] 
[INFO] [stdout] 
[INFO] [stdout] warning: unnecessary trailing semicolon
[INFO] [stdout]     --> src/catalog/collections.rs:1282:4
[INFO] [stdout]      |
[INFO] [stdout] 1282 |   };
[INFO] [stdout]      |    ^ help: remove this semicolon
[INFO] [stdout] 
[INFO] [stdout] 
[INFO] [stdout] warning: unnecessary trailing semicolon
[INFO] [stdout]     --> src/catalog/collections.rs:1335:4
[INFO] [stdout]      |
[INFO] [stdout] 1335 |   };
[INFO] [stdout]      |    ^ help: remove this semicolon
[INFO] [stdout] 
[INFO] [stdout] 
[INFO] [stdout] warning: unreachable expression
[INFO] [stdout]    --> src/catalog/trie.rs:270:9
[INFO] [stdout]     |
[INFO] [stdout] 269 |         let root_mfn_art = panic!("todo"); //put(Self::root_mfn(nm.clone(), nm_, trie, elt));
[INFO] [stdout]     |                            -------------- any code following this expression is unreachable
[INFO] [stdout] 270 |         Self::name(nm, Self::art(root_mfn_art))
[INFO] [stdout]     |         ^^^^^^^^^^^^^^^^^^^^^^^^^^^^^^^^^^^^^^^ unreachable expression
[INFO] [stdout]     |
[INFO] [stdout]     = note: `#[warn(unreachable_code)]` on by default
[INFO] [stdout] 
[INFO] [stdout] 
[INFO] [stdout] warning: unused variable: `nm`
[INFO] [stdout]    --> src/catalog/trie.rs:267:14
[INFO] [stdout]     |
[INFO] [stdout] 267 |         let (nm, nm_) = name_fork(nm);
[INFO] [stdout]     |              ^^ help: if this is intentional, prefix it with an underscore: `_nm`
[INFO] [stdout]     |
[INFO] [stdout]     = note: `#[warn(unused_variables)]` on by default
[INFO] [stdout] 
[INFO] [stdout] 
[INFO] [stdout] warning: unused variable: `nm_`
[INFO] [stdout]    --> src/catalog/trie.rs:267:18
[INFO] [stdout]     |
[INFO] [stdout] 267 |         let (nm, nm_) = name_fork(nm);
[INFO] [stdout]     |                  ^^^ help: if this is intentional, prefix it with an underscore: `_nm_`
[INFO] [stdout] 
[INFO] [stdout] 
[INFO] [stdout] warning: unused variable: `root_mfn_art`
[INFO] [stdout]    --> src/catalog/trie.rs:269:13
[INFO] [stdout]     |
[INFO] [stdout] 269 |         let root_mfn_art = panic!("todo"); //put(Self::root_mfn(nm.clone(), nm_, trie, elt));
[INFO] [stdout]     |             ^^^^^^^^^^^^ help: if this is intentional, prefix it with an underscore: `_root_mfn_art`
[INFO] [stdout] 
[INFO] [stdout] 
[INFO] [stdout] warning: unused variable: `trie`
[INFO] [stdout]    --> src/catalog/trie.rs:266:25
[INFO] [stdout]     |
[INFO] [stdout] 266 |     fn extend(nm: Name, trie: Self, elt: X) -> Self {
[INFO] [stdout]     |                         ^^^^ help: if this is intentional, prefix it with an underscore: `_trie`
[INFO] [stdout] 
[INFO] [stdout] 
[INFO] [stdout] warning: unused variable: `elt`
[INFO] [stdout]    --> src/catalog/trie.rs:266:37
[INFO] [stdout]     |
[INFO] [stdout] 266 |     fn extend(nm: Name, trie: Self, elt: X) -> Self {
[INFO] [stdout]     |                                     ^^^ help: if this is intentional, prefix it with an underscore: `_elt`
[INFO] [stdout] 
[INFO] [stdout] 
[INFO] [stdout] warning: function is never used: `explore_rec`
[INFO] [stdout]     --> src/engine.rs:2810:8
[INFO] [stdout]      |
[INFO] [stdout] 2810 |     fn explore_rec(cur_n:usize) -> Vec<usize> {
[INFO] [stdout]      |        ^^^^^^^^^^^
[INFO] [stdout]      |
[INFO] [stdout]      = note: `#[warn(dead_code)]` on by default
[INFO] [stdout] 
[INFO] [stdout] 
[INFO] [stdout] warning: panic message contains an unused formatting placeholder
[INFO] [stdout]     --> src/engine.rs:2651:25
[INFO] [stdout]      |
[INFO] [stdout] 2651 |                 panic!("{:?}: Constrained to be both clean and dirty: Inconsistent status => DCG is not well-formed.")
[INFO] [stdout]      |                         ^^^^
[INFO] [stdout]      |
[INFO] [stdout]      = note: `#[warn(non_fmt_panics)]` on by default
[INFO] [stdout]      = note: this message is not used as a format string when given without arguments, but will be in Rust 2021
[INFO] [stdout] help: add the missing argument
[INFO] [stdout]      |
[INFO] [stdout] 2651 |                 panic!("{:?}: Constrained to be both clean and dirty: Inconsistent status => DCG is not well-formed.", ...)
[INFO] [stdout]      |                                                                                                                      ^^^^^
[INFO] [stdout] help: or add a "{}" format string to use the message literally
[INFO] [stdout]      |
[INFO] [stdout] 2651 |                 panic!("{}", "{:?}: Constrained to be both clean and dirty: Inconsistent status => DCG is not well-formed.")
[INFO] [stdout]      |                        ^^^^^
[INFO] [stdout] 
[INFO] [stdout] 
[INFO] [stdout] warning: unused return value of `std::mem::replace` that must be used
[INFO] [stdout]    --> src/engine.rs:985:17
[INFO] [stdout]     |
[INFO] [stdout] 985 |                 replace(&mut node.succs, frame.succs.into_iter().map(|(succ,_)|succ).collect() ) ;
[INFO] [stdout]     |                 ^^^^^^^^^^^^^^^^^^^^^^^^^^^^^^^^^^^^^^^^^^^^^^^^^^^^^^^^^^^^^^^^^^^^^^^^^^^^^^^^^^
[INFO] [stdout]     |
[INFO] [stdout]     = note: `#[warn(unused_must_use)]` on by default
[INFO] [stdout]     = note: if you don't need the old value, you can just assign the new value directly
[INFO] [stdout] 
[INFO] [stdout] 
[INFO] [stdout] warning: unused return value of `std::mem::replace` that must be used
[INFO] [stdout]     --> src/engine.rs:1319:17
[INFO] [stdout]      |
[INFO] [stdout] 1319 |                 replace(&mut succ.dirty, true);
[INFO] [stdout]      |                 ^^^^^^^^^^^^^^^^^^^^^^^^^^^^^^^
[INFO] [stdout]      |
[INFO] [stdout]      = note: if you don't need the old value, you can just assign the new value directly
[INFO] [stdout] 
[INFO] [stdout] 
[INFO] [stdout] warning: unused return value of `std::mem::replace` that must be used
[INFO] [stdout]     --> src/engine.rs:1338:17
[INFO] [stdout]      |
[INFO] [stdout] 1338 |                 replace(&mut succ.dirty, true);
[INFO] [stdout]      |                 ^^^^^^^^^^^^^^^^^^^^^^^^^^^^^^^
[INFO] [stdout]      |
[INFO] [stdout]      = note: if you don't need the old value, you can just assign the new value directly
[INFO] [stdout] 
[INFO] [stdout] 
[INFO] [stdout] warning: unused return value of `std::mem::replace` that must be used
[INFO] [stdout]     --> src/engine.rs:1375:25
[INFO] [stdout]      |
[INFO] [stdout] 1375 |                         replace(&mut nd.val, val) ;
[INFO] [stdout]      |                         ^^^^^^^^^^^^^^^^^^^^^^^^^^^
[INFO] [stdout]      |
[INFO] [stdout]      = note: if you don't need the old value, you can just assign the new value directly
[INFO] [stdout] 
[INFO] [stdout] 
[INFO] [stdout] warning: 22 warnings emitted
[INFO] [stdout] 
[INFO] [stdout] 
[INFO] [stderr]     Finished test [unoptimized + debuginfo] target(s) in 4.76s
[INFO] running `Command { std: "docker" "inspect" "b57f5fbee4f89758dcb52cb48952b87fd7ede33666b51f5299d46d05c639c36b", kill_on_drop: false }`
[INFO] running `Command { std: "docker" "rm" "-f" "b57f5fbee4f89758dcb52cb48952b87fd7ede33666b51f5299d46d05c639c36b", kill_on_drop: false }`
[INFO] [stdout] b57f5fbee4f89758dcb52cb48952b87fd7ede33666b51f5299d46d05c639c36b
[INFO] running `Command { std: "docker" "create" "-v" "/var/lib/crater-agent-workspace/builds/worker-107/target:/opt/rustwide/target:rw,Z" "-v" "/var/lib/crater-agent-workspace/builds/worker-107/source:/opt/rustwide/workdir:ro,Z" "-v" "/var/lib/crater-agent-workspace/cargo-home:/opt/rustwide/cargo-home:ro,Z" "-v" "/var/lib/crater-agent-workspace/rustup-home:/opt/rustwide/rustup-home:ro,Z" "-e" "SOURCE_DIR=/opt/rustwide/workdir" "-e" "CARGO_TARGET_DIR=/opt/rustwide/target" "-e" "CARGO_INCREMENTAL=0" "-e" "RUST_BACKTRACE=full" "-e" "RUSTFLAGS=--cap-lints=warn" "-e" "CARGO_HOME=/opt/rustwide/cargo-home" "-e" "RUSTUP_HOME=/opt/rustwide/rustup-home" "-w" "/opt/rustwide/workdir" "-m" "1610612736" "--user" "0:0" "--network" "none" "ghcr.io/rust-lang/crates-build-env/linux@sha256:34b6a614d2c27851fe6cbf88fbd1137609cefab8b10d0615aaeb6fd47975d74e" "/opt/rustwide/cargo-home/bin/cargo" "+beta-2021-08-01" "test" "--frozen", kill_on_drop: false }`
[INFO] [stdout] 7afd977131e3f88a124814368608f63e50a72778f933930a0434d9e89c01c930
[INFO] running `Command { std: "docker" "start" "-a" "7afd977131e3f88a124814368608f63e50a72778f933930a0434d9e89c01c930", kill_on_drop: false }`
[INFO] [stderr] warning: unused doc comment
[INFO] [stderr]     --> src/engine.rs:263:9
[INFO] [stderr]      |
[INFO] [stderr] 263  |         /// An effect without an extent (without nested effects)
[INFO] [stderr]      |         ^^^^^^^^^^^^^^^^^^^^^^^^^^^^^^^^^^^^^^^^^^^^^^^^^^^^^^^^ rustdoc does not generate documentation for macro invocations
[INFO] [stderr] ...
[INFO] [stderr] 1020 |                 dcg_effect!(reflect::trace::Effect::CleanEdge, Some(loc), succ);
[INFO] [stderr]      |                 ---------------------------------------------------------------- in this macro invocation
[INFO] [stderr]      |
[INFO] [stderr]      = note: `#[warn(unused_doc_comments)]` on by default
[INFO] [stderr]      = help: to document an item produced by a macro, the macro must produce the documentation as part of its expansion
[INFO] [stderr]      = note: this warning originates in the macro `dcg_effect` (in Nightly builds, run with -Z macro-backtrace for more info)
[INFO] [stderr] 
[INFO] [stderr] warning: unused doc comment
[INFO] [stderr]     --> src/engine.rs:263:9
[INFO] [stderr]      |
[INFO] [stderr] 263  |         /// An effect without an extent (without nested effects)
[INFO] [stderr]      |         ^^^^^^^^^^^^^^^^^^^^^^^^^^^^^^^^^^^^^^^^^^^^^^^^^^^^^^^^ rustdoc does not generate documentation for macro invocations
[INFO] [stderr] ...
[INFO] [stderr] 1268 |         dcg_effect!(reflect::trace::Effect::Remove, Some(src), succ);
[INFO] [stderr]      |         ------------------------------------------------------------- in this macro invocation
[INFO] [stderr]      |
[INFO] [stderr]      = help: to document an item produced by a macro, the macro must produce the documentation as part of its expansion
[INFO] [stderr]      = note: this warning originates in the macro `dcg_effect` (in Nightly builds, run with -Z macro-backtrace for more info)
[INFO] [stderr] 
[INFO] [stderr] warning: unused doc comment
[INFO] [stderr]     --> src/engine.rs:263:9
[INFO] [stderr]      |
[INFO] [stderr] 263  |           /// An effect without an extent (without nested effects)
[INFO] [stderr]      |           ^^^^^^^^^^^^^^^^^^^^^^^^^^^^^^^^^^^^^^^^^^^^^^^^^^^^^^^^ rustdoc does not generate documentation for macro invocations
[INFO] [stderr] ...
[INFO] [stderr] 1843 | /                         dcg_effect!(
[INFO] [stderr] 1844 | |                             // TODO-Someday: Reflect the fact that we are doing a mapping here
[INFO] [stderr] 1845 | |                             reflect::trace::Effect::Force(reflect::trace::ForceCase::RefGet),
[INFO] [stderr] 1846 | |                             current_loc!(*g.borrow()),
[INFO] [stderr] ...    |
[INFO] [stderr] 1852 | |                                 is_dup:false,
[INFO] [stderr] 1853 | |                             });
[INFO] [stderr]      | |_______________________________- in this macro invocation
[INFO] [stderr]      |
[INFO] [stderr]      = help: to document an item produced by a macro, the macro must produce the documentation as part of its expansion
[INFO] [stderr]      = note: this warning originates in the macro `dcg_effect` (in Nightly builds, run with -Z macro-backtrace for more info)
[INFO] [stderr] 
[INFO] [stderr] warning: unused doc comment
[INFO] [stderr]     --> src/engine.rs:263:9
[INFO] [stderr]      |
[INFO] [stderr] 263  |           /// An effect without an extent (without nested effects)
[INFO] [stderr]      |           ^^^^^^^^^^^^^^^^^^^^^^^^^^^^^^^^^^^^^^^^^^^^^^^^^^^^^^^^ rustdoc does not generate documentation for macro invocations
[INFO] [stderr] ...
[INFO] [stderr] 1910 | /                         dcg_effect!(
[INFO] [stderr] 1911 | |                             // TODO-Someday: Reflect the fact that we are doing a mapping here
[INFO] [stderr] 1912 | |                             reflect::trace::Effect::Force(reflect::trace::ForceCase::RefGet),
[INFO] [stderr] 1913 | |                             current_loc!(*g.borrow()),
[INFO] [stderr] ...    |
[INFO] [stderr] 1919 | |                                 is_dup:false,
[INFO] [stderr] 1920 | |                             });
[INFO] [stderr]      | |_______________________________- in this macro invocation
[INFO] [stderr]      |
[INFO] [stderr]      = help: to document an item produced by a macro, the macro must produce the documentation as part of its expansion
[INFO] [stderr]      = note: this warning originates in the macro `dcg_effect` (in Nightly builds, run with -Z macro-backtrace for more info)
[INFO] [stderr] 
[INFO] [stderr] warning: unused doc comment
[INFO] [stderr]     --> src/engine.rs:263:9
[INFO] [stderr]      |
[INFO] [stderr] 263  |           /// An effect without an extent (without nested effects)
[INFO] [stderr]      |           ^^^^^^^^^^^^^^^^^^^^^^^^^^^^^^^^^^^^^^^^^^^^^^^^^^^^^^^^ rustdoc does not generate documentation for macro invocations
[INFO] [stderr] ...
[INFO] [stderr] 2056 | /                             dcg_effect!(
[INFO] [stderr] 2057 | |                                 reflect::trace::Effect::Force(reflect::trace::ForceCase::RefGet),
[INFO] [stderr] 2058 | |                                 current_loc!(*g.borrow()),
[INFO] [stderr] 2059 | |                                 reflect::Succ{
[INFO] [stderr] ...    |
[INFO] [stderr] 2064 | |                                     is_dup:is_dup,
[INFO] [stderr] 2065 | |                                 });
[INFO] [stderr]      | |___________________________________- in this macro invocation
[INFO] [stderr]      |
[INFO] [stderr]      = help: to document an item produced by a macro, the macro must produce the documentation as part of its expansion
[INFO] [stderr]      = note: this warning originates in the macro `dcg_effect` (in Nightly builds, run with -Z macro-backtrace for more info)
[INFO] [stderr] 
[INFO] [stderr] warning: unreachable expression
[INFO] [stderr]    --> src/catalog/trie.rs:270:9
[INFO] [stderr]     |
[INFO] [stderr] 269 |         let root_mfn_art = panic!("todo"); //put(Self::root_mfn(nm.clone(), nm_, trie, elt));
[INFO] [stderr]     |                            -------------- any code following this expression is unreachable
[INFO] [stderr] 270 |         Self::name(nm, Self::art(root_mfn_art))
[INFO] [stderr]     |         ^^^^^^^^^^^^^^^^^^^^^^^^^^^^^^^^^^^^^^^ unreachable expression
[INFO] [stderr]     |
[INFO] [stderr]     = note: `#[warn(unreachable_code)]` on by default
[INFO] [stderr] 
[INFO] [stderr] warning: unused variable: `nm`
[INFO] [stderr]    --> src/catalog/trie.rs:267:14
[INFO] [stderr]     |
[INFO] [stderr] 267 |         let (nm, nm_) = name_fork(nm);
[INFO] [stderr]     |              ^^ help: if this is intentional, prefix it with an underscore: `_nm`
[INFO] [stderr]     |
[INFO] [stderr]     = note: `#[warn(unused_variables)]` on by default
[INFO] [stderr] 
[INFO] [stderr] warning: unused variable: `nm_`
[INFO] [stderr]    --> src/catalog/trie.rs:267:18
[INFO] [stderr]     |
[INFO] [stderr] 267 |         let (nm, nm_) = name_fork(nm);
[INFO] [stderr]     |                  ^^^ help: if this is intentional, prefix it with an underscore: `_nm_`
[INFO] [stderr] 
[INFO] [stderr] warning: unused variable: `root_mfn_art`
[INFO] [stderr]    --> src/catalog/trie.rs:269:13
[INFO] [stderr]     |
[INFO] [stderr] 269 |         let root_mfn_art = panic!("todo"); //put(Self::root_mfn(nm.clone(), nm_, trie, elt));
[INFO] [stderr]     |             ^^^^^^^^^^^^ help: if this is intentional, prefix it with an underscore: `_root_mfn_art`
[INFO] [stderr] 
[INFO] [stderr] warning: unused variable: `trie`
[INFO] [stderr]    --> src/catalog/trie.rs:266:25
[INFO] [stderr]     |
[INFO] [stderr] 266 |     fn extend(nm: Name, trie: Self, elt: X) -> Self {
[INFO] [stderr]     |                         ^^^^ help: if this is intentional, prefix it with an underscore: `_trie`
[INFO] [stderr] 
[INFO] [stderr] warning: unused variable: `elt`
[INFO] [stderr]    --> src/catalog/trie.rs:266:37
[INFO] [stderr]     |
[INFO] [stderr] 266 |     fn extend(nm: Name, trie: Self, elt: X) -> Self {
[INFO] [stderr]     |                                     ^^^ help: if this is intentional, prefix it with an underscore: `_elt`
[INFO] [stderr] 
[INFO] [stderr] warning: panic message contains an unused formatting placeholder
[INFO] [stderr]     --> src/engine.rs:2651:25
[INFO] [stderr]      |
[INFO] [stderr] 2651 |                 panic!("{:?}: Constrained to be both clean and dirty: Inconsistent status => DCG is not well-formed.")
[INFO] [stderr]      |                         ^^^^
[INFO] [stderr]      |
[INFO] [stderr]      = note: `#[warn(non_fmt_panics)]` on by default
[INFO] [stderr]      = note: this message is not used as a format string when given without arguments, but will be in Rust 2021
[INFO] [stderr] help: add the missing argument
[INFO] [stderr]      |
[INFO] [stderr] 2651 |                 panic!("{:?}: Constrained to be both clean and dirty: Inconsistent status => DCG is not well-formed.", ...)
[INFO] [stderr]      |                                                                                                                      ^^^^^
[INFO] [stderr] help: or add a "{}" format string to use the message literally
[INFO] [stderr]      |
[INFO] [stderr] 2651 |                 panic!("{}", "{:?}: Constrained to be both clean and dirty: Inconsistent status => DCG is not well-formed.")
[INFO] [stderr]      |                        ^^^^^
[INFO] [stderr] 
[INFO] [stderr] warning: unused return value of `std::mem::replace` that must be used
[INFO] [stderr]    --> src/engine.rs:985:17
[INFO] [stderr]     |
[INFO] [stderr] 985 |                 replace(&mut node.succs, frame.succs.into_iter().map(|(succ,_)|succ).collect() ) ;
[INFO] [stderr]     |                 ^^^^^^^^^^^^^^^^^^^^^^^^^^^^^^^^^^^^^^^^^^^^^^^^^^^^^^^^^^^^^^^^^^^^^^^^^^^^^^^^^^
[INFO] [stderr]     |
[INFO] [stderr]     = note: `#[warn(unused_must_use)]` on by default
[INFO] [stderr]     = note: if you don't need the old value, you can just assign the new value directly
[INFO] [stderr] 
[INFO] [stderr] warning: unused return value of `std::mem::replace` that must be used
[INFO] [stderr]     --> src/engine.rs:1319:17
[INFO] [stderr]      |
[INFO] [stderr] 1319 |                 replace(&mut succ.dirty, true);
[INFO] [stderr]      |                 ^^^^^^^^^^^^^^^^^^^^^^^^^^^^^^^
[INFO] [stderr]      |
[INFO] [stderr]      = note: if you don't need the old value, you can just assign the new value directly
[INFO] [stderr] 
[INFO] [stderr] warning: unused return value of `std::mem::replace` that must be used
[INFO] [stderr]     --> src/engine.rs:1338:17
[INFO] [stderr]      |
[INFO] [stderr] 1338 |                 replace(&mut succ.dirty, true);
[INFO] [stderr]      |                 ^^^^^^^^^^^^^^^^^^^^^^^^^^^^^^^
[INFO] [stderr]      |
[INFO] [stderr]      = note: if you don't need the old value, you can just assign the new value directly
[INFO] [stderr] 
[INFO] [stderr] warning: unused return value of `std::mem::replace` that must be used
[INFO] [stderr]     --> src/engine.rs:1375:25
[INFO] [stderr]      |
[INFO] [stderr] 1375 |                         replace(&mut nd.val, val) ;
[INFO] [stderr]      |                         ^^^^^^^^^^^^^^^^^^^^^^^^^^^
[INFO] [stderr]      |
[INFO] [stderr]      = note: if you don't need the old value, you can just assign the new value directly
[INFO] [stderr] 
[INFO] [stderr] warning: `adapton` (lib) generated 16 warnings
[INFO] [stderr] warning: unnecessary trailing semicolon
[INFO] [stderr]    --> src/macros.rs:875:6
[INFO] [stderr]     |
[INFO] [stderr] 875 |     };
[INFO] [stderr]     |      ^ help: remove this semicolon
[INFO] [stderr]     |
[INFO] [stderr]     = note: `#[warn(redundant_semicolons)]` on by default
[INFO] [stderr] 
[INFO] [stderr] warning: unnecessary trailing semicolon
[INFO] [stderr]     --> src/catalog/collections.rs:1222:4
[INFO] [stderr]      |
[INFO] [stderr] 1222 |   };
[INFO] [stderr]      |    ^ help: remove this semicolon
[INFO] [stderr] 
[INFO] [stderr] warning: unnecessary trailing semicolon
[INFO] [stderr]     --> src/catalog/collections.rs:1230:4
[INFO] [stderr]      |
[INFO] [stderr] 1230 |   };
[INFO] [stderr]      |    ^ help: remove this semicolon
[INFO] [stderr] 
[INFO] [stderr] warning: unnecessary trailing semicolon
[INFO] [stderr]     --> src/catalog/collections.rs:1282:4
[INFO] [stderr]      |
[INFO] [stderr] 1282 |   };
[INFO] [stderr]      |    ^ help: remove this semicolon
[INFO] [stderr] 
[INFO] [stderr] warning: unnecessary trailing semicolon
[INFO] [stderr]     --> src/catalog/collections.rs:1335:4
[INFO] [stderr]      |
[INFO] [stderr] 1335 |   };
[INFO] [stderr]      |    ^ help: remove this semicolon
[INFO] [stderr] 
[INFO] [stderr] warning: function is never used: `explore_rec`
[INFO] [stderr]     --> src/engine.rs:2810:8
[INFO] [stderr]      |
[INFO] [stderr] 2810 |     fn explore_rec(cur_n:usize) -> Vec<usize> {
[INFO] [stderr]      |        ^^^^^^^^^^^
[INFO] [stderr]      |
[INFO] [stderr]      = note: `#[warn(dead_code)]` on by default
[INFO] [stderr] 
[INFO] [stderr] warning: `adapton` (lib test) generated 22 warnings (16 duplicates)
[INFO] [stderr]     Finished test [unoptimized + debuginfo] target(s) in 0.03s
[INFO] [stderr]      Running unittests (/opt/rustwide/target/debug/deps/adapton-f8c17359574d5572)
[INFO] [stdout] 
[INFO] [stdout] running 13 tests
[INFO] [stdout] test catalog::bitstring::test_flip ... ok
[INFO] [stdout] test catalog::bitstring::test_is_set ... ok
[INFO] [stdout] test catalog::bitstring::test_pow ... ok
[INFO] [stdout] test catalog::bitstring::test_prepend ... ok
[INFO] [stdout] test catalog::bitstring::test_shift_left ... ok
[INFO] [stdout] test catalog::collections::test_mergesort1 ... ok
[INFO] [stdout] test catalog::collections::test_mergesort2 ... ok
[INFO] [stdout] test catalog::collections::test_tree_filter ... ok
[INFO] [stdout] test catalog::collections::test_tree_of_list ... ok
[INFO] [stdout] test engine::test_cycles ... ok
[INFO] [stdout] test macros::test_let_cell_let_thunk_macros ... ok
[INFO] [stdout] test macros::test_memo_macros ... ok
[INFO] [stdout] test catalog::collections::test_engine_alternation ... ok
[INFO] [stdout] 
[INFO] [stdout] test result: ok. 13 passed; 0 failed; 0 ignored; 0 measured; 0 filtered out; finished in 0.01s
[INFO] [stdout] 
[INFO] [stderr]      Running tests/countgraph.rs (/opt/rustwide/target/debug/deps/countgraph-da233ec99aa1fd96)
[INFO] [stdout] 
[INFO] [stdout] running 0 tests
[INFO] [stdout] 
[INFO] [stdout] test result: ok. 0 passed; 0 failed; 0 ignored; 0 measured; 0 filtered out; finished in 0.00s
[INFO] [stdout] 
[INFO] [stderr]      Running tests/engine.rs (/opt/rustwide/target/debug/deps/engine-cb0c94fd9430f900)
[INFO] [stdout] 
[INFO] [stdout] running 9 tests
[INFO] [stdout] test engine_api::force_map_cell ... ok
[INFO] [stdout] test engine_api::force_cell ... ok
[INFO] [stdout] test engine_api::force_map_cell_project ... ok
[INFO] [stdout] test engine_api::force_map_thunk ... ok
[INFO] [stdout] test engine_api::force_map_prunes_dirty_traversal ... ok
[INFO] [stdout] test engine_is_from_scratch_consistent::avoid_divide_by_zero ... ok
[INFO] [stdout] test engine_is_from_scratch_consistent::avoid_expensive_subcomp ... ok
[INFO] [stdout] test engine_is_typesafe::engine_dynamic_type_error_as_archivist - should panic ... ok
[INFO] [stdout] test engine_is_typesafe::engine_dynamic_type_error_as_editor - should panic ... ok
[INFO] [stdout] 
[INFO] [stdout] test result: ok. 9 passed; 0 failed; 0 ignored; 0 measured; 0 filtered out; finished in 0.01s
[INFO] [stdout] 
[INFO] [stderr]      Running tests/listedit.rs (/opt/rustwide/target/debug/deps/listedit-6921383ebc3fb274)
[INFO] [stdout] 
[INFO] [stderr]      Running tests/listzipper.rs (/opt/rustwide/target/debug/deps/listzipper-b9e07bcc361e542d)
[INFO] [stdout] running 0 tests
[INFO] [stdout] 
[INFO] [stdout] test result: ok. 0 passed; 0 failed; 0 ignored; 0 measured; 0 filtered out; finished in 0.00s
[INFO] [stdout] 
[INFO] [stdout] 
[INFO] [stdout] running 0 tests
[INFO] [stdout] 
[INFO] [stdout] test result: ok. 0 passed; 0 failed; 0 ignored; 0 measured; 0 filtered out; finished in 0.00s
[INFO] [stdout] 
[INFO] [stderr]      Running tests/purecaching.rs (/opt/rustwide/target/debug/deps/purecaching-491cfd14d4bb370a)
[INFO] [stdout] 
[INFO] [stdout] running 0 tests
[INFO] [stdout] 
[INFO] [stdout] test result: ok. 0 passed; 0 failed; 0 ignored; 0 measured; 0 filtered out; finished in 0.00s
[INFO] [stdout] 
[INFO] [stderr]      Running tests/triesets.rs (/opt/rustwide/target/debug/deps/triesets-45d6a04787628255)
[INFO] [stdout] 
[INFO] [stdout] running 5 tests
[INFO] [stdout] test test_equal ... FAILED
[INFO] [stdout] test test_set_equal ... FAILED
[INFO] [stdout] test test_is_empty ... FAILED
[INFO] [stdout] test test_set ... FAILED
[INFO] [stdout] test test_set_fold ... FAILED
[INFO] [stdout] 
[INFO] [stdout] failures:
[INFO] [stdout] 
[INFO] [stdout] ---- test_equal stdout ----
[INFO] [stdout] thread 'test_equal' panicked at 'todo', /opt/rustwide/workdir/src/catalog/trie.rs:269:28
[INFO] [stdout] stack backtrace:
[INFO] [stdout]    0:     0x560c73d0e550 - std::backtrace_rs::backtrace::libunwind::trace::hff4d1766e93f64f1
[INFO] [stdout]                                at /rustc/53fd98ca776cb875bc9e5514f56b52eb74f9e7a9/library/std/src/../../backtrace/src/backtrace/libunwind.rs:90:5
[INFO] [stdout]    1:     0x560c73d0e550 - std::backtrace_rs::backtrace::trace_unsynchronized::h56bbc8eb78770bcb
[INFO] [stdout]                                at /rustc/53fd98ca776cb875bc9e5514f56b52eb74f9e7a9/library/std/src/../../backtrace/src/backtrace/mod.rs:66:5
[INFO] [stdout]    2:     0x560c73d0e550 - std::sys_common::backtrace::_print_fmt::h5c8e75464faca780
[INFO] [stdout]                                at /rustc/53fd98ca776cb875bc9e5514f56b52eb74f9e7a9/library/std/src/sys_common/backtrace.rs:67:5
[INFO] [stdout]    3:     0x560c73d0e550 - <std::sys_common::backtrace::_print::DisplayBacktrace as core::fmt::Display>::fmt::h48b88277def8b362
[INFO] [stdout]                                at /rustc/53fd98ca776cb875bc9e5514f56b52eb74f9e7a9/library/std/src/sys_common/backtrace.rs:46:22
[INFO] [stdout]    4:     0x560c73d3139c - core::fmt::write::h3381b3176fe2b3d3
[INFO] [stdout]                                at /rustc/53fd98ca776cb875bc9e5514f56b52eb74f9e7a9/library/core/src/fmt/mod.rs:1115:17
[INFO] [stdout]    5:     0x560c73d0b4b5 - std::io::Write::write_fmt::h5f34a676f60246b5
[INFO] [stdout]                                at /rustc/53fd98ca776cb875bc9e5514f56b52eb74f9e7a9/library/std/src/io/mod.rs:1665:15
[INFO] [stdout]    6:     0x560c73d106cb - std::sys_common::backtrace::_print::ha537687d6c17dd0d
[INFO] [stdout]                                at /rustc/53fd98ca776cb875bc9e5514f56b52eb74f9e7a9/library/std/src/sys_common/backtrace.rs:49:5
[INFO] [stdout]    7:     0x560c73d106cb - std::sys_common::backtrace::print::h61376ae57d131d72
[INFO] [stdout]                                at /rustc/53fd98ca776cb875bc9e5514f56b52eb74f9e7a9/library/std/src/sys_common/backtrace.rs:36:9
[INFO] [stdout]    8:     0x560c73d106cb - std::panicking::default_hook::{{closure}}::h0f7208c0b9644a54
[INFO] [stdout]                                at /rustc/53fd98ca776cb875bc9e5514f56b52eb74f9e7a9/library/std/src/panicking.rs:208:50
[INFO] [stdout]    9:     0x560c73d101dc - std::panicking::default_hook::hdac7fc06578c14ce
[INFO] [stdout]                                at /rustc/53fd98ca776cb875bc9e5514f56b52eb74f9e7a9/library/std/src/panicking.rs:222:9
[INFO] [stdout]   10:     0x560c73d10d94 - std::panicking::rust_panic_with_hook::h72b21c283da3d1ef
[INFO] [stdout]                                at /rustc/53fd98ca776cb875bc9e5514f56b52eb74f9e7a9/library/std/src/panicking.rs:622:17
[INFO] [stdout]   11:     0x560c73cea1f3 - std::panicking::begin_panic::{{closure}}::hcca7b5a9dd496d17
[INFO] [stdout]                                at /rustc/53fd98ca776cb875bc9e5514f56b52eb74f9e7a9/library/std/src/panicking.rs:542:9
[INFO] [stdout]   12:     0x560c73ce9ff9 - std::sys_common::backtrace::__rust_end_short_backtrace::h760f7d7dafd02e33
[INFO] [stdout]                                at /rustc/53fd98ca776cb875bc9e5514f56b52eb74f9e7a9/library/std/src/sys_common/backtrace.rs:141:18
[INFO] [stdout]   13:     0x560c73cea129 - std::panicking::begin_panic::h6b02ad127d5cc9f7
[INFO] [stdout]                                at /rustc/53fd98ca776cb875bc9e5514f56b52eb74f9e7a9/library/std/src/panicking.rs:541:12
[INFO] [stdout]   14:     0x560c73c7286e - <adapton::catalog::trie::Trie<X> as adapton::catalog::trie::TrieIntro<X>>::extend::h96dfe17db243e503
[INFO] [stdout]                                at /opt/rustwide/workdir/src/catalog/trie.rs:269:28
[INFO] [stdout]   15:     0x560c73c7295f - <adapton::catalog::trie::Trie<X> as adapton::catalog::trie::TrieIntro<X>>::singleton::hab4ef3cc14bd7b4d
[INFO] [stdout]                                at /opt/rustwide/workdir/src/catalog/trie.rs:263:9
[INFO] [stdout]   16:     0x560c73c5e28c - triesets::test_equal::hfe19e1dd381c2105
[INFO] [stdout]                                at /opt/rustwide/workdir/tests/triesets.rs:26:23
[INFO] [stdout]   17:     0x560c73c5e18a - triesets::test_equal::{{closure}}::hedff2aeb2fbf5778
[INFO] [stdout]                                at /opt/rustwide/workdir/tests/triesets.rs:22:1
[INFO] [stdout]   18:     0x560c73c5ff5e - core::ops::function::FnOnce::call_once::hc12f9a12d6e9e17a
[INFO] [stdout]                                at /rustc/53fd98ca776cb875bc9e5514f56b52eb74f9e7a9/library/core/src/ops/function.rs:227:5
[INFO] [stdout]   19:     0x560c73cb1613 - core::ops::function::FnOnce::call_once::hbb52c4519d3137b0
[INFO] [stdout]                                at /rustc/53fd98ca776cb875bc9e5514f56b52eb74f9e7a9/library/core/src/ops/function.rs:227:5
[INFO] [stdout]   20:     0x560c73cb1613 - test::__rust_begin_short_backtrace::h86fe3a2a5a5121af
[INFO] [stdout]                                at /rustc/53fd98ca776cb875bc9e5514f56b52eb74f9e7a9/library/test/src/lib.rs:578:5
[INFO] [stdout]   21:     0x560c73cb00c8 - <alloc::boxed::Box<F,A> as core::ops::function::FnOnce<Args>>::call_once::hfd956bc3d57399be
[INFO] [stdout]                                at /rustc/53fd98ca776cb875bc9e5514f56b52eb74f9e7a9/library/alloc/src/boxed.rs:1572:9
[INFO] [stdout]   22:     0x560c73cb00c8 - <std::panic::AssertUnwindSafe<F> as core::ops::function::FnOnce<()>>::call_once::h40dc93e0ddb5938a
[INFO] [stdout]                                at /rustc/53fd98ca776cb875bc9e5514f56b52eb74f9e7a9/library/std/src/panic.rs:347:9
[INFO] [stdout]   23:     0x560c73cb00c8 - std::panicking::try::do_call::h90d07750cb47c562
[INFO] [stdout]                                at /rustc/53fd98ca776cb875bc9e5514f56b52eb74f9e7a9/library/std/src/panicking.rs:401:40
[INFO] [stdout]   24:     0x560c73cb00c8 - std::panicking::try::h063c84733ad2a629
[INFO] [stdout]                                at /rustc/53fd98ca776cb875bc9e5514f56b52eb74f9e7a9/library/std/src/panicking.rs:365:19
[INFO] [stdout]   25:     0x560c73cb00c8 - std::panic::catch_unwind::h0c464836a84e7c08
[INFO] [stdout]                                at /rustc/53fd98ca776cb875bc9e5514f56b52eb74f9e7a9/library/std/src/panic.rs:434:14
[INFO] [stdout]   26:     0x560c73cb00c8 - test::run_test_in_process::h5cb06ef620b157fc
[INFO] [stdout]                                at /rustc/53fd98ca776cb875bc9e5514f56b52eb74f9e7a9/library/test/src/lib.rs:601:18
[INFO] [stdout]   27:     0x560c73cb00c8 - test::run_test::run_test_inner::{{closure}}::h76f677f4b93f9828
[INFO] [stdout]                                at /rustc/53fd98ca776cb875bc9e5514f56b52eb74f9e7a9/library/test/src/lib.rs:493:39
[INFO] [stdout]   28:     0x560c73c7e85d - test::run_test::run_test_inner::{{closure}}::h366d01fe04f4d67a
[INFO] [stdout]                                at /rustc/53fd98ca776cb875bc9e5514f56b52eb74f9e7a9/library/test/src/lib.rs:520:37
[INFO] [stdout]   29:     0x560c73c7e85d - std::sys_common::backtrace::__rust_begin_short_backtrace::h7dfa0de4eb395af2
[INFO] [stdout]                                at /rustc/53fd98ca776cb875bc9e5514f56b52eb74f9e7a9/library/std/src/sys_common/backtrace.rs:125:18
[INFO] [stdout]   30:     0x560c73c83028 - std::thread::Builder::spawn_unchecked::{{closure}}::{{closure}}::hf0a74bb58798037f
[INFO] [stdout]                                at /rustc/53fd98ca776cb875bc9e5514f56b52eb74f9e7a9/library/std/src/thread/mod.rs:476:17
[INFO] [stdout]   31:     0x560c73c83028 - <std::panic::AssertUnwindSafe<F> as core::ops::function::FnOnce<()>>::call_once::hb024e854818586ac
[INFO] [stdout]                                at /rustc/53fd98ca776cb875bc9e5514f56b52eb74f9e7a9/library/std/src/panic.rs:347:9
[INFO] [stdout]   32:     0x560c73c83028 - std::panicking::try::do_call::hb2dd9f1d0d48e41d
[INFO] [stdout]                                at /rustc/53fd98ca776cb875bc9e5514f56b52eb74f9e7a9/library/std/src/panicking.rs:401:40
[INFO] [stdout]   33:     0x560c73c83028 - std::panicking::try::h4717ae7bac8b2bf3
[INFO] [stdout]                                at /rustc/53fd98ca776cb875bc9e5514f56b52eb74f9e7a9/library/std/src/panicking.rs:365:19
[INFO] [stdout]   34:     0x560c73c83028 - std::panic::catch_unwind::h0dc8a061326ce8d8
[INFO] [stdout]                                at /rustc/53fd98ca776cb875bc9e5514f56b52eb74f9e7a9/library/std/src/panic.rs:434:14
[INFO] [stdout]   35:     0x560c73c83028 - std::thread::Builder::spawn_unchecked::{{closure}}::haa369e2d6fd00aa1
[INFO] [stdout]                                at /rustc/53fd98ca776cb875bc9e5514f56b52eb74f9e7a9/library/std/src/thread/mod.rs:475:30
[INFO] [stdout]   36:     0x560c73c83028 - core::ops::function::FnOnce::call_once{{vtable.shim}}::h36dcf3de8b056f17
[INFO] [stdout]                                at /rustc/53fd98ca776cb875bc9e5514f56b52eb74f9e7a9/library/core/src/ops/function.rs:227:5
[INFO] [stdout]   37:     0x560c73d15907 - <alloc::boxed::Box<F,A> as core::ops::function::FnOnce<Args>>::call_once::h65c29e4642be2358
[INFO] [stdout]                                at /rustc/53fd98ca776cb875bc9e5514f56b52eb74f9e7a9/library/alloc/src/boxed.rs:1572:9
[INFO] [stdout]   38:     0x560c73d15907 - <alloc::boxed::Box<F,A> as core::ops::function::FnOnce<Args>>::call_once::hd0f8f7fbbd9fffbf
[INFO] [stdout]                                at /rustc/53fd98ca776cb875bc9e5514f56b52eb74f9e7a9/library/alloc/src/boxed.rs:1572:9
[INFO] [stdout]   39:     0x560c73d15907 - std::sys::unix::thread::Thread::new::thread_start::h2fd22fee3ca77b65
[INFO] [stdout]                                at /rustc/53fd98ca776cb875bc9e5514f56b52eb74f9e7a9/library/std/src/sys/unix/thread.rs:74:17
[INFO] [stdout]   40:     0x7fb92031d609 - start_thread
[INFO] [stdout]   41:     0x7fb9200ef293 - clone
[INFO] [stdout]   42:                0x0 - <unknown>
[INFO] [stdout] 
[INFO] [stdout] ---- test_set_equal stdout ----
[INFO] [stdout] thread 'test_set_equal' panicked at 'todo', /opt/rustwide/workdir/src/catalog/trie.rs:269:28
[INFO] [stdout] stack backtrace:
[INFO] [stdout]    0:     0x560c73d0e550 - std::backtrace_rs::backtrace::libunwind::trace::hff4d1766e93f64f1
[INFO] [stdout]                                at /rustc/53fd98ca776cb875bc9e5514f56b52eb74f9e7a9/library/std/src/../../backtrace/src/backtrace/libunwind.rs:90:5
[INFO] [stdout]    1:     0x560c73d0e550 - std::backtrace_rs::backtrace::trace_unsynchronized::h56bbc8eb78770bcb
[INFO] [stdout]                                at /rustc/53fd98ca776cb875bc9e5514f56b52eb74f9e7a9/library/std/src/../../backtrace/src/backtrace/mod.rs:66:5
[INFO] [stdout]    2:     0x560c73d0e550 - std::sys_common::backtrace::_print_fmt::h5c8e75464faca780
[INFO] [stdout]                                at /rustc/53fd98ca776cb875bc9e5514f56b52eb74f9e7a9/library/std/src/sys_common/backtrace.rs:67:5
[INFO] [stdout]    3:     0x560c73d0e550 - <std::sys_common::backtrace::_print::DisplayBacktrace as core::fmt::Display>::fmt::h48b88277def8b362
[INFO] [stdout]                                at /rustc/53fd98ca776cb875bc9e5514f56b52eb74f9e7a9/library/std/src/sys_common/backtrace.rs:46:22
[INFO] [stdout]    4:     0x560c73d3139c - core::fmt::write::h3381b3176fe2b3d3
[INFO] [stdout]                                at /rustc/53fd98ca776cb875bc9e5514f56b52eb74f9e7a9/library/core/src/fmt/mod.rs:1115:17
[INFO] [stdout]    5:     0x560c73d0b4b5 - std::io::Write::write_fmt::h5f34a676f60246b5
[INFO] [stdout]                                at /rustc/53fd98ca776cb875bc9e5514f56b52eb74f9e7a9/library/std/src/io/mod.rs:1665:15
[INFO] [stdout]    6:     0x560c73d106cb - std::sys_common::backtrace::_print::ha537687d6c17dd0d
[INFO] [stdout]                                at /rustc/53fd98ca776cb875bc9e5514f56b52eb74f9e7a9/library/std/src/sys_common/backtrace.rs:49:5
[INFO] [stdout]    7:     0x560c73d106cb - std::sys_common::backtrace::print::h61376ae57d131d72
[INFO] [stdout]                                at /rustc/53fd98ca776cb875bc9e5514f56b52eb74f9e7a9/library/std/src/sys_common/backtrace.rs:36:9
[INFO] [stdout]    8:     0x560c73d106cb - std::panicking::default_hook::{{closure}}::h0f7208c0b9644a54
[INFO] [stdout]                                at /rustc/53fd98ca776cb875bc9e5514f56b52eb74f9e7a9/library/std/src/panicking.rs:208:50
[INFO] [stdout]    9:     0x560c73d101dc - std::panicking::default_hook::hdac7fc06578c14ce
[INFO] [stdout]                                at /rustc/53fd98ca776cb875bc9e5514f56b52eb74f9e7a9/library/std/src/panicking.rs:222:9
[INFO] [stdout]   10:     0x560c73d10d94 - std::panicking::rust_panic_with_hook::h72b21c283da3d1ef
[INFO] [stdout]                                at /rustc/53fd98ca776cb875bc9e5514f56b52eb74f9e7a9/library/std/src/panicking.rs:622:17
[INFO] [stdout]   11:     0x560c73cea1f3 - std::panicking::begin_panic::{{closure}}::hcca7b5a9dd496d17
[INFO] [stdout]                                at /rustc/53fd98ca776cb875bc9e5514f56b52eb74f9e7a9/library/std/src/panicking.rs:542:9
[INFO] [stdout]   12:     0x560c73ce9ff9 - std::sys_common::backtrace::__rust_end_short_backtrace::h760f7d7dafd02e33
[INFO] [stdout]                                at /rustc/53fd98ca776cb875bc9e5514f56b52eb74f9e7a9/library/std/src/sys_common/backtrace.rs:141:18
[INFO] [stdout]   13:     0x560c73cea129 - std::panicking::begin_panic::h6b02ad127d5cc9f7
[INFO] [stdout]                                at /rustc/53fd98ca776cb875bc9e5514f56b52eb74f9e7a9/library/std/src/panicking.rs:541:12
[INFO] [stdout]   14:     0x560c73c7286e - <adapton::catalog::trie::Trie<X> as adapton::catalog::trie::TrieIntro<X>>::extend::h96dfe17db243e503
[INFO] [stdout]                                at /opt/rustwide/workdir/src/catalog/trie.rs:269:28
[INFO] [stdout]   15:     0x560c73c73021 - <Set as adapton::catalog::trie::SetIntro<X>>::add::h5b314ffa55df70b8
[INFO] [stdout]                                at /opt/rustwide/workdir/src/catalog/trie.rs:446:9
[INFO] [stdout]   16:     0x560c73c5ec9e - triesets::test_set_equal::h87b6b122cebe7d75
[INFO] [stdout]                                at /opt/rustwide/workdir/tests/triesets.rs:60:13
[INFO] [stdout]   17:     0x560c73c5ec2a - triesets::test_set_equal::{{closure}}::h3b85a4fabd623956
[INFO] [stdout]                                at /opt/rustwide/workdir/tests/triesets.rs:57:1
[INFO] [stdout]   18:     0x560c73c5fd1e - core::ops::function::FnOnce::call_once::h34ab9f5d6e40ba62
[INFO] [stdout]                                at /rustc/53fd98ca776cb875bc9e5514f56b52eb74f9e7a9/library/core/src/ops/function.rs:227:5
[INFO] [stdout]   19:     0x560c73cb1613 - core::ops::function::FnOnce::call_once::hbb52c4519d3137b0
[INFO] [stdout]                                at /rustc/53fd98ca776cb875bc9e5514f56b52eb74f9e7a9/library/core/src/ops/function.rs:227:5
[INFO] [stdout]   20:     0x560c73cb1613 - test::__rust_begin_short_backtrace::h86fe3a2a5a5121af
[INFO] [stdout]                                at /rustc/53fd98ca776cb875bc9e5514f56b52eb74f9e7a9/library/test/src/lib.rs:578:5
[INFO] [stdout]   21:     0x560c73cb00c8 - <alloc::boxed::Box<F,A> as core::ops::function::FnOnce<Args>>::call_once::hfd956bc3d57399be
[INFO] [stdout]                                at /rustc/53fd98ca776cb875bc9e5514f56b52eb74f9e7a9/library/alloc/src/boxed.rs:1572:9
[INFO] [stdout]   22:     0x560c73cb00c8 - <std::panic::AssertUnwindSafe<F> as core::ops::function::FnOnce<()>>::call_once::h40dc93e0ddb5938a
[INFO] [stdout]                                at /rustc/53fd98ca776cb875bc9e5514f56b52eb74f9e7a9/library/std/src/panic.rs:347:9
[INFO] [stdout]   23:     0x560c73cb00c8 - std::panicking::try::do_call::h90d07750cb47c562
[INFO] [stdout]                                at /rustc/53fd98ca776cb875bc9e5514f56b52eb74f9e7a9/library/std/src/panicking.rs:401:40
[INFO] [stdout]   24:     0x560c73cb00c8 - std::panicking::try::h063c84733ad2a629
[INFO] [stdout]                                at /rustc/53fd98ca776cb875bc9e5514f56b52eb74f9e7a9/library/std/src/panicking.rs:365:19
[INFO] [stdout]   25:     0x560c73cb00c8 - std::panic::catch_unwind::h0c464836a84e7c08
[INFO] [stdout]                                at /rustc/53fd98ca776cb875bc9e5514f56b52eb74f9e7a9/library/std/src/panic.rs:434:14
[INFO] [stdout]   26:     0x560c73cb00c8 - test::run_test_in_process::h5cb06ef620b157fc
[INFO] [stdout]                                at /rustc/53fd98ca776cb875bc9e5514f56b52eb74f9e7a9/library/test/src/lib.rs:601:18
[INFO] [stdout]   27:     0x560c73cb00c8 - test::run_test::run_test_inner::{{closure}}::h76f677f4b93f9828
[INFO] [stdout]                                at /rustc/53fd98ca776cb875bc9e5514f56b52eb74f9e7a9/library/test/src/lib.rs:493:39
[INFO] [stdout]   28:     0x560c73c7e85d - test::run_test::run_test_inner::{{closure}}::h366d01fe04f4d67a
[INFO] [stdout]                                at /rustc/53fd98ca776cb875bc9e5514f56b52eb74f9e7a9/library/test/src/lib.rs:520:37
[INFO] [stdout]   29:     0x560c73c7e85d - std::sys_common::backtrace::__rust_begin_short_backtrace::h7dfa0de4eb395af2
[INFO] [stdout]                                at /rustc/53fd98ca776cb875bc9e5514f56b52eb74f9e7a9/library/std/src/sys_common/backtrace.rs:125:18
[INFO] [stdout]   30:     0x560c73c83028 - std::thread::Builder::spawn_unchecked::{{closure}}::{{closure}}::hf0a74bb58798037f
[INFO] [stdout]                                at /rustc/53fd98ca776cb875bc9e5514f56b52eb74f9e7a9/library/std/src/thread/mod.rs:476:17
[INFO] [stdout]   31:     0x560c73c83028 - <std::panic::AssertUnwindSafe<F> as core::ops::function::FnOnce<()>>::call_once::hb024e854818586ac
[INFO] [stdout]                                at /rustc/53fd98ca776cb875bc9e5514f56b52eb74f9e7a9/library/std/src/panic.rs:347:9
[INFO] [stdout]   32:     0x560c73c83028 - std::panicking::try::do_call::hb2dd9f1d0d48e41d
[INFO] [stdout]                                at /rustc/53fd98ca776cb875bc9e5514f56b52eb74f9e7a9/library/std/src/panicking.rs:401:40
[INFO] [stdout]   33:     0x560c73c83028 - std::panicking::try::h4717ae7bac8b2bf3
[INFO] [stdout]                                at /rustc/53fd98ca776cb875bc9e5514f56b52eb74f9e7a9/library/std/src/panicking.rs:365:19
[INFO] [stdout]   34:     0x560c73c83028 - std::panic::catch_unwind::h0dc8a061326ce8d8
[INFO] [stdout]                                at /rustc/53fd98ca776cb875bc9e5514f56b52eb74f9e7a9/library/std/src/panic.rs:434:14
[INFO] [stdout]   35:     0x560c73c83028 - std::thread::Builder::spawn_unchecked::{{closure}}::haa369e2d6fd00aa1
[INFO] [stdout]                                at /rustc/53fd98ca776cb875bc9e5514f56b52eb74f9e7a9/library/std/src/thread/mod.rs:475:30
[INFO] [stdout]   36:     0x560c73c83028 - core::ops::function::FnOnce::call_once{{vtable.shim}}::h36dcf3de8b056f17
[INFO] [stdout]                                at /rustc/53fd98ca776cb875bc9e5514f56b52eb74f9e7a9/library/core/src/ops/function.rs:227:5
[INFO] [stdout]   37:     0x560c73d15907 - <alloc::boxed::Box<F,A> as core::ops::function::FnOnce<Args>>::call_once::h65c29e4642be2358
[INFO] [stdout]                                at /rustc/53fd98ca776cb875bc9e5514f56b52eb74f9e7a9/library/alloc/src/boxed.rs:1572:9
[INFO] [stdout]   38:     0x560c73d15907 - <alloc::boxed::Box<F,A> as core::ops::function::FnOnce<Args>>::call_once::hd0f8f7fbbd9fffbf
[INFO] [stdout]                                at /rustc/53fd98ca776cb875bc9e5514f56b52eb74f9e7a9/library/alloc/src/boxed.rs:1572:9
[INFO] [stdout]   39:     0x560c73d15907 - std::sys::unix::thread::Thread::new::thread_start::h2fd22fee3ca77b65
[INFO] [stdout]                                at /rustc/53fd98ca776cb875bc9e5514f56b52eb74f9e7a9/library/std/src/sys/unix/thread.rs:74:17
[INFO] [stdout]   40:     0x7fb92031d609 - start_thread
[INFO] [stdout]   41:     0x7fb9200ef293 - clone
[INFO] [stdout]   42:                0x0 - <unknown>
[INFO] [stdout] 
[INFO] [stdout] ---- test_is_empty stdout ----
[INFO] [stdout] thread 'test_is_empty' panicked at 'todo', /opt/rustwide/workdir/src/catalog/trie.rs:269:28
[INFO] [stdout] stack backtrace:
[INFO] [stdout]    0:     0x560c73d0e550 - std::backtrace_rs::backtrace::libunwind::trace::hff4d1766e93f64f1
[INFO] [stdout]                                at /rustc/53fd98ca776cb875bc9e5514f56b52eb74f9e7a9/library/std/src/../../backtrace/src/backtrace/libunwind.rs:90:5
[INFO] [stdout]    1:     0x560c73d0e550 - std::backtrace_rs::backtrace::trace_unsynchronized::h56bbc8eb78770bcb
[INFO] [stdout]                                at /rustc/53fd98ca776cb875bc9e5514f56b52eb74f9e7a9/library/std/src/../../backtrace/src/backtrace/mod.rs:66:5
[INFO] [stdout]    2:     0x560c73d0e550 - std::sys_common::backtrace::_print_fmt::h5c8e75464faca780
[INFO] [stdout]                                at /rustc/53fd98ca776cb875bc9e5514f56b52eb74f9e7a9/library/std/src/sys_common/backtrace.rs:67:5
[INFO] [stdout]    3:     0x560c73d0e550 - <std::sys_common::backtrace::_print::DisplayBacktrace as core::fmt::Display>::fmt::h48b88277def8b362
[INFO] [stdout]                                at /rustc/53fd98ca776cb875bc9e5514f56b52eb74f9e7a9/library/std/src/sys_common/backtrace.rs:46:22
[INFO] [stdout]    4:     0x560c73d3139c - core::fmt::write::h3381b3176fe2b3d3
[INFO] [stdout]                                at /rustc/53fd98ca776cb875bc9e5514f56b52eb74f9e7a9/library/core/src/fmt/mod.rs:1115:17
[INFO] [stdout]    5:     0x560c73d0b4b5 - std::io::Write::write_fmt::h5f34a676f60246b5
[INFO] [stdout]                                at /rustc/53fd98ca776cb875bc9e5514f56b52eb74f9e7a9/library/std/src/io/mod.rs:1665:15
[INFO] [stdout]    6:     0x560c73d106cb - std::sys_common::backtrace::_print::ha537687d6c17dd0d
[INFO] [stdout]                                at /rustc/53fd98ca776cb875bc9e5514f56b52eb74f9e7a9/library/std/src/sys_common/backtrace.rs:49:5
[INFO] [stdout]    7:     0x560c73d106cb - std::sys_common::backtrace::print::h61376ae57d131d72
[INFO] [stdout]                                at /rustc/53fd98ca776cb875bc9e5514f56b52eb74f9e7a9/library/std/src/sys_common/backtrace.rs:36:9
[INFO] [stdout]    8:     0x560c73d106cb - std::panicking::default_hook::{{closure}}::h0f7208c0b9644a54
[INFO] [stdout]                                at /rustc/53fd98ca776cb875bc9e5514f56b52eb74f9e7a9/library/std/src/panicking.rs:208:50
[INFO] [stdout]    9:     0x560c73d101dc - std::panicking::default_hook::hdac7fc06578c14ce
[INFO] [stdout]                                at /rustc/53fd98ca776cb875bc9e5514f56b52eb74f9e7a9/library/std/src/panicking.rs:222:9
[INFO] [stdout]   10:     0x560c73d10d94 - std::panicking::rust_panic_with_hook::h72b21c283da3d1ef
[INFO] [stdout]                                at /rustc/53fd98ca776cb875bc9e5514f56b52eb74f9e7a9/library/std/src/panicking.rs:622:17
[INFO] [stdout]   11:     0x560c73cea1f3 - std::panicking::begin_panic::{{closure}}::hcca7b5a9dd496d17
[INFO] [stdout]                                at /rustc/53fd98ca776cb875bc9e5514f56b52eb74f9e7a9/library/std/src/panicking.rs:542:9
[INFO] [stdout]   12:     0x560c73ce9ff9 - std::sys_common::backtrace::__rust_end_short_backtrace::h760f7d7dafd02e33
[INFO] [stdout]                                at /rustc/53fd98ca776cb875bc9e5514f56b52eb74f9e7a9/library/std/src/sys_common/backtrace.rs:141:18
[INFO] [stdout]   13:     0x560c73cea129 - std::panicking::begin_panic::h6b02ad127d5cc9f7
[INFO] [stdout]                                at /rustc/53fd98ca776cb875bc9e5514f56b52eb74f9e7a9/library/std/src/panicking.rs:541:12
[INFO] [stdout]   14:     0x560c73c7286e - <adapton::catalog::trie::Trie<X> as adapton::catalog::trie::TrieIntro<X>>::extend::h96dfe17db243e503
[INFO] [stdout]                                at /opt/rustwide/workdir/src/catalog/trie.rs:269:28
[INFO] [stdout]   15:     0x560c73c7295f - <adapton::catalog::trie::Trie<X> as adapton::catalog::trie::TrieIntro<X>>::singleton::hab4ef3cc14bd7b4d
[INFO] [stdout]                                at /opt/rustwide/workdir/src/catalog/trie.rs:263:9
[INFO] [stdout]   16:     0x560c73c5df19 - triesets::test_is_empty::hb77656063284d784
[INFO] [stdout]                                at /opt/rustwide/workdir/tests/triesets.rs:13:21
[INFO] [stdout]   17:     0x560c73c5de3a - triesets::test_is_empty::{{closure}}::h2216dea80f17adf3
[INFO] [stdout]                                at /opt/rustwide/workdir/tests/triesets.rs:9:1
[INFO] [stdout]   18:     0x560c73c5ffde - core::ops::function::FnOnce::call_once::hddc4b891aca0bb10
[INFO] [stdout]                                at /rustc/53fd98ca776cb875bc9e5514f56b52eb74f9e7a9/library/core/src/ops/function.rs:227:5
[INFO] [stdout]   19:     0x560c73cb1613 - core::ops::function::FnOnce::call_once::hbb52c4519d3137b0
[INFO] [stdout]                                at /rustc/53fd98ca776cb875bc9e5514f56b52eb74f9e7a9/library/core/src/ops/function.rs:227:5
[INFO] [stdout]   20:     0x560c73cb1613 - test::__rust_begin_short_backtrace::h86fe3a2a5a5121af
[INFO] [stdout]                                at /rustc/53fd98ca776cb875bc9e5514f56b52eb74f9e7a9/library/test/src/lib.rs:578:5
[INFO] [stdout]   21:     0x560c73cb00c8 - <alloc::boxed::Box<F,A> as core::ops::function::FnOnce<Args>>::call_once::hfd956bc3d57399be
[INFO] [stdout]                                at /rustc/53fd98ca776cb875bc9e5514f56b52eb74f9e7a9/library/alloc/src/boxed.rs:1572:9
[INFO] [stdout]   22:     0x560c73cb00c8 - <std::panic::AssertUnwindSafe<F> as core::ops::function::FnOnce<()>>::call_once::h40dc93e0ddb5938a
[INFO] [stdout]                                at /rustc/53fd98ca776cb875bc9e5514f56b52eb74f9e7a9/library/std/src/panic.rs:347:9
[INFO] [stdout]   23:     0x560c73cb00c8 - std::panicking::try::do_call::h90d07750cb47c562
[INFO] [stdout]                                at /rustc/53fd98ca776cb875bc9e5514f56b52eb74f9e7a9/library/std/src/panicking.rs:401:40
[INFO] [stdout]   24:     0x560c73cb00c8 - std::panicking::try::h063c84733ad2a629
[INFO] [stdout]                                at /rustc/53fd98ca776cb875bc9e5514f56b52eb74f9e7a9/library/std/src/panicking.rs:365:19
[INFO] [stdout]   25:     0x560c73cb00c8 - std::panic::catch_unwind::h0c464836a84e7c08
[INFO] [stdout]                                at /rustc/53fd98ca776cb875bc9e5514f56b52eb74f9e7a9/library/std/src/panic.rs:434:14
[INFO] [stdout]   26:     0x560c73cb00c8 - test::run_test_in_process::h5cb06ef620b157fc
[INFO] [stdout]                                at /rustc/53fd98ca776cb875bc9e5514f56b52eb74f9e7a9/library/test/src/lib.rs:601:18
[INFO] [stdout]   27:     0x560c73cb00c8 - test::run_test::run_test_inner::{{closure}}::h76f677f4b93f9828
[INFO] [stdout]                                at /rustc/53fd98ca776cb875bc9e5514f56b52eb74f9e7a9/library/test/src/lib.rs:493:39
[INFO] [stdout]   28:     0x560c73c7e85d - test::run_test::run_test_inner::{{closure}}::h366d01fe04f4d67a
[INFO] [stdout]                                at /rustc/53fd98ca776cb875bc9e5514f56b52eb74f9e7a9/library/test/src/lib.rs:520:37
[INFO] [stdout]   29:     0x560c73c7e85d - std::sys_common::backtrace::__rust_begin_short_backtrace::h7dfa0de4eb395af2
[INFO] [stdout]                                at /rustc/53fd98ca776cb875bc9e5514f56b52eb74f9e7a9/library/std/src/sys_common/backtrace.rs:125:18
[INFO] [stdout]   30:     0x560c73c83028 - std::thread::Builder::spawn_unchecked::{{closure}}::{{closure}}::hf0a74bb58798037f
[INFO] [stdout]                                at /rustc/53fd98ca776cb875bc9e5514f56b52eb74f9e7a9/library/std/src/thread/mod.rs:476:17
[INFO] [stdout]   31:     0x560c73c83028 - <std::panic::AssertUnwindSafe<F> as core::ops::function::FnOnce<()>>::call_once::hb024e854818586ac
[INFO] [stdout]                                at /rustc/53fd98ca776cb875bc9e5514f56b52eb74f9e7a9/library/std/src/panic.rs:347:9
[INFO] [stdout]   32:     0x560c73c83028 - std::panicking::try::do_call::hb2dd9f1d0d48e41d
[INFO] [stdout]                                at /rustc/53fd98ca776cb875bc9e5514f56b52eb74f9e7a9/library/std/src/panicking.rs:401:40
[INFO] [stdout]   33:     0x560c73c83028 - std::panicking::try::h4717ae7bac8b2bf3
[INFO] [stdout]                                at /rustc/53fd98ca776cb875bc9e5514f56b52eb74f9e7a9/library/std/src/panicking.rs:365:19
[INFO] [stdout]   34:     0x560c73c83028 - std::panic::catch_unwind::h0dc8a061326ce8d8
[INFO] [stdout]                                at /rustc/53fd98ca776cb875bc9e5514f56b52eb74f9e7a9/library/std/src/panic.rs:434:14
[INFO] [stdout]   35:     0x560c73c83028 - std::thread::Builder::spawn_unchecked::{{closure}}::haa369e2d6fd00aa1
[INFO] [stdout]                                at /rustc/53fd98ca776cb875bc9e5514f56b52eb74f9e7a9/library/std/src/thread/mod.rs:475:30
[INFO] [stdout]   36:     0x560c73c83028 - core::ops::function::FnOnce::call_once{{vtable.shim}}::h36dcf3de8b056f17
[INFO] [stdout]                                at /rustc/53fd98ca776cb875bc9e5514f56b52eb74f9e7a9/library/core/src/ops/function.rs:227:5
[INFO] [stdout]   37:     0x560c73d15907 - <alloc::boxed::Box<F,A> as core::ops::function::FnOnce<Args>>::call_once::h65c29e4642be2358
[INFO] [stdout]                                at /rustc/53fd98ca776cb875bc9e5514f56b52eb74f9e7a9/library/alloc/src/boxed.rs:1572:9
[INFO] [stdout]   38:     0x560c73d15907 - <alloc::boxed::Box<F,A> as core::ops::function::FnOnce<Args>>::call_once::hd0f8f7fbbd9fffbf
[INFO] [stdout]                                at /rustc/53fd98ca776cb875bc9e5514f56b52eb74f9e7a9/library/alloc/src/boxed.rs:1572:9
[INFO] [stdout]   39:     0x560c73d15907 - std::sys::unix::thread::Thread::new::thread_start::h2fd22fee3ca77b65
[INFO] [stdout]                                at /rustc/53fd98ca776cb875bc9e5514f56b52eb74f9e7a9/library/std/src/sys/unix/thread.rs:74:17
[INFO] [stdout]   40:     0x7fb92031d609 - start_thread
[INFO] [stdout]   41:     0x7fb9200ef293 - clone
[INFO] [stdout]   42:                0x0 - <unknown>
[INFO] [stdout] 
[INFO] [stdout] ---- test_set stdout ----
[INFO] [stdout] thread 'test_set' panicked at 'todo', /opt/rustwide/workdir/src/catalog/trie.rs:269:28
[INFO] [stdout] stack backtrace:
[INFO] [stdout]    0:     0x560c73d0e550 - std::backtrace_rs::backtrace::libunwind::trace::hff4d1766e93f64f1
[INFO] [stdout]                                at /rustc/53fd98ca776cb875bc9e5514f56b52eb74f9e7a9/library/std/src/../../backtrace/src/backtrace/libunwind.rs:90:5
[INFO] [stdout]    1:     0x560c73d0e550 - std::backtrace_rs::backtrace::trace_unsynchronized::h56bbc8eb78770bcb
[INFO] [stdout]                                at /rustc/53fd98ca776cb875bc9e5514f56b52eb74f9e7a9/library/std/src/../../backtrace/src/backtrace/mod.rs:66:5
[INFO] [stdout]    2:     0x560c73d0e550 - std::sys_common::backtrace::_print_fmt::h5c8e75464faca780
[INFO] [stdout]                                at /rustc/53fd98ca776cb875bc9e5514f56b52eb74f9e7a9/library/std/src/sys_common/backtrace.rs:67:5
[INFO] [stdout]    3:     0x560c73d0e550 - <std::sys_common::backtrace::_print::DisplayBacktrace as core::fmt::Display>::fmt::h48b88277def8b362
[INFO] [stdout]                                at /rustc/53fd98ca776cb875bc9e5514f56b52eb74f9e7a9/library/std/src/sys_common/backtrace.rs:46:22
[INFO] [stdout]    4:     0x560c73d3139c - core::fmt::write::h3381b3176fe2b3d3
[INFO] [stdout]                                at /rustc/53fd98ca776cb875bc9e5514f56b52eb74f9e7a9/library/core/src/fmt/mod.rs:1115:17
[INFO] [stdout]    5:     0x560c73d0b4b5 - std::io::Write::write_fmt::h5f34a676f60246b5
[INFO] [stdout]                                at /rustc/53fd98ca776cb875bc9e5514f56b52eb74f9e7a9/library/std/src/io/mod.rs:1665:15
[INFO] [stdout]    6:     0x560c73d106cb - std::sys_common::backtrace::_print::ha537687d6c17dd0d
[INFO] [stdout]                                at /rustc/53fd98ca776cb875bc9e5514f56b52eb74f9e7a9/library/std/src/sys_common/backtrace.rs:49:5
[INFO] [stdout]    7:     0x560c73d106cb - std::sys_common::backtrace::print::h61376ae57d131d72
[INFO] [stdout]                                at /rustc/53fd98ca776cb875bc9e5514f56b52eb74f9e7a9/library/std/src/sys_common/backtrace.rs:36:9
[INFO] [stdout]    8:     0x560c73d106cb - std::panicking::default_hook::{{closure}}::h0f7208c0b9644a54
[INFO] [stdout]                                at /rustc/53fd98ca776cb875bc9e5514f56b52eb74f9e7a9/library/std/src/panicking.rs:208:50
[INFO] [stdout]    9:     0x560c73d101dc - std::panicking::default_hook::hdac7fc06578c14ce
[INFO] [stdout]                                at /rustc/53fd98ca776cb875bc9e5514f56b52eb74f9e7a9/library/std/src/panicking.rs:222:9
[INFO] [stdout]   10:     0x560c73d10d94 - std::panicking::rust_panic_with_hook::h72b21c283da3d1ef
[INFO] [stdout]                                at /rustc/53fd98ca776cb875bc9e5514f56b52eb74f9e7a9/library/std/src/panicking.rs:622:17
[INFO] [stdout]   11:     0x560c73cea1f3 - std::panicking::begin_panic::{{closure}}::hcca7b5a9dd496d17
[INFO] [stdout]                                at /rustc/53fd98ca776cb875bc9e5514f56b52eb74f9e7a9/library/std/src/panicking.rs:542:9
[INFO] [stdout]   12:     0x560c73ce9ff9 - std::sys_common::backtrace::__rust_end_short_backtrace::h760f7d7dafd02e33
[INFO] [stdout]                                at /rustc/53fd98ca776cb875bc9e5514f56b52eb74f9e7a9/library/std/src/sys_common/backtrace.rs:141:18
[INFO] [stdout]   13:     0x560c73cea129 - std::panicking::begin_panic::h6b02ad127d5cc9f7
[INFO] [stdout]                                at /rustc/53fd98ca776cb875bc9e5514f56b52eb74f9e7a9/library/std/src/panicking.rs:541:12
[INFO] [stdout]   14:     0x560c73c7286e - <adapton::catalog::trie::Trie<X> as adapton::catalog::trie::TrieIntro<X>>::extend::h96dfe17db243e503
[INFO] [stdout]                                at /opt/rustwide/workdir/src/catalog/trie.rs:269:28
[INFO] [stdout]   15:     0x560c73c73021 - <Set as adapton::catalog::trie::SetIntro<X>>::add::h5b314ffa55df70b8
[INFO] [stdout]                                at /opt/rustwide/workdir/src/catalog/trie.rs:446:9
[INFO] [stdout]   16:     0x560c73c5e9d7 - triesets::test_set::h90f738ff3a8a243a
[INFO] [stdout]                                at /opt/rustwide/workdir/tests/triesets.rs:46:13
[INFO] [stdout]   17:     0x560c73c5e89a - triesets::test_set::{{closure}}::h6a63de1c5c47be90
[INFO] [stdout]                                at /opt/rustwide/workdir/tests/triesets.rs:41:1
[INFO] [stdout]   18:     0x560c73c5ff9e - core::ops::function::FnOnce::call_once::hc17a9c60fd6d14b6
[INFO] [stdout]                                at /rustc/53fd98ca776cb875bc9e5514f56b52eb74f9e7a9/library/core/src/ops/function.rs:227:5
[INFO] [stdout]   19:     0x560c73cb1613 - core::ops::function::FnOnce::call_once::hbb52c4519d3137b0
[INFO] [stdout]                                at /rustc/53fd98ca776cb875bc9e5514f56b52eb74f9e7a9/library/core/src/ops/function.rs:227:5
[INFO] [stdout]   20:     0x560c73cb1613 - test::__rust_begin_short_backtrace::h86fe3a2a5a5121af
[INFO] [stdout]                                at /rustc/53fd98ca776cb875bc9e5514f56b52eb74f9e7a9/library/test/src/lib.rs:578:5
[INFO] [stdout]   21:     0x560c73cb00c8 - <alloc::boxed::Box<F,A> as core::ops::function::FnOnce<Args>>::call_once::hfd956bc3d57399be
[INFO] [stdout]                                at /rustc/53fd98ca776cb875bc9e5514f56b52eb74f9e7a9/library/alloc/src/boxed.rs:1572:9
[INFO] [stdout]   22:     0x560c73cb00c8 - <std::panic::AssertUnwindSafe<F> as core::ops::function::FnOnce<()>>::call_once::h40dc93e0ddb5938a
[INFO] [stdout]                                at /rustc/53fd98ca776cb875bc9e5514f56b52eb74f9e7a9/library/std/src/panic.rs:347:9
[INFO] [stdout]   23:     0x560c73cb00c8 - std::panicking::try::do_call::h90d07750cb47c562
[INFO] [stdout]                                at /rustc/53fd98ca776cb875bc9e5514f56b52eb74f9e7a9/library/std/src/panicking.rs:401:40
[INFO] [stdout]   24:     0x560c73cb00c8 - std::panicking::try::h063c84733ad2a629
[INFO] [stdout]                                at /rustc/53fd98ca776cb875bc9e5514f56b52eb74f9e7a9/library/std/src/panicking.rs:365:19
[INFO] [stdout]   25:     0x560c73cb00c8 - std::panic::catch_unwind::h0c464836a84e7c08
[INFO] [stdout]                                at /rustc/53fd98ca776cb875bc9e5514f56b52eb74f9e7a9/library/std/src/panic.rs:434:14
[INFO] [stdout]   26:     0x560c73cb00c8 - test::run_test_in_process::h5cb06ef620b157fc
[INFO] [stdout]                                at /rustc/53fd98ca776cb875bc9e5514f56b52eb74f9e7a9/library/test/src/lib.rs:601:18
[INFO] [stdout]   27:     0x560c73cb00c8 - test::run_test::run_test_inner::{{closure}}::h76f677f4b93f9828
[INFO] [stdout]                                at /rustc/53fd98ca776cb875bc9e5514f56b52eb74f9e7a9/library/test/src/lib.rs:493:39
[INFO] [stdout]   28:     0x560c73c7e85d - test::run_test::run_test_inner::{{closure}}::h366d01fe04f4d67a
[INFO] [stdout]                                at /rustc/53fd98ca776cb875bc9e5514f56b52eb74f9e7a9/library/test/src/lib.rs:520:37
[INFO] [stdout]   29:     0x560c73c7e85d - std::sys_common::backtrace::__rust_begin_short_backtrace::h7dfa0de4eb395af2
[INFO] [stdout]                                at /rustc/53fd98ca776cb875bc9e5514f56b52eb74f9e7a9/library/std/src/sys_common/backtrace.rs:125:18
[INFO] [stdout]   30:     0x560c73c83028 - std::thread::Builder::spawn_unchecked::{{closure}}::{{closure}}::hf0a74bb58798037f
[INFO] [stdout]                                at /rustc/53fd98ca776cb875bc9e5514f56b52eb74f9e7a9/library/std/src/thread/mod.rs:476:17
[INFO] [stdout]   31:     0x560c73c83028 - <std::panic::AssertUnwindSafe<F> as core::ops::function::FnOnce<()>>::call_once::hb024e854818586ac
[INFO] [stdout]                                at /rustc/53fd98ca776cb875bc9e5514f56b52eb74f9e7a9/library/std/src/panic.rs:347:9
[INFO] [stdout]   32:     0x560c73c83028 - std::panicking::try::do_call::hb2dd9f1d0d48e41d
[INFO] [stdout]                                at /rustc/53fd98ca776cb875bc9e5514f56b52eb74f9e7a9/library/std/src/panicking.rs:401:40
[INFO] [stdout]   33:     0x560c73c83028 - std::panicking::try::h4717ae7bac8b2bf3
[INFO] [stdout]                                at /rustc/53fd98ca776cb875bc9e5514f56b52eb74f9e7a9/library/std/src/panicking.rs:365:19
[INFO] [stdout]   34:     0x560c73c83028 - std::panic::catch_unwind::h0dc8a061326ce8d8
[INFO] [stdout]                                at /rustc/53fd98ca776cb875bc9e5514f56b52eb74f9e7a9/library/std/src/panic.rs:434:14
[INFO] [stdout]   35:     0x560c73c83028 - std::thread::Builder::spawn_unchecked::{{closure}}::haa369e2d6fd00aa1
[INFO] [stdout]                                at /rustc/53fd98ca776cb875bc9e5514f56b52eb74f9e7a9/library/std/src/thread/mod.rs:475:30
[INFO] [stdout]   36:     0x560c73c83028 - core::ops::function::FnOnce::call_once{{vtable.shim}}::h36dcf3de8b056f17
[INFO] [stdout]                                at /rustc/53fd98ca776cb875bc9e5514f56b52eb74f9e7a9/library/core/src/ops/function.rs:227:5
[INFO] [stdout]   37:     0x560c73d15907 - <alloc::boxed::Box<F,A> as core::ops::function::FnOnce<Args>>::call_once::h65c29e4642be2358
[INFO] [stdout]                                at /rustc/53fd98ca776cb875bc9e5514f56b52eb74f9e7a9/library/alloc/src/boxed.rs:1572:9
[INFO] [stdout]   38:     0x560c73d15907 - <alloc::boxed::Box<F,A> as core::ops::function::FnOnce<Args>>::call_once::hd0f8f7fbbd9fffbf
[INFO] [stdout]                                at /rustc/53fd98ca776cb875bc9e5514f56b52eb74f9e7a9/library/alloc/src/boxed.rs:1572:9
[INFO] [stdout]   39:     0x560c73d15907 - std::sys::unix::thread::Thread::new::thread_start::h2fd22fee3ca77b65
[INFO] [stdout]                                at /rustc/53fd98ca776cb875bc9e5514f56b52eb74f9e7a9/library/std/src/sys/unix/thread.rs:74:17
[INFO] [stdout]   40:     0x7fb92031d609 - start_thread
[INFO] [stdout]   41:     0x7fb9200ef293 - clone
[INFO] [stdout]   42:                0x0 - <unknown>
[INFO] [stdout] 
[INFO] [stdout] ---- test_set_fold stdout ----
[INFO] [stdout] thread 'test_set_fold' panicked at 'todo', /opt/rustwide/workdir/src/catalog/trie.rs:269:28
[INFO] [stdout] stack backtrace:
[INFO] [stdout]    0:     0x560c73d0e550 - std::backtrace_rs::backtrace::libunwind::trace::hff4d1766e93f64f1
[INFO] [stdout]                                at /rustc/53fd98ca776cb875bc9e5514f56b52eb74f9e7a9/library/std/src/../../backtrace/src/backtrace/libunwind.rs:90:5
[INFO] [stdout]    1:     0x560c73d0e550 - std::backtrace_rs::backtrace::trace_unsynchronized::h56bbc8eb78770bcb
[INFO] [stdout]                                at /rustc/53fd98ca776cb875bc9e5514f56b52eb74f9e7a9/library/std/src/../../backtrace/src/backtrace/mod.rs:66:5
[INFO] [stdout]    2:     0x560c73d0e550 - std::sys_common::backtrace::_print_fmt::h5c8e75464faca780
[INFO] [stdout]                                at /rustc/53fd98ca776cb875bc9e5514f56b52eb74f9e7a9/library/std/src/sys_common/backtrace.rs:67:5
[INFO] [stdout]    3:     0x560c73d0e550 - <std::sys_common::backtrace::_print::DisplayBacktrace as core::fmt::Display>::fmt::h48b88277def8b362
[INFO] [stdout]                                at /rustc/53fd98ca776cb875bc9e5514f56b52eb74f9e7a9/library/std/src/sys_common/backtrace.rs:46:22
[INFO] [stdout]    4:     0x560c73d3139c - core::fmt::write::h3381b3176fe2b3d3
[INFO] [stdout]                                at /rustc/53fd98ca776cb875bc9e5514f56b52eb74f9e7a9/library/core/src/fmt/mod.rs:1115:17
[INFO] [stdout]    5:     0x560c73d0b4b5 - std::io::Write::write_fmt::h5f34a676f60246b5
[INFO] [stdout]                                at /rustc/53fd98ca776cb875bc9e5514f56b52eb74f9e7a9/library/std/src/io/mod.rs:1665:15
[INFO] [stdout]    6:     0x560c73d106cb - std::sys_common::backtrace::_print::ha537687d6c17dd0d
[INFO] [stdout]                                at /rustc/53fd98ca776cb875bc9e5514f56b52eb74f9e7a9/library/std/src/sys_common/backtrace.rs:49:5
[INFO] [stdout]    7:     0x560c73d106cb - std::sys_common::backtrace::print::h61376ae57d131d72
[INFO] [stdout]                                at /rustc/53fd98ca776cb875bc9e5514f56b52eb74f9e7a9/library/std/src/sys_common/backtrace.rs:36:9
[INFO] [stderr] error: test failed, to rerun pass '--test triesets'
[INFO] [stdout]    8:     0x560c73d106cb - std::panicking::default_hook::{{closure}}::h0f7208c0b9644a54
[INFO] [stdout]                                at /rustc/53fd98ca776cb875bc9e5514f56b52eb74f9e7a9/library/std/src/panicking.rs:208:50
[INFO] [stdout]    9:     0x560c73d101dc - std::panicking::default_hook::hdac7fc06578c14ce
[INFO] [stdout]                                at /rustc/53fd98ca776cb875bc9e5514f56b52eb74f9e7a9/library/std/src/panicking.rs:222:9
[INFO] [stdout]   10:     0x560c73d10d94 - std::panicking::rust_panic_with_hook::h72b21c283da3d1ef
[INFO] [stdout]                                at /rustc/53fd98ca776cb875bc9e5514f56b52eb74f9e7a9/library/std/src/panicking.rs:622:17
[INFO] [stdout]   11:     0x560c73cea1f3 - std::panicking::begin_panic::{{closure}}::hcca7b5a9dd496d17
[INFO] [stdout]                                at /rustc/53fd98ca776cb875bc9e5514f56b52eb74f9e7a9/library/std/src/panicking.rs:542:9
[INFO] [stdout]   12:     0x560c73ce9ff9 - std::sys_common::backtrace::__rust_end_short_backtrace::h760f7d7dafd02e33
[INFO] [stdout]                                at /rustc/53fd98ca776cb875bc9e5514f56b52eb74f9e7a9/library/std/src/sys_common/backtrace.rs:141:18
[INFO] [stdout]   13:     0x560c73cea129 - std::panicking::begin_panic::h6b02ad127d5cc9f7
[INFO] [stdout]                                at /rustc/53fd98ca776cb875bc9e5514f56b52eb74f9e7a9/library/std/src/panicking.rs:541:12
[INFO] [stdout]   14:     0x560c73c7286e - <adapton::catalog::trie::Trie<X> as adapton::catalog::trie::TrieIntro<X>>::extend::h96dfe17db243e503
[INFO] [stdout]                                at /opt/rustwide/workdir/src/catalog/trie.rs:269:28
[INFO] [stdout]   15:     0x560c73c5dda9 - triesets::push_input::hb8e8a672f01ce597
[INFO] [stdout]                                at /opt/rustwide/workdir/tests/triesets.rs:75:5
[INFO] [stdout]   16:     0x560c73c5f1d4 - triesets::test_set_fold::h717d7ee3cfcaed4d
[INFO] [stdout]                                at /opt/rustwide/workdir/tests/triesets.rs:91:23
[INFO] [stdout]   17:     0x560c73c5ef2a - triesets::test_set_fold::{{closure}}::h5788478cd8645082
[INFO] [stdout]                                at /opt/rustwide/workdir/tests/triesets.rs:79:1
[INFO] [stdout]   18:     0x560c73c5fcde - core::ops::function::FnOnce::call_once::h32f28e087a7f09ca
[INFO] [stdout]                                at /rustc/53fd98ca776cb875bc9e5514f56b52eb74f9e7a9/library/core/src/ops/function.rs:227:5
[INFO] [stdout]   19:     0x560c73cb1613 - core::ops::function::FnOnce::call_once::hbb52c4519d3137b0
[INFO] [stdout]                                at /rustc/53fd98ca776cb875bc9e5514f56b52eb74f9e7a9/library/core/src/ops/function.rs:227:5
[INFO] [stdout]   20:     0x560c73cb1613 - test::__rust_begin_short_backtrace::h86fe3a2a5a5121af
[INFO] [stdout]                                at /rustc/53fd98ca776cb875bc9e5514f56b52eb74f9e7a9/library/test/src/lib.rs:578:5
[INFO] [stdout]   21:     0x560c73cb00c8 - <alloc::boxed::Box<F,A> as core::ops::function::FnOnce<Args>>::call_once::hfd956bc3d57399be
[INFO] [stdout]                                at /rustc/53fd98ca776cb875bc9e5514f56b52eb74f9e7a9/library/alloc/src/boxed.rs:1572:9
[INFO] [stdout]   22:     0x560c73cb00c8 - <std::panic::AssertUnwindSafe<F> as core::ops::function::FnOnce<()>>::call_once::h40dc93e0ddb5938a
[INFO] [stdout]                                at /rustc/53fd98ca776cb875bc9e5514f56b52eb74f9e7a9/library/std/src/panic.rs:347:9
[INFO] [stdout]   23:     0x560c73cb00c8 - std::panicking::try::do_call::h90d07750cb47c562
[INFO] [stdout]                                at /rustc/53fd98ca776cb875bc9e5514f56b52eb74f9e7a9/library/std/src/panicking.rs:401:40
[INFO] [stdout]   24:     0x560c73cb00c8 - std::panicking::try::h063c84733ad2a629
[INFO] [stdout]                                at /rustc/53fd98ca776cb875bc9e5514f56b52eb74f9e7a9/library/std/src/panicking.rs:365:19
[INFO] [stdout]   25:     0x560c73cb00c8 - std::panic::catch_unwind::h0c464836a84e7c08
[INFO] [stdout]                                at /rustc/53fd98ca776cb875bc9e5514f56b52eb74f9e7a9/library/std/src/panic.rs:434:14
[INFO] [stdout]   26:     0x560c73cb00c8 - test::run_test_in_process::h5cb06ef620b157fc
[INFO] [stdout]                                at /rustc/53fd98ca776cb875bc9e5514f56b52eb74f9e7a9/library/test/src/lib.rs:601:18
[INFO] [stdout]   27:     0x560c73cb00c8 - test::run_test::run_test_inner::{{closure}}::h76f677f4b93f9828
[INFO] [stdout]                                at /rustc/53fd98ca776cb875bc9e5514f56b52eb74f9e7a9/library/test/src/lib.rs:493:39
[INFO] [stdout]   28:     0x560c73c7e85d - test::run_test::run_test_inner::{{closure}}::h366d01fe04f4d67a
[INFO] [stdout]                                at /rustc/53fd98ca776cb875bc9e5514f56b52eb74f9e7a9/library/test/src/lib.rs:520:37
[INFO] [stdout]   29:     0x560c73c7e85d - std::sys_common::backtrace::__rust_begin_short_backtrace::h7dfa0de4eb395af2
[INFO] [stdout]                                at /rustc/53fd98ca776cb875bc9e5514f56b52eb74f9e7a9/library/std/src/sys_common/backtrace.rs:125:18
[INFO] [stdout]   30:     0x560c73c83028 - std::thread::Builder::spawn_unchecked::{{closure}}::{{closure}}::hf0a74bb58798037f
[INFO] [stdout]                                at /rustc/53fd98ca776cb875bc9e5514f56b52eb74f9e7a9/library/std/src/thread/mod.rs:476:17
[INFO] [stdout]   31:     0x560c73c83028 - <std::panic::AssertUnwindSafe<F> as core::ops::function::FnOnce<()>>::call_once::hb024e854818586ac
[INFO] [stdout]                                at /rustc/53fd98ca776cb875bc9e5514f56b52eb74f9e7a9/library/std/src/panic.rs:347:9
[INFO] [stdout]   32:     0x560c73c83028 - std::panicking::try::do_call::hb2dd9f1d0d48e41d
[INFO] [stdout]                                at /rustc/53fd98ca776cb875bc9e5514f56b52eb74f9e7a9/library/std/src/panicking.rs:401:40
[INFO] [stdout]   33:     0x560c73c83028 - std::panicking::try::h4717ae7bac8b2bf3
[INFO] [stdout]                                at /rustc/53fd98ca776cb875bc9e5514f56b52eb74f9e7a9/library/std/src/panicking.rs:365:19
[INFO] [stdout]   34:     0x560c73c83028 - std::panic::catch_unwind::h0dc8a061326ce8d8
[INFO] [stdout]                                at /rustc/53fd98ca776cb875bc9e5514f56b52eb74f9e7a9/library/std/src/panic.rs:434:14
[INFO] [stdout]   35:     0x560c73c83028 - std::thread::Builder::spawn_unchecked::{{closure}}::haa369e2d6fd00aa1
[INFO] [stdout]                                at /rustc/53fd98ca776cb875bc9e5514f56b52eb74f9e7a9/library/std/src/thread/mod.rs:475:30
[INFO] [stdout]   36:     0x560c73c83028 - core::ops::function::FnOnce::call_once{{vtable.shim}}::h36dcf3de8b056f17
[INFO] [stdout]                                at /rustc/53fd98ca776cb875bc9e5514f56b52eb74f9e7a9/library/core/src/ops/function.rs:227:5
[INFO] [stdout]   37:     0x560c73d15907 - <alloc::boxed::Box<F,A> as core::ops::function::FnOnce<Args>>::call_once::h65c29e4642be2358
[INFO] [stdout]                                at /rustc/53fd98ca776cb875bc9e5514f56b52eb74f9e7a9/library/alloc/src/boxed.rs:1572:9
[INFO] [stdout]   38:     0x560c73d15907 - <alloc::boxed::Box<F,A> as core::ops::function::FnOnce<Args>>::call_once::hd0f8f7fbbd9fffbf
[INFO] [stdout]                                at /rustc/53fd98ca776cb875bc9e5514f56b52eb74f9e7a9/library/alloc/src/boxed.rs:1572:9
[INFO] [stdout]   39:     0x560c73d15907 - std::sys::unix::thread::Thread::new::thread_start::h2fd22fee3ca77b65
[INFO] [stdout]                                at /rustc/53fd98ca776cb875bc9e5514f56b52eb74f9e7a9/library/std/src/sys/unix/thread.rs:74:17
[INFO] [stdout]   40:     0x7fb92031d609 - start_thread
[INFO] [stdout]   41:     0x7fb9200ef293 - clone
[INFO] [stdout]   42:                0x0 - <unknown>
[INFO] [stdout] 
[INFO] [stdout] 
[INFO] [stdout] failures:
[INFO] [stdout]     test_equal
[INFO] [stdout]     test_is_empty
[INFO] [stdout]     test_set
[INFO] [stdout]     test_set_equal
[INFO] [stdout]     test_set_fold
[INFO] [stdout] 
[INFO] [stdout] test result: FAILED. 0 passed; 5 failed; 0 ignored; 0 measured; 0 filtered out; finished in 0.01s
[INFO] [stdout] 
[INFO] running `Command { std: "docker" "inspect" "7afd977131e3f88a124814368608f63e50a72778f933930a0434d9e89c01c930", kill_on_drop: false }`
[INFO] running `Command { std: "docker" "rm" "-f" "7afd977131e3f88a124814368608f63e50a72778f933930a0434d9e89c01c930", kill_on_drop: false }`
[INFO] [stdout] 7afd977131e3f88a124814368608f63e50a72778f933930a0434d9e89c01c930
