[INFO] fetching crate adafruit-alphanum4 0.1.2...
[INFO] testing adafruit-alphanum4-0.1.2 against beta-2021-08-01 for beta-1.55-1
[INFO] extracting crate adafruit-alphanum4 0.1.2 into /workspace/builds/worker-78/source
[INFO] validating manifest of crates.io crate adafruit-alphanum4 0.1.2 on toolchain beta-2021-08-01
[INFO] running `Command { std: "/workspace/cargo-home/bin/cargo" "+beta-2021-08-01" "metadata" "--manifest-path" "Cargo.toml" "--no-deps", kill_on_drop: false }`
[INFO] started tweaking crates.io crate adafruit-alphanum4 0.1.2
[INFO] finished tweaking crates.io crate adafruit-alphanum4 0.1.2
[INFO] tweaked toml for crates.io crate adafruit-alphanum4 0.1.2 written to /workspace/builds/worker-78/source/Cargo.toml
[INFO] running `Command { std: "/workspace/cargo-home/bin/cargo" "+beta-2021-08-01" "generate-lockfile" "--manifest-path" "Cargo.toml" "-Zno-index-update", kill_on_drop: false }`
[INFO] running `Command { std: "/workspace/cargo-home/bin/cargo" "+beta-2021-08-01" "fetch" "--manifest-path" "Cargo.toml", kill_on_drop: false }`
[INFO] [stderr]  Downloading crates ...
[INFO] [stderr]   Downloaded ht16k33 v0.4.0
[INFO] running `Command { std: "docker" "create" "-v" "/var/lib/crater-agent-workspace/builds/worker-78/target:/opt/rustwide/target:rw,Z" "-v" "/var/lib/crater-agent-workspace/builds/worker-78/source:/opt/rustwide/workdir:ro,Z" "-v" "/var/lib/crater-agent-workspace/cargo-home:/opt/rustwide/cargo-home:ro,Z" "-v" "/var/lib/crater-agent-workspace/rustup-home:/opt/rustwide/rustup-home:ro,Z" "-e" "SOURCE_DIR=/opt/rustwide/workdir" "-e" "CARGO_TARGET_DIR=/opt/rustwide/target" "-e" "CARGO_HOME=/opt/rustwide/cargo-home" "-e" "RUSTUP_HOME=/opt/rustwide/rustup-home" "-w" "/opt/rustwide/workdir" "-m" "1610612736" "--user" "0:0" "--network" "none" "ghcr.io/rust-lang/crates-build-env/linux@sha256:34b6a614d2c27851fe6cbf88fbd1137609cefab8b10d0615aaeb6fd47975d74e" "/opt/rustwide/cargo-home/bin/cargo" "+beta-2021-08-01" "metadata" "--no-deps" "--format-version=1", kill_on_drop: false }`
[INFO] [stdout] c7e0587d977a0cd27a699da1ca6be07d37c4b160a89276049ba6720e14f6b278
[INFO] running `Command { std: "docker" "start" "-a" "c7e0587d977a0cd27a699da1ca6be07d37c4b160a89276049ba6720e14f6b278", kill_on_drop: false }`
[INFO] running `Command { std: "docker" "inspect" "c7e0587d977a0cd27a699da1ca6be07d37c4b160a89276049ba6720e14f6b278", kill_on_drop: false }`
[INFO] running `Command { std: "docker" "rm" "-f" "c7e0587d977a0cd27a699da1ca6be07d37c4b160a89276049ba6720e14f6b278", kill_on_drop: false }`
[INFO] [stdout] c7e0587d977a0cd27a699da1ca6be07d37c4b160a89276049ba6720e14f6b278
[INFO] running `Command { std: "docker" "create" "-v" "/var/lib/crater-agent-workspace/builds/worker-78/target:/opt/rustwide/target:rw,Z" "-v" "/var/lib/crater-agent-workspace/builds/worker-78/source:/opt/rustwide/workdir:ro,Z" "-v" "/var/lib/crater-agent-workspace/cargo-home:/opt/rustwide/cargo-home:ro,Z" "-v" "/var/lib/crater-agent-workspace/rustup-home:/opt/rustwide/rustup-home:ro,Z" "-e" "SOURCE_DIR=/opt/rustwide/workdir" "-e" "CARGO_TARGET_DIR=/opt/rustwide/target" "-e" "CARGO_INCREMENTAL=0" "-e" "RUST_BACKTRACE=full" "-e" "RUSTFLAGS=--cap-lints=warn" "-e" "CARGO_HOME=/opt/rustwide/cargo-home" "-e" "RUSTUP_HOME=/opt/rustwide/rustup-home" "-w" "/opt/rustwide/workdir" "-m" "1610612736" "--user" "0:0" "--network" "none" "ghcr.io/rust-lang/crates-build-env/linux@sha256:34b6a614d2c27851fe6cbf88fbd1137609cefab8b10d0615aaeb6fd47975d74e" "/opt/rustwide/cargo-home/bin/cargo" "+beta-2021-08-01" "build" "--frozen" "--message-format=json", kill_on_drop: false }`
[INFO] [stdout] e3d2b1552252534b20b449843925e5d74088830559b7af52e837787e40096ad9
[INFO] running `Command { std: "docker" "start" "-a" "e3d2b1552252534b20b449843925e5d74088830559b7af52e837787e40096ad9", kill_on_drop: false }`
[INFO] [stderr]    Compiling nb v1.0.0
[INFO] [stderr]    Compiling bitflags v1.2.1
[INFO] [stderr]    Compiling void v1.0.2
[INFO] [stderr]    Compiling ascii v1.0.0
[INFO] [stderr]    Compiling nb v0.1.3
[INFO] [stderr]    Compiling embedded-hal v0.2.6
[INFO] [stderr]    Compiling ht16k33 v0.4.0
[INFO] [stderr]    Compiling adafruit-alphanum4 v0.1.2 (/opt/rustwide/workdir)
[INFO] [stderr]     Finished dev [unoptimized + debuginfo] target(s) in 1.88s
[INFO] running `Command { std: "docker" "inspect" "e3d2b1552252534b20b449843925e5d74088830559b7af52e837787e40096ad9", kill_on_drop: false }`
[INFO] running `Command { std: "docker" "rm" "-f" "e3d2b1552252534b20b449843925e5d74088830559b7af52e837787e40096ad9", kill_on_drop: false }`
[INFO] [stdout] e3d2b1552252534b20b449843925e5d74088830559b7af52e837787e40096ad9
[INFO] running `Command { std: "docker" "create" "-v" "/var/lib/crater-agent-workspace/builds/worker-78/target:/opt/rustwide/target:rw,Z" "-v" "/var/lib/crater-agent-workspace/builds/worker-78/source:/opt/rustwide/workdir:ro,Z" "-v" "/var/lib/crater-agent-workspace/cargo-home:/opt/rustwide/cargo-home:ro,Z" "-v" "/var/lib/crater-agent-workspace/rustup-home:/opt/rustwide/rustup-home:ro,Z" "-e" "SOURCE_DIR=/opt/rustwide/workdir" "-e" "CARGO_TARGET_DIR=/opt/rustwide/target" "-e" "CARGO_INCREMENTAL=0" "-e" "RUST_BACKTRACE=full" "-e" "RUSTFLAGS=--cap-lints=warn" "-e" "CARGO_HOME=/opt/rustwide/cargo-home" "-e" "RUSTUP_HOME=/opt/rustwide/rustup-home" "-w" "/opt/rustwide/workdir" "-m" "1610612736" "--user" "0:0" "--network" "none" "ghcr.io/rust-lang/crates-build-env/linux@sha256:34b6a614d2c27851fe6cbf88fbd1137609cefab8b10d0615aaeb6fd47975d74e" "/opt/rustwide/cargo-home/bin/cargo" "+beta-2021-08-01" "test" "--frozen" "--no-run" "--message-format=json", kill_on_drop: false }`
[INFO] [stdout] bc219efefead5c38756b70820d2ddf6e08ab5b92eba51e936b953864f5a637ea
[INFO] running `Command { std: "docker" "start" "-a" "bc219efefead5c38756b70820d2ddf6e08ab5b92eba51e936b953864f5a637ea", kill_on_drop: false }`
[INFO] [stderr]    Compiling adafruit-alphanum4 v0.1.2 (/opt/rustwide/workdir)
[INFO] [stderr]     Finished test [unoptimized + debuginfo] target(s) in 0.61s
[INFO] running `Command { std: "docker" "inspect" "bc219efefead5c38756b70820d2ddf6e08ab5b92eba51e936b953864f5a637ea", kill_on_drop: false }`
[INFO] running `Command { std: "docker" "rm" "-f" "bc219efefead5c38756b70820d2ddf6e08ab5b92eba51e936b953864f5a637ea", kill_on_drop: false }`
[INFO] [stdout] bc219efefead5c38756b70820d2ddf6e08ab5b92eba51e936b953864f5a637ea
[INFO] running `Command { std: "docker" "create" "-v" "/var/lib/crater-agent-workspace/builds/worker-78/target:/opt/rustwide/target:rw,Z" "-v" "/var/lib/crater-agent-workspace/builds/worker-78/source:/opt/rustwide/workdir:ro,Z" "-v" "/var/lib/crater-agent-workspace/cargo-home:/opt/rustwide/cargo-home:ro,Z" "-v" "/var/lib/crater-agent-workspace/rustup-home:/opt/rustwide/rustup-home:ro,Z" "-e" "SOURCE_DIR=/opt/rustwide/workdir" "-e" "CARGO_TARGET_DIR=/opt/rustwide/target" "-e" "CARGO_INCREMENTAL=0" "-e" "RUST_BACKTRACE=full" "-e" "RUSTFLAGS=--cap-lints=warn" "-e" "CARGO_HOME=/opt/rustwide/cargo-home" "-e" "RUSTUP_HOME=/opt/rustwide/rustup-home" "-w" "/opt/rustwide/workdir" "-m" "1610612736" "--user" "0:0" "--network" "none" "ghcr.io/rust-lang/crates-build-env/linux@sha256:34b6a614d2c27851fe6cbf88fbd1137609cefab8b10d0615aaeb6fd47975d74e" "/opt/rustwide/cargo-home/bin/cargo" "+beta-2021-08-01" "test" "--frozen", kill_on_drop: false }`
[INFO] [stdout] 084fe6f60d9805d782b76cb65b8825cd7dac8e1685645676ff93d460e82153bf
[INFO] running `Command { std: "docker" "start" "-a" "084fe6f60d9805d782b76cb65b8825cd7dac8e1685645676ff93d460e82153bf", kill_on_drop: false }`
[INFO] [stderr]     Finished test [unoptimized + debuginfo] target(s) in 0.02s
[INFO] [stderr]      Running unittests (/opt/rustwide/target/debug/deps/adafruit_alphanum4-cb37165758698c5b)
[INFO] [stdout] 
[INFO] [stderr]    Doc-tests adafruit-alphanum4
[INFO] [stdout] running 0 tests
[INFO] [stdout] 
[INFO] [stdout] test result: ok. 0 passed; 0 failed; 0 ignored; 0 measured; 0 filtered out; finished in 0.00s
[INFO] [stdout] 
[INFO] [stdout] 
[INFO] [stdout] running 1 test
[INFO] [stdout] test src/lib.rs - (line 13) ... FAILED
[INFO] [stdout] 
[INFO] [stdout] failures:
[INFO] [stdout] 
[INFO] [stdout] ---- src/lib.rs - (line 13) stdout ----
[INFO] [stdout] error[E0433]: failed to resolve: use of undeclared type `I2c`
[INFO] [stdout]  --> src/lib.rs:19:9
[INFO] [stdout]   |
[INFO] [stdout] 8 |         I2c::i2c2(
[INFO] [stdout]   |         ^^^ use of undeclared type `I2c`
[INFO] [stdout] 
[INFO] [stdout] error[E0433]: failed to resolve: use of undeclared type `Mode`
[INFO] [stdout]   --> src/lib.rs:22:13
[INFO] [stdout]    |
[INFO] [stdout] 11 |             Mode::Standard { frequency: freq.0 },
[INFO] [stdout]    |             ^^^^ use of undeclared type `Mode`
[INFO] [stdout] 
[INFO] [stdout] error[E0433]: failed to resolve: use of undeclared type `Index`
[INFO] [stdout]   --> src/lib.rs:37:38
[INFO] [stdout]    |
[INFO] [stdout] 26 |     ht16k33.update_buffer_with_digit(Index::One, 1);
[INFO] [stdout]    |                                      ^^^^^ use of undeclared type `Index`
[INFO] [stdout] 
[INFO] [stdout] error[E0433]: failed to resolve: use of undeclared type `Index`
[INFO] [stdout]   --> src/lib.rs:38:38
[INFO] [stdout]    |
[INFO] [stdout] 27 |     ht16k33.update_buffer_with_digit(Index::Two, 2);
[INFO] [stdout]    |                                      ^^^^^ use of undeclared type `Index`
[INFO] [stdout] 
[INFO] [stdout] error[E0433]: failed to resolve: use of undeclared type `Index`
[INFO] [stdout]   --> src/lib.rs:39:38
[INFO] [stdout]    |
[INFO] [stdout] 28 |     ht16k33.update_buffer_with_digit(Index::Three, 3);
[INFO] [stdout]    |                                      ^^^^^ use of undeclared type `Index`
[INFO] [stdout] 
[INFO] [stdout] error[E0433]: failed to resolve: use of undeclared type `Index`
[INFO] [stdout]   --> src/lib.rs:40:38
[INFO] [stdout]    |
[INFO] [stdout] 29 |     ht16k33.update_buffer_with_digit(Index::Four, 4);
[INFO] [stdout]    |                                      ^^^^^ use of undeclared type `Index`
[INFO] [stdout] 
[INFO] [stdout] error[E0433]: failed to resolve: use of undeclared type `Index`
[INFO] [stdout]   --> src/lib.rs:43:37
[INFO] [stdout]    |
[INFO] [stdout] 32 |     ht16k33.update_buffer_with_char(Index::One, AsciiChar::new('A'));
[INFO] [stdout]    |                                     ^^^^^ use of undeclared type `Index`
[INFO] [stdout] 
[INFO] [stdout] error[E0433]: failed to resolve: use of undeclared type `Index`
[INFO] [stdout]   --> src/lib.rs:44:37
[INFO] [stdout]    |
[INFO] [stdout] 33 |     ht16k33.update_buffer_with_char(Index::Two, AsciiChar::new('B'));
[INFO] [stdout]    |                                     ^^^^^ use of undeclared type `Index`
[INFO] [stdout] 
[INFO] [stdout] error[E0433]: failed to resolve: use of undeclared type `Index`
[INFO] [stdout]   --> src/lib.rs:47:36
[INFO] [stdout]    |
[INFO] [stdout] 36 |     ht16k33.update_buffer_with_dot(Index::Two, true);
[INFO] [stdout]    |                                    ^^^^^ use of undeclared type `Index`
[INFO] [stdout] 
[INFO] [stdout] error[E0433]: failed to resolve: use of undeclared type `Index`
[INFO] [stdout]   --> src/lib.rs:50:38
[INFO] [stdout]    |
[INFO] [stdout] 39 |     ht16k33.update_buffer_with_float(Index::One, -3.14, 2, 10).unwrap();
[INFO] [stdout]    |                                      ^^^^^ use of undeclared type `Index`
[INFO] [stdout] 
[INFO] [stdout] error[E0433]: failed to resolve: use of undeclared type `Index`
[INFO] [stdout]   --> src/lib.rs:53:37
[INFO] [stdout]    |
[INFO] [stdout] 42 |     ht16k33.update_buffer_with_char(Index::One, AsciiChar::new('X'));
[INFO] [stdout]    |                                     ^^^^^ use of undeclared type `Index`
[INFO] [stdout] 
[INFO] [stdout] error[E0433]: failed to resolve: use of undeclared type `Index`
[INFO] [stdout]   --> src/lib.rs:54:38
[INFO] [stdout]    |
[INFO] [stdout] 43 |     ht16k33.update_buffer_with_float(Index::Two, -3.14, 2, 10).unwrap(); //Display will read "X-3.1"
[INFO] [stdout]    |                                      ^^^^^ use of undeclared type `Index`
[INFO] [stdout] 
[INFO] [stdout] error[E0433]: failed to resolve: use of undeclared type `Index`
[INFO] [stdout]   --> src/lib.rs:57:38
[INFO] [stdout]    |
[INFO] [stdout] 46 |     ht16k33.update_buffer_with_float(Index::One, 12345., 0, 10).expect("Oops"); 
[INFO] [stdout]    |                                      ^^^^^ use of undeclared type `Index`
[INFO] [stdout] 
[INFO] [stdout] error[E0412]: cannot find type `Hertz` in this scope
[INFO] [stdout]  --> src/lib.rs:16:15
[INFO] [stdout]   |
[INFO] [stdout] 5 |     let freq: Hertz = 20.khz().into();
[INFO] [stdout]   |               ^^^^^ not found in this scope
[INFO] [stdout] 
[INFO] [stdout] error[E0425]: cannot find function `blocking_i2c` in this scope
[INFO] [stdout]  --> src/lib.rs:18:20
[INFO] [stdout]   |
[INFO] [stdout] 7 |     let mut i2c2 = blocking_i2c(
[INFO] [stdout]   |                    ^^^^^^^^^^^^ not found in this scope
[INFO] [stdout] 
[INFO] [stdout] error[E0425]: cannot find value `device` in this scope
[INFO] [stdout]  --> src/lib.rs:20:13
[INFO] [stdout]   |
[INFO] [stdout] 9 |             device.I2C2, 
[INFO] [stdout]   |             ^^^^^^ not found in this scope
[INFO] [stdout] 
[INFO] [stdout] error[E0425]: cannot find value `scl_pin` in this scope
[INFO] [stdout]   --> src/lib.rs:21:14
[INFO] [stdout]    |
[INFO] [stdout] 10 |             (scl_pin, sda_pin),
[INFO] [stdout]    |              ^^^^^^^ not found in this scope
[INFO] [stdout] 
[INFO] [stdout] error[E0425]: cannot find value `sda_pin` in this scope
[INFO] [stdout]   --> src/lib.rs:21:23
[INFO] [stdout]    |
[INFO] [stdout] 10 |             (scl_pin, sda_pin),
[INFO] [stdout]    |                       ^^^^^^^ not found in this scope
[INFO] [stdout] 
[INFO] [stdout] error[E0425]: cannot find value `clocks` in this scope
[INFO] [stdout]   --> src/lib.rs:23:13
[INFO] [stdout]    |
[INFO] [stdout] 12 |             clocks,
[INFO] [stdout]    |             ^^^^^^ not found in this scope
[INFO] [stdout] 
[INFO] [stdout] error[E0425]: cannot find value `rcc` in this scope
[INFO] [stdout]   --> src/lib.rs:24:18
[INFO] [stdout]    |
[INFO] [stdout] 13 |             &mut rcc.apb1,
[INFO] [stdout]    |                  ^^^ not found in this scope
[INFO] [stdout] 
[INFO] [stdout] error[E0425]: cannot find value `clocks` in this scope
[INFO] [stdout]   --> src/lib.rs:26:9
[INFO] [stdout]    |
[INFO] [stdout] 15 |         clocks,
[INFO] [stdout]    |         ^^^^^^ not found in this scope
[INFO] [stdout] 
[INFO] [stdout] error[E0433]: failed to resolve: use of undeclared type `HT16K33`
[INFO] [stdout]   --> src/lib.rs:33:23
[INFO] [stdout]    |
[INFO] [stdout] 22 |     let mut ht16k33 = HT16K33::new(i2c2, DISP_I2C_ADDR);
[INFO] [stdout]    |                       ^^^^^^^ not found in this scope
[INFO] [stdout]    |
[INFO] [stdout] help: consider importing this struct
[INFO] [stdout]    |
[INFO] [stdout] 2  | use ht16k33::HT16K33;
[INFO] [stdout]    |
[INFO] [stdout] 
[INFO] [stdout] error[E0433]: failed to resolve: use of undeclared type `AsciiChar`
[INFO] [stdout]   --> src/lib.rs:43:49
[INFO] [stdout]    |
[INFO] [stdout] 32 |     ht16k33.update_buffer_with_char(Index::One, AsciiChar::new('A'));
[INFO] [stdout]    |                                                 ^^^^^^^^^ not found in this scope
[INFO] [stdout]    |
[INFO] [stdout] help: consider importing one of these items
[INFO] [stdout]    |
[INFO] [stdout] 2  | use adafruit_alphanum4::AsciiChar;
[INFO] [stdout]    |
[INFO] [stdout] 2  | use ascii::AsciiChar;
[INFO] [stdout]    |
[INFO] [stdout] 
[INFO] [stdout] error[E0433]: failed to resolve: use of undeclared type `AsciiChar`
[INFO] [stdout]   --> src/lib.rs:44:49
[INFO] [stdout]    |
[INFO] [stdout] 33 |     ht16k33.update_buffer_with_char(Index::Two, AsciiChar::new('B'));
[INFO] [stdout]    |                                                 ^^^^^^^^^ not found in this scope
[INFO] [stdout]    |
[INFO] [stdout] help: consider importing one of these items
[INFO] [stdout]    |
[INFO] [stdout] 2  | use adafruit_alphanum4::AsciiChar;
[INFO] [stdout]    |
[INFO] [stdout] 2  | use ascii::AsciiChar;
[INFO] [stdout]    |
[INFO] [stdout] 
[INFO] [stdout] error[E0433]: failed to resolve: use of undeclared type `AsciiChar`
[INFO] [stdout]   --> src/lib.rs:53:49
[INFO] [stdout]    |
[INFO] [stdout] 42 |     ht16k33.update_buffer_with_char(Index::One, AsciiChar::new('X'));
[INFO] [stdout]    |                                                 ^^^^^^^^^ not found in this scope
[INFO] [stdout]    |
[INFO] [stdout] help: consider importing one of these items
[INFO] [stdout]    |
[INFO] [stdout] 2  | use adafruit_alphanum4::AsciiChar;
[INFO] [stdout]    |
[INFO] [stdout] 2  | use ascii::AsciiChar;
[INFO] [stdout]    |
[INFO] [stdout] 
[INFO] [stdout] error[E0599]: no method named `khz` found for type `{integer}` in the current scope
[INFO] [stdout]  --> src/lib.rs:16:26
[INFO] [stdout]   |
[INFO] [stdout] 5 |     let freq: Hertz = 20.khz().into();
[INFO] [stdout]   |                          ^^^ method not found in `{integer}`
[INFO] [stdout] 
[INFO] [stdout] error: aborting due to 26 previous errors
[INFO] [stdout] 
[INFO] [stdout] Some errors have detailed explanations: E0412, E0425, E0433, E0599.
[INFO] [stdout] For more information about an error, try `rustc --explain E0412`.
[INFO] [stdout] Couldn't compile the test.
[INFO] [stdout] 
[INFO] [stdout] failures:
[INFO] [stdout]     src/lib.rs - (line 13)
[INFO] [stdout] 
[INFO] [stdout] test result: FAILED. 0 passed; 1 failed; 0 ignored; 0 measured; 0 filtered out; finished in 0.18s
[INFO] [stdout] 
[INFO] [stderr] error: test failed, to rerun pass '--doc'
[INFO] running `Command { std: "docker" "inspect" "084fe6f60d9805d782b76cb65b8825cd7dac8e1685645676ff93d460e82153bf", kill_on_drop: false }`
[INFO] running `Command { std: "docker" "rm" "-f" "084fe6f60d9805d782b76cb65b8825cd7dac8e1685645676ff93d460e82153bf", kill_on_drop: false }`
[INFO] [stdout] 084fe6f60d9805d782b76cb65b8825cd7dac8e1685645676ff93d460e82153bf
