[INFO] fetching crate actyx_sdk 0.1.0...
[INFO] testing actyx_sdk-0.1.0 against beta-2021-08-01 for beta-1.55-1
[INFO] extracting crate actyx_sdk 0.1.0 into /workspace/builds/worker-34/source
[INFO] validating manifest of crates.io crate actyx_sdk 0.1.0 on toolchain beta-2021-08-01
[INFO] running `Command { std: "/workspace/cargo-home/bin/cargo" "+beta-2021-08-01" "metadata" "--manifest-path" "Cargo.toml" "--no-deps", kill_on_drop: false }`
[INFO] started tweaking crates.io crate actyx_sdk 0.1.0
[INFO] removed 0 missing examples
[INFO] finished tweaking crates.io crate actyx_sdk 0.1.0
[INFO] tweaked toml for crates.io crate actyx_sdk 0.1.0 written to /workspace/builds/worker-34/source/Cargo.toml
[INFO] crate crates.io crate actyx_sdk 0.1.0 already has a lockfile, it will not be regenerated
[INFO] running `Command { std: "/workspace/cargo-home/bin/cargo" "+beta-2021-08-01" "fetch" "--manifest-path" "Cargo.toml", kill_on_drop: false }`
[INFO] [stderr]     Blocking waiting for file lock on package cache
[INFO] [stderr]     Blocking waiting for file lock on package cache
[INFO] [stderr]  Downloading crates ...
[INFO] [stderr]   Downloaded reduce v0.1.4
[INFO] [stderr]   Downloaded cid v0.7.0
[INFO] [stderr]   Downloaded multihash v0.14.0
[INFO] [stderr]   Downloaded az v1.1.1
[INFO] [stderr]   Downloaded libipld-cbor-derive v0.12.0
[INFO] [stderr]   Downloaded multibase v0.9.1
[INFO] [stderr]   Downloaded cached v0.23.0
[INFO] [stderr]   Downloaded libipld-macro v0.12.0
[INFO] [stderr]   Downloaded libipld v0.12.0
[INFO] [stderr]   Downloaded libipld-core v0.12.0
[INFO] [stderr]   Downloaded openssl-src v111.13.0+1.1.1i
[INFO] [stderr]   Downloaded actyx_sdk_macros v0.1.0
[INFO] [stderr]   Downloaded libipld-cbor v0.12.0
[INFO] [stderr]   Downloaded fixed v1.9.0
[INFO] running `Command { std: "docker" "create" "-v" "/var/lib/crater-agent-workspace/builds/worker-34/target:/opt/rustwide/target:rw,Z" "-v" "/var/lib/crater-agent-workspace/builds/worker-34/source:/opt/rustwide/workdir:ro,Z" "-v" "/var/lib/crater-agent-workspace/cargo-home:/opt/rustwide/cargo-home:ro,Z" "-v" "/var/lib/crater-agent-workspace/rustup-home:/opt/rustwide/rustup-home:ro,Z" "-e" "SOURCE_DIR=/opt/rustwide/workdir" "-e" "CARGO_TARGET_DIR=/opt/rustwide/target" "-e" "CARGO_HOME=/opt/rustwide/cargo-home" "-e" "RUSTUP_HOME=/opt/rustwide/rustup-home" "-w" "/opt/rustwide/workdir" "-m" "1610612736" "--user" "0:0" "--network" "none" "ghcr.io/rust-lang/crates-build-env/linux@sha256:34b6a614d2c27851fe6cbf88fbd1137609cefab8b10d0615aaeb6fd47975d74e" "/opt/rustwide/cargo-home/bin/cargo" "+beta-2021-08-01" "metadata" "--no-deps" "--format-version=1", kill_on_drop: false }`
[INFO] [stdout] 12fa3e1b6187871318b2cac0ace1c5e13b15ce3a64cc48414d6a75466c92ed63
[INFO] running `Command { std: "docker" "start" "-a" "12fa3e1b6187871318b2cac0ace1c5e13b15ce3a64cc48414d6a75466c92ed63", kill_on_drop: false }`
[INFO] running `Command { std: "docker" "inspect" "12fa3e1b6187871318b2cac0ace1c5e13b15ce3a64cc48414d6a75466c92ed63", kill_on_drop: false }`
[INFO] running `Command { std: "docker" "rm" "-f" "12fa3e1b6187871318b2cac0ace1c5e13b15ce3a64cc48414d6a75466c92ed63", kill_on_drop: false }`
[INFO] [stdout] 12fa3e1b6187871318b2cac0ace1c5e13b15ce3a64cc48414d6a75466c92ed63
[INFO] running `Command { std: "docker" "create" "-v" "/var/lib/crater-agent-workspace/builds/worker-34/target:/opt/rustwide/target:rw,Z" "-v" "/var/lib/crater-agent-workspace/builds/worker-34/source:/opt/rustwide/workdir:ro,Z" "-v" "/var/lib/crater-agent-workspace/cargo-home:/opt/rustwide/cargo-home:ro,Z" "-v" "/var/lib/crater-agent-workspace/rustup-home:/opt/rustwide/rustup-home:ro,Z" "-e" "SOURCE_DIR=/opt/rustwide/workdir" "-e" "CARGO_TARGET_DIR=/opt/rustwide/target" "-e" "CARGO_INCREMENTAL=0" "-e" "RUST_BACKTRACE=full" "-e" "RUSTFLAGS=--cap-lints=warn" "-e" "CARGO_HOME=/opt/rustwide/cargo-home" "-e" "RUSTUP_HOME=/opt/rustwide/rustup-home" "-w" "/opt/rustwide/workdir" "-m" "1610612736" "--user" "0:0" "--network" "none" "ghcr.io/rust-lang/crates-build-env/linux@sha256:34b6a614d2c27851fe6cbf88fbd1137609cefab8b10d0615aaeb6fd47975d74e" "/opt/rustwide/cargo-home/bin/cargo" "+beta-2021-08-01" "build" "--frozen" "--message-format=json", kill_on_drop: false }`
[INFO] [stdout] 61be1f31a13d1fe67dc47c73f6395397c78cf8a5bed1f2218fae7c1de0f35c9d
[INFO] running `Command { std: "docker" "start" "-a" "61be1f31a13d1fe67dc47c73f6395397c78cf8a5bed1f2218fae7c1de0f35c9d", kill_on_drop: false }`
[INFO] [stderr]     Blocking waiting for file lock on package cache
[INFO] [stderr]     Blocking waiting for file lock on package cache
[INFO] [stderr]     Blocking waiting for file lock on package cache
[INFO] [stderr]     Blocking waiting for file lock on package cache
[INFO] [stderr]    Compiling proc-macro2 v1.0.27
[INFO] [stderr]    Compiling unicode-xid v0.2.1
[INFO] [stderr]    Compiling syn v1.0.72
[INFO] [stderr]    Compiling version_check v0.9.2
[INFO] [stderr]    Compiling autocfg v1.0.1
[INFO] [stderr]    Compiling serde v1.0.126
[INFO] [stderr]    Compiling libc v0.2.82
[INFO] [stderr]    Compiling cfg-if v1.0.0
[INFO] [stderr]    Compiling proc-macro-hack v0.5.19
[INFO] [stderr]    Compiling typenum v1.13.0
[INFO] [stderr]    Compiling crunchy v0.2.2
[INFO] [stderr]    Compiling data-encoding v2.3.1
[INFO] [stderr]    Compiling tiny-keccak v2.0.2
[INFO] [stderr]    Compiling getrandom v0.2.2
[INFO] [stderr]    Compiling unsigned-varint v0.7.0
[INFO] [stderr]    Compiling futures-core v0.3.15
[INFO] [stderr]    Compiling base-x v0.2.8
[INFO] [stderr]    Compiling anyhow v1.0.40
[INFO] [stderr]    Compiling futures-task v0.3.15
[INFO] [stderr]    Compiling futures-channel v0.3.15
[INFO] [stderr]    Compiling proc-macro-nested v0.1.7
[INFO] [stderr]    Compiling memchr v2.3.4
[INFO] [stderr]    Compiling pin-project-lite v0.2.4
[INFO] [stderr]    Compiling futures-sink v0.3.15
[INFO] [stderr]    Compiling pin-utils v0.1.0
[INFO] [stderr]    Compiling scopeguard v1.1.0
[INFO] [stderr]    Compiling ryu v1.0.5
[INFO] [stderr]    Compiling smallvec v1.6.1
[INFO] [stderr]    Compiling log v0.4.14
[INFO] [stderr]    Compiling once_cell v1.7.2
[INFO] [stderr]    Compiling async-trait v0.1.50
[INFO] [stderr]    Compiling az v1.1.1
[INFO] [stderr]    Compiling futures-io v0.3.15
[INFO] [stderr]    Compiling slab v0.4.2
[INFO] [stderr]    Compiling hashbrown v0.9.1
[INFO] [stderr]    Compiling tinyvec_macros v0.1.0
[INFO] [stderr]    Compiling fixed v1.9.0
[INFO] [stderr]    Compiling half v1.7.1
[INFO] [stderr]    Compiling byteorder v1.4.3
[INFO] [stderr]    Compiling serde_json v1.0.64
[INFO] [stderr]    Compiling cfg-if v0.1.10
[INFO] [stderr]    Compiling convert_case v0.4.0
[INFO] [stderr]    Compiling fnv v1.0.7
[INFO] [stderr]    Compiling itoa v0.4.7
[INFO] [stderr]    Compiling bytemuck v1.5.1
[INFO] [stderr]    Compiling reduce v0.1.4
[INFO] [stderr]    Compiling base64 v0.13.0
[INFO] [stderr]    Compiling tracing-core v0.1.18
[INFO] [stderr]    Compiling tinyvec v1.1.0
[INFO] [stderr]    Compiling instant v0.1.9
[INFO] [stderr]    Compiling lock_api v0.4.2
[INFO] [stderr]    Compiling futures-macro v0.3.15
[INFO] [stderr]    Compiling futures-util v0.3.15
[INFO] [stderr]    Compiling num-traits v0.2.14
[INFO] [stderr]    Compiling num-integer v0.1.44
[INFO] [stderr]    Compiling cached v0.23.0
[INFO] [stderr]    Compiling proc-macro-error-attr v1.0.4
[INFO] [stderr]    Compiling proc-macro-error v1.0.4
[INFO] [stderr]    Compiling generic-array v0.14.4
[INFO] [stderr]    Compiling unicode-normalization v0.1.18
[INFO] [stderr]    Compiling quote v1.0.9
[INFO] [stderr]    Compiling num_cpus v1.13.0
[INFO] [stderr]    Compiling parking_lot_core v0.8.2
[INFO] [stderr]    Compiling time v0.1.44
[INFO] [stderr]    Compiling parking_lot v0.11.1
[INFO] [stderr]    Compiling const-random-macro v0.1.13
[INFO] [stderr]    Compiling const-random v0.1.13
[INFO] [stderr]    Compiling ahash v0.3.8
[INFO] [stderr]    Compiling dashmap v3.11.10
[INFO] [stderr]    Compiling chrono v0.4.19
[INFO] [stderr]    Compiling intern-arc v0.1.0
[INFO] [stderr]    Compiling synstructure v0.12.4
[INFO] [stderr]    Compiling pest_generator v2.1.3
[INFO] [stderr]    Compiling serde_derive v1.0.126
[INFO] [stderr]    Compiling thiserror-impl v1.0.25
[INFO] [stderr]    Compiling data-encoding-macro-internal v0.1.9
[INFO] [stderr]    Compiling libipld-cbor-derive v0.12.0
[INFO] [stderr]    Compiling tracing-attributes v0.1.15
[INFO] [stderr]    Compiling actyx_sdk_macros v0.1.0
[INFO] [stderr]    Compiling derive_more v0.99.14
[INFO] [stderr]    Compiling pest_derive v2.1.0
[INFO] [stderr]    Compiling data-encoding-macro v0.1.10
[INFO] [stderr]    Compiling multibase v0.9.1
[INFO] [stderr]    Compiling tracing v0.1.26
[INFO] [stderr]    Compiling thiserror v1.0.25
[INFO] [stderr]    Compiling futures-executor v0.3.15
[INFO] [stderr]    Compiling futures v0.3.15
[INFO] [stderr]    Compiling toml v0.5.8
[INFO] [stderr]    Compiling serde-transcode v1.1.0
[INFO] [stderr]    Compiling serde_cbor v0.11.1
[INFO] [stderr]    Compiling proc-macro-crate v1.0.0
[INFO] [stderr]    Compiling multihash-derive v0.7.2
[INFO] [stderr]    Compiling multihash v0.14.0
[INFO] [stderr]    Compiling cid v0.7.0
[INFO] [stderr]    Compiling libipld-core v0.12.0
[INFO] [stderr]    Compiling libipld-cbor v0.12.0
[INFO] [stderr]    Compiling libipld-macro v0.12.0
[INFO] [stderr]    Compiling libipld v0.12.0
[INFO] [stderr]    Compiling actyx_sdk v0.1.0 (/opt/rustwide/workdir)
[INFO] [stderr]     Finished dev [unoptimized + debuginfo] target(s) in 47.44s
[INFO] running `Command { std: "docker" "inspect" "61be1f31a13d1fe67dc47c73f6395397c78cf8a5bed1f2218fae7c1de0f35c9d", kill_on_drop: false }`
[INFO] running `Command { std: "docker" "rm" "-f" "61be1f31a13d1fe67dc47c73f6395397c78cf8a5bed1f2218fae7c1de0f35c9d", kill_on_drop: false }`
[INFO] [stdout] 61be1f31a13d1fe67dc47c73f6395397c78cf8a5bed1f2218fae7c1de0f35c9d
[INFO] running `Command { std: "docker" "create" "-v" "/var/lib/crater-agent-workspace/builds/worker-34/target:/opt/rustwide/target:rw,Z" "-v" "/var/lib/crater-agent-workspace/builds/worker-34/source:/opt/rustwide/workdir:ro,Z" "-v" "/var/lib/crater-agent-workspace/cargo-home:/opt/rustwide/cargo-home:ro,Z" "-v" "/var/lib/crater-agent-workspace/rustup-home:/opt/rustwide/rustup-home:ro,Z" "-e" "SOURCE_DIR=/opt/rustwide/workdir" "-e" "CARGO_TARGET_DIR=/opt/rustwide/target" "-e" "CARGO_INCREMENTAL=0" "-e" "RUST_BACKTRACE=full" "-e" "RUSTFLAGS=--cap-lints=warn" "-e" "CARGO_HOME=/opt/rustwide/cargo-home" "-e" "RUSTUP_HOME=/opt/rustwide/rustup-home" "-w" "/opt/rustwide/workdir" "-m" "1610612736" "--user" "0:0" "--network" "none" "ghcr.io/rust-lang/crates-build-env/linux@sha256:34b6a614d2c27851fe6cbf88fbd1137609cefab8b10d0615aaeb6fd47975d74e" "/opt/rustwide/cargo-home/bin/cargo" "+beta-2021-08-01" "test" "--frozen" "--no-run" "--message-format=json", kill_on_drop: false }`
[INFO] [stdout] a842e673c80e84c48bf8c11c550d94db0793017b499fcb37dfeaa08942e1c152
[INFO] running `Command { std: "docker" "start" "-a" "a842e673c80e84c48bf8c11c550d94db0793017b499fcb37dfeaa08942e1c152", kill_on_drop: false }`
[INFO] [stderr]     Blocking waiting for file lock on package cache
[INFO] [stderr]    Compiling regex-syntax v0.6.22
[INFO] [stderr]    Compiling ppv-lite86 v0.2.10
[INFO] [stderr]    Compiling hex v0.4.3
[INFO] [stderr]    Compiling futures-timer v3.0.2
[INFO] [stderr]    Compiling thread_local v1.1.0
[INFO] [stderr]    Compiling tokio v1.6.1
[INFO] [stderr]    Compiling aho-corasick v0.7.15
[INFO] [stderr]    Compiling rand_core v0.6.1
[INFO] [stderr]    Compiling tokio-macros v1.2.0
[INFO] [stderr]    Compiling rand_chacha v0.3.0
[INFO] [stderr]    Compiling rand v0.8.3
[INFO] [stderr]    Compiling regex v1.4.3
[INFO] [stderr]    Compiling env_logger v0.8.2
[INFO] [stderr]    Compiling quickcheck v1.0.3
[INFO] [stderr]    Compiling actyx_sdk v0.1.0 (/opt/rustwide/workdir)
[INFO] [stderr]     Finished test [unoptimized + debuginfo] target(s) in 26.04s
[INFO] running `Command { std: "docker" "inspect" "a842e673c80e84c48bf8c11c550d94db0793017b499fcb37dfeaa08942e1c152", kill_on_drop: false }`
[INFO] running `Command { std: "docker" "rm" "-f" "a842e673c80e84c48bf8c11c550d94db0793017b499fcb37dfeaa08942e1c152", kill_on_drop: false }`
[INFO] [stdout] a842e673c80e84c48bf8c11c550d94db0793017b499fcb37dfeaa08942e1c152
[INFO] running `Command { std: "docker" "create" "-v" "/var/lib/crater-agent-workspace/builds/worker-34/target:/opt/rustwide/target:rw,Z" "-v" "/var/lib/crater-agent-workspace/builds/worker-34/source:/opt/rustwide/workdir:ro,Z" "-v" "/var/lib/crater-agent-workspace/cargo-home:/opt/rustwide/cargo-home:ro,Z" "-v" "/var/lib/crater-agent-workspace/rustup-home:/opt/rustwide/rustup-home:ro,Z" "-e" "SOURCE_DIR=/opt/rustwide/workdir" "-e" "CARGO_TARGET_DIR=/opt/rustwide/target" "-e" "CARGO_INCREMENTAL=0" "-e" "RUST_BACKTRACE=full" "-e" "RUSTFLAGS=--cap-lints=warn" "-e" "CARGO_HOME=/opt/rustwide/cargo-home" "-e" "RUSTUP_HOME=/opt/rustwide/rustup-home" "-w" "/opt/rustwide/workdir" "-m" "1610612736" "--user" "0:0" "--network" "none" "ghcr.io/rust-lang/crates-build-env/linux@sha256:34b6a614d2c27851fe6cbf88fbd1137609cefab8b10d0615aaeb6fd47975d74e" "/opt/rustwide/cargo-home/bin/cargo" "+beta-2021-08-01" "test" "--frozen", kill_on_drop: false }`
[INFO] [stdout] b74c820c15a183cb89dfe8c06ab93691db8dc5f69c4df5cb2f835ac0f35ae691
[INFO] running `Command { std: "docker" "start" "-a" "b74c820c15a183cb89dfe8c06ab93691db8dc5f69c4df5cb2f835ac0f35ae691", kill_on_drop: false }`
[INFO] [stderr]     Finished test [unoptimized + debuginfo] target(s) in 0.27s
[INFO] [stderr]      Running unittests (/opt/rustwide/target/debug/deps/actyx_sdk-7886e2fc002d633c)
[INFO] [stdout] 
[INFO] [stdout] running 64 tests
[INFO] [stdout] test event::opaque::tests::i128_is_f64 ... ok
[INFO] [stdout] test event::opaque::tests::u128_is_f64 ... ok
[INFO] [stdout] test language::number_impl::making_sure_i_am_not_dumb ... ok
[INFO] [stdout] test legacy::tests::reject_empty_source_id ... ok
[INFO] [stdout] test offset::tests::must_serde_offset ... ok
[INFO] [stdout] test offset::tests::offset_libipld ... ok
[INFO] [stdout] test language::parser::tests::simple_expr ... ok
[INFO] [stdout] test scalars::tests::node_id_serialization ... ok
[INFO] [stdout] test scalars::tests::stream_id_libipld ... ok
[INFO] [stdout] test scalars::tests::stream_nr_libipld ... ok
[INFO] [stdout] test timestamp::test::lamport_timestamp_sub_timestamp ... ok
[INFO] [stdout] test scalars::tests::node_id_roundtrip ... ok
[INFO] [stdout] test timestamp::test::lamport_timestamp_sub_duration ... ok
[INFO] [stdout] test timestamp::test::lamport_timestamp_sub_u64 ... ok
[INFO] [stdout] test timestamp::test::timestamp_add_u64 ... ok
[INFO] [stdout] test scalars::tests::stream_id_to_string ... ok
[INFO] [stdout] test types::varint::tests::roundtrip_u8 ... ok
[INFO] [stdout] test offset::tests::must_serde_offset_or_min ... ok
[INFO] [stdout] test scalars::tests::stream_id_roundtrip ... ok
[INFO] [stdout] test timestamp::tests::timestamp_libipld ... ok
[INFO] [stdout] test language::parser::tests::negative ... ok
[INFO] [stdout] test timestamp::test::lamport_timestamp_add_duration ... ok
[INFO] [stdout] test types::varint::tests::size_u16 ... ok
[INFO] [stdout] test timestamp::tests::lamport_timestamp_libipld ... ok
[INFO] [stdout] test types::fixnum::tests::must_compute ... ok
[INFO] [stdout] test types::fixnum::tests::must_handle_edge_cases ... ok
[INFO] [stdout] test types::varint::tests::size_u8 ... ok
[INFO] [stdout] test types::fixnum::tests::must_serde ... ok
[INFO] [stdout] test types::varint::tests::roundtrip_u128 ... ok
[INFO] [stdout] test types::varint::tests::test ... ok
[INFO] [stdout] test offset::tests::offset_map_libipld ... ok
[INFO] [stdout] test types::binary::tests::must_serialize_cbor ... ok
[INFO] [stdout] test offset::tests::must_to_string ... ok
[INFO] [stdout] test scalars::tests::quick1 ... ok
[INFO] [stdout] test offset::tests::offset_or_min_libipld ... ok
[INFO] [stdout] test scalars::tests::stream_id_serialization ... ok
[INFO] [stdout] test types::varint::tests::roundtrip_u64 ... ok
[INFO] [stdout] test types::binary::tests::must_serialize_json ... ok
[INFO] [stdout] test types::varint::tests::roundtrip_u16 ... ok
[INFO] [stdout] test types::varint::tests::size_u128 ... ok
[INFO] [stdout] test types::varint::tests::size_u32 ... ok
[INFO] [stdout] test types::varint::tests::size_u64 ... ok
[INFO] [stdout] test timestamp::test::lamport_timestamp_add_u64 ... ok
[INFO] [stdout] test types::arcval::tests::must_propagate_send_and_sync ... ok
[INFO] [stdout] test scalars::tests::node_id_ord_vs_string_ord ... ok
[INFO] [stdout] test offset::tests::must_set_op ... ok
[INFO] [stdout] test offset::tests::must_serde_offset_map ... ok
[INFO] [stdout] test scalars::tests::node_id_libipld ... ok
[INFO] [stdout] test types::varint::tests::roundtrip_u32 ... ok
[INFO] [stdout] test event::opaque::tests::opaque_dag_cbor_roundtrip ... ok
[INFO] [stdout] test tags::tests::make_tags ... ok
[INFO] [stdout] test legacy::tests::deserialize_owned ... ok
[INFO] [stdout] test offset::tests::must_calculate_offset_map ... ok
[INFO] [stdout] test legacy::tests::deserialize ... ok
[INFO] [stdout] test language::parser::tests::tag_expr ... ok
[INFO] [stdout] test language::parser::tests::roundtrips ... ok
[INFO] [stdout] test event::payload::tests::payload_dag_cbor_roundtrip ... ok
[INFO] [stdout] test language::parser::tests::tag ... ok
[INFO] [stdout] test tags::tests::tagset_is_set ... ok
[INFO] [stdout] test types::arcval::tests::must_accept_str ... ok
[INFO] [stdout] test language::parser::tests::query ... ok
[INFO] [stdout] test tags::tests::tagset_is_subset ... ok
[INFO] [stdout] test tags::tests::canonicalise ... ok
[INFO] [stderr]    Doc-tests actyx_sdk
[INFO] [stdout] test tags::tests::canonicalise_serde ... ok
[INFO] [stdout] 
[INFO] [stdout] test result: ok. 64 passed; 0 failed; 0 ignored; 0 measured; 0 filtered out; finished in 0.18s
[INFO] [stdout] 
[INFO] [stdout] 
[INFO] [stdout] running 29 tests
[INFO] [stdout] test src/scalars.rs - app_id (line 41) - compile fail ... ok
[INFO] [stdout] test src/legacy.rs - semantics (line 53) - compile fail ... ok
[INFO] [stdout] test src/types/fixnum.rs - types::fixnum::FixNum (line 42) - compile ... FAILED
[INFO] [stdout] test src/legacy.rs - fish_name (line 75) - compile fail ... ok
[INFO] [stdout] test src/tags.rs - tag (line 44) - compile fail ... ok
[INFO] [stdout] test src/lib.rs - (line 34) - compile ... FAILED
[INFO] [stdout] test src/legacy.rs - source_id (line 97) - compile fail ... ok
[INFO] [stdout] test src/scalars.rs - app_id (line 36) - compile ... ok
[INFO] [stdout] test src/legacy.rs - fish_name (line 70) - compile ... ok
[INFO] [stdout] test src/legacy.rs - source_id (line 92) - compile ... ok
[INFO] [stdout] test src/tags.rs - tag (line 39) - compile ... ok
[INFO] [stdout] test src/legacy.rs - semantics (line 48) - compile ... ok
[INFO] [stdout] test src/types/fixnum.rs - types::fixnum::FixNum<T>::checked (line 235) ... ok
[INFO] [stdout] test src/types/fixnum.rs - types::fixnum::FixNum<T>::to_num_checked (line 302) ... ok
[INFO] [stdout] test src/types/fixnum.rs - types::fixnum::FixNum<T>::to_num_wrapping (line 327) ... ok
[INFO] [stdout] test src/types/fixnum.rs - types::fixnum::FixNum<T>::overflowing (line 278) ... ok
[INFO] [stdout] test src/types/fixnum.rs - types::fixnum::FixNum<T>::saturating (line 249) ... ok
[INFO] [stdout] test src/types/mod.rs - types::fixnum_types (line 36) ... ok
[INFO] [stdout] test src/event/mod.rs - event::Event (line 67) ... ok
[INFO] [stdout] test src/types/fixnum.rs - types::fixnum::FixNum<T>::to_num_overflowing (line 338) ... ok
[INFO] [stdout] test src/types/fixnum.rs - types::fixnum::FixNum<T>::to_num_saturating (line 316) ... ok
[INFO] [stdout] test src/types/fixnum.rs - types::fixnum::FixNum<T>::wrapping (line 263) ... ok
[INFO] [stdout] test src/types/fixnum.rs - types::fixnum::FixNum<T>::panicking (line 220) ... ok
[INFO] [stdout] test src/types/fixnum.rs - types::fixnum::FixNum<T>::to_num_panicking (line 291) ... ok
[INFO] [stdout] test src/types/arcval.rs - arcval_scalar (line 30) ... ok
[INFO] [stdout] test src/tags.rs - tags (line 64) ... ok
[INFO] [stdout] test src/timestamp.rs - timestamp::Timestamp (line 30) ... ok
[INFO] [stdout] test src/tags.rs - tags::Tag (line 173) ... ok
[INFO] [stdout] test src/types/arcval.rs - types::arcval::ArcVal (line 116) ... ok
[INFO] [stdout] 
[INFO] [stdout] failures:
[INFO] [stdout] 
[INFO] [stdout] ---- src/types/fixnum.rs - types::fixnum::FixNum (line 42) stdout ----
[INFO] [stdout] error[E0463]: can't find crate for `abomonation_derive`
[INFO] [stdout]  --> src/types/fixnum.rs:41:14
[INFO] [stdout]   |
[INFO] [stdout] 2 | #[macro_use] extern crate abomonation_derive;
[INFO] [stdout]   |              ^^^^^^^^^^^^^^^^^^^^^^^^^^^^^^^^ can't find crate
[INFO] [stdout] 
[INFO] [stdout] error: aborting due to previous error
[INFO] [stdout] 
[INFO] [stdout] For more information about this error, try `rustc --explain E0463`.
[INFO] [stdout] Couldn't compile the test.
[INFO] [stdout] ---- src/lib.rs - (line 34) stdout ----
[INFO] [stdout] error[E0432]: unresolved import `actyx_sdk::HttpClient`
[INFO] [stdout]  --> src/lib.rs:36:24
[INFO] [stdout]   |
[INFO] [stdout] 4 |   app_id, AppManifest, HttpClient,
[INFO] [stdout]   |                        ^^^^^^^^^^ no `HttpClient` in the root
[INFO] [stdout] 
[INFO] [stdout] error[E0432]: unresolved import `url`
[INFO] [stdout]  --> src/lib.rs:40:5
[INFO] [stdout]   |
[INFO] [stdout] 8 | use url::Url;
[INFO] [stdout]   |     ^^^ use of undeclared crate or module `url`
[INFO] [stdout] 
[INFO] [stdout] error: aborting due to 2 previous errors
[INFO] [stdout] 
[INFO] [stdout] For more information about this error, try `rustc --explain E0432`.
[INFO] [stdout] Couldn't compile the test.
[INFO] [stdout] 
[INFO] [stdout] failures:
[INFO] [stdout]     src/lib.rs - (line 34)
[INFO] [stdout]     src/types/fixnum.rs - types::fixnum::FixNum (line 42)
[INFO] [stdout] 
[INFO] [stdout] test result: FAILED. 27 passed; 2 failed; 0 ignored; 0 measured; 0 filtered out; finished in 5.30s
[INFO] [stdout] 
[INFO] [stderr] error: test failed, to rerun pass '--doc'
[INFO] running `Command { std: "docker" "inspect" "b74c820c15a183cb89dfe8c06ab93691db8dc5f69c4df5cb2f835ac0f35ae691", kill_on_drop: false }`
[INFO] running `Command { std: "docker" "rm" "-f" "b74c820c15a183cb89dfe8c06ab93691db8dc5f69c4df5cb2f835ac0f35ae691", kill_on_drop: false }`
[INFO] [stdout] b74c820c15a183cb89dfe8c06ab93691db8dc5f69c4df5cb2f835ac0f35ae691
