[INFO] fetching crate actori-macros 0.1.1...
[INFO] testing actori-macros-0.1.1 against 1.54.0 for beta-1.55-1
[INFO] extracting crate actori-macros 0.1.1 into /workspace/builds/worker-45/source
[INFO] validating manifest of crates.io crate actori-macros 0.1.1 on toolchain 1.54.0
[INFO] running `Command { std: "/workspace/cargo-home/bin/cargo" "+1.54.0" "metadata" "--manifest-path" "Cargo.toml" "--no-deps", kill_on_drop: false }`
[INFO] started tweaking crates.io crate actori-macros 0.1.1
[INFO] finished tweaking crates.io crate actori-macros 0.1.1
[INFO] tweaked toml for crates.io crate actori-macros 0.1.1 written to /workspace/builds/worker-45/source/Cargo.toml
[INFO] running `Command { std: "/workspace/cargo-home/bin/cargo" "+1.54.0" "generate-lockfile" "--manifest-path" "Cargo.toml" "-Zno-index-update", kill_on_drop: false }`
[INFO] [stderr]     Blocking waiting for file lock on package cache
[INFO] running `Command { std: "/workspace/cargo-home/bin/cargo" "+1.54.0" "fetch" "--manifest-path" "Cargo.toml", kill_on_drop: false }`
[INFO] running `Command { std: "docker" "create" "-v" "/var/lib/crater-agent-workspace/builds/worker-45/target:/opt/rustwide/target:rw,Z" "-v" "/var/lib/crater-agent-workspace/builds/worker-45/source:/opt/rustwide/workdir:ro,Z" "-v" "/var/lib/crater-agent-workspace/cargo-home:/opt/rustwide/cargo-home:ro,Z" "-v" "/var/lib/crater-agent-workspace/rustup-home:/opt/rustwide/rustup-home:ro,Z" "-e" "SOURCE_DIR=/opt/rustwide/workdir" "-e" "CARGO_TARGET_DIR=/opt/rustwide/target" "-e" "CARGO_HOME=/opt/rustwide/cargo-home" "-e" "RUSTUP_HOME=/opt/rustwide/rustup-home" "-w" "/opt/rustwide/workdir" "-m" "1610612736" "--user" "0:0" "--network" "none" "ghcr.io/rust-lang/crates-build-env/linux@sha256:34b6a614d2c27851fe6cbf88fbd1137609cefab8b10d0615aaeb6fd47975d74e" "/opt/rustwide/cargo-home/bin/cargo" "+1.54.0" "metadata" "--no-deps" "--format-version=1", kill_on_drop: false }`
[INFO] [stdout] c4d8d247d22e507fac24d0f95dcccd056a8d0f1dc8c9c255483cf10b846b829f
[INFO] running `Command { std: "docker" "start" "-a" "c4d8d247d22e507fac24d0f95dcccd056a8d0f1dc8c9c255483cf10b846b829f", kill_on_drop: false }`
[INFO] running `Command { std: "docker" "inspect" "c4d8d247d22e507fac24d0f95dcccd056a8d0f1dc8c9c255483cf10b846b829f", kill_on_drop: false }`
[INFO] running `Command { std: "docker" "rm" "-f" "c4d8d247d22e507fac24d0f95dcccd056a8d0f1dc8c9c255483cf10b846b829f", kill_on_drop: false }`
[INFO] [stdout] c4d8d247d22e507fac24d0f95dcccd056a8d0f1dc8c9c255483cf10b846b829f
[INFO] running `Command { std: "docker" "create" "-v" "/var/lib/crater-agent-workspace/builds/worker-45/target:/opt/rustwide/target:rw,Z" "-v" "/var/lib/crater-agent-workspace/builds/worker-45/source:/opt/rustwide/workdir:ro,Z" "-v" "/var/lib/crater-agent-workspace/cargo-home:/opt/rustwide/cargo-home:ro,Z" "-v" "/var/lib/crater-agent-workspace/rustup-home:/opt/rustwide/rustup-home:ro,Z" "-e" "SOURCE_DIR=/opt/rustwide/workdir" "-e" "CARGO_TARGET_DIR=/opt/rustwide/target" "-e" "CARGO_INCREMENTAL=0" "-e" "RUST_BACKTRACE=full" "-e" "RUSTFLAGS=--cap-lints=warn" "-e" "CARGO_HOME=/opt/rustwide/cargo-home" "-e" "RUSTUP_HOME=/opt/rustwide/rustup-home" "-w" "/opt/rustwide/workdir" "-m" "1610612736" "--user" "0:0" "--network" "none" "ghcr.io/rust-lang/crates-build-env/linux@sha256:34b6a614d2c27851fe6cbf88fbd1137609cefab8b10d0615aaeb6fd47975d74e" "/opt/rustwide/cargo-home/bin/cargo" "+1.54.0" "build" "--frozen" "--message-format=json", kill_on_drop: false }`
[INFO] [stdout] 6772cc94b9f5e2274c4f38829f6135d59e487f51ba0b2167c5cd9e1b08dfde68
[INFO] running `Command { std: "docker" "start" "-a" "6772cc94b9f5e2274c4f38829f6135d59e487f51ba0b2167c5cd9e1b08dfde68", kill_on_drop: false }`
[INFO] [stderr]     Blocking waiting for file lock on package cache
[INFO] [stderr]    Compiling proc-macro2 v1.0.28
[INFO] [stderr]    Compiling unicode-xid v0.2.2
[INFO] [stderr]    Compiling syn v1.0.74
[INFO] [stderr]    Compiling quote v1.0.9
[INFO] [stderr]    Compiling actori-macros v0.1.1 (/opt/rustwide/workdir)
[INFO] [stderr]     Finished dev [unoptimized + debuginfo] target(s) in 16.60s
[INFO] running `Command { std: "docker" "inspect" "6772cc94b9f5e2274c4f38829f6135d59e487f51ba0b2167c5cd9e1b08dfde68", kill_on_drop: false }`
[INFO] running `Command { std: "docker" "rm" "-f" "6772cc94b9f5e2274c4f38829f6135d59e487f51ba0b2167c5cd9e1b08dfde68", kill_on_drop: false }`
[INFO] [stdout] 6772cc94b9f5e2274c4f38829f6135d59e487f51ba0b2167c5cd9e1b08dfde68
[INFO] running `Command { std: "docker" "create" "-v" "/var/lib/crater-agent-workspace/builds/worker-45/target:/opt/rustwide/target:rw,Z" "-v" "/var/lib/crater-agent-workspace/builds/worker-45/source:/opt/rustwide/workdir:ro,Z" "-v" "/var/lib/crater-agent-workspace/cargo-home:/opt/rustwide/cargo-home:ro,Z" "-v" "/var/lib/crater-agent-workspace/rustup-home:/opt/rustwide/rustup-home:ro,Z" "-e" "SOURCE_DIR=/opt/rustwide/workdir" "-e" "CARGO_TARGET_DIR=/opt/rustwide/target" "-e" "CARGO_INCREMENTAL=0" "-e" "RUST_BACKTRACE=full" "-e" "RUSTFLAGS=--cap-lints=warn" "-e" "CARGO_HOME=/opt/rustwide/cargo-home" "-e" "RUSTUP_HOME=/opt/rustwide/rustup-home" "-w" "/opt/rustwide/workdir" "-m" "1610612736" "--user" "0:0" "--network" "none" "ghcr.io/rust-lang/crates-build-env/linux@sha256:34b6a614d2c27851fe6cbf88fbd1137609cefab8b10d0615aaeb6fd47975d74e" "/opt/rustwide/cargo-home/bin/cargo" "+1.54.0" "test" "--frozen" "--no-run" "--message-format=json", kill_on_drop: false }`
[INFO] [stdout] 22960fd7a548ce2a8ee26a99c1e28f6217233a8bf90a057e9dd8b086fd3b2b34
[INFO] running `Command { std: "docker" "start" "-a" "22960fd7a548ce2a8ee26a99c1e28f6217233a8bf90a057e9dd8b086fd3b2b34", kill_on_drop: false }`
[INFO] [stderr]    Compiling actori-macros v0.1.1 (/opt/rustwide/workdir)
[INFO] [stderr]     Finished test [unoptimized + debuginfo] target(s) in 0.89s
[INFO] running `Command { std: "docker" "inspect" "22960fd7a548ce2a8ee26a99c1e28f6217233a8bf90a057e9dd8b086fd3b2b34", kill_on_drop: false }`
[INFO] running `Command { std: "docker" "rm" "-f" "22960fd7a548ce2a8ee26a99c1e28f6217233a8bf90a057e9dd8b086fd3b2b34", kill_on_drop: false }`
[INFO] [stdout] 22960fd7a548ce2a8ee26a99c1e28f6217233a8bf90a057e9dd8b086fd3b2b34
[INFO] running `Command { std: "docker" "create" "-v" "/var/lib/crater-agent-workspace/builds/worker-45/target:/opt/rustwide/target:rw,Z" "-v" "/var/lib/crater-agent-workspace/builds/worker-45/source:/opt/rustwide/workdir:ro,Z" "-v" "/var/lib/crater-agent-workspace/cargo-home:/opt/rustwide/cargo-home:ro,Z" "-v" "/var/lib/crater-agent-workspace/rustup-home:/opt/rustwide/rustup-home:ro,Z" "-e" "SOURCE_DIR=/opt/rustwide/workdir" "-e" "CARGO_TARGET_DIR=/opt/rustwide/target" "-e" "CARGO_INCREMENTAL=0" "-e" "RUST_BACKTRACE=full" "-e" "RUSTFLAGS=--cap-lints=warn" "-e" "CARGO_HOME=/opt/rustwide/cargo-home" "-e" "RUSTUP_HOME=/opt/rustwide/rustup-home" "-w" "/opt/rustwide/workdir" "-m" "1610612736" "--user" "0:0" "--network" "none" "ghcr.io/rust-lang/crates-build-env/linux@sha256:34b6a614d2c27851fe6cbf88fbd1137609cefab8b10d0615aaeb6fd47975d74e" "/opt/rustwide/cargo-home/bin/cargo" "+1.54.0" "test" "--frozen", kill_on_drop: false }`
[INFO] [stdout] dda3d16ea53be9560fea1c557500a5ba3d3af751f33e5137dc5323275a61d496
[INFO] running `Command { std: "docker" "start" "-a" "dda3d16ea53be9560fea1c557500a5ba3d3af751f33e5137dc5323275a61d496", kill_on_drop: false }`
[INFO] [stderr]     Finished test [unoptimized + debuginfo] target(s) in 0.04s
[INFO] [stderr]      Running unittests (/opt/rustwide/target/debug/deps/actori_macros-05a6751206c8aaac)
[INFO] [stdout] 
[INFO] [stderr]    Doc-tests actori-macros
[INFO] [stdout] running 0 tests
[INFO] [stdout] 
[INFO] [stdout] test result: ok. 0 passed; 0 failed; 0 ignored; 0 measured; 0 filtered out; finished in 0.00s
[INFO] [stdout] 
[INFO] [stdout] 
[INFO] [stdout] running 2 tests
[INFO] [stdout] test src/lib.rs - test (line 49) - compile ... FAILED
[INFO] [stdout] test src/lib.rs - main (line 11) ... FAILED
[INFO] [stdout] 
[INFO] [stdout] failures:
[INFO] [stdout] 
[INFO] [stdout] ---- src/lib.rs - test (line 49) stdout ----
[INFO] [stdout] error[E0433]: failed to resolve: use of undeclared crate or module `actori_rt`
[INFO] [stdout]  --> src/lib.rs:50:3
[INFO] [stdout]   |
[INFO] [stdout] 3 | #[actori_rt::test]
[INFO] [stdout]   |   ^^^^^^^^^ use of undeclared crate or module `actori_rt`
[INFO] [stdout] 
[INFO] [stdout] error: aborting due to previous error
[INFO] [stdout] 
[INFO] [stdout] For more information about this error, try `rustc --explain E0433`.
[INFO] [stdout] Couldn't compile the test.
[INFO] [stdout] ---- src/lib.rs - main (line 11) stdout ----
[INFO] [stdout] error[E0433]: failed to resolve: use of undeclared crate or module `actori_rt`
[INFO] [stdout]  --> src/lib.rs:12:3
[INFO] [stdout]   |
[INFO] [stdout] 2 | #[actori_rt::main]
[INFO] [stdout]   |   ^^^^^^^^^ use of undeclared crate or module `actori_rt`
[INFO] [stdout] 
[INFO] [stdout] error[E0752]: `main` function is not allowed to be `async`
[INFO] [stdout]  --> src/lib.rs:13:1
[INFO] [stdout]   |
[INFO] [stdout] 3 | async fn main() {
[INFO] [stdout]   | ^^^^^^^^^^^^^^^ `main` function is not allowed to be `async`
[INFO] [stdout] 
[INFO] [stdout] error: aborting due to 2 previous errors
[INFO] [stdout] 
[INFO] [stdout] Some errors have detailed explanations: E0433, E0752.
[INFO] [stdout] For more information about an error, try `rustc --explain E0433`.
[INFO] [stdout] Couldn't compile the test.
[INFO] [stdout] 
[INFO] [stdout] failures:
[INFO] [stdout]     src/lib.rs - main (line 11)
[INFO] [stdout]     src/lib.rs - test (line 49)
[INFO] [stdout] 
[INFO] [stdout] test result: FAILED. 0 passed; 2 failed; 0 ignored; 0 measured; 0 filtered out; finished in 0.15s
[INFO] [stdout] 
[INFO] [stderr] error: test failed, to rerun pass '--doc'
[INFO] running `Command { std: "docker" "inspect" "dda3d16ea53be9560fea1c557500a5ba3d3af751f33e5137dc5323275a61d496", kill_on_drop: false }`
[INFO] running `Command { std: "docker" "rm" "-f" "dda3d16ea53be9560fea1c557500a5ba3d3af751f33e5137dc5323275a61d496", kill_on_drop: false }`
[INFO] [stdout] dda3d16ea53be9560fea1c557500a5ba3d3af751f33e5137dc5323275a61d496
