[INFO] fetching crate actix-web-async-compat 0.1.0...
[INFO] testing actix-web-async-compat-0.1.0 against 1.54.0 for beta-1.55-1
[INFO] extracting crate actix-web-async-compat 0.1.0 into /workspace/builds/worker-80/source
[INFO] validating manifest of crates.io crate actix-web-async-compat 0.1.0 on toolchain 1.54.0
[INFO] running `Command { std: "/workspace/cargo-home/bin/cargo" "+1.54.0" "metadata" "--manifest-path" "Cargo.toml" "--no-deps", kill_on_drop: false }`
[INFO] started tweaking crates.io crate actix-web-async-compat 0.1.0
[INFO] finished tweaking crates.io crate actix-web-async-compat 0.1.0
[INFO] tweaked toml for crates.io crate actix-web-async-compat 0.1.0 written to /workspace/builds/worker-80/source/Cargo.toml
[INFO] running `Command { std: "/workspace/cargo-home/bin/cargo" "+1.54.0" "generate-lockfile" "--manifest-path" "Cargo.toml" "-Zno-index-update", kill_on_drop: false }`
[INFO] [stderr]     Blocking waiting for file lock on package cache
[INFO] running `Command { std: "/workspace/cargo-home/bin/cargo" "+1.54.0" "fetch" "--manifest-path" "Cargo.toml", kill_on_drop: false }`
[INFO] [stderr]     Blocking waiting for file lock on package cache
[INFO] [stderr]     Blocking waiting for file lock on package cache
[INFO] running `Command { std: "docker" "create" "-v" "/var/lib/crater-agent-workspace/builds/worker-80/target:/opt/rustwide/target:rw,Z" "-v" "/var/lib/crater-agent-workspace/builds/worker-80/source:/opt/rustwide/workdir:ro,Z" "-v" "/var/lib/crater-agent-workspace/cargo-home:/opt/rustwide/cargo-home:ro,Z" "-v" "/var/lib/crater-agent-workspace/rustup-home:/opt/rustwide/rustup-home:ro,Z" "-e" "SOURCE_DIR=/opt/rustwide/workdir" "-e" "CARGO_TARGET_DIR=/opt/rustwide/target" "-e" "CARGO_HOME=/opt/rustwide/cargo-home" "-e" "RUSTUP_HOME=/opt/rustwide/rustup-home" "-w" "/opt/rustwide/workdir" "-m" "1610612736" "--user" "0:0" "--network" "none" "ghcr.io/rust-lang/crates-build-env/linux@sha256:34b6a614d2c27851fe6cbf88fbd1137609cefab8b10d0615aaeb6fd47975d74e" "/opt/rustwide/cargo-home/bin/cargo" "+1.54.0" "metadata" "--no-deps" "--format-version=1", kill_on_drop: false }`
[INFO] [stdout] 84cbfa3396e7611186093065b832afb7ddc54e2b0dfad2275f33648fe908a1f8
[INFO] running `Command { std: "docker" "start" "-a" "84cbfa3396e7611186093065b832afb7ddc54e2b0dfad2275f33648fe908a1f8", kill_on_drop: false }`
[INFO] running `Command { std: "docker" "inspect" "84cbfa3396e7611186093065b832afb7ddc54e2b0dfad2275f33648fe908a1f8", kill_on_drop: false }`
[INFO] running `Command { std: "docker" "rm" "-f" "84cbfa3396e7611186093065b832afb7ddc54e2b0dfad2275f33648fe908a1f8", kill_on_drop: false }`
[INFO] [stdout] 84cbfa3396e7611186093065b832afb7ddc54e2b0dfad2275f33648fe908a1f8
[INFO] running `Command { std: "docker" "create" "-v" "/var/lib/crater-agent-workspace/builds/worker-80/target:/opt/rustwide/target:rw,Z" "-v" "/var/lib/crater-agent-workspace/builds/worker-80/source:/opt/rustwide/workdir:ro,Z" "-v" "/var/lib/crater-agent-workspace/cargo-home:/opt/rustwide/cargo-home:ro,Z" "-v" "/var/lib/crater-agent-workspace/rustup-home:/opt/rustwide/rustup-home:ro,Z" "-e" "SOURCE_DIR=/opt/rustwide/workdir" "-e" "CARGO_TARGET_DIR=/opt/rustwide/target" "-e" "CARGO_INCREMENTAL=0" "-e" "RUST_BACKTRACE=full" "-e" "RUSTFLAGS=--cap-lints=warn" "-e" "CARGO_HOME=/opt/rustwide/cargo-home" "-e" "RUSTUP_HOME=/opt/rustwide/rustup-home" "-w" "/opt/rustwide/workdir" "-m" "1610612736" "--user" "0:0" "--network" "none" "ghcr.io/rust-lang/crates-build-env/linux@sha256:34b6a614d2c27851fe6cbf88fbd1137609cefab8b10d0615aaeb6fd47975d74e" "/opt/rustwide/cargo-home/bin/cargo" "+1.54.0" "build" "--frozen" "--message-format=json", kill_on_drop: false }`
[INFO] [stdout] b37c3a1e77bef0f6b503461e24c79c6fa2d791c83dca646c7f5784b13383a353
[INFO] running `Command { std: "docker" "start" "-a" "b37c3a1e77bef0f6b503461e24c79c6fa2d791c83dca646c7f5784b13383a353", kill_on_drop: false }`
[INFO] [stderr]    Compiling memchr v2.4.0
[INFO] [stderr]    Compiling futures-core-preview v0.3.0-alpha.19
[INFO] [stderr]    Compiling futures-sink-preview v0.3.0-alpha.19
[INFO] [stderr]    Compiling futures v0.1.31
[INFO] [stderr]    Compiling slab v0.4.4
[INFO] [stderr]    Compiling pin-utils v0.1.0
[INFO] [stderr]    Compiling futures-io-preview v0.3.0-alpha.19
[INFO] [stderr]    Compiling futures-channel-preview v0.3.0-alpha.19
[INFO] [stderr]    Compiling futures-util-preview v0.3.0-alpha.19
[INFO] [stderr]    Compiling futures-executor-preview v0.3.0-alpha.19
[INFO] [stderr]    Compiling futures-preview v0.3.0-alpha.19
[INFO] [stderr]    Compiling actix-web-async-compat v0.1.0 (/opt/rustwide/workdir)
[INFO] [stderr]     Finished dev [unoptimized + debuginfo] target(s) in 15.07s
[INFO] running `Command { std: "docker" "inspect" "b37c3a1e77bef0f6b503461e24c79c6fa2d791c83dca646c7f5784b13383a353", kill_on_drop: false }`
[INFO] running `Command { std: "docker" "rm" "-f" "b37c3a1e77bef0f6b503461e24c79c6fa2d791c83dca646c7f5784b13383a353", kill_on_drop: false }`
[INFO] [stdout] b37c3a1e77bef0f6b503461e24c79c6fa2d791c83dca646c7f5784b13383a353
[INFO] running `Command { std: "docker" "create" "-v" "/var/lib/crater-agent-workspace/builds/worker-80/target:/opt/rustwide/target:rw,Z" "-v" "/var/lib/crater-agent-workspace/builds/worker-80/source:/opt/rustwide/workdir:ro,Z" "-v" "/var/lib/crater-agent-workspace/cargo-home:/opt/rustwide/cargo-home:ro,Z" "-v" "/var/lib/crater-agent-workspace/rustup-home:/opt/rustwide/rustup-home:ro,Z" "-e" "SOURCE_DIR=/opt/rustwide/workdir" "-e" "CARGO_TARGET_DIR=/opt/rustwide/target" "-e" "CARGO_INCREMENTAL=0" "-e" "RUST_BACKTRACE=full" "-e" "RUSTFLAGS=--cap-lints=warn" "-e" "CARGO_HOME=/opt/rustwide/cargo-home" "-e" "RUSTUP_HOME=/opt/rustwide/rustup-home" "-w" "/opt/rustwide/workdir" "-m" "1610612736" "--user" "0:0" "--network" "none" "ghcr.io/rust-lang/crates-build-env/linux@sha256:34b6a614d2c27851fe6cbf88fbd1137609cefab8b10d0615aaeb6fd47975d74e" "/opt/rustwide/cargo-home/bin/cargo" "+1.54.0" "test" "--frozen" "--no-run" "--message-format=json", kill_on_drop: false }`
[INFO] [stdout] fb8b4647c4b321eb95b691a56f093eb8e38fc13635ce02f6369805034226f8d6
[INFO] running `Command { std: "docker" "start" "-a" "fb8b4647c4b321eb95b691a56f093eb8e38fc13635ce02f6369805034226f8d6", kill_on_drop: false }`
[INFO] [stderr]    Compiling actix-web-async-compat v0.1.0 (/opt/rustwide/workdir)
[INFO] [stderr]     Finished test [unoptimized + debuginfo] target(s) in 12.27s
[INFO] running `Command { std: "docker" "inspect" "fb8b4647c4b321eb95b691a56f093eb8e38fc13635ce02f6369805034226f8d6", kill_on_drop: false }`
[INFO] running `Command { std: "docker" "rm" "-f" "fb8b4647c4b321eb95b691a56f093eb8e38fc13635ce02f6369805034226f8d6", kill_on_drop: false }`
[INFO] [stdout] fb8b4647c4b321eb95b691a56f093eb8e38fc13635ce02f6369805034226f8d6
[INFO] running `Command { std: "docker" "create" "-v" "/var/lib/crater-agent-workspace/builds/worker-80/target:/opt/rustwide/target:rw,Z" "-v" "/var/lib/crater-agent-workspace/builds/worker-80/source:/opt/rustwide/workdir:ro,Z" "-v" "/var/lib/crater-agent-workspace/cargo-home:/opt/rustwide/cargo-home:ro,Z" "-v" "/var/lib/crater-agent-workspace/rustup-home:/opt/rustwide/rustup-home:ro,Z" "-e" "SOURCE_DIR=/opt/rustwide/workdir" "-e" "CARGO_TARGET_DIR=/opt/rustwide/target" "-e" "CARGO_INCREMENTAL=0" "-e" "RUST_BACKTRACE=full" "-e" "RUSTFLAGS=--cap-lints=warn" "-e" "CARGO_HOME=/opt/rustwide/cargo-home" "-e" "RUSTUP_HOME=/opt/rustwide/rustup-home" "-w" "/opt/rustwide/workdir" "-m" "1610612736" "--user" "0:0" "--network" "none" "ghcr.io/rust-lang/crates-build-env/linux@sha256:34b6a614d2c27851fe6cbf88fbd1137609cefab8b10d0615aaeb6fd47975d74e" "/opt/rustwide/cargo-home/bin/cargo" "+1.54.0" "test" "--frozen", kill_on_drop: false }`
[INFO] [stdout] d9be56607b8829890f02c9d06f7cda264171eaad2314e3420fe68429e363b92d
[INFO] running `Command { std: "docker" "start" "-a" "d9be56607b8829890f02c9d06f7cda264171eaad2314e3420fe68429e363b92d", kill_on_drop: false }`
[INFO] [stderr]     Blocking waiting for file lock on package cache
[INFO] [stderr]     Finished test [unoptimized + debuginfo] target(s) in 2.33s
[INFO] [stderr]      Running unittests (/opt/rustwide/target/debug/deps/actix_web_async_compat-06a2bc5cfbf2d764)
[INFO] [stdout] 
[INFO] [stderr]    Doc-tests actix-web-async-compat
[INFO] [stdout] running 0 tests
[INFO] [stdout] 
[INFO] [stdout] test result: ok. 0 passed; 0 failed; 0 ignored; 0 measured; 0 filtered out; finished in 0.00s
[INFO] [stdout] 
[INFO] [stdout] 
[INFO] [stdout] running 1 test
[INFO] [stdout] test src/lib.rs - async_compat (line 8) ... FAILED
[INFO] [stdout] 
[INFO] [stdout] failures:
[INFO] [stdout] 
[INFO] [stdout] ---- src/lib.rs - async_compat (line 8) stdout ----
[INFO] [stdout] error[E0433]: failed to resolve: use of undeclared crate or module `tokio`
[INFO] [stdout]  --> src/lib.rs:11:5
[INFO] [stdout]   |
[INFO] [stdout] 6 | use tokio::timer::Delay;
[INFO] [stdout]   |     ^^^^^ use of undeclared crate or module `tokio`
[INFO] [stdout] 
[INFO] [stdout] error[E0432]: unresolved import `actix_web`
[INFO] [stdout]  --> src/lib.rs:9:5
[INFO] [stdout]   |
[INFO] [stdout] 4 | use actix_web::{web, App, HttpResponse, Error};
[INFO] [stdout]   |     ^^^^^^^^^ use of undeclared crate or module `actix_web`
[INFO] [stdout] 
[INFO] [stdout] error[E0433]: failed to resolve: use of undeclared type `Delay`
[INFO] [stdout]   --> src/lib.rs:16:5
[INFO] [stdout]    |
[INFO] [stdout] 11 |     Delay::new(Instant::now() + Duration::from_secs(2)).await?;
[INFO] [stdout]    |     ^^^^^ use of undeclared type `Delay`
[INFO] [stdout] 
[INFO] [stdout] error[E0425]: cannot find function `ok` in this scope
[INFO] [stdout]    --> src/lib.rs:17:5
[INFO] [stdout]     |
[INFO] [stdout] 12  |     ok(HttpResponse::Ok().finish())
[INFO] [stdout]     |     ^^
[INFO] [stdout]     |
[INFO] [stdout] help: a tuple variant with a similar name exists
[INFO] [stdout]     |
[INFO] [stdout] 12  |     Ok(HttpResponse::Ok().finish())
[INFO] [stdout]     |     ^^
[INFO] [stdout] help: consider importing this function
[INFO] [stdout]     |
[INFO] [stdout] 3   | use futures::future::ok;
[INFO] [stdout]     |
[INFO] [stdout] 
[INFO] [stdout] error[E0593]: function is expected to take 1 argument, but it takes 0 arguments
[INFO] [stdout]   --> src/lib.rs:21:32
[INFO] [stdout]    |
[INFO] [stdout] 9  | async fn index() -> Result<HttpResponse, Error> {
[INFO] [stdout]    | ----------------------------------------------- takes 0 arguments
[INFO] [stdout] ...
[INFO] [stdout] 16 |     web::to_async(async_compat(index)))
[INFO] [stdout]    |                                ^^^^^ expected function that takes 1 argument
[INFO] [stdout]    | 
[INFO] [stdout]   ::: /opt/rustwide/workdir/src/lib.rs:28:8
[INFO] [stdout]    |
[INFO] [stdout] 28 |     F: Fn(P) -> R + Clone + 'static,
[INFO] [stdout]    |        ---------- required by this bound in `async_compat`
[INFO] [stdout] 
[INFO] [stdout] error: aborting due to 5 previous errors
[INFO] [stdout] 
[INFO] [stdout] Some errors have detailed explanations: E0425, E0432, E0433, E0593.
[INFO] [stdout] For more information about an error, try `rustc --explain E0425`.
[INFO] [stdout] Couldn't compile the test.
[INFO] [stdout] 
[INFO] [stdout] failures:
[INFO] [stdout]     src/lib.rs - async_compat (line 8)
[INFO] [stdout] 
[INFO] [stdout] test result: FAILED. 0 passed; 1 failed; 0 ignored; 0 measured; 0 filtered out; finished in 0.66s
[INFO] [stdout] 
[INFO] [stderr] error: test failed, to rerun pass '--doc'
[INFO] running `Command { std: "docker" "inspect" "d9be56607b8829890f02c9d06f7cda264171eaad2314e3420fe68429e363b92d", kill_on_drop: false }`
[INFO] running `Command { std: "docker" "rm" "-f" "d9be56607b8829890f02c9d06f7cda264171eaad2314e3420fe68429e363b92d", kill_on_drop: false }`
[INFO] [stdout] d9be56607b8829890f02c9d06f7cda264171eaad2314e3420fe68429e363b92d
