[INFO] fetching crate actix-taskqueue 0.1.0...
[INFO] testing actix-taskqueue-0.1.0 against 1.54.0 for beta-1.55-1
[INFO] extracting crate actix-taskqueue 0.1.0 into /workspace/builds/worker-6/source
[INFO] validating manifest of crates.io crate actix-taskqueue 0.1.0 on toolchain 1.54.0
[INFO] running `Command { std: "/workspace/cargo-home/bin/cargo" "+1.54.0" "metadata" "--manifest-path" "Cargo.toml" "--no-deps", kill_on_drop: false }`
[INFO] started tweaking crates.io crate actix-taskqueue 0.1.0
[INFO] finished tweaking crates.io crate actix-taskqueue 0.1.0
[INFO] tweaked toml for crates.io crate actix-taskqueue 0.1.0 written to /workspace/builds/worker-6/source/Cargo.toml
[INFO] crate crates.io crate actix-taskqueue 0.1.0 already has a lockfile, it will not be regenerated
[INFO] running `Command { std: "/workspace/cargo-home/bin/cargo" "+1.54.0" "fetch" "--manifest-path" "Cargo.toml", kill_on_drop: false }`
[INFO] [stderr]     Blocking waiting for file lock on package cache
[INFO] [stderr]     Blocking waiting for file lock on package cache
[INFO] running `Command { std: "docker" "create" "-v" "/var/lib/crater-agent-workspace/builds/worker-6/target:/opt/rustwide/target:rw,Z" "-v" "/var/lib/crater-agent-workspace/builds/worker-6/source:/opt/rustwide/workdir:ro,Z" "-v" "/var/lib/crater-agent-workspace/cargo-home:/opt/rustwide/cargo-home:ro,Z" "-v" "/var/lib/crater-agent-workspace/rustup-home:/opt/rustwide/rustup-home:ro,Z" "-e" "SOURCE_DIR=/opt/rustwide/workdir" "-e" "CARGO_TARGET_DIR=/opt/rustwide/target" "-e" "CARGO_HOME=/opt/rustwide/cargo-home" "-e" "RUSTUP_HOME=/opt/rustwide/rustup-home" "-w" "/opt/rustwide/workdir" "-m" "1610612736" "--user" "0:0" "--network" "none" "ghcr.io/rust-lang/crates-build-env/linux@sha256:34b6a614d2c27851fe6cbf88fbd1137609cefab8b10d0615aaeb6fd47975d74e" "/opt/rustwide/cargo-home/bin/cargo" "+1.54.0" "metadata" "--no-deps" "--format-version=1", kill_on_drop: false }`
[INFO] [stdout] 05fd1bb4350684435ee1b2387f09a4e9b3f4fd43bbad1dbaae245d717b9b1ea6
[INFO] running `Command { std: "docker" "start" "-a" "05fd1bb4350684435ee1b2387f09a4e9b3f4fd43bbad1dbaae245d717b9b1ea6", kill_on_drop: false }`
[INFO] running `Command { std: "docker" "inspect" "05fd1bb4350684435ee1b2387f09a4e9b3f4fd43bbad1dbaae245d717b9b1ea6", kill_on_drop: false }`
[INFO] running `Command { std: "docker" "rm" "-f" "05fd1bb4350684435ee1b2387f09a4e9b3f4fd43bbad1dbaae245d717b9b1ea6", kill_on_drop: false }`
[INFO] [stdout] 05fd1bb4350684435ee1b2387f09a4e9b3f4fd43bbad1dbaae245d717b9b1ea6
[INFO] running `Command { std: "docker" "create" "-v" "/var/lib/crater-agent-workspace/builds/worker-6/target:/opt/rustwide/target:rw,Z" "-v" "/var/lib/crater-agent-workspace/builds/worker-6/source:/opt/rustwide/workdir:ro,Z" "-v" "/var/lib/crater-agent-workspace/cargo-home:/opt/rustwide/cargo-home:ro,Z" "-v" "/var/lib/crater-agent-workspace/rustup-home:/opt/rustwide/rustup-home:ro,Z" "-e" "SOURCE_DIR=/opt/rustwide/workdir" "-e" "CARGO_TARGET_DIR=/opt/rustwide/target" "-e" "CARGO_INCREMENTAL=0" "-e" "RUST_BACKTRACE=full" "-e" "RUSTFLAGS=--cap-lints=warn" "-e" "CARGO_HOME=/opt/rustwide/cargo-home" "-e" "RUSTUP_HOME=/opt/rustwide/rustup-home" "-w" "/opt/rustwide/workdir" "-m" "1610612736" "--user" "0:0" "--network" "none" "ghcr.io/rust-lang/crates-build-env/linux@sha256:34b6a614d2c27851fe6cbf88fbd1137609cefab8b10d0615aaeb6fd47975d74e" "/opt/rustwide/cargo-home/bin/cargo" "+1.54.0" "build" "--frozen" "--message-format=json", kill_on_drop: false }`
[INFO] [stdout] 703b04c7d076b00b901847c4c8433b8c2a44955dee2746a9cdbd67ebb2514031
[INFO] running `Command { std: "docker" "start" "-a" "703b04c7d076b00b901847c4c8433b8c2a44955dee2746a9cdbd67ebb2514031", kill_on_drop: false }`
[INFO] [stderr]     Blocking waiting for file lock on package cache
[INFO] [stderr]    Compiling libc v0.2.74
[INFO] [stderr]    Compiling cfg-if v0.1.10
[INFO] [stderr]    Compiling autocfg v1.0.0
[INFO] [stderr]    Compiling proc-macro2 v1.0.19
[INFO] [stderr]    Compiling unicode-xid v0.2.1
[INFO] [stderr]    Compiling syn v1.0.38
[INFO] [stderr]    Compiling lazy_static v1.4.0
[INFO] [stderr]    Compiling memchr v2.3.3
[INFO] [stderr]    Compiling slab v0.4.2
[INFO] [stderr]    Compiling futures-core v0.3.5
[INFO] [stderr]    Compiling log v0.4.11
[INFO] [stderr]    Compiling futures-sink v0.3.5
[INFO] [stderr]    Compiling pin-project-internal v0.4.23
[INFO] [stderr]    Compiling proc-macro-nested v0.1.6
[INFO] [stderr]    Compiling arc-swap v0.4.7
[INFO] [stderr]    Compiling proc-macro-hack v0.5.18
[INFO] [stderr]    Compiling once_cell v1.4.0
[INFO] [stderr]    Compiling scopeguard v1.1.0
[INFO] [stderr]    Compiling futures-io v0.3.5
[INFO] [stderr]    Compiling pin-utils v0.1.0
[INFO] [stderr]    Compiling pin-project-lite v0.1.7
[INFO] [stderr]    Compiling smallvec v1.4.2
[INFO] [stderr]    Compiling getrandom v0.1.14
[INFO] [stderr]    Compiling matches v0.1.8
[INFO] [stderr]    Compiling tinyvec v0.3.3
[INFO] [stderr]    Compiling gimli v0.22.0
[INFO] [stderr]    Compiling instant v0.1.6
[INFO] [stderr]    Compiling adler v0.2.3
[INFO] [stderr]    Compiling failure_derive v0.1.8
[INFO] [stderr]    Compiling percent-encoding v2.1.0
[INFO] [stderr]    Compiling object v0.20.0
[INFO] [stderr]    Compiling unicode-segmentation v1.6.0
[INFO] [stderr]    Compiling itoa v0.4.6
[INFO] [stderr]    Compiling bitflags v1.2.1
[INFO] [stderr]    Compiling rustc-demangle v0.1.16
[INFO] [stderr]    Compiling ppv-lite86 v0.2.8
[INFO] [stderr]    Compiling maybe-uninit v2.0.0
[INFO] [stderr]    Compiling match_cfg v0.1.0
[INFO] [stderr]    Compiling serde v1.0.115
[INFO] [stderr]    Compiling linked-hash-map v0.5.3
[INFO] [stderr]    Compiling ryu v1.0.5
[INFO] [stderr]    Compiling quick-error v1.2.3
[INFO] [stderr]    Compiling byteorder v1.3.4
[INFO] [stderr]    Compiling copyless v0.1.5
[INFO] [stderr]    Compiling either v1.6.0
[INFO] [stderr]    Compiling httparse v1.3.4
[INFO] [stderr]    Compiling serde_json v1.0.57
[INFO] [stderr]    Compiling encoding_rs v0.8.23
[INFO] [stderr]    Compiling dtoa v0.4.6
[INFO] [stderr]    Compiling regex-syntax v0.6.18
[INFO] [stderr]    Compiling mime v0.3.16
[INFO] [stderr]    Compiling base64 v0.11.0
[INFO] [stderr]    Compiling language-tags v0.2.2
[INFO] [stderr]    Compiling sha1 v0.6.0
[INFO] [stderr]    Compiling unicode-bidi v0.3.4
[INFO] [stderr]    Compiling futures-task v0.3.5
[INFO] [stderr]    Compiling tracing-core v0.1.14
[INFO] [stderr]    Compiling thread_local v1.0.1
[INFO] [stderr]    Compiling futures-channel v0.3.5
[INFO] [stderr]    Compiling unicode-normalization v0.1.13
[INFO] [stderr]    Compiling miniz_oxide v0.4.0
[INFO] [stderr]    Compiling lock_api v0.4.1
[INFO] [stderr]    Compiling http v0.2.1
[INFO] [stderr]    Compiling lock_api v0.3.4
[INFO] [stderr]    Compiling crossbeam-utils v0.7.2
[INFO] [stderr]    Compiling num-traits v0.2.12
[INFO] [stderr]    Compiling hashbrown v0.8.2
[INFO] [stderr]    Compiling num-integer v0.1.43
[INFO] [stderr]    Compiling indexmap v1.5.1
[INFO] [stderr]    Compiling memoffset v0.5.5
[INFO] [stderr]    Compiling crossbeam-epoch v0.8.2
[INFO] [stderr]    Compiling heck v0.3.1
[INFO] [stderr]    Compiling lru-cache v0.1.2
[INFO] [stderr]    Compiling idna v0.2.0
[INFO] [stderr]    Compiling addr2line v0.13.0
[INFO] [stderr]    Compiling url v2.1.1
[INFO] [stderr]    Compiling aho-corasick v0.7.13
[INFO] [stderr]    Compiling quote v1.0.7
[INFO] [stderr]    Compiling net2 v0.2.34
[INFO] [stderr]    Compiling iovec v0.1.4
[INFO] [stderr]    Compiling signal-hook-registry v1.2.1
[INFO] [stderr]    Compiling parking_lot_core v0.8.0
[INFO] [stderr]    Compiling num_cpus v1.13.0
[INFO] [stderr]    Compiling backtrace v0.3.50
[INFO] [stderr]    Compiling socket2 v0.3.12
[INFO] [stderr]    Compiling hostname v0.3.1
[INFO] [stderr]    Compiling time v0.1.43
[INFO] [stderr]    Compiling parking_lot_core v0.7.2
[INFO] [stderr]    Compiling tracing v0.1.19
[INFO] [stderr]    Compiling threadpool v1.8.1
[INFO] [stderr]    Compiling resolv-conf v0.6.3
[INFO] [stderr]    Compiling parking_lot v0.10.2
[INFO] [stderr]    Compiling rand_core v0.5.1
[INFO] [stderr]    Compiling parking_lot v0.11.0
[INFO] [stderr]    Compiling mio v0.6.22
[INFO] [stderr]    Compiling fxhash v0.2.1
[INFO] [stderr]    Compiling regex v1.3.9
[INFO] [stderr]    Compiling rand_chacha v0.2.2
[INFO] [stderr]    Compiling mio-uds v0.6.8
[INFO] [stderr]    Compiling serde_urlencoded v0.6.1
[INFO] [stderr]    Compiling rand v0.7.3
[INFO] [stderr]    Compiling tokio v0.2.22
[INFO] [stderr]    Compiling chrono v0.4.15
[INFO] [stderr]    Compiling crossbeam-channel v0.4.3
[INFO] [stderr]    Compiling crossbeam-queue v0.2.3
[INFO] [stderr]    Compiling synstructure v0.12.4
[INFO] [stderr]    Compiling crossbeam-deque v0.7.3
[INFO] [stderr]    Compiling tokio-util v0.2.0
[INFO] [stderr]    Compiling tokio-util v0.3.1
[INFO] [stderr]    Compiling crossbeam v0.7.3
[INFO] [stderr]    Compiling actix-codec v0.2.0
[INFO] [stderr]    Compiling futures-macro v0.3.5
[INFO] [stderr]    Compiling derive_more v0.99.9
[INFO] [stderr]    Compiling enum-as-inner v0.3.3
[INFO] [stderr]    Compiling async-trait v0.1.38
[INFO] [stderr]    Compiling actix-macros v0.1.2
[INFO] [stderr]    Compiling actix_derive v0.5.0
[INFO] [stderr]    Compiling failure v0.1.8
[INFO] [stderr]    Compiling pin-project v0.4.23
[INFO] [stderr]    Compiling futures-util v0.3.5
[INFO] [stderr]    Compiling actix-threadpool v0.3.3
[INFO] [stderr]    Compiling futures-executor v0.3.5
[INFO] [stderr]    Compiling actix-service v1.0.6
[INFO] [stderr]    Compiling actix-rt v1.1.1
[INFO] [stderr]    Compiling h2 v0.2.6
[INFO] [stderr]    Compiling futures v0.3.5
[INFO] [stderr]    Compiling trust-dns-proto v0.18.0-alpha.2
[INFO] [stderr]    Compiling actix-utils v1.0.6
[INFO] [stderr]    Compiling trust-dns-resolver v0.18.0-alpha.2
[INFO] [stderr]    Compiling actix-connect v1.0.2
[INFO] [stderr]    Compiling actix-http v1.0.1
[INFO] [stderr]    Compiling actix v0.9.0
[INFO] [stderr]    Compiling actix-taskqueue v0.1.0 (/opt/rustwide/workdir)
[INFO] [stderr]     Finished dev [unoptimized + debuginfo] target(s) in 1m 34s
[INFO] running `Command { std: "docker" "inspect" "703b04c7d076b00b901847c4c8433b8c2a44955dee2746a9cdbd67ebb2514031", kill_on_drop: false }`
[INFO] running `Command { std: "docker" "rm" "-f" "703b04c7d076b00b901847c4c8433b8c2a44955dee2746a9cdbd67ebb2514031", kill_on_drop: false }`
[INFO] [stdout] 703b04c7d076b00b901847c4c8433b8c2a44955dee2746a9cdbd67ebb2514031
[INFO] running `Command { std: "docker" "create" "-v" "/var/lib/crater-agent-workspace/builds/worker-6/target:/opt/rustwide/target:rw,Z" "-v" "/var/lib/crater-agent-workspace/builds/worker-6/source:/opt/rustwide/workdir:ro,Z" "-v" "/var/lib/crater-agent-workspace/cargo-home:/opt/rustwide/cargo-home:ro,Z" "-v" "/var/lib/crater-agent-workspace/rustup-home:/opt/rustwide/rustup-home:ro,Z" "-e" "SOURCE_DIR=/opt/rustwide/workdir" "-e" "CARGO_TARGET_DIR=/opt/rustwide/target" "-e" "CARGO_INCREMENTAL=0" "-e" "RUST_BACKTRACE=full" "-e" "RUSTFLAGS=--cap-lints=warn" "-e" "CARGO_HOME=/opt/rustwide/cargo-home" "-e" "RUSTUP_HOME=/opt/rustwide/rustup-home" "-w" "/opt/rustwide/workdir" "-m" "1610612736" "--user" "0:0" "--network" "none" "ghcr.io/rust-lang/crates-build-env/linux@sha256:34b6a614d2c27851fe6cbf88fbd1137609cefab8b10d0615aaeb6fd47975d74e" "/opt/rustwide/cargo-home/bin/cargo" "+1.54.0" "test" "--frozen" "--no-run" "--message-format=json", kill_on_drop: false }`
[INFO] [stdout] 4d36b14525ee9b130eb5e58fae04e021420f0a0eac60d023161911cb64b3bb84
[INFO] running `Command { std: "docker" "start" "-a" "4d36b14525ee9b130eb5e58fae04e021420f0a0eac60d023161911cb64b3bb84", kill_on_drop: false }`
[INFO] [stderr]     Blocking waiting for file lock on package cache
[INFO] [stderr]    Compiling actix-taskqueue v0.1.0 (/opt/rustwide/workdir)
[INFO] [stderr]     Finished test [unoptimized + debuginfo] target(s) in 29.27s
[INFO] running `Command { std: "docker" "inspect" "4d36b14525ee9b130eb5e58fae04e021420f0a0eac60d023161911cb64b3bb84", kill_on_drop: false }`
[INFO] running `Command { std: "docker" "rm" "-f" "4d36b14525ee9b130eb5e58fae04e021420f0a0eac60d023161911cb64b3bb84", kill_on_drop: false }`
[INFO] [stdout] 4d36b14525ee9b130eb5e58fae04e021420f0a0eac60d023161911cb64b3bb84
[INFO] running `Command { std: "docker" "create" "-v" "/var/lib/crater-agent-workspace/builds/worker-6/target:/opt/rustwide/target:rw,Z" "-v" "/var/lib/crater-agent-workspace/builds/worker-6/source:/opt/rustwide/workdir:ro,Z" "-v" "/var/lib/crater-agent-workspace/cargo-home:/opt/rustwide/cargo-home:ro,Z" "-v" "/var/lib/crater-agent-workspace/rustup-home:/opt/rustwide/rustup-home:ro,Z" "-e" "SOURCE_DIR=/opt/rustwide/workdir" "-e" "CARGO_TARGET_DIR=/opt/rustwide/target" "-e" "CARGO_INCREMENTAL=0" "-e" "RUST_BACKTRACE=full" "-e" "RUSTFLAGS=--cap-lints=warn" "-e" "CARGO_HOME=/opt/rustwide/cargo-home" "-e" "RUSTUP_HOME=/opt/rustwide/rustup-home" "-w" "/opt/rustwide/workdir" "-m" "1610612736" "--user" "0:0" "--network" "none" "ghcr.io/rust-lang/crates-build-env/linux@sha256:34b6a614d2c27851fe6cbf88fbd1137609cefab8b10d0615aaeb6fd47975d74e" "/opt/rustwide/cargo-home/bin/cargo" "+1.54.0" "test" "--frozen", kill_on_drop: false }`
[INFO] [stdout] e02c26992f559b6b6c0e3cb0bd43399aa1b5a4d0f6c1338375f7ba50bd1220a1
[INFO] running `Command { std: "docker" "start" "-a" "e02c26992f559b6b6c0e3cb0bd43399aa1b5a4d0f6c1338375f7ba50bd1220a1", kill_on_drop: false }`
[INFO] [stderr]     Blocking waiting for file lock on package cache
[INFO] [stdout] 
[INFO] [stderr]     Finished test [unoptimized + debuginfo] target(s) in 0.85s
[INFO] [stdout] running 0 tests
[INFO] [stderr]      Running unittests (/opt/rustwide/target/debug/deps/actix_taskqueue-fe1a3d034015e742)
[INFO] [stdout] 
[INFO] [stdout] test result: ok. 0 passed; 0 failed; 0 ignored; 0 measured; 0 filtered out; finished in 0.00s
[INFO] [stdout] 
[INFO] [stderr]    Doc-tests actix-taskqueue
[INFO] [stdout] 
[INFO] [stdout] running 7 tests
[INFO] [stdout] test src/queue.rs - queue::TaskQueue (line 31) ... FAILED
[INFO] [stdout] test src/messages.rs - messages::Push (line 11) ... FAILED
[INFO] [stdout] test src/lib.rs - (line 61) ... FAILED
[INFO] [stdout] test src/lib.rs - (line 19) ... FAILED
[INFO] [stdout] test src/messages.rs - messages::Pop (line 39) ... FAILED
[INFO] [stdout] test src/lib.rs - (line 47) ... FAILED
[INFO] [stdout] test src/lib.rs - (line 11) ... ok
[INFO] [stdout] 
[INFO] [stdout] failures:
[INFO] [stdout] 
[INFO] [stdout] ---- src/queue.rs - queue::TaskQueue (line 31) stdout ----
[INFO] [stdout] error[E0433]: failed to resolve: use of undeclared type `TaskQueue`
[INFO] [stdout]  --> src/queue.rs:32:13
[INFO] [stdout]   |
[INFO] [stdout] 3 | let queue = TaskQueue::<i32>::from_registry();
[INFO] [stdout]   |             ^^^^^^^^^ not found in this scope
[INFO] [stdout]   |
[INFO] [stdout] help: consider importing this struct
[INFO] [stdout]   |
[INFO] [stdout] 2 | use actix_taskqueue::queue::TaskQueue;
[INFO] [stdout]   |
[INFO] [stdout] 
[INFO] [stdout] error[E0433]: failed to resolve: use of undeclared type `Push`
[INFO] [stdout]  --> src/queue.rs:34:15
[INFO] [stdout]   |
[INFO] [stdout] 5 | queue.do_send(Push::<i32>::new(1));
[INFO] [stdout]   |               ^^^^ not found in this scope
[INFO] [stdout]   |
[INFO] [stdout] help: consider importing this struct
[INFO] [stdout]   |
[INFO] [stdout] 2 | use actix_taskqueue::messages::Push;
[INFO] [stdout]   |
[INFO] [stdout] 
[INFO] [stdout] error[E0433]: failed to resolve: use of undeclared type `Push`
[INFO] [stdout]  --> src/queue.rs:35:15
[INFO] [stdout]   |
[INFO] [stdout] 6 | queue.do_send(Push::<i32>::new(2));
[INFO] [stdout]   |               ^^^^ not found in this scope
[INFO] [stdout]   |
[INFO] [stdout] help: consider importing this struct
[INFO] [stdout]   |
[INFO] [stdout] 2 | use actix_taskqueue::messages::Push;
[INFO] [stdout]   |
[INFO] [stdout] 
[INFO] [stdout] error[E0433]: failed to resolve: use of undeclared type `Push`
[INFO] [stdout]  --> src/queue.rs:36:15
[INFO] [stdout]   |
[INFO] [stdout] 7 | queue.do_send(Push::<i32>::new(3));
[INFO] [stdout]   |               ^^^^ not found in this scope
[INFO] [stdout]   |
[INFO] [stdout] help: consider importing this struct
[INFO] [stdout]   |
[INFO] [stdout] 2 | use actix_taskqueue::messages::Push;
[INFO] [stdout]   |
[INFO] [stdout] 
[INFO] [stdout] error: aborting due to 4 previous errors
[INFO] [stdout] 
[INFO] [stdout] For more information about this error, try `rustc --explain E0433`.
[INFO] [stdout] Couldn't compile the test.
[INFO] [stdout] ---- src/messages.rs - messages::Push (line 11) stdout ----
[INFO] [stdout] error[E0433]: failed to resolve: use of undeclared type `Push`
[INFO] [stdout]  --> src/messages.rs:12:11
[INFO] [stdout]   |
[INFO] [stdout] 3 | let msg = Push::<i32>::new(10);
[INFO] [stdout]   |           ^^^^ not found in this scope
[INFO] [stdout]   |
[INFO] [stdout] help: consider importing this struct
[INFO] [stdout]   |
[INFO] [stdout] 2 | use actix_taskqueue::messages::Push;
[INFO] [stdout]   |
[INFO] [stdout] 
[INFO] [stdout] error[E0433]: failed to resolve: use of undeclared type `Push`
[INFO] [stdout]  --> src/messages.rs:14:11
[INFO] [stdout]   |
[INFO] [stdout] 5 | let msg = Push::<&'static str>::new("hello");
[INFO] [stdout]   |           ^^^^ not found in this scope
[INFO] [stdout]   |
[INFO] [stdout] help: consider importing this struct
[INFO] [stdout]   |
[INFO] [stdout] 2 | use actix_taskqueue::messages::Push;
[INFO] [stdout]   |
[INFO] [stdout] 
[INFO] [stdout] error: aborting due to 2 previous errors
[INFO] [stdout] 
[INFO] [stdout] For more information about this error, try `rustc --explain E0433`.
[INFO] [stdout] Couldn't compile the test.
[INFO] [stdout] ---- src/lib.rs - (line 61) stdout ----
[INFO] [stdout] error[E0706]: functions in traits cannot be declared `async`
[INFO] [stdout]   --> src/lib.rs:68:5
[INFO] [stdout]    |
[INFO] [stdout] 8  |       async fn execute(&self, task: PlusFive) -> Result<PlusFiveResult, WorkerExecuteError> {
[INFO] [stdout]    |       ^----
[INFO] [stdout]    |       |
[INFO] [stdout]    |  _____`async` because of this
[INFO] [stdout]    | |
[INFO] [stdout] 9  | |         let PlusFive(n) = task;
[INFO] [stdout] 10 | |         if n >= 5 {
[INFO] [stdout] 11 | |             return Ok(PlusFiveResult(n + 5));
[INFO] [stdout] ...  |
[INFO] [stdout] 16 | |         }
[INFO] [stdout] 17 | |     }
[INFO] [stdout]    | |_____^
[INFO] [stdout]    |
[INFO] [stdout]    = note: `async` trait functions are not currently supported
[INFO] [stdout]    = note: consider using the `async-trait` crate: https://crates.io/crates/async-trait
[INFO] [stdout] 
[INFO] [stdout] error: cannot find attribute `async_trait` in this scope
[INFO] [stdout]  --> src/lib.rs:66:3
[INFO] [stdout]   |
[INFO] [stdout] 6 | #[async_trait]
[INFO] [stdout]   |   ^^^^^^^^^^^
[INFO] [stdout] 
[INFO] [stdout] error[E0433]: failed to resolve: use of undeclared type `WorkerExecuteError`
[INFO] [stdout]   --> src/lib.rs:73:24
[INFO] [stdout]    |
[INFO] [stdout] 13 |             return Err(WorkerExecuteError::Retryable);
[INFO] [stdout]    |                        ^^^^^^^^^^^^^^^^^^ use of undeclared type `WorkerExecuteError`
[INFO] [stdout] 
[INFO] [stdout] error[E0433]: failed to resolve: use of undeclared type `WorkerExecuteError`
[INFO] [stdout]   --> src/lib.rs:75:24
[INFO] [stdout]    |
[INFO] [stdout] 15 |             return Err(WorkerExecuteError::NonRetryable);
[INFO] [stdout]    |                        ^^^^^^^^^^^^^^^^^^ use of undeclared type `WorkerExecuteError`
[INFO] [stdout] 
[INFO] [stdout] error[E0405]: cannot find trait `QueueConsumer` in this scope
[INFO] [stdout]  --> src/lib.rs:67:6
[INFO] [stdout]   |
[INFO] [stdout] 7 | impl QueueConsumer<PlusFive, PlusFiveResult> for TaskWorker<PlusFive, PlusFiveResult> {
[INFO] [stdout]   |      ^^^^^^^^^^^^^ not found in this scope
[INFO] [stdout]   |
[INFO] [stdout] help: consider importing this trait
[INFO] [stdout]   |
[INFO] [stdout] 3 | use actix_taskqueue::worker::QueueConsumer;
[INFO] [stdout]   |
[INFO] [stdout] 
[INFO] [stdout] error[E0412]: cannot find type `TaskWorker` in this scope
[INFO] [stdout]  --> src/lib.rs:67:50
[INFO] [stdout]   |
[INFO] [stdout] 7 | impl QueueConsumer<PlusFive, PlusFiveResult> for TaskWorker<PlusFive, PlusFiveResult> {
[INFO] [stdout]   |                                                  ^^^^^^^^^^ not found in this scope
[INFO] [stdout]   |
[INFO] [stdout] help: consider importing this struct
[INFO] [stdout]   |
[INFO] [stdout] 3 | use actix_taskqueue::worker::TaskWorker;
[INFO] [stdout]   |
[INFO] [stdout] 
[INFO] [stdout] error[E0412]: cannot find type `WorkerExecuteError` in this scope
[INFO] [stdout]  --> src/lib.rs:68:71
[INFO] [stdout]   |
[INFO] [stdout] 8 |     async fn execute(&self, task: PlusFive) -> Result<PlusFiveResult, WorkerExecuteError> {
[INFO] [stdout]   |                                                                       ^^^^^^^^^^^^^^^^^^ not found in this scope
[INFO] [stdout]   |
[INFO] [stdout] help: consider importing this enum
[INFO] [stdout]   |
[INFO] [stdout] 3 | use actix_taskqueue::worker::WorkerExecuteError;
[INFO] [stdout]   |
[INFO] [stdout] 
[INFO] [stdout] error[E0412]: cannot find type `Addr` in this scope
[INFO] [stdout]   --> src/lib.rs:79:28
[INFO] [stdout]    |
[INFO] [stdout] 19 |     fn get_queue(&self) -> Addr<TaskQueue<PlusFive>> {
[INFO] [stdout]    |                            ^^^^ not found in this scope
[INFO] [stdout]    |
[INFO] [stdout] help: consider importing this struct
[INFO] [stdout]    |
[INFO] [stdout] 3  | use actix::Addr;
[INFO] [stdout]    |
[INFO] [stdout] 
[INFO] [stdout] error[E0412]: cannot find type `TaskQueue` in this scope
[INFO] [stdout]   --> src/lib.rs:79:33
[INFO] [stdout]    |
[INFO] [stdout] 19 |     fn get_queue(&self) -> Addr<TaskQueue<PlusFive>> {
[INFO] [stdout]    |                                 ^^^^^^^^^ not found in this scope
[INFO] [stdout]    |
[INFO] [stdout] help: consider importing this struct
[INFO] [stdout]    |
[INFO] [stdout] 3  | use actix_taskqueue::queue::TaskQueue;
[INFO] [stdout]    |
[INFO] [stdout] 
[INFO] [stdout] error[E0433]: failed to resolve: use of undeclared type `TaskQueue`
[INFO] [stdout]   --> src/lib.rs:80:9
[INFO] [stdout]    |
[INFO] [stdout] 20 |         TaskQueue::<PlusFive>::from_registry()
[INFO] [stdout]    |         ^^^^^^^^^ not found in this scope
[INFO] [stdout]    |
[INFO] [stdout] help: consider importing this struct
[INFO] [stdout]    |
[INFO] [stdout] 3  | use actix_taskqueue::queue::TaskQueue;
[INFO] [stdout]    |
[INFO] [stdout] 
[INFO] [stdout] error[E0433]: failed to resolve: use of undeclared type `TaskQueue`
[INFO] [stdout]   --> src/lib.rs:102:17
[INFO] [stdout]    |
[INFO] [stdout] 42 |     let queue = TaskQueue::<PlusFive>::from_registry();
[INFO] [stdout]    |                 ^^^^^^^^^ not found in this scope
[INFO] [stdout]    |
[INFO] [stdout] help: consider importing this struct
[INFO] [stdout]    |
[INFO] [stdout] 3  | use actix_taskqueue::queue::TaskQueue;
[INFO] [stdout]    |
[INFO] [stdout] 
[INFO] [stdout] error[E0433]: failed to resolve: use of undeclared type `TaskWorker`
[INFO] [stdout]   --> src/lib.rs:103:18
[INFO] [stdout]    |
[INFO] [stdout] 43 |     let worker = TaskWorker::<PlusFive, PlusFiveResult>::new();
[INFO] [stdout]    |                  ^^^^^^^^^^ not found in this scope
[INFO] [stdout]    |
[INFO] [stdout] help: consider importing this struct
[INFO] [stdout]    |
[INFO] [stdout] 3  | use actix_taskqueue::worker::TaskWorker;
[INFO] [stdout]    |
[INFO] [stdout] 
[INFO] [stdout] error[E0433]: failed to resolve: use of undeclared type `Push`
[INFO] [stdout]   --> src/lib.rs:105:19
[INFO] [stdout]    |
[INFO] [stdout] 45 |     queue.do_send(Push::new(PlusFive(5)));
[INFO] [stdout]    |                   ^^^^ not found in this scope
[INFO] [stdout]    |
[INFO] [stdout] help: consider importing this struct
[INFO] [stdout]    |
[INFO] [stdout] 3  | use actix_taskqueue::messages::Push;
[INFO] [stdout]    |
[INFO] [stdout] 
[INFO] [stdout] error[E0433]: failed to resolve: use of undeclared type `Push`
[INFO] [stdout]   --> src/lib.rs:106:19
[INFO] [stdout]    |
[INFO] [stdout] 46 |     queue.do_send(Push::new(PlusFive(8)));
[INFO] [stdout]    |                   ^^^^ not found in this scope
[INFO] [stdout]    |
[INFO] [stdout] help: consider importing this struct
[INFO] [stdout]    |
[INFO] [stdout] 3  | use actix_taskqueue::messages::Push;
[INFO] [stdout]    |
[INFO] [stdout] 
[INFO] [stdout] error[E0433]: failed to resolve: use of undeclared type `Push`
[INFO] [stdout]   --> src/lib.rs:107:19
[INFO] [stdout]    |
[INFO] [stdout] 47 |     queue.do_send(Push::new(PlusFive(3)));
[INFO] [stdout]    |                   ^^^^ not found in this scope
[INFO] [stdout]    |
[INFO] [stdout] help: consider importing this struct
[INFO] [stdout]    |
[INFO] [stdout] 3  | use actix_taskqueue::messages::Push;
[INFO] [stdout]    |
[INFO] [stdout] 
[INFO] [stdout] error[E0433]: failed to resolve: use of undeclared type `Push`
[INFO] [stdout]   --> src/lib.rs:108:19
[INFO] [stdout]    |
[INFO] [stdout] 48 |     queue.do_send(Push::new(PlusFive(11)));
[INFO] [stdout]    |                   ^^^^ not found in this scope
[INFO] [stdout]    |
[INFO] [stdout] help: consider importing this struct
[INFO] [stdout]    |
[INFO] [stdout] 3  | use actix_taskqueue::messages::Push;
[INFO] [stdout]    |
[INFO] [stdout] 
[INFO] [stdout] error[E0433]: failed to resolve: use of undeclared type `Push`
[INFO] [stdout]   --> src/lib.rs:109:19
[INFO] [stdout]    |
[INFO] [stdout] 49 |     queue.do_send(Push::new(PlusFive(0)));
[INFO] [stdout]    |                   ^^^^ not found in this scope
[INFO] [stdout]    |
[INFO] [stdout] help: consider importing this struct
[INFO] [stdout]    |
[INFO] [stdout] 3  | use actix_taskqueue::messages::Push;
[INFO] [stdout]    |
[INFO] [stdout] 
[INFO] [stdout] error[E0433]: failed to resolve: use of undeclared type `Push`
[INFO] [stdout]   --> src/lib.rs:110:19
[INFO] [stdout]    |
[INFO] [stdout] 50 |     queue.do_send(Push::new(PlusFive(20)));
[INFO] [stdout]    |                   ^^^^ not found in this scope
[INFO] [stdout]    |
[INFO] [stdout] help: consider importing this struct
[INFO] [stdout]    |
[INFO] [stdout] 3  | use actix_taskqueue::messages::Push;
[INFO] [stdout]    |
[INFO] [stdout] 
[INFO] [stdout] error: aborting due to 18 previous errors
[INFO] [stdout] 
[INFO] [stdout] Some errors have detailed explanations: E0405, E0412, E0433, E0706.
[INFO] [stdout] For more information about an error, try `rustc --explain E0405`.
[INFO] [stdout] Couldn't compile the test.
[INFO] [stdout] ---- src/lib.rs - (line 19) stdout ----
[INFO] [stdout] error: unexpected token: `...`
[INFO] [stdout]  --> src/lib.rs:23:7
[INFO] [stdout]   |
[INFO] [stdout] 6 |       ...
[INFO] [stdout]   |       ^^^
[INFO] [stdout]   |
[INFO] [stdout] help: use `..` for an exclusive range
[INFO] [stdout]   |
[INFO] [stdout] 6 |       ..
[INFO] [stdout]   |
[INFO] [stdout] help: or `..=` for an inclusive range
[INFO] [stdout]   |
[INFO] [stdout] 6 |       ..=
[INFO] [stdout]   |
[INFO] [stdout] 
[INFO] [stdout] error[E0586]: inclusive range with no end
[INFO] [stdout]  --> src/lib.rs:23:7
[INFO] [stdout]   |
[INFO] [stdout] 6 |       ...
[INFO] [stdout]   |       ^^^ help: use `..` instead
[INFO] [stdout]   |
[INFO] [stdout]   = note: inclusive ranges must be bounded at the end (`..=b` or `a..=b`)
[INFO] [stdout] 
[INFO] [stdout] error: unexpected token: `...`
[INFO] [stdout]   --> src/lib.rs:27:7
[INFO] [stdout]    |
[INFO] [stdout] 10 |       ...
[INFO] [stdout]    |       ^^^
[INFO] [stdout]    |
[INFO] [stdout] help: use `..` for an exclusive range
[INFO] [stdout]    |
[INFO] [stdout] 10 |       ..
[INFO] [stdout]    |
[INFO] [stdout] help: or `..=` for an inclusive range
[INFO] [stdout]    |
[INFO] [stdout] 10 |       ..=
[INFO] [stdout]    |
[INFO] [stdout] 
[INFO] [stdout] error[E0586]: inclusive range with no end
[INFO] [stdout]   --> src/lib.rs:27:7
[INFO] [stdout]    |
[INFO] [stdout] 10 |       ...
[INFO] [stdout]    |       ^^^ help: use `..` instead
[INFO] [stdout]    |
[INFO] [stdout]    = note: inclusive ranges must be bounded at the end (`..=b` or `a..=b`)
[INFO] [stdout] 
[INFO] [stdout] error: unexpected token: `...`
[INFO] [stdout]   --> src/lib.rs:31:7
[INFO] [stdout]    |
[INFO] [stdout] 14 |       ...
[INFO] [stdout]    |       ^^^
[INFO] [stdout]    |
[INFO] [stdout] help: use `..` for an exclusive range
[INFO] [stdout]    |
[INFO] [stdout] 14 |       ..
[INFO] [stdout]    |
[INFO] [stdout] help: or `..=` for an inclusive range
[INFO] [stdout]    |
[INFO] [stdout] 14 |       ..=
[INFO] [stdout]    |
[INFO] [stdout] 
[INFO] [stdout] error[E0586]: inclusive range with no end
[INFO] [stdout]   --> src/lib.rs:31:7
[INFO] [stdout]    |
[INFO] [stdout] 14 |       ...
[INFO] [stdout]    |       ^^^ help: use `..` instead
[INFO] [stdout]    |
[INFO] [stdout]    = note: inclusive ranges must be bounded at the end (`..=b` or `a..=b`)
[INFO] [stdout] 
[INFO] [stdout] error: unexpected token: `...`
[INFO] [stdout]   --> src/lib.rs:35:7
[INFO] [stdout]    |
[INFO] [stdout] 18 |       ...
[INFO] [stdout]    |       ^^^
[INFO] [stdout]    |
[INFO] [stdout] help: use `..` for an exclusive range
[INFO] [stdout]    |
[INFO] [stdout] 18 |       ..
[INFO] [stdout]    |
[INFO] [stdout] help: or `..=` for an inclusive range
[INFO] [stdout]    |
[INFO] [stdout] 18 |       ..=
[INFO] [stdout]    |
[INFO] [stdout] 
[INFO] [stdout] error[E0586]: inclusive range with no end
[INFO] [stdout]   --> src/lib.rs:35:7
[INFO] [stdout]    |
[INFO] [stdout] 18 |       ...
[INFO] [stdout]    |       ^^^ help: use `..` instead
[INFO] [stdout]    |
[INFO] [stdout]    = note: inclusive ranges must be bounded at the end (`..=b` or `a..=b`)
[INFO] [stdout] 
[INFO] [stdout] error: unexpected token: `...`
[INFO] [stdout]   --> src/lib.rs:39:7
[INFO] [stdout]    |
[INFO] [stdout] 22 |       ...
[INFO] [stdout]    |       ^^^
[INFO] [stdout]    |
[INFO] [stdout] help: use `..` for an exclusive range
[INFO] [stdout]    |
[INFO] [stdout] 22 |       ..
[INFO] [stdout]    |
[INFO] [stdout] help: or `..=` for an inclusive range
[INFO] [stdout]    |
[INFO] [stdout] 22 |       ..=
[INFO] [stdout]    |
[INFO] [stdout] 
[INFO] [stdout] error[E0586]: inclusive range with no end
[INFO] [stdout]   --> src/lib.rs:39:7
[INFO] [stdout]    |
[INFO] [stdout] 22 |       ...
[INFO] [stdout]    |       ^^^ help: use `..` instead
[INFO] [stdout]    |
[INFO] [stdout]    = note: inclusive ranges must be bounded at the end (`..=b` or `a..=b`)
[INFO] [stdout] 
[INFO] [stdout] error[E0706]: functions in traits cannot be declared `async`
[INFO] [stdout]  --> src/lib.rs:22:5
[INFO] [stdout]   |
[INFO] [stdout] 5 |       async fn execute(&self, task: Task) -> Result<TaskResult, WorkerExecuteError> {
[INFO] [stdout]   |       ^----
[INFO] [stdout]   |       |
[INFO] [stdout]   |  _____`async` because of this
[INFO] [stdout]   | |
[INFO] [stdout] 6 | |       ...
[INFO] [stdout] 7 | |     }
[INFO] [stdout]   | |_____^
[INFO] [stdout]   |
[INFO] [stdout]   = note: `async` trait functions are not currently supported
[INFO] [stdout]   = note: consider using the `async-trait` crate: https://crates.io/crates/async-trait
[INFO] [stdout] 
[INFO] [stdout] error: cannot find attribute `async_trait` in this scope
[INFO] [stdout]  --> src/lib.rs:20:3
[INFO] [stdout]   |
[INFO] [stdout] 3 | #[async_trait]
[INFO] [stdout]   |   ^^^^^^^^^^^
[INFO] [stdout] 
[INFO] [stdout] error[E0405]: cannot find trait `QueueConsumer` in this scope
[INFO] [stdout]  --> src/lib.rs:21:6
[INFO] [stdout]   |
[INFO] [stdout] 4 | impl QueueConsumer<Task, TaskResult> for TaskWorker<Task, TaskResult> {
[INFO] [stdout]   |      ^^^^^^^^^^^^^ not found in this scope
[INFO] [stdout]   |
[INFO] [stdout] help: consider importing this trait
[INFO] [stdout]   |
[INFO] [stdout] 2 | use actix_taskqueue::worker::QueueConsumer;
[INFO] [stdout]   |
[INFO] [stdout] 
[INFO] [stdout] error[E0412]: cannot find type `Task` in this scope
[INFO] [stdout]  --> src/lib.rs:21:20
[INFO] [stdout]   |
[INFO] [stdout] 4 | impl QueueConsumer<Task, TaskResult> for TaskWorker<Task, TaskResult> {
[INFO] [stdout]   |     -              ^^^^ not found in this scope
[INFO] [stdout]   |     |
[INFO] [stdout]   |     help: you might be missing a type parameter: `<Task>`
[INFO] [stdout] 
[INFO] [stdout] error[E0412]: cannot find type `TaskResult` in this scope
[INFO] [stdout]  --> src/lib.rs:21:26
[INFO] [stdout]   |
[INFO] [stdout] 4 | impl QueueConsumer<Task, TaskResult> for TaskWorker<Task, TaskResult> {
[INFO] [stdout]   |     -                    ^^^^^^^^^^ not found in this scope
[INFO] [stdout]   |     |
[INFO] [stdout]   |     help: you might be missing a type parameter: `<TaskResult>`
[INFO] [stdout] 
[INFO] [stdout] error[E0412]: cannot find type `TaskWorker` in this scope
[INFO] [stdout]  --> src/lib.rs:21:42
[INFO] [stdout]   |
[INFO] [stdout] 4 | impl QueueConsumer<Task, TaskResult> for TaskWorker<Task, TaskResult> {
[INFO] [stdout]   |                                          ^^^^^^^^^^ not found in this scope
[INFO] [stdout]   |
[INFO] [stdout] help: consider importing this struct
[INFO] [stdout]   |
[INFO] [stdout] 2 | use actix_taskqueue::worker::TaskWorker;
[INFO] [stdout]   |
[INFO] [stdout] 
[INFO] [stdout] error[E0412]: cannot find type `Task` in this scope
[INFO] [stdout]  --> src/lib.rs:21:53
[INFO] [stdout]   |
[INFO] [stdout] 4 | impl QueueConsumer<Task, TaskResult> for TaskWorker<Task, TaskResult> {
[INFO] [stdout]   |     -                                               ^^^^ not found in this scope
[INFO] [stdout]   |     |
[INFO] [stdout]   |     help: you might be missing a type parameter: `<Task>`
[INFO] [stdout] 
[INFO] [stdout] error[E0412]: cannot find type `TaskResult` in this scope
[INFO] [stdout]  --> src/lib.rs:21:59
[INFO] [stdout]   |
[INFO] [stdout] 4 | impl QueueConsumer<Task, TaskResult> for TaskWorker<Task, TaskResult> {
[INFO] [stdout]   |     -                                                     ^^^^^^^^^^ not found in this scope
[INFO] [stdout]   |     |
[INFO] [stdout]   |     help: you might be missing a type parameter: `<TaskResult>`
[INFO] [stdout] 
[INFO] [stdout] error[E0412]: cannot find type `Task` in this scope
[INFO] [stdout]  --> src/lib.rs:22:35
[INFO] [stdout]   |
[INFO] [stdout] 5 |     async fn execute(&self, task: Task) -> Result<TaskResult, WorkerExecuteError> {
[INFO] [stdout]   |                                   ^^^^ not found in this scope
[INFO] [stdout] 
[INFO] [stdout] error[E0412]: cannot find type `TaskResult` in this scope
[INFO] [stdout]  --> src/lib.rs:22:51
[INFO] [stdout]   |
[INFO] [stdout] 4 | impl QueueConsumer<Task, TaskResult> for TaskWorker<Task, TaskResult> {
[INFO] [stdout]   |     - help: you might be missing a type parameter: `<TaskResult>`
[INFO] [stdout] 5 |     async fn execute(&self, task: Task) -> Result<TaskResult, WorkerExecuteError> {
[INFO] [stdout]   |                                                   ^^^^^^^^^^ not found in this scope
[INFO] [stdout] 
[INFO] [stdout] error[E0412]: cannot find type `WorkerExecuteError` in this scope
[INFO] [stdout]  --> src/lib.rs:22:63
[INFO] [stdout]   |
[INFO] [stdout] 5 |     async fn execute(&self, task: Task) -> Result<TaskResult, WorkerExecuteError> {
[INFO] [stdout]   |                                                               ^^^^^^^^^^^^^^^^^^ not found in this scope
[INFO] [stdout]   |
[INFO] [stdout] help: consider importing this enum
[INFO] [stdout]   |
[INFO] [stdout] 2 | use actix_taskqueue::worker::WorkerExecuteError;
[INFO] [stdout]   |
[INFO] [stdout] 
[INFO] [stdout] error[E0412]: cannot find type `Addr` in this scope
[INFO] [stdout]  --> src/lib.rs:26:28
[INFO] [stdout]   |
[INFO] [stdout] 9 |     fn get_queue(&self) -> Addr<TaskQueue<Task>> {
[INFO] [stdout]   |                            ^^^^ not found in this scope
[INFO] [stdout]   |
[INFO] [stdout] help: consider importing this struct
[INFO] [stdout]   |
[INFO] [stdout] 2 | use actix::Addr;
[INFO] [stdout]   |
[INFO] [stdout] 
[INFO] [stdout] error[E0412]: cannot find type `TaskQueue` in this scope
[INFO] [stdout]  --> src/lib.rs:26:33
[INFO] [stdout]   |
[INFO] [stdout] 9 |     fn get_queue(&self) -> Addr<TaskQueue<Task>> {
[INFO] [stdout]   |                                 ^^^^^^^^^ not found in this scope
[INFO] [stdout]   |
[INFO] [stdout] help: consider importing this struct
[INFO] [stdout]   |
[INFO] [stdout] 2 | use actix_taskqueue::queue::TaskQueue;
[INFO] [stdout]   |
[INFO] [stdout] 
[INFO] [stdout] error[E0412]: cannot find type `Task` in this scope
[INFO] [stdout]  --> src/lib.rs:26:43
[INFO] [stdout]   |
[INFO] [stdout] 4 | impl QueueConsumer<Task, TaskResult> for TaskWorker<Task, TaskResult> {
[INFO] [stdout]   |     - help: you might be missing a type parameter: `<Task>`
[INFO] [stdout] ...
[INFO] [stdout] 9 |     fn get_queue(&self) -> Addr<TaskQueue<Task>> {
[INFO] [stdout]   |                                           ^^^^ not found in this scope
[INFO] [stdout] 
[INFO] [stdout] error[E0412]: cannot find type `Task` in this scope
[INFO] [stdout]   --> src/lib.rs:30:27
[INFO] [stdout]    |
[INFO] [stdout] 13 |     fn retry(&self, task: Task) -> Task {
[INFO] [stdout]    |                           ^^^^ not found in this scope
[INFO] [stdout] 
[INFO] [stdout] error[E0412]: cannot find type `Task` in this scope
[INFO] [stdout]   --> src/lib.rs:30:36
[INFO] [stdout]    |
[INFO] [stdout] 13 |     fn retry(&self, task: Task) -> Task {
[INFO] [stdout]    |                                    ^^^^ not found in this scope
[INFO] [stdout] 
[INFO] [stdout] error[E0412]: cannot find type `Task` in this scope
[INFO] [stdout]   --> src/lib.rs:34:26
[INFO] [stdout]    |
[INFO] [stdout] 17 |     fn drop(&self, task: Task) {
[INFO] [stdout]    |                          ^^^^ not found in this scope
[INFO] [stdout] 
[INFO] [stdout] error[E0412]: cannot find type `TaskResult` in this scope
[INFO] [stdout]   --> src/lib.rs:38:30
[INFO] [stdout]    |
[INFO] [stdout] 21 |     fn result(&self, result: TaskResult) {
[INFO] [stdout]    |                              ^^^^^^^^^^ not found in this scope
[INFO] [stdout] 
[INFO] [stdout] error: aborting due to 28 previous errors
[INFO] [stdout] 
[INFO] [stdout] Some errors have detailed explanations: E0405, E0412, E0586, E0706.
[INFO] [stdout] For more information about an error, try `rustc --explain E0405`.
[INFO] [stdout] Couldn't compile the test.
[INFO] [stdout] ---- src/messages.rs - messages::Pop (line 39) stdout ----
[INFO] [stdout] error[E0433]: failed to resolve: use of undeclared type `Pop`
[INFO] [stdout]  --> src/messages.rs:40:11
[INFO] [stdout]   |
[INFO] [stdout] 3 | let msg = Pop::<i32>::new();
[INFO] [stdout]   |           ^^^ not found in this scope
[INFO] [stdout]   |
[INFO] [stdout] help: consider importing this struct
[INFO] [stdout]   |
[INFO] [stdout] 2 | use actix_taskqueue::messages::Pop;
[INFO] [stdout]   |
[INFO] [stdout] 
[INFO] [stdout] error: aborting due to previous error
[INFO] [stdout] 
[INFO] [stdout] For more information about this error, try `rustc --explain E0433`.
[INFO] [stdout] Couldn't compile the test.
[INFO] [stdout] ---- src/lib.rs - (line 47) stdout ----
[INFO] [stdout] error[E0425]: cannot find value `worker` in this scope
[INFO] [stdout]  --> src/lib.rs:48:1
[INFO] [stdout]   |
[INFO] [stdout] 3 | worker.next().await
[INFO] [stdout]   | ^^^^^^ not found in this scope
[INFO] [stdout] 
[INFO] [stdout] error[E0728]: `await` is only allowed inside `async` functions and blocks
[INFO] [stdout]  --> src/lib.rs:48:1
[INFO] [stdout]   |
[INFO] [stdout] 2 | fn main() { #[allow(non_snake_case)] fn _doctest_main_src_lib_rs_47_0() {
[INFO] [stdout]   |                                         ----------------------------- this is not `async`
[INFO] [stdout] 3 | worker.next().await
[INFO] [stdout]   | ^^^^^^^^^^^^^^^^^^^ only allowed inside `async` functions and blocks
[INFO] [stdout] 
[INFO] [stdout] error: aborting due to 2 previous errors
[INFO] [stdout] 
[INFO] [stdout] Some errors have detailed explanations: E0425, E0728.
[INFO] [stdout] For more information about an error, try `rustc --explain E0425`.
[INFO] [stdout] Couldn't compile the test.
[INFO] [stdout] 
[INFO] [stdout] failures:
[INFO] [stdout]     src/lib.rs - (line 19)
[INFO] [stdout]     src/lib.rs - (line 47)
[INFO] [stdout]     src/lib.rs - (line 61)
[INFO] [stdout]     src/messages.rs - messages::Pop (line 39)
[INFO] [stdout]     src/messages.rs - messages::Push (line 11)
[INFO] [stdout]     src/queue.rs - queue::TaskQueue (line 31)
[INFO] [stdout] 
[INFO] [stdout] test result: FAILED. 1 passed; 6 failed; 0 ignored; 0 measured; 0 filtered out; finished in 0.51s
[INFO] [stdout] 
[INFO] [stderr] error: test failed, to rerun pass '--doc'
[INFO] running `Command { std: "docker" "inspect" "e02c26992f559b6b6c0e3cb0bd43399aa1b5a4d0f6c1338375f7ba50bd1220a1", kill_on_drop: false }`
[INFO] running `Command { std: "docker" "rm" "-f" "e02c26992f559b6b6c0e3cb0bd43399aa1b5a4d0f6c1338375f7ba50bd1220a1", kill_on_drop: false }`
[INFO] [stdout] e02c26992f559b6b6c0e3cb0bd43399aa1b5a4d0f6c1338375f7ba50bd1220a1
