[INFO] fetching crate active_tx 0.1.1...
[INFO] testing active_tx-0.1.1 against beta-2021-08-01 for beta-1.55-1
[INFO] extracting crate active_tx 0.1.1 into /workspace/builds/worker-114/source
[INFO] validating manifest of crates.io crate active_tx 0.1.1 on toolchain beta-2021-08-01
[INFO] running `Command { std: "/workspace/cargo-home/bin/cargo" "+beta-2021-08-01" "metadata" "--manifest-path" "Cargo.toml" "--no-deps", kill_on_drop: false }`
[INFO] started tweaking crates.io crate active_tx 0.1.1
[INFO] finished tweaking crates.io crate active_tx 0.1.1
[INFO] tweaked toml for crates.io crate active_tx 0.1.1 written to /workspace/builds/worker-114/source/Cargo.toml
[INFO] running `Command { std: "/workspace/cargo-home/bin/cargo" "+beta-2021-08-01" "generate-lockfile" "--manifest-path" "Cargo.toml" "-Zno-index-update", kill_on_drop: false }`
[INFO] running `Command { std: "/workspace/cargo-home/bin/cargo" "+beta-2021-08-01" "fetch" "--manifest-path" "Cargo.toml", kill_on_drop: false }`
[INFO] [stderr]     Blocking waiting for file lock on package cache
[INFO] [stderr]     Blocking waiting for file lock on package cache
[INFO] [stderr]  Downloading crates ...
[INFO] [stderr]   Downloaded activeledger v0.1.1
[INFO] running `Command { std: "docker" "create" "-v" "/var/lib/crater-agent-workspace/builds/worker-114/target:/opt/rustwide/target:rw,Z" "-v" "/var/lib/crater-agent-workspace/builds/worker-114/source:/opt/rustwide/workdir:ro,Z" "-v" "/var/lib/crater-agent-workspace/cargo-home:/opt/rustwide/cargo-home:ro,Z" "-v" "/var/lib/crater-agent-workspace/rustup-home:/opt/rustwide/rustup-home:ro,Z" "-e" "SOURCE_DIR=/opt/rustwide/workdir" "-e" "CARGO_TARGET_DIR=/opt/rustwide/target" "-e" "CARGO_HOME=/opt/rustwide/cargo-home" "-e" "RUSTUP_HOME=/opt/rustwide/rustup-home" "-w" "/opt/rustwide/workdir" "-m" "1610612736" "--user" "0:0" "--network" "none" "ghcr.io/rust-lang/crates-build-env/linux@sha256:34b6a614d2c27851fe6cbf88fbd1137609cefab8b10d0615aaeb6fd47975d74e" "/opt/rustwide/cargo-home/bin/cargo" "+beta-2021-08-01" "metadata" "--no-deps" "--format-version=1", kill_on_drop: false }`
[INFO] [stdout] 85625bc2392450701510ae20522f95d42688fa661a05056bf6ae326869c44c29
[INFO] running `Command { std: "docker" "start" "-a" "85625bc2392450701510ae20522f95d42688fa661a05056bf6ae326869c44c29", kill_on_drop: false }`
[INFO] running `Command { std: "docker" "inspect" "85625bc2392450701510ae20522f95d42688fa661a05056bf6ae326869c44c29", kill_on_drop: false }`
[INFO] running `Command { std: "docker" "rm" "-f" "85625bc2392450701510ae20522f95d42688fa661a05056bf6ae326869c44c29", kill_on_drop: false }`
[INFO] [stdout] 85625bc2392450701510ae20522f95d42688fa661a05056bf6ae326869c44c29
[INFO] running `Command { std: "docker" "create" "-v" "/var/lib/crater-agent-workspace/builds/worker-114/target:/opt/rustwide/target:rw,Z" "-v" "/var/lib/crater-agent-workspace/builds/worker-114/source:/opt/rustwide/workdir:ro,Z" "-v" "/var/lib/crater-agent-workspace/cargo-home:/opt/rustwide/cargo-home:ro,Z" "-v" "/var/lib/crater-agent-workspace/rustup-home:/opt/rustwide/rustup-home:ro,Z" "-e" "SOURCE_DIR=/opt/rustwide/workdir" "-e" "CARGO_TARGET_DIR=/opt/rustwide/target" "-e" "CARGO_INCREMENTAL=0" "-e" "RUST_BACKTRACE=full" "-e" "RUSTFLAGS=--cap-lints=warn" "-e" "CARGO_HOME=/opt/rustwide/cargo-home" "-e" "RUSTUP_HOME=/opt/rustwide/rustup-home" "-w" "/opt/rustwide/workdir" "-m" "1610612736" "--user" "0:0" "--network" "none" "ghcr.io/rust-lang/crates-build-env/linux@sha256:34b6a614d2c27851fe6cbf88fbd1137609cefab8b10d0615aaeb6fd47975d74e" "/opt/rustwide/cargo-home/bin/cargo" "+beta-2021-08-01" "build" "--frozen" "--message-format=json", kill_on_drop: false }`
[INFO] [stdout] 6ff9cf4e4a1abcb27d70d971114fed29f61dd2677c2dc9ab14fe9e558295c657
[INFO] running `Command { std: "docker" "start" "-a" "6ff9cf4e4a1abcb27d70d971114fed29f61dd2677c2dc9ab14fe9e558295c657", kill_on_drop: false }`
[INFO] [stderr]    Compiling memchr v2.4.0
[INFO] [stderr]    Compiling openssl v0.10.35
[INFO] [stderr]    Compiling openssl-src v111.15.0+1.1.1k
[INFO] [stderr]    Compiling http v0.1.21
[INFO] [stderr]    Compiling serde_derive v1.0.127
[INFO] [stderr]    Compiling mime_guess v2.0.3
[INFO] [stderr]    Compiling cookie v0.12.0
[INFO] [stderr]    Compiling publicsuffix v1.5.6
[INFO] [stderr]    Compiling uuid v0.7.4
[INFO] [stderr]    Compiling tokio-threadpool v0.1.18
[INFO] [stderr]    Compiling tokio-tcp v0.1.4
[INFO] [stderr]    Compiling openssl-sys v0.9.65
[INFO] [stderr]    Compiling tokio v0.1.22
[INFO] [stderr]    Compiling object v0.26.0
[INFO] [stderr]    Compiling h2 v0.1.26
[INFO] [stderr]    Compiling http-body v0.1.0
[INFO] [stderr]    Compiling hyper v0.12.36
[INFO] [stderr]    Compiling backtrace v0.3.61
[INFO] [stderr]    Compiling serde v1.0.127
[INFO] [stderr]    Compiling failure v0.1.8
[INFO] [stderr]    Compiling serde_json v1.0.66
[INFO] [stderr]    Compiling serde_urlencoded v0.5.5
[INFO] [stderr]    Compiling cookie_store v0.7.0
[INFO] [stderr]    Compiling native-tls v0.2.7
[INFO] [stderr]    Compiling hyper-tls v0.3.2
[INFO] [stderr]    Compiling reqwest v0.9.24
[INFO] [stderr]    Compiling activeledger v0.1.1
[INFO] [stderr]    Compiling active_tx v0.1.1 (/opt/rustwide/workdir)
[INFO] [stderr]     Finished dev [unoptimized + debuginfo] target(s) in 47.97s
[INFO] running `Command { std: "docker" "inspect" "6ff9cf4e4a1abcb27d70d971114fed29f61dd2677c2dc9ab14fe9e558295c657", kill_on_drop: false }`
[INFO] running `Command { std: "docker" "rm" "-f" "6ff9cf4e4a1abcb27d70d971114fed29f61dd2677c2dc9ab14fe9e558295c657", kill_on_drop: false }`
[INFO] [stdout] 6ff9cf4e4a1abcb27d70d971114fed29f61dd2677c2dc9ab14fe9e558295c657
[INFO] running `Command { std: "docker" "create" "-v" "/var/lib/crater-agent-workspace/builds/worker-114/target:/opt/rustwide/target:rw,Z" "-v" "/var/lib/crater-agent-workspace/builds/worker-114/source:/opt/rustwide/workdir:ro,Z" "-v" "/var/lib/crater-agent-workspace/cargo-home:/opt/rustwide/cargo-home:ro,Z" "-v" "/var/lib/crater-agent-workspace/rustup-home:/opt/rustwide/rustup-home:ro,Z" "-e" "SOURCE_DIR=/opt/rustwide/workdir" "-e" "CARGO_TARGET_DIR=/opt/rustwide/target" "-e" "CARGO_INCREMENTAL=0" "-e" "RUST_BACKTRACE=full" "-e" "RUSTFLAGS=--cap-lints=warn" "-e" "CARGO_HOME=/opt/rustwide/cargo-home" "-e" "RUSTUP_HOME=/opt/rustwide/rustup-home" "-w" "/opt/rustwide/workdir" "-m" "1610612736" "--user" "0:0" "--network" "none" "ghcr.io/rust-lang/crates-build-env/linux@sha256:34b6a614d2c27851fe6cbf88fbd1137609cefab8b10d0615aaeb6fd47975d74e" "/opt/rustwide/cargo-home/bin/cargo" "+beta-2021-08-01" "test" "--frozen" "--no-run" "--message-format=json", kill_on_drop: false }`
[INFO] [stdout] 52297c599d2dc4414b8af900204d494da5ae5acaab2a5aec0add7a6cf1bc92f7
[INFO] running `Command { std: "docker" "start" "-a" "52297c599d2dc4414b8af900204d494da5ae5acaab2a5aec0add7a6cf1bc92f7", kill_on_drop: false }`
[INFO] [stderr]     Blocking waiting for file lock on package cache
[INFO] [stderr]    Compiling active_tx v0.1.1 (/opt/rustwide/workdir)
[INFO] [stderr]     Finished test [unoptimized + debuginfo] target(s) in 8.12s
[INFO] running `Command { std: "docker" "inspect" "52297c599d2dc4414b8af900204d494da5ae5acaab2a5aec0add7a6cf1bc92f7", kill_on_drop: false }`
[INFO] running `Command { std: "docker" "rm" "-f" "52297c599d2dc4414b8af900204d494da5ae5acaab2a5aec0add7a6cf1bc92f7", kill_on_drop: false }`
[INFO] [stdout] 52297c599d2dc4414b8af900204d494da5ae5acaab2a5aec0add7a6cf1bc92f7
[INFO] running `Command { std: "docker" "create" "-v" "/var/lib/crater-agent-workspace/builds/worker-114/target:/opt/rustwide/target:rw,Z" "-v" "/var/lib/crater-agent-workspace/builds/worker-114/source:/opt/rustwide/workdir:ro,Z" "-v" "/var/lib/crater-agent-workspace/cargo-home:/opt/rustwide/cargo-home:ro,Z" "-v" "/var/lib/crater-agent-workspace/rustup-home:/opt/rustwide/rustup-home:ro,Z" "-e" "SOURCE_DIR=/opt/rustwide/workdir" "-e" "CARGO_TARGET_DIR=/opt/rustwide/target" "-e" "CARGO_INCREMENTAL=0" "-e" "RUST_BACKTRACE=full" "-e" "RUSTFLAGS=--cap-lints=warn" "-e" "CARGO_HOME=/opt/rustwide/cargo-home" "-e" "RUSTUP_HOME=/opt/rustwide/rustup-home" "-w" "/opt/rustwide/workdir" "-m" "1610612736" "--user" "0:0" "--network" "none" "ghcr.io/rust-lang/crates-build-env/linux@sha256:34b6a614d2c27851fe6cbf88fbd1137609cefab8b10d0615aaeb6fd47975d74e" "/opt/rustwide/cargo-home/bin/cargo" "+beta-2021-08-01" "test" "--frozen", kill_on_drop: false }`
[INFO] [stdout] 8575c04a16f086c3421e97cea83aa916e1d6ddaf238acbd831bc525e9f7a8c17
[INFO] running `Command { std: "docker" "start" "-a" "8575c04a16f086c3421e97cea83aa916e1d6ddaf238acbd831bc525e9f7a8c17", kill_on_drop: false }`
[INFO] [stderr]     Finished test [unoptimized + debuginfo] target(s) in 0.25s
[INFO] [stderr]      Running unittests (/opt/rustwide/target/debug/deps/active_tx-2f3a8bc1ece8c529)
[INFO] [stdout] 
[INFO] [stdout] running 6 tests
[INFO] [stdout] test packet_builder::tests::input_json ... ok
[INFO] [stdout] test packet_builder::tests::input_macro ... ok
[INFO] [stdout] test transaction_builder::tests::tx_min ... ok
[INFO] [stdout] test transaction_builder::tests::tx_onboard ... ok
[INFO] [stdout] test transaction_builder::tests::tx_all ... ok
[INFO] [stdout] test transaction_builder::tests::tx_onboard_generate ... ok
[INFO] [stdout] 
[INFO] [stdout] test result: ok. 6 passed; 0 failed; 0 ignored; 0 measured; 0 filtered out; finished in 0.02s
[INFO] [stdout] 
[INFO] [stderr]    Doc-tests active_tx
[INFO] [stdout] 
[INFO] [stdout] running 29 tests
[INFO] [stdout] test src/macros.rs - signees (line 83) ... FAILED
[INFO] [stdout] test src/transaction_builder/builder.rs - transaction_builder::builder::TransactionBuilder (line 98) ... FAILED
[INFO] [stdout] test src/transaction_builder/builder.rs - transaction_builder::builder::TransactionBuilder::get (line 317) ... FAILED
[INFO] [stdout] test src/transaction_builder/builder.rs - transaction_builder::builder::TransactionBuilder (line 185) ... FAILED
[INFO] [stdout] test src/transaction_builder/builder.rs - transaction_builder::builder::TransactionBuilder::input (line 463) ... FAILED
[INFO] [stdout] test src/transaction_builder/builder.rs - transaction_builder::builder::TransactionBuilder::readonly (line 509) ... FAILED
[INFO] [stdout] test src/transaction_builder/builder.rs - transaction_builder::builder::TransactionBuilder::get_json (line 347) ... FAILED
[INFO] [stdout] test src/transaction_builder/builder.rs - transaction_builder::builder::TransactionBuilder::entry (line 400) ... FAILED
[INFO] [stdout] test src/transaction_builder/builder.rs - transaction_builder::builder::TransactionBuilder::selfsign (line 532) ... FAILED
[INFO] [stdout] test src/transaction_builder/builder.rs - transaction_builder::builder::TransactionBuilder::build (line 613) ... FAILED
[INFO] [stdout] test src/transaction_builder/mod.rs - transaction_builder (line 30) ... FAILED
[INFO] [stdout] test src/transaction_builder/builder.rs - transaction_builder::builder::TransactionBuilder::sign (line 556) ... FAILED
[INFO] [stdout] test src/lib.rs - (line 63) ... FAILED
[INFO] [stdout] test src/transaction_builder/builder.rs - transaction_builder::builder::TransactionBuilder::output (line 486) ... FAILED
[INFO] [stdout] test src/transaction_builder/builder.rs - transaction_builder::builder::TransactionBuilder::contract (line 421) ... FAILED
[INFO] [stdout] test src/transaction_builder/builder.rs - transaction_builder::builder::TransactionBuilder::territoriality (line 377) ... FAILED
[INFO] [stdout] test src/transaction_builder/builder.rs - transaction_builder::builder::TransactionBuilder::generate_onboard_tx (line 735) ... FAILED
[INFO] [stdout] test src/transaction_builder/builder.rs - transaction_builder::builder::TransactionBuilder (line 174) ... FAILED
[INFO] [stdout] test src/macros.rs - signees (line 66) ... FAILED
[INFO] [stdout] test src/transaction_builder/builder.rs - transaction_builder::builder::TransactionBuilder::namespace (line 442) ... FAILED
[INFO] [stdout] test src/transaction_builder/builder.rs - transaction_builder::builder::TransactionBuilder::onboard_tx (line 694) ... FAILED
[INFO] [stdout] test src/macros.rs - signees (line 57) ... FAILED
[INFO] [stdout] test src/macros.rs - signees (line 94) ... FAILED
[INFO] [stdout] test src/transaction_builder/builder.rs - transaction_builder::builder::TransactionBuilder (line 216) ... FAILED
[INFO] [stdout] test src/macros.rs - packet_data (line 132) ... FAILED
[INFO] [stdout] test src/transaction_builder/builder.rs - transaction_builder::builder::TransactionBuilder::new (line 257) ... FAILED
[INFO] [stdout] test src/transaction_builder/builder.rs - transaction_builder::builder::TransactionBuilder (line 198) ... FAILED
[INFO] [stdout] test src/transaction_builder/builder.rs - transaction_builder::builder::TransactionBuilder (line 207) ... FAILED
[INFO] [stdout] test src/transaction_builder/builder.rs - transaction_builder::builder::TransactionBuilder::new_blank (line 292) ... FAILED
[INFO] [stdout] 
[INFO] [stdout] failures:
[INFO] [stdout] 
[INFO] [stdout] ---- src/macros.rs - signees (line 83) stdout ----
[INFO] [stdout] Couldn't compile the test.
[INFO] [stdout] ---- src/transaction_builder/builder.rs - transaction_builder::builder::TransactionBuilder (line 98) stdout ----
[INFO] [stdout] Couldn't compile the test.
[INFO] [stdout] ---- src/transaction_builder/builder.rs - transaction_builder::builder::TransactionBuilder::get (line 317) stdout ----
[INFO] [stdout] Couldn't compile the test.
[INFO] [stdout] ---- src/transaction_builder/builder.rs - transaction_builder::builder::TransactionBuilder (line 185) stdout ----
[INFO] [stdout] Couldn't compile the test.
[INFO] [stdout] ---- src/transaction_builder/builder.rs - transaction_builder::builder::TransactionBuilder::input (line 463) stdout ----
[INFO] [stdout] Couldn't compile the test.
[INFO] [stdout] ---- src/transaction_builder/builder.rs - transaction_builder::builder::TransactionBuilder::readonly (line 509) stdout ----
[INFO] [stdout] Couldn't compile the test.
[INFO] [stdout] ---- src/transaction_builder/builder.rs - transaction_builder::builder::TransactionBuilder::get_json (line 347) stdout ----
[INFO] [stdout] Couldn't compile the test.
[INFO] [stdout] ---- src/transaction_builder/builder.rs - transaction_builder::builder::TransactionBuilder::entry (line 400) stdout ----
[INFO] [stdout] Couldn't compile the test.
[INFO] [stdout] ---- src/transaction_builder/builder.rs - transaction_builder::builder::TransactionBuilder::selfsign (line 532) stdout ----
[INFO] [stdout] Couldn't compile the test.
[INFO] [stdout] ---- src/transaction_builder/builder.rs - transaction_builder::builder::TransactionBuilder::build (line 613) stdout ----
[INFO] [stdout] Couldn't compile the test.
[INFO] [stdout] ---- src/transaction_builder/mod.rs - transaction_builder (line 30) stdout ----
[INFO] [stdout] Couldn't compile the test.
[INFO] [stdout] ---- src/transaction_builder/builder.rs - transaction_builder::builder::TransactionBuilder::sign (line 556) stdout ----
[INFO] [stdout] Couldn't compile the test.
[INFO] [stdout] ---- src/lib.rs - (line 63) stdout ----
[INFO] [stdout] Couldn't compile the test.
[INFO] [stdout] ---- src/transaction_builder/builder.rs - transaction_builder::builder::TransactionBuilder::output (line 486) stdout ----
[INFO] [stdout] Couldn't compile the test.
[INFO] [stdout] ---- src/transaction_builder/builder.rs - transaction_builder::builder::TransactionBuilder::contract (line 421) stdout ----
[INFO] [stdout] Couldn't compile the test.
[INFO] [stdout] ---- src/transaction_builder/builder.rs - transaction_builder::builder::TransactionBuilder::territoriality (line 377) stdout ----
[INFO] [stdout] Couldn't compile the test.
[INFO] [stdout] ---- src/transaction_builder/builder.rs - transaction_builder::builder::TransactionBuilder::generate_onboard_tx (line 735) stdout ----
[INFO] [stdout] Couldn't compile the test.
[INFO] [stdout] ---- src/transaction_builder/builder.rs - transaction_builder::builder::TransactionBuilder (line 174) stdout ----
[INFO] [stdout] Couldn't compile the test.
[INFO] [stdout] ---- src/macros.rs - signees (line 66) stdout ----
[INFO] [stdout] Couldn't compile the test.
[INFO] [stdout] ---- src/transaction_builder/builder.rs - transaction_builder::builder::TransactionBuilder::namespace (line 442) stdout ----
[INFO] [stdout] Couldn't compile the test.
[INFO] [stdout] ---- src/transaction_builder/builder.rs - transaction_builder::builder::TransactionBuilder::onboard_tx (line 694) stdout ----
[INFO] [stdout] Couldn't compile the test.
[INFO] [stdout] ---- src/macros.rs - signees (line 57) stdout ----
[INFO] [stdout] Couldn't compile the test.
[INFO] [stdout] ---- src/macros.rs - signees (line 94) stdout ----
[INFO] [stdout] Couldn't compile the test.
[INFO] [stdout] ---- src/transaction_builder/builder.rs - transaction_builder::builder::TransactionBuilder (line 216) stdout ----
[INFO] [stdout] Couldn't compile the test.
[INFO] [stdout] ---- src/macros.rs - packet_data (line 132) stdout ----
[INFO] [stdout] Couldn't compile the test.
[INFO] [stdout] ---- src/transaction_builder/builder.rs - transaction_builder::builder::TransactionBuilder::new (line 257) stdout ----
[INFO] [stdout] Couldn't compile the test.
[INFO] [stdout] ---- src/transaction_builder/builder.rs - transaction_builder::builder::TransactionBuilder (line 198) stdout ----
[INFO] [stdout] Couldn't compile the test.
[INFO] [stdout] ---- src/transaction_builder/builder.rs - transaction_builder::builder::TransactionBuilder (line 207) stdout ----
[INFO] [stdout] Couldn't compile the test.
[INFO] [stdout] ---- src/transaction_builder/builder.rs - transaction_builder::builder::TransactionBuilder::new_blank (line 292) stdout ----
[INFO] [stdout] Couldn't compile the test.
[INFO] [stdout] 
[INFO] [stdout] failures:
[INFO] [stdout]     src/lib.rs - (line 63)
[INFO] [stdout]     src/macros.rs - packet_data (line 132)
[INFO] [stdout]     src/macros.rs - signees (line 57)
[INFO] [stdout]     src/macros.rs - signees (line 66)
[INFO] [stdout]     src/macros.rs - signees (line 83)
[INFO] [stdout]     src/macros.rs - signees (line 94)
[INFO] [stdout]     src/transaction_builder/builder.rs - transaction_builder::builder::TransactionBuilder (line 174)
[INFO] [stdout]     src/transaction_builder/builder.rs - transaction_builder::builder::TransactionBuilder (line 185)
[INFO] [stdout]     src/transaction_builder/builder.rs - transaction_builder::builder::TransactionBuilder (line 198)
[INFO] [stdout]     src/transaction_builder/builder.rs - transaction_builder::builder::TransactionBuilder (line 207)
[INFO] [stdout]     src/transaction_builder/builder.rs - transaction_builder::builder::TransactionBuilder (line 216)
[INFO] [stdout]     src/transaction_builder/builder.rs - transaction_builder::builder::TransactionBuilder (line 98)
[INFO] [stdout]     src/transaction_builder/builder.rs - transaction_builder::builder::TransactionBuilder::build (line 613)
[INFO] [stdout]     src/transaction_builder/builder.rs - transaction_builder::builder::TransactionBuilder::contract (line 421)
[INFO] [stdout]     src/transaction_builder/builder.rs - transaction_builder::builder::TransactionBuilder::entry (line 400)
[INFO] [stdout]     src/transaction_builder/builder.rs - transaction_builder::builder::TransactionBuilder::generate_onboard_tx (line 735)
[INFO] [stdout]     src/transaction_builder/builder.rs - transaction_builder::builder::TransactionBuilder::get (line 317)
[INFO] [stdout]     src/transaction_builder/builder.rs - transaction_builder::builder::TransactionBuilder::get_json (line 347)
[INFO] [stdout]     src/transaction_builder/builder.rs - transaction_builder::builder::TransactionBuilder::input (line 463)
[INFO] [stdout]     src/transaction_builder/builder.rs - transaction_builder::builder::TransactionBuilder::namespace (line 442)
[INFO] [stdout]     src/transaction_builder/builder.rs - transaction_builder::builder::TransactionBuilder::new (line 257)
[INFO] [stdout]     src/transaction_builder/builder.rs - transaction_builder::builder::TransactionBuilder::new_blank (line 292)
[INFO] [stdout]     src/transaction_builder/builder.rs - transaction_builder::builder::TransactionBuilder::onboard_tx (line 694)
[INFO] [stdout]     src/transaction_builder/builder.rs - transaction_builder::builder::TransactionBuilder::output (line 486)
[INFO] [stdout]     src/transaction_builder/builder.rs - transaction_builder::builder::TransactionBuilder::readonly (line 509)
[INFO] [stdout]     src/transaction_builder/builder.rs - transaction_builder::builder::TransactionBuilder::selfsign (line 532)
[INFO] [stdout]     src/transaction_builder/builder.rs - transaction_builder::builder::TransactionBuilder::sign (line 556)
[INFO] [stdout]     src/transaction_builder/builder.rs - transaction_builder::builder::TransactionBuilder::territoriality (line 377)
[INFO] [stdout]     src/transaction_builder/mod.rs - transaction_builder (line 30)
[INFO] [stdout] 
[INFO] [stdout] test result: FAILED. 0 passed; 29 failed; 0 ignored; 0 measured; 0 filtered out; finished in 1.90s
[INFO] [stdout] 
[INFO] [stderr] error: test failed, to rerun pass '--doc'
[INFO] running `Command { std: "docker" "inspect" "8575c04a16f086c3421e97cea83aa916e1d6ddaf238acbd831bc525e9f7a8c17", kill_on_drop: false }`
[INFO] running `Command { std: "docker" "rm" "-f" "8575c04a16f086c3421e97cea83aa916e1d6ddaf238acbd831bc525e9f7a8c17", kill_on_drop: false }`
[INFO] [stdout] 8575c04a16f086c3421e97cea83aa916e1d6ddaf238acbd831bc525e9f7a8c17
