[INFO] fetching crate activation_functions 0.1.1...
[INFO] testing activation_functions-0.1.1 against 1.54.0 for beta-1.55-1
[INFO] extracting crate activation_functions 0.1.1 into /workspace/builds/worker-50/source
[INFO] validating manifest of crates.io crate activation_functions 0.1.1 on toolchain 1.54.0
[INFO] running `Command { std: "/workspace/cargo-home/bin/cargo" "+1.54.0" "metadata" "--manifest-path" "Cargo.toml" "--no-deps", kill_on_drop: false }`
[INFO] started tweaking crates.io crate activation_functions 0.1.1
[INFO] finished tweaking crates.io crate activation_functions 0.1.1
[INFO] tweaked toml for crates.io crate activation_functions 0.1.1 written to /workspace/builds/worker-50/source/Cargo.toml
[INFO] running `Command { std: "/workspace/cargo-home/bin/cargo" "+1.54.0" "generate-lockfile" "--manifest-path" "Cargo.toml" "-Zno-index-update", kill_on_drop: false }`
[INFO] running `Command { std: "/workspace/cargo-home/bin/cargo" "+1.54.0" "fetch" "--manifest-path" "Cargo.toml", kill_on_drop: false }`
[INFO] running `Command { std: "docker" "create" "-v" "/var/lib/crater-agent-workspace/builds/worker-50/target:/opt/rustwide/target:rw,Z" "-v" "/var/lib/crater-agent-workspace/builds/worker-50/source:/opt/rustwide/workdir:ro,Z" "-v" "/var/lib/crater-agent-workspace/cargo-home:/opt/rustwide/cargo-home:ro,Z" "-v" "/var/lib/crater-agent-workspace/rustup-home:/opt/rustwide/rustup-home:ro,Z" "-e" "SOURCE_DIR=/opt/rustwide/workdir" "-e" "CARGO_TARGET_DIR=/opt/rustwide/target" "-e" "CARGO_HOME=/opt/rustwide/cargo-home" "-e" "RUSTUP_HOME=/opt/rustwide/rustup-home" "-w" "/opt/rustwide/workdir" "-m" "1610612736" "--user" "0:0" "--network" "none" "ghcr.io/rust-lang/crates-build-env/linux@sha256:34b6a614d2c27851fe6cbf88fbd1137609cefab8b10d0615aaeb6fd47975d74e" "/opt/rustwide/cargo-home/bin/cargo" "+1.54.0" "metadata" "--no-deps" "--format-version=1", kill_on_drop: false }`
[INFO] [stdout] 72093b7a7a3ea1f131513f23d1a727f3c12097ea0171f24f6f250b2afed3e760
[INFO] running `Command { std: "docker" "start" "-a" "72093b7a7a3ea1f131513f23d1a727f3c12097ea0171f24f6f250b2afed3e760", kill_on_drop: false }`
[INFO] running `Command { std: "docker" "inspect" "72093b7a7a3ea1f131513f23d1a727f3c12097ea0171f24f6f250b2afed3e760", kill_on_drop: false }`
[INFO] running `Command { std: "docker" "rm" "-f" "72093b7a7a3ea1f131513f23d1a727f3c12097ea0171f24f6f250b2afed3e760", kill_on_drop: false }`
[INFO] [stdout] 72093b7a7a3ea1f131513f23d1a727f3c12097ea0171f24f6f250b2afed3e760
[INFO] running `Command { std: "docker" "create" "-v" "/var/lib/crater-agent-workspace/builds/worker-50/target:/opt/rustwide/target:rw,Z" "-v" "/var/lib/crater-agent-workspace/builds/worker-50/source:/opt/rustwide/workdir:ro,Z" "-v" "/var/lib/crater-agent-workspace/cargo-home:/opt/rustwide/cargo-home:ro,Z" "-v" "/var/lib/crater-agent-workspace/rustup-home:/opt/rustwide/rustup-home:ro,Z" "-e" "SOURCE_DIR=/opt/rustwide/workdir" "-e" "CARGO_TARGET_DIR=/opt/rustwide/target" "-e" "CARGO_INCREMENTAL=0" "-e" "RUST_BACKTRACE=full" "-e" "RUSTFLAGS=--cap-lints=warn" "-e" "CARGO_HOME=/opt/rustwide/cargo-home" "-e" "RUSTUP_HOME=/opt/rustwide/rustup-home" "-w" "/opt/rustwide/workdir" "-m" "1610612736" "--user" "0:0" "--network" "none" "ghcr.io/rust-lang/crates-build-env/linux@sha256:34b6a614d2c27851fe6cbf88fbd1137609cefab8b10d0615aaeb6fd47975d74e" "/opt/rustwide/cargo-home/bin/cargo" "+1.54.0" "build" "--frozen" "--message-format=json", kill_on_drop: false }`
[INFO] [stdout] f27c75bccaa4a3b5694ddd62ef90cfca5103e49ef8766bc71dfa514fc8899504
[INFO] running `Command { std: "docker" "start" "-a" "f27c75bccaa4a3b5694ddd62ef90cfca5103e49ef8766bc71dfa514fc8899504", kill_on_drop: false }`
[INFO] [stderr]    Compiling activation_functions v0.1.1 (/opt/rustwide/workdir)
[INFO] [stderr]     Finished dev [unoptimized + debuginfo] target(s) in 0.24s
[INFO] running `Command { std: "docker" "inspect" "f27c75bccaa4a3b5694ddd62ef90cfca5103e49ef8766bc71dfa514fc8899504", kill_on_drop: false }`
[INFO] running `Command { std: "docker" "rm" "-f" "f27c75bccaa4a3b5694ddd62ef90cfca5103e49ef8766bc71dfa514fc8899504", kill_on_drop: false }`
[INFO] [stdout] f27c75bccaa4a3b5694ddd62ef90cfca5103e49ef8766bc71dfa514fc8899504
[INFO] running `Command { std: "docker" "create" "-v" "/var/lib/crater-agent-workspace/builds/worker-50/target:/opt/rustwide/target:rw,Z" "-v" "/var/lib/crater-agent-workspace/builds/worker-50/source:/opt/rustwide/workdir:ro,Z" "-v" "/var/lib/crater-agent-workspace/cargo-home:/opt/rustwide/cargo-home:ro,Z" "-v" "/var/lib/crater-agent-workspace/rustup-home:/opt/rustwide/rustup-home:ro,Z" "-e" "SOURCE_DIR=/opt/rustwide/workdir" "-e" "CARGO_TARGET_DIR=/opt/rustwide/target" "-e" "CARGO_INCREMENTAL=0" "-e" "RUST_BACKTRACE=full" "-e" "RUSTFLAGS=--cap-lints=warn" "-e" "CARGO_HOME=/opt/rustwide/cargo-home" "-e" "RUSTUP_HOME=/opt/rustwide/rustup-home" "-w" "/opt/rustwide/workdir" "-m" "1610612736" "--user" "0:0" "--network" "none" "ghcr.io/rust-lang/crates-build-env/linux@sha256:34b6a614d2c27851fe6cbf88fbd1137609cefab8b10d0615aaeb6fd47975d74e" "/opt/rustwide/cargo-home/bin/cargo" "+1.54.0" "test" "--frozen" "--no-run" "--message-format=json", kill_on_drop: false }`
[INFO] [stdout] d757bbbe94fdcef9c0862c3948ed9b4e1c7a3e1396ff382a46a90f771232ab6b
[INFO] running `Command { std: "docker" "start" "-a" "d757bbbe94fdcef9c0862c3948ed9b4e1c7a3e1396ff382a46a90f771232ab6b", kill_on_drop: false }`
[INFO] [stderr]     Blocking waiting for file lock on package cache
[INFO] [stderr]    Compiling activation_functions v0.1.1 (/opt/rustwide/workdir)
[INFO] [stderr]     Finished test [unoptimized + debuginfo] target(s) in 1.33s
[INFO] running `Command { std: "docker" "inspect" "d757bbbe94fdcef9c0862c3948ed9b4e1c7a3e1396ff382a46a90f771232ab6b", kill_on_drop: false }`
[INFO] running `Command { std: "docker" "rm" "-f" "d757bbbe94fdcef9c0862c3948ed9b4e1c7a3e1396ff382a46a90f771232ab6b", kill_on_drop: false }`
[INFO] [stdout] d757bbbe94fdcef9c0862c3948ed9b4e1c7a3e1396ff382a46a90f771232ab6b
[INFO] running `Command { std: "docker" "create" "-v" "/var/lib/crater-agent-workspace/builds/worker-50/target:/opt/rustwide/target:rw,Z" "-v" "/var/lib/crater-agent-workspace/builds/worker-50/source:/opt/rustwide/workdir:ro,Z" "-v" "/var/lib/crater-agent-workspace/cargo-home:/opt/rustwide/cargo-home:ro,Z" "-v" "/var/lib/crater-agent-workspace/rustup-home:/opt/rustwide/rustup-home:ro,Z" "-e" "SOURCE_DIR=/opt/rustwide/workdir" "-e" "CARGO_TARGET_DIR=/opt/rustwide/target" "-e" "CARGO_INCREMENTAL=0" "-e" "RUST_BACKTRACE=full" "-e" "RUSTFLAGS=--cap-lints=warn" "-e" "CARGO_HOME=/opt/rustwide/cargo-home" "-e" "RUSTUP_HOME=/opt/rustwide/rustup-home" "-w" "/opt/rustwide/workdir" "-m" "1610612736" "--user" "0:0" "--network" "none" "ghcr.io/rust-lang/crates-build-env/linux@sha256:34b6a614d2c27851fe6cbf88fbd1137609cefab8b10d0615aaeb6fd47975d74e" "/opt/rustwide/cargo-home/bin/cargo" "+1.54.0" "test" "--frozen", kill_on_drop: false }`
[INFO] [stdout] 5b68b6d6065daeb9fc67f5f34cc5e645c84e728629ae3b26b5559a18ddc76e78
[INFO] running `Command { std: "docker" "start" "-a" "5b68b6d6065daeb9fc67f5f34cc5e645c84e728629ae3b26b5559a18ddc76e78", kill_on_drop: false }`
[INFO] [stderr]     Finished test [unoptimized + debuginfo] target(s) in 0.03s
[INFO] [stderr]      Running unittests (/opt/rustwide/target/debug/deps/activation_functions-ad03a2350495bf80)
[INFO] [stdout] 
[INFO] [stdout] running 0 tests
[INFO] [stdout] 
[INFO] [stdout] test result: ok. 0 passed; 0 failed; 0 ignored; 0 measured; 0 filtered out; finished in 0.00s
[INFO] [stdout] 
[INFO] [stderr]    Doc-tests activation_functions
[INFO] [stdout] 
[INFO] [stdout] running 12 tests
[INFO] [stdout] test src/lib.rs - f32::relu (line 55) ... FAILED
[INFO] [stdout] test src/lib.rs - f32::silu (line 72) ... FAILED
[INFO] [stdout] test src/lib.rs - f32::tanh (line 42) ... FAILED
[INFO] [stdout] test src/lib.rs - f32::bstep (line 25) ... FAILED
[INFO] [stdout] test src/lib.rs - f64::silu (line 158) ... FAILED
[INFO] [stdout] test src/lib.rs - f64::bstep (line 115) ... FAILED
[INFO] [stdout] test src/lib.rs - f64::tanh (line 128) ... FAILED
[INFO] [stdout] test src/lib.rs - f64::sigmoid (line 102) ... FAILED
[INFO] [stdout] test src/lib.rs - f32::gaussian (line 85) ... FAILED
[INFO] [stdout] test src/lib.rs - f64::relu (line 141) ... FAILED
[INFO] [stdout] test src/lib.rs - f32::sigmoid (line 12) ... FAILED
[INFO] [stdout] test src/lib.rs - f64::gaussian (line 171) ... FAILED
[INFO] [stdout] 
[INFO] [stdout] failures:
[INFO] [stdout] 
[INFO] [stdout] ---- src/lib.rs - f32::relu (line 55) stdout ----
[INFO] [stdout] error[E0425]: cannot find function `relu` in this scope
[INFO] [stdout]  --> src/lib.rs:57:18
[INFO] [stdout]   |
[INFO] [stdout] 4 | let answer:f32 = relu(x);
[INFO] [stdout]   |                  ^^^^ not found in this scope
[INFO] [stdout]   |
[INFO] [stdout] help: consider importing one of these items
[INFO] [stdout]   |
[INFO] [stdout] 2 | use activation_functions::f32::relu;
[INFO] [stdout]   |
[INFO] [stdout] 2 | use activation_functions::f64::relu;
[INFO] [stdout]   |
[INFO] [stdout] 
[INFO] [stdout] error: aborting due to previous error
[INFO] [stdout] 
[INFO] [stdout] For more information about this error, try `rustc --explain E0425`.
[INFO] [stdout] Couldn't compile the test.
[INFO] [stdout] ---- src/lib.rs - f32::silu (line 72) stdout ----
[INFO] [stdout] error[E0425]: cannot find function `silu` in this scope
[INFO] [stdout]  --> src/lib.rs:74:18
[INFO] [stdout]   |
[INFO] [stdout] 4 | let answer:f32 = silu(x);
[INFO] [stdout]   |                  ^^^^ not found in this scope
[INFO] [stdout]   |
[INFO] [stdout] help: consider importing one of these items
[INFO] [stdout]   |
[INFO] [stdout] 2 | use activation_functions::f32::silu;
[INFO] [stdout]   |
[INFO] [stdout] 2 | use activation_functions::f64::silu;
[INFO] [stdout]   |
[INFO] [stdout] 
[INFO] [stdout] error: aborting due to previous error
[INFO] [stdout] 
[INFO] [stdout] For more information about this error, try `rustc --explain E0425`.
[INFO] [stdout] Couldn't compile the test.
[INFO] [stdout] ---- src/lib.rs - f32::tanh (line 42) stdout ----
[INFO] [stdout] error[E0425]: cannot find function `tanh` in this scope
[INFO] [stdout]  --> src/lib.rs:44:18
[INFO] [stdout]   |
[INFO] [stdout] 4 | let answer:f32 = tanh(x);
[INFO] [stdout]   |                  ^^^^ not found in this scope
[INFO] [stdout]   |
[INFO] [stdout] help: consider importing one of these items
[INFO] [stdout]   |
[INFO] [stdout] 2 | use activation_functions::f32::tanh;
[INFO] [stdout]   |
[INFO] [stdout] 2 | use activation_functions::f64::tanh;
[INFO] [stdout]   |
[INFO] [stdout] 
[INFO] [stdout] error: aborting due to previous error
[INFO] [stdout] 
[INFO] [stdout] For more information about this error, try `rustc --explain E0425`.
[INFO] [stdout] Couldn't compile the test.
[INFO] [stdout] ---- src/lib.rs - f32::bstep (line 25) stdout ----
[INFO] [stdout] error[E0425]: cannot find function `bstep` in this scope
[INFO] [stdout]  --> src/lib.rs:27:18
[INFO] [stdout]   |
[INFO] [stdout] 4 | let answer:f32 = bstep(x);
[INFO] [stdout]   |                  ^^^^^ not found in this scope
[INFO] [stdout]   |
[INFO] [stdout] help: consider importing one of these items
[INFO] [stdout]   |
[INFO] [stdout] 2 | use activation_functions::f32::bstep;
[INFO] [stdout]   |
[INFO] [stdout] 2 | use activation_functions::f64::bstep;
[INFO] [stdout]   |
[INFO] [stdout] 
[INFO] [stdout] error: aborting due to previous error
[INFO] [stdout] 
[INFO] [stdout] For more information about this error, try `rustc --explain E0425`.
[INFO] [stdout] Couldn't compile the test.
[INFO] [stdout] ---- src/lib.rs - f64::silu (line 158) stdout ----
[INFO] [stdout] error[E0425]: cannot find function `silu` in this scope
[INFO] [stdout]  --> src/lib.rs:160:18
[INFO] [stdout]   |
[INFO] [stdout] 4 | let answer:f64 = silu(x);
[INFO] [stdout]   |                  ^^^^ not found in this scope
[INFO] [stdout]   |
[INFO] [stdout] help: consider importing one of these items
[INFO] [stdout]   |
[INFO] [stdout] 2 | use activation_functions::f32::silu;
[INFO] [stdout]   |
[INFO] [stdout] 2 | use activation_functions::f64::silu;
[INFO] [stdout]   |
[INFO] [stdout] 
[INFO] [stdout] error: aborting due to previous error
[INFO] [stdout] 
[INFO] [stdout] For more information about this error, try `rustc --explain E0425`.
[INFO] [stdout] Couldn't compile the test.
[INFO] [stdout] ---- src/lib.rs - f64::bstep (line 115) stdout ----
[INFO] [stdout] error[E0425]: cannot find function `bstep` in this scope
[INFO] [stdout]  --> src/lib.rs:117:18
[INFO] [stdout]   |
[INFO] [stdout] 4 | let answer:f64 = bstep(x);
[INFO] [stdout]   |                  ^^^^^ not found in this scope
[INFO] [stdout]   |
[INFO] [stdout] help: consider importing one of these items
[INFO] [stdout]   |
[INFO] [stdout] 2 | use activation_functions::f32::bstep;
[INFO] [stdout]   |
[INFO] [stdout] 2 | use activation_functions::f64::bstep;
[INFO] [stdout]   |
[INFO] [stdout] 
[INFO] [stdout] error: aborting due to previous error
[INFO] [stdout] 
[INFO] [stdout] For more information about this error, try `rustc --explain E0425`.
[INFO] [stdout] Couldn't compile the test.
[INFO] [stdout] ---- src/lib.rs - f64::tanh (line 128) stdout ----
[INFO] [stdout] error[E0425]: cannot find function `tanh` in this scope
[INFO] [stdout]  --> src/lib.rs:130:18
[INFO] [stdout]   |
[INFO] [stdout] 4 | let answer:f64 = tanh(x);
[INFO] [stdout]   |                  ^^^^ not found in this scope
[INFO] [stdout]   |
[INFO] [stdout] help: consider importing one of these items
[INFO] [stdout]   |
[INFO] [stdout] 2 | use activation_functions::f32::tanh;
[INFO] [stdout]   |
[INFO] [stdout] 2 | use activation_functions::f64::tanh;
[INFO] [stdout]   |
[INFO] [stdout] 
[INFO] [stdout] error: aborting due to previous error
[INFO] [stdout] 
[INFO] [stdout] For more information about this error, try `rustc --explain E0425`.
[INFO] [stdout] Couldn't compile the test.
[INFO] [stdout] ---- src/lib.rs - f64::sigmoid (line 102) stdout ----
[INFO] [stdout] error[E0425]: cannot find function `sigmoid` in this scope
[INFO] [stdout]  --> src/lib.rs:104:18
[INFO] [stdout]   |
[INFO] [stdout] 4 | let answer:f64 = sigmoid(x);
[INFO] [stdout]   |                  ^^^^^^^ not found in this scope
[INFO] [stdout]   |
[INFO] [stdout] help: consider importing one of these items
[INFO] [stdout]   |
[INFO] [stdout] 2 | use activation_functions::f32::sigmoid;
[INFO] [stdout]   |
[INFO] [stdout] 2 | use activation_functions::f64::sigmoid;
[INFO] [stdout]   |
[INFO] [stdout] 
[INFO] [stdout] error: aborting due to previous error
[INFO] [stdout] 
[INFO] [stdout] For more information about this error, try `rustc --explain E0425`.
[INFO] [stdout] Couldn't compile the test.
[INFO] [stdout] ---- src/lib.rs - f32::gaussian (line 85) stdout ----
[INFO] [stdout] error[E0425]: cannot find function `gaussian` in this scope
[INFO] [stdout]  --> src/lib.rs:87:18
[INFO] [stdout]   |
[INFO] [stdout] 4 | let answer:f32 = gaussian(x);
[INFO] [stdout]   |                  ^^^^^^^^ not found in this scope
[INFO] [stdout]   |
[INFO] [stdout] help: consider importing one of these items
[INFO] [stdout]   |
[INFO] [stdout] 2 | use activation_functions::f32::gaussian;
[INFO] [stdout]   |
[INFO] [stdout] 2 | use activation_functions::f64::gaussian;
[INFO] [stdout]   |
[INFO] [stdout] 
[INFO] [stdout] error: aborting due to previous error
[INFO] [stdout] 
[INFO] [stdout] For more information about this error, try `rustc --explain E0425`.
[INFO] [stdout] Couldn't compile the test.
[INFO] [stdout] ---- src/lib.rs - f64::relu (line 141) stdout ----
[INFO] [stdout] error[E0425]: cannot find function `relu` in this scope
[INFO] [stdout]  --> src/lib.rs:143:18
[INFO] [stdout]   |
[INFO] [stdout] 4 | let answer:f64 = relu(x);
[INFO] [stdout]   |                  ^^^^ not found in this scope
[INFO] [stdout]   |
[INFO] [stdout] help: consider importing one of these items
[INFO] [stdout]   |
[INFO] [stdout] 2 | use activation_functions::f32::relu;
[INFO] [stdout]   |
[INFO] [stdout] 2 | use activation_functions::f64::relu;
[INFO] [stdout]   |
[INFO] [stdout] 
[INFO] [stdout] error: aborting due to previous error
[INFO] [stdout] 
[INFO] [stdout] For more information about this error, try `rustc --explain E0425`.
[INFO] [stdout] Couldn't compile the test.
[INFO] [stdout] ---- src/lib.rs - f32::sigmoid (line 12) stdout ----
[INFO] [stdout] error[E0425]: cannot find function `sigmoid` in this scope
[INFO] [stdout]  --> src/lib.rs:14:18
[INFO] [stdout]   |
[INFO] [stdout] 4 | let answer:f32 = sigmoid(x);
[INFO] [stdout]   |                  ^^^^^^^ not found in this scope
[INFO] [stdout]   |
[INFO] [stdout] help: consider importing one of these items
[INFO] [stdout]   |
[INFO] [stdout] 2 | use activation_functions::f32::sigmoid;
[INFO] [stdout]   |
[INFO] [stdout] 2 | use activation_functions::f64::sigmoid;
[INFO] [stdout]   |
[INFO] [stdout] 
[INFO] [stdout] error: aborting due to previous error
[INFO] [stdout] 
[INFO] [stdout] For more information about this error, try `rustc --explain E0425`.
[INFO] [stdout] Couldn't compile the test.
[INFO] [stdout] ---- src/lib.rs - f64::gaussian (line 171) stdout ----
[INFO] [stdout] error[E0425]: cannot find function `gaussian` in this scope
[INFO] [stdout]  --> src/lib.rs:173:18
[INFO] [stdout]   |
[INFO] [stdout] 4 | let answer:f64 = gaussian(x);
[INFO] [stdout]   |                  ^^^^^^^^ not found in this scope
[INFO] [stdout]   |
[INFO] [stdout] help: consider importing one of these items
[INFO] [stdout]   |
[INFO] [stdout] 2 | use activation_functions::f32::gaussian;
[INFO] [stdout]   |
[INFO] [stdout] 2 | use activation_functions::f64::gaussian;
[INFO] [stdout]   |
[INFO] [stdout] 
[INFO] [stdout] error: aborting due to previous error
[INFO] [stdout] 
[INFO] [stdout] For more information about this error, try `rustc --explain E0425`.
[INFO] [stdout] Couldn't compile the test.
[INFO] [stdout] 
[INFO] [stdout] failures:
[INFO] [stdout]     src/lib.rs - f32::bstep (line 25)
[INFO] [stdout]     src/lib.rs - f32::gaussian (line 85)
[INFO] [stdout]     src/lib.rs - f32::relu (line 55)
[INFO] [stdout]     src/lib.rs - f32::sigmoid (line 12)
[INFO] [stdout]     src/lib.rs - f32::silu (line 72)
[INFO] [stdout]     src/lib.rs - f32::tanh (line 42)
[INFO] [stdout]     src/lib.rs - f64::bstep (line 115)
[INFO] [stdout]     src/lib.rs - f64::gaussian (line 171)
[INFO] [stdout]     src/lib.rs - f64::relu (line 141)
[INFO] [stdout]     src/lib.rs - f64::sigmoid (line 102)
[INFO] [stdout]     src/lib.rs - f64::silu (line 158)
[INFO] [stdout]     src/lib.rs - f64::tanh (line 128)
[INFO] [stdout] 
[INFO] [stdout] test result: FAILED. 0 passed; 12 failed; 0 ignored; 0 measured; 0 filtered out; finished in 0.09s
[INFO] [stdout] 
[INFO] [stderr] error: test failed, to rerun pass '--doc'
[INFO] running `Command { std: "docker" "inspect" "5b68b6d6065daeb9fc67f5f34cc5e645c84e728629ae3b26b5559a18ddc76e78", kill_on_drop: false }`
[INFO] running `Command { std: "docker" "rm" "-f" "5b68b6d6065daeb9fc67f5f34cc5e645c84e728629ae3b26b5559a18ddc76e78", kill_on_drop: false }`
[INFO] [stdout] 5b68b6d6065daeb9fc67f5f34cc5e645c84e728629ae3b26b5559a18ddc76e78
