[INFO] fetching crate actionable-macros 0.1.0-dev.4...
[INFO] testing actionable-macros-0.1.0-dev.4 against 1.54.0 for beta-1.55-1
[INFO] extracting crate actionable-macros 0.1.0-dev.4 into /workspace/builds/worker-112/source
[INFO] validating manifest of crates.io crate actionable-macros 0.1.0-dev.4 on toolchain 1.54.0
[INFO] running `Command { std: "/workspace/cargo-home/bin/cargo" "+1.54.0" "metadata" "--manifest-path" "Cargo.toml" "--no-deps", kill_on_drop: false }`
[INFO] started tweaking crates.io crate actionable-macros 0.1.0-dev.4
[INFO] finished tweaking crates.io crate actionable-macros 0.1.0-dev.4
[INFO] tweaked toml for crates.io crate actionable-macros 0.1.0-dev.4 written to /workspace/builds/worker-112/source/Cargo.toml
[INFO] running `Command { std: "/workspace/cargo-home/bin/cargo" "+1.54.0" "generate-lockfile" "--manifest-path" "Cargo.toml" "-Zno-index-update", kill_on_drop: false }`
[INFO] [stderr]     Blocking waiting for file lock on package cache
[INFO] running `Command { std: "/workspace/cargo-home/bin/cargo" "+1.54.0" "fetch" "--manifest-path" "Cargo.toml", kill_on_drop: false }`
[INFO] running `Command { std: "docker" "create" "-v" "/var/lib/crater-agent-workspace/builds/worker-112/target:/opt/rustwide/target:rw,Z" "-v" "/var/lib/crater-agent-workspace/builds/worker-112/source:/opt/rustwide/workdir:ro,Z" "-v" "/var/lib/crater-agent-workspace/cargo-home:/opt/rustwide/cargo-home:ro,Z" "-v" "/var/lib/crater-agent-workspace/rustup-home:/opt/rustwide/rustup-home:ro,Z" "-e" "SOURCE_DIR=/opt/rustwide/workdir" "-e" "CARGO_TARGET_DIR=/opt/rustwide/target" "-e" "CARGO_HOME=/opt/rustwide/cargo-home" "-e" "RUSTUP_HOME=/opt/rustwide/rustup-home" "-w" "/opt/rustwide/workdir" "-m" "1610612736" "--user" "0:0" "--network" "none" "ghcr.io/rust-lang/crates-build-env/linux@sha256:34b6a614d2c27851fe6cbf88fbd1137609cefab8b10d0615aaeb6fd47975d74e" "/opt/rustwide/cargo-home/bin/cargo" "+1.54.0" "metadata" "--no-deps" "--format-version=1", kill_on_drop: false }`
[INFO] [stdout] 2626366ce36556d6e66e039e4f989b0adaad7a829e46dcb29732d5f872d9ecac
[INFO] running `Command { std: "docker" "start" "-a" "2626366ce36556d6e66e039e4f989b0adaad7a829e46dcb29732d5f872d9ecac", kill_on_drop: false }`
[INFO] running `Command { std: "docker" "inspect" "2626366ce36556d6e66e039e4f989b0adaad7a829e46dcb29732d5f872d9ecac", kill_on_drop: false }`
[INFO] running `Command { std: "docker" "rm" "-f" "2626366ce36556d6e66e039e4f989b0adaad7a829e46dcb29732d5f872d9ecac", kill_on_drop: false }`
[INFO] [stdout] 2626366ce36556d6e66e039e4f989b0adaad7a829e46dcb29732d5f872d9ecac
[INFO] running `Command { std: "docker" "create" "-v" "/var/lib/crater-agent-workspace/builds/worker-112/target:/opt/rustwide/target:rw,Z" "-v" "/var/lib/crater-agent-workspace/builds/worker-112/source:/opt/rustwide/workdir:ro,Z" "-v" "/var/lib/crater-agent-workspace/cargo-home:/opt/rustwide/cargo-home:ro,Z" "-v" "/var/lib/crater-agent-workspace/rustup-home:/opt/rustwide/rustup-home:ro,Z" "-e" "SOURCE_DIR=/opt/rustwide/workdir" "-e" "CARGO_TARGET_DIR=/opt/rustwide/target" "-e" "CARGO_INCREMENTAL=0" "-e" "RUST_BACKTRACE=full" "-e" "RUSTFLAGS=--cap-lints=warn" "-e" "CARGO_HOME=/opt/rustwide/cargo-home" "-e" "RUSTUP_HOME=/opt/rustwide/rustup-home" "-w" "/opt/rustwide/workdir" "-m" "1610612736" "--user" "0:0" "--network" "none" "ghcr.io/rust-lang/crates-build-env/linux@sha256:34b6a614d2c27851fe6cbf88fbd1137609cefab8b10d0615aaeb6fd47975d74e" "/opt/rustwide/cargo-home/bin/cargo" "+1.54.0" "build" "--frozen" "--message-format=json", kill_on_drop: false }`
[INFO] [stdout] d6805b9d225c430765cbd92d9052f67292611ec247329f2c35e54ce60542ef0a
[INFO] running `Command { std: "docker" "start" "-a" "d6805b9d225c430765cbd92d9052f67292611ec247329f2c35e54ce60542ef0a", kill_on_drop: false }`
[INFO] [stderr]     Blocking waiting for file lock on package cache
[INFO] [stderr]    Compiling syn v1.0.74
[INFO] [stderr]    Compiling ident_case v1.0.1
[INFO] [stderr]    Compiling strsim v0.10.0
[INFO] [stderr]    Compiling proc-macro-error-attr v1.0.4
[INFO] [stderr]    Compiling proc-macro-error v1.0.4
[INFO] [stderr]    Compiling darling_core v0.12.4
[INFO] [stderr]    Compiling thiserror-impl v1.0.26
[INFO] [stderr]    Compiling darling_macro v0.12.4
[INFO] [stderr]    Compiling darling v0.12.4
[INFO] [stderr]    Compiling thiserror v1.0.26
[INFO] [stderr]    Compiling actionable-macros v0.1.0-dev.4 (/opt/rustwide/workdir)
[INFO] [stderr]     Finished dev [unoptimized + debuginfo] target(s) in 12.77s
[INFO] running `Command { std: "docker" "inspect" "d6805b9d225c430765cbd92d9052f67292611ec247329f2c35e54ce60542ef0a", kill_on_drop: false }`
[INFO] running `Command { std: "docker" "rm" "-f" "d6805b9d225c430765cbd92d9052f67292611ec247329f2c35e54ce60542ef0a", kill_on_drop: false }`
[INFO] [stdout] d6805b9d225c430765cbd92d9052f67292611ec247329f2c35e54ce60542ef0a
[INFO] running `Command { std: "docker" "create" "-v" "/var/lib/crater-agent-workspace/builds/worker-112/target:/opt/rustwide/target:rw,Z" "-v" "/var/lib/crater-agent-workspace/builds/worker-112/source:/opt/rustwide/workdir:ro,Z" "-v" "/var/lib/crater-agent-workspace/cargo-home:/opt/rustwide/cargo-home:ro,Z" "-v" "/var/lib/crater-agent-workspace/rustup-home:/opt/rustwide/rustup-home:ro,Z" "-e" "SOURCE_DIR=/opt/rustwide/workdir" "-e" "CARGO_TARGET_DIR=/opt/rustwide/target" "-e" "CARGO_INCREMENTAL=0" "-e" "RUST_BACKTRACE=full" "-e" "RUSTFLAGS=--cap-lints=warn" "-e" "CARGO_HOME=/opt/rustwide/cargo-home" "-e" "RUSTUP_HOME=/opt/rustwide/rustup-home" "-w" "/opt/rustwide/workdir" "-m" "1610612736" "--user" "0:0" "--network" "none" "ghcr.io/rust-lang/crates-build-env/linux@sha256:34b6a614d2c27851fe6cbf88fbd1137609cefab8b10d0615aaeb6fd47975d74e" "/opt/rustwide/cargo-home/bin/cargo" "+1.54.0" "test" "--frozen" "--no-run" "--message-format=json", kill_on_drop: false }`
[INFO] [stdout] b632ce700fd81052f360010ba056cd988658a3ab9279bfcf14bbec95ca33e82a
[INFO] running `Command { std: "docker" "start" "-a" "b632ce700fd81052f360010ba056cd988658a3ab9279bfcf14bbec95ca33e82a", kill_on_drop: false }`
[INFO] [stderr]     Blocking waiting for file lock on package cache
[INFO] [stderr]    Compiling serde_derive v1.0.127
[INFO] [stderr]    Compiling ryu v1.0.5
[INFO] [stderr]    Compiling serde v1.0.127
[INFO] [stderr]    Compiling serde_json v1.0.66
[INFO] [stderr]    Compiling anyhow v1.0.42
[INFO] [stderr]    Compiling itoa v0.4.7
[INFO] [stderr]    Compiling compiletest_rs v0.7.0
[INFO] [stderr]    Compiling regex-syntax v0.6.25
[INFO] [stderr]    Compiling diff v0.1.12
[INFO] [stderr]    Compiling getopts v0.2.21
[INFO] [stderr]    Compiling dirs-sys-next v0.1.2
[INFO] [stderr]    Compiling aho-corasick v0.7.18
[INFO] [stderr]    Compiling filetime v0.2.14
[INFO] [stderr]    Compiling dirs-next v2.0.0
[INFO] [stderr]    Compiling term v0.7.0
[INFO] [stderr]    Compiling tester v0.9.0
[INFO] [stderr]    Compiling regex v1.5.4
[INFO] [stderr]    Compiling rustfix v0.5.1
[INFO] [stderr]    Compiling actionable-macros v0.1.0-dev.4 (/opt/rustwide/workdir)
[INFO] [stderr]     Finished test [unoptimized + debuginfo] target(s) in 28.93s
[INFO] running `Command { std: "docker" "inspect" "b632ce700fd81052f360010ba056cd988658a3ab9279bfcf14bbec95ca33e82a", kill_on_drop: false }`
[INFO] running `Command { std: "docker" "rm" "-f" "b632ce700fd81052f360010ba056cd988658a3ab9279bfcf14bbec95ca33e82a", kill_on_drop: false }`
[INFO] [stdout] b632ce700fd81052f360010ba056cd988658a3ab9279bfcf14bbec95ca33e82a
[INFO] running `Command { std: "docker" "create" "-v" "/var/lib/crater-agent-workspace/builds/worker-112/target:/opt/rustwide/target:rw,Z" "-v" "/var/lib/crater-agent-workspace/builds/worker-112/source:/opt/rustwide/workdir:ro,Z" "-v" "/var/lib/crater-agent-workspace/cargo-home:/opt/rustwide/cargo-home:ro,Z" "-v" "/var/lib/crater-agent-workspace/rustup-home:/opt/rustwide/rustup-home:ro,Z" "-e" "SOURCE_DIR=/opt/rustwide/workdir" "-e" "CARGO_TARGET_DIR=/opt/rustwide/target" "-e" "CARGO_INCREMENTAL=0" "-e" "RUST_BACKTRACE=full" "-e" "RUSTFLAGS=--cap-lints=warn" "-e" "CARGO_HOME=/opt/rustwide/cargo-home" "-e" "RUSTUP_HOME=/opt/rustwide/rustup-home" "-w" "/opt/rustwide/workdir" "-m" "1610612736" "--user" "0:0" "--network" "none" "ghcr.io/rust-lang/crates-build-env/linux@sha256:34b6a614d2c27851fe6cbf88fbd1137609cefab8b10d0615aaeb6fd47975d74e" "/opt/rustwide/cargo-home/bin/cargo" "+1.54.0" "test" "--frozen", kill_on_drop: false }`
[INFO] [stdout] bf4fdf2dc8f2d473954ce9f83d07dff23429e9c30b942249dd61faf77f735c35
[INFO] running `Command { std: "docker" "start" "-a" "bf4fdf2dc8f2d473954ce9f83d07dff23429e9c30b942249dd61faf77f735c35", kill_on_drop: false }`
[INFO] [stderr]     Blocking waiting for file lock on package cache
[INFO] [stderr]     Finished test [unoptimized + debuginfo] target(s) in 0.08s
[INFO] [stderr]      Running unittests (/opt/rustwide/target/debug/deps/actionable_macros-c7a96824d9a35133)
[INFO] [stdout] 
[INFO] [stderr]    Doc-tests actionable-macros
[INFO] [stdout] running 0 tests
[INFO] [stdout] 
[INFO] [stdout] test result: ok. 0 passed; 0 failed; 0 ignored; 0 measured; 0 filtered out; finished in 0.00s
[INFO] [stdout] 
[INFO] [stdout] 
[INFO] [stdout] running 3 tests
[INFO] [stdout] test src/lib.rs - actionable_derive (line 143) ... FAILED
[INFO] [stdout] test src/lib.rs - actionable_derive (line 107) ... FAILED
[INFO] [stdout] test src/lib.rs - actionable_derive (line 84) ... FAILED
[INFO] [stdout] 
[INFO] [stdout] failures:
[INFO] [stdout] 
[INFO] [stdout] ---- src/lib.rs - actionable_derive (line 143) stdout ----
[INFO] [stdout] error[E0706]: functions in traits cannot be declared `async`
[INFO] [stdout]   --> src/lib.rs:150:5
[INFO] [stdout]    |
[INFO] [stdout] 9  |       async fn verify_permissions(
[INFO] [stdout]    |       ^----
[INFO] [stdout]    |       |
[INFO] [stdout]    |  _____`async` because of this
[INFO] [stdout]    | |
[INFO] [stdout] 10 | |         dispatcher: &Self::Dispatcher,
[INFO] [stdout] 11 | |         permissions: &Permissions,
[INFO] [stdout] 12 | |         /* each field on this variant is passed
[INFO] [stdout] 13 | |         by refrence as a parameter to this method */
[INFO] [stdout] 14 | |     ) -> Result<(), Error>;
[INFO] [stdout]    | |___________________________^
[INFO] [stdout]    |
[INFO] [stdout]    = note: `async` trait functions are not currently supported
[INFO] [stdout]    = note: consider using the `async-trait` crate: https://crates.io/crates/async-trait
[INFO] [stdout] 
[INFO] [stdout] error[E0706]: functions in traits cannot be declared `async`
[INFO] [stdout]   --> src/lib.rs:157:5
[INFO] [stdout]    |
[INFO] [stdout] 16 |       async fn handle_protected(
[INFO] [stdout]    |       ^----
[INFO] [stdout]    |       |
[INFO] [stdout]    |  _____`async` because of this
[INFO] [stdout]    | |
[INFO] [stdout] 17 | |         dispatcher: &Self::Dispatcher,
[INFO] [stdout] 18 | |         permissions: &Permissions,
[INFO] [stdout] 19 | |         /* each field on this variant is passed as a parameter
[INFO] [stdout] 20 | |         to this method */
[INFO] [stdout] 21 | |     ) -> Result<Output, Error>;
[INFO] [stdout]    | |_______________________________^
[INFO] [stdout]    |
[INFO] [stdout]    = note: `async` trait functions are not currently supported
[INFO] [stdout]    = note: consider using the `async-trait` crate: https://crates.io/crates/async-trait
[INFO] [stdout] 
[INFO] [stdout] error[E0432]: unresolved import `actionable`
[INFO] [stdout]  --> src/lib.rs:146:5
[INFO] [stdout]   |
[INFO] [stdout] 5 | use actionable::{Permissions, async_trait};
[INFO] [stdout]   |     ^^^^^^^^^^ use of undeclared crate or module `actionable`
[INFO] [stdout] 
[INFO] [stdout] error: cannot determine resolution for the attribute macro `async_trait`
[INFO] [stdout]  --> src/lib.rs:147:3
[INFO] [stdout]   |
[INFO] [stdout] 6 | #[async_trait]
[INFO] [stdout]   |   ^^^^^^^^^^^
[INFO] [stdout]   |
[INFO] [stdout]   = note: import resolution is stuck, try simplifying macro imports
[INFO] [stdout] 
[INFO] [stdout] error: aborting due to 4 previous errors
[INFO] [stdout] 
[INFO] [stdout] Some errors have detailed explanations: E0432, E0706.
[INFO] [stdout] For more information about an error, try `rustc --explain E0432`.
[INFO] [stdout] Couldn't compile the test.
[INFO] [stdout] ---- src/lib.rs - actionable_derive (line 107) stdout ----
[INFO] [stdout] error[E0706]: functions in traits cannot be declared `async`
[INFO] [stdout]   --> src/lib.rs:124:5
[INFO] [stdout]    |
[INFO] [stdout] 19 |       async fn handle_protected(
[INFO] [stdout]    |       ^----
[INFO] [stdout]    |       |
[INFO] [stdout]    |  _____`async` because of this
[INFO] [stdout]    | |
[INFO] [stdout] 20 | |         dispatcher: &Self::Dispatcher,
[INFO] [stdout] 21 | |         permissions: &Permissions,
[INFO] [stdout] 22 | |         /* each field on this variant is passed
[INFO] [stdout] 23 | |         as a parameter to this method */
[INFO] [stdout] 24 | |     ) -> Result<Output, Error>;
[INFO] [stdout]    | |_______________________________^
[INFO] [stdout]    |
[INFO] [stdout]    = note: `async` trait functions are not currently supported
[INFO] [stdout]    = note: consider using the `async-trait` crate: https://crates.io/crates/async-trait
[INFO] [stdout] 
[INFO] [stdout] error[E0432]: unresolved import `actionable`
[INFO] [stdout]  --> src/lib.rs:110:5
[INFO] [stdout]   |
[INFO] [stdout] 5 | use actionable::{Permissions, ResourceName, async_trait};
[INFO] [stdout]   |     ^^^^^^^^^^ use of undeclared crate or module `actionable`
[INFO] [stdout] 
[INFO] [stdout] error: cannot determine resolution for the attribute macro `async_trait`
[INFO] [stdout]  --> src/lib.rs:111:3
[INFO] [stdout]   |
[INFO] [stdout] 6 | #[async_trait]
[INFO] [stdout]   |   ^^^^^^^^^^^
[INFO] [stdout]   |
[INFO] [stdout]   = note: import resolution is stuck, try simplifying macro imports
[INFO] [stdout] 
[INFO] [stdout] error: aborting due to 3 previous errors
[INFO] [stdout] 
[INFO] [stdout] Some errors have detailed explanations: E0432, E0706.
[INFO] [stdout] For more information about an error, try `rustc --explain E0432`.
[INFO] [stdout] Couldn't compile the test.
[INFO] [stdout] ---- src/lib.rs - actionable_derive (line 84) stdout ----
[INFO] [stdout] error[E0706]: functions in traits cannot be declared `async`
[INFO] [stdout]   --> src/lib.rs:91:5
[INFO] [stdout]    |
[INFO] [stdout] 9  |       async fn handle(
[INFO] [stdout]    |       ^----
[INFO] [stdout]    |       |
[INFO] [stdout]    |  _____`async` because of this
[INFO] [stdout]    | |
[INFO] [stdout] 10 | |         dispatcher: &Self::Dispatcher,
[INFO] [stdout] 11 | |         permissions: &Permissions,
[INFO] [stdout] 12 | |         /* each field on this variant is passed
[INFO] [stdout] 13 | |         as a parameter to this method */
[INFO] [stdout] 14 | |     ) -> Result<Output, Error>;
[INFO] [stdout]    | |_______________________________^
[INFO] [stdout]    |
[INFO] [stdout]    = note: `async` trait functions are not currently supported
[INFO] [stdout]    = note: consider using the `async-trait` crate: https://crates.io/crates/async-trait
[INFO] [stdout] 
[INFO] [stdout] error[E0432]: unresolved import `actionable`
[INFO] [stdout]  --> src/lib.rs:87:5
[INFO] [stdout]   |
[INFO] [stdout] 5 | use actionable::{Permissions, async_trait};
[INFO] [stdout]   |     ^^^^^^^^^^ use of undeclared crate or module `actionable`
[INFO] [stdout] 
[INFO] [stdout] error: cannot determine resolution for the attribute macro `async_trait`
[INFO] [stdout]  --> src/lib.rs:88:3
[INFO] [stdout]   |
[INFO] [stdout] 6 | #[async_trait]
[INFO] [stdout]   |   ^^^^^^^^^^^
[INFO] [stdout]   |
[INFO] [stdout]   = note: import resolution is stuck, try simplifying macro imports
[INFO] [stdout] 
[INFO] [stdout] error: aborting due to 3 previous errors
[INFO] [stdout] 
[INFO] [stdout] Some errors have detailed explanations: E0432, E0706.
[INFO] [stdout] For more information about an error, try `rustc --explain E0432`.
[INFO] [stdout] Couldn't compile the test.
[INFO] [stdout] 
[INFO] [stdout] failures:
[INFO] [stdout]     src/lib.rs - actionable_derive (line 107)
[INFO] [stdout]     src/lib.rs - actionable_derive (line 143)
[INFO] [stdout]     src/lib.rs - actionable_derive (line 84)
[INFO] [stdout] 
[INFO] [stdout] test result: FAILED. 0 passed; 3 failed; 0 ignored; 0 measured; 0 filtered out; finished in 0.18s
[INFO] [stdout] 
[INFO] [stderr] error: test failed, to rerun pass '--doc'
[INFO] running `Command { std: "docker" "inspect" "bf4fdf2dc8f2d473954ce9f83d07dff23429e9c30b942249dd61faf77f735c35", kill_on_drop: false }`
[INFO] running `Command { std: "docker" "rm" "-f" "bf4fdf2dc8f2d473954ce9f83d07dff23429e9c30b942249dd61faf77f735c35", kill_on_drop: false }`
[INFO] [stdout] bf4fdf2dc8f2d473954ce9f83d07dff23429e9c30b942249dd61faf77f735c35
