[INFO] fetching crate acid-store 0.9.1...
[INFO] testing acid-store-0.9.1 against 1.54.0 for beta-1.55-1
[INFO] extracting crate acid-store 0.9.1 into /workspace/builds/worker-116/source
[INFO] validating manifest of crates.io crate acid-store 0.9.1 on toolchain 1.54.0
[INFO] running `Command { std: "/workspace/cargo-home/bin/cargo" "+1.54.0" "metadata" "--manifest-path" "Cargo.toml" "--no-deps", kill_on_drop: false }`
[INFO] started tweaking crates.io crate acid-store 0.9.1
[INFO] finished tweaking crates.io crate acid-store 0.9.1
[INFO] tweaked toml for crates.io crate acid-store 0.9.1 written to /workspace/builds/worker-116/source/Cargo.toml
[INFO] running `Command { std: "/workspace/cargo-home/bin/cargo" "+1.54.0" "generate-lockfile" "--manifest-path" "Cargo.toml" "-Zno-index-update", kill_on_drop: false }`
[INFO] [stderr]     Blocking waiting for file lock on package cache
[INFO] running `Command { std: "/workspace/cargo-home/bin/cargo" "+1.54.0" "fetch" "--manifest-path" "Cargo.toml", kill_on_drop: false }`
[INFO] [stderr]     Blocking waiting for file lock on package cache
[INFO] [stderr]     Blocking waiting for file lock on package cache
[INFO] running `Command { std: "docker" "create" "-v" "/var/lib/crater-agent-workspace/builds/worker-116/target:/opt/rustwide/target:rw,Z" "-v" "/var/lib/crater-agent-workspace/builds/worker-116/source:/opt/rustwide/workdir:ro,Z" "-v" "/var/lib/crater-agent-workspace/cargo-home:/opt/rustwide/cargo-home:ro,Z" "-v" "/var/lib/crater-agent-workspace/rustup-home:/opt/rustwide/rustup-home:ro,Z" "-e" "SOURCE_DIR=/opt/rustwide/workdir" "-e" "CARGO_TARGET_DIR=/opt/rustwide/target" "-e" "CARGO_HOME=/opt/rustwide/cargo-home" "-e" "RUSTUP_HOME=/opt/rustwide/rustup-home" "-w" "/opt/rustwide/workdir" "-m" "1610612736" "--user" "0:0" "--network" "none" "ghcr.io/rust-lang/crates-build-env/linux@sha256:34b6a614d2c27851fe6cbf88fbd1137609cefab8b10d0615aaeb6fd47975d74e" "/opt/rustwide/cargo-home/bin/cargo" "+1.54.0" "metadata" "--no-deps" "--format-version=1", kill_on_drop: false }`
[INFO] [stdout] 88a697cdf915cebe01ba4cbab2e69767365b6d01f371d82d6d21a2c844f99ddc
[INFO] running `Command { std: "docker" "start" "-a" "88a697cdf915cebe01ba4cbab2e69767365b6d01f371d82d6d21a2c844f99ddc", kill_on_drop: false }`
[INFO] running `Command { std: "docker" "inspect" "88a697cdf915cebe01ba4cbab2e69767365b6d01f371d82d6d21a2c844f99ddc", kill_on_drop: false }`
[INFO] running `Command { std: "docker" "rm" "-f" "88a697cdf915cebe01ba4cbab2e69767365b6d01f371d82d6d21a2c844f99ddc", kill_on_drop: false }`
[INFO] [stdout] 88a697cdf915cebe01ba4cbab2e69767365b6d01f371d82d6d21a2c844f99ddc
[INFO] running `Command { std: "docker" "create" "-v" "/var/lib/crater-agent-workspace/builds/worker-116/target:/opt/rustwide/target:rw,Z" "-v" "/var/lib/crater-agent-workspace/builds/worker-116/source:/opt/rustwide/workdir:ro,Z" "-v" "/var/lib/crater-agent-workspace/cargo-home:/opt/rustwide/cargo-home:ro,Z" "-v" "/var/lib/crater-agent-workspace/rustup-home:/opt/rustwide/rustup-home:ro,Z" "-e" "SOURCE_DIR=/opt/rustwide/workdir" "-e" "CARGO_TARGET_DIR=/opt/rustwide/target" "-e" "CARGO_INCREMENTAL=0" "-e" "RUST_BACKTRACE=full" "-e" "RUSTFLAGS=--cap-lints=warn" "-e" "CARGO_HOME=/opt/rustwide/cargo-home" "-e" "RUSTUP_HOME=/opt/rustwide/rustup-home" "-w" "/opt/rustwide/workdir" "-m" "1610612736" "--user" "0:0" "--network" "none" "ghcr.io/rust-lang/crates-build-env/linux@sha256:34b6a614d2c27851fe6cbf88fbd1137609cefab8b10d0615aaeb6fd47975d74e" "/opt/rustwide/cargo-home/bin/cargo" "+1.54.0" "build" "--frozen" "--message-format=json", kill_on_drop: false }`
[INFO] [stdout] 4fc820ac58111c298e422bf970e5eb23364e498d80651521b2cad25a499e6890
[INFO] running `Command { std: "docker" "start" "-a" "4fc820ac58111c298e422bf970e5eb23364e498d80651521b2cad25a499e6890", kill_on_drop: false }`
[INFO] [stderr]    Compiling serde v1.0.127
[INFO] [stderr]    Compiling subtle v2.4.1
[INFO] [stderr]    Compiling constant_time_eq v0.1.5
[INFO] [stderr]    Compiling arrayref v0.3.6
[INFO] [stderr]    Compiling arrayvec v0.5.2
[INFO] [stderr]    Compiling zeroize v1.4.1
[INFO] [stderr]    Compiling cdchunking v1.0.1
[INFO] [stderr]    Compiling weak-table v0.2.4
[INFO] [stderr]    Compiling num-traits v0.2.14
[INFO] [stderr]    Compiling blake3 v0.3.8
[INFO] [stderr]    Compiling hex-literal-impl v0.2.2
[INFO] [stderr]    Compiling secrecy v0.7.0
[INFO] [stderr]    Compiling crypto-mac v0.8.0
[INFO] [stderr]    Compiling hex-literal v0.2.1
[INFO] [stderr]    Compiling rmp v0.8.10
[INFO] [stderr]    Compiling uuid v0.8.2
[INFO] [stderr]    Compiling rmp-serde v0.14.4
[INFO] [stderr]    Compiling acid-store v0.9.1 (/opt/rustwide/workdir)
[INFO] [stderr]     Finished dev [unoptimized + debuginfo] target(s) in 12.15s
[INFO] running `Command { std: "docker" "inspect" "4fc820ac58111c298e422bf970e5eb23364e498d80651521b2cad25a499e6890", kill_on_drop: false }`
[INFO] running `Command { std: "docker" "rm" "-f" "4fc820ac58111c298e422bf970e5eb23364e498d80651521b2cad25a499e6890", kill_on_drop: false }`
[INFO] [stdout] 4fc820ac58111c298e422bf970e5eb23364e498d80651521b2cad25a499e6890
[INFO] running `Command { std: "docker" "create" "-v" "/var/lib/crater-agent-workspace/builds/worker-116/target:/opt/rustwide/target:rw,Z" "-v" "/var/lib/crater-agent-workspace/builds/worker-116/source:/opt/rustwide/workdir:ro,Z" "-v" "/var/lib/crater-agent-workspace/cargo-home:/opt/rustwide/cargo-home:ro,Z" "-v" "/var/lib/crater-agent-workspace/rustup-home:/opt/rustwide/rustup-home:ro,Z" "-e" "SOURCE_DIR=/opt/rustwide/workdir" "-e" "CARGO_TARGET_DIR=/opt/rustwide/target" "-e" "CARGO_INCREMENTAL=0" "-e" "RUST_BACKTRACE=full" "-e" "RUSTFLAGS=--cap-lints=warn" "-e" "CARGO_HOME=/opt/rustwide/cargo-home" "-e" "RUSTUP_HOME=/opt/rustwide/rustup-home" "-w" "/opt/rustwide/workdir" "-m" "1610612736" "--user" "0:0" "--network" "none" "ghcr.io/rust-lang/crates-build-env/linux@sha256:34b6a614d2c27851fe6cbf88fbd1137609cefab8b10d0615aaeb6fd47975d74e" "/opt/rustwide/cargo-home/bin/cargo" "+1.54.0" "test" "--frozen" "--no-run" "--message-format=json", kill_on_drop: false }`
[INFO] [stdout] d0e7fdc07c6c9e91b4c79905ae8a598064915314f1fb969887f74626bbd15123
[INFO] running `Command { std: "docker" "start" "-a" "d0e7fdc07c6c9e91b4c79905ae8a598064915314f1fb969887f74626bbd15123", kill_on_drop: false }`
[INFO] [stderr]    Compiling ucd-trie v0.1.3
[INFO] [stderr]    Compiling crossbeam-utils v0.8.5
[INFO] [stderr]    Compiling semver v1.0.4
[INFO] [stderr]    Compiling crossbeam-epoch v0.9.5
[INFO] [stderr]    Compiling memchr v2.4.0
[INFO] [stderr]    Compiling rustc-serialize v0.3.24
[INFO] [stderr]    Compiling rayon-core v1.9.1
[INFO] [stderr]    Compiling either v1.6.1
[INFO] [stderr]    Compiling unicode-width v0.1.8
[INFO] [stderr]    Compiling plotters-backend v0.3.2
[INFO] [stderr]    Compiling regex-automata v0.1.10
[INFO] [stderr]    Compiling same-file v1.0.6
[INFO] [stderr]    Compiling regex-syntax v0.6.25
[INFO] [stderr]    Compiling half v1.7.1
[INFO] [stderr]    Compiling remove_dir_all v0.5.3
[INFO] [stderr]    Compiling oorandom v11.1.3
[INFO] [stderr]    Compiling bytesize v1.1.0
[INFO] [stderr]    Compiling maplit v1.0.2
[INFO] [stderr]    Compiling dotenv v0.15.0
[INFO] [stderr]    Compiling num-integer v0.1.44
[INFO] [stderr]    Compiling memoffset v0.6.4
[INFO] [stderr]    Compiling num-iter v0.1.42
[INFO] [stderr]    Compiling rayon v1.5.1
[INFO] [stderr]    Compiling lock_api v0.3.4
[INFO] [stderr]    Compiling getrandom v0.1.16
[INFO] [stderr]    Compiling rand v0.4.6
[INFO] [stderr]    Compiling parking_lot_core v0.7.2
[INFO] [stderr]    Compiling atty v0.2.14
[INFO] [stderr]    Compiling serial_test_derive v0.4.0
[INFO] [stderr]    Compiling serde_json v1.0.66
[INFO] [stderr]    Compiling textwrap v0.11.0
[INFO] [stderr]    Compiling tempfile v3.2.0
[INFO] [stderr]    Compiling itertools v0.10.1
[INFO] [stderr]    Compiling pest v2.1.3
[INFO] [stderr]    Compiling walkdir v2.3.2
[INFO] [stderr]    Compiling rand_core v0.5.1
[INFO] [stderr]    Compiling serde_cbor v0.11.1
[INFO] [stderr]    Compiling clap v2.33.3
[INFO] [stderr]    Compiling plotters-svg v0.3.1
[INFO] [stderr]    Compiling rand_chacha v0.2.2
[INFO] [stderr]    Compiling rand_pcg v0.2.1
[INFO] [stderr]    Compiling plotters v0.3.1
[INFO] [stderr]    Compiling parking_lot v0.10.2
[INFO] [stderr]    Compiling crossbeam-channel v0.5.1
[INFO] [stderr]    Compiling rand v0.7.3
[INFO] [stderr]    Compiling rustc_version v0.4.0
[INFO] [stderr]    Compiling csv-core v0.1.10
[INFO] [stderr]    Compiling bstr v0.2.16
[INFO] [stderr]    Compiling tinytemplate v1.2.1
[INFO] [stderr]    Compiling crossbeam-deque v0.8.1
[INFO] [stderr]    Compiling regex v1.5.4
[INFO] [stderr]    Compiling serial_test v0.4.0
[INFO] [stderr]    Compiling semver-parser v0.10.2
[INFO] [stderr]    Compiling cast v0.2.7
[INFO] [stderr]    Compiling csv v1.1.6
[INFO] [stderr]    Compiling num-bigint v0.1.44
[INFO] [stderr]    Compiling num-complex v0.1.43
[INFO] [stderr]    Compiling semver v0.11.0
[INFO] [stderr]    Compiling criterion-plot v0.4.4
[INFO] [stderr]    Compiling rustc_version v0.3.3
[INFO] [stderr]    Compiling rstest_reuse v0.1.3
[INFO] [stderr]    Compiling rstest v0.10.0
[INFO] [stderr]    Compiling num-rational v0.1.42
[INFO] [stderr]    Compiling num v0.1.42
[INFO] [stderr]    Compiling spectral v0.6.0
[INFO] [stderr]    Compiling criterion v0.3.5
[INFO] [stderr]    Compiling acid-store v0.9.1 (/opt/rustwide/workdir)
[INFO] [stderr]     Finished test [unoptimized + debuginfo] target(s) in 18.41s
[INFO] running `Command { std: "docker" "inspect" "d0e7fdc07c6c9e91b4c79905ae8a598064915314f1fb969887f74626bbd15123", kill_on_drop: false }`
[INFO] running `Command { std: "docker" "rm" "-f" "d0e7fdc07c6c9e91b4c79905ae8a598064915314f1fb969887f74626bbd15123", kill_on_drop: false }`
[INFO] [stdout] d0e7fdc07c6c9e91b4c79905ae8a598064915314f1fb969887f74626bbd15123
[INFO] running `Command { std: "docker" "create" "-v" "/var/lib/crater-agent-workspace/builds/worker-116/target:/opt/rustwide/target:rw,Z" "-v" "/var/lib/crater-agent-workspace/builds/worker-116/source:/opt/rustwide/workdir:ro,Z" "-v" "/var/lib/crater-agent-workspace/cargo-home:/opt/rustwide/cargo-home:ro,Z" "-v" "/var/lib/crater-agent-workspace/rustup-home:/opt/rustwide/rustup-home:ro,Z" "-e" "SOURCE_DIR=/opt/rustwide/workdir" "-e" "CARGO_TARGET_DIR=/opt/rustwide/target" "-e" "CARGO_INCREMENTAL=0" "-e" "RUST_BACKTRACE=full" "-e" "RUSTFLAGS=--cap-lints=warn" "-e" "CARGO_HOME=/opt/rustwide/cargo-home" "-e" "RUSTUP_HOME=/opt/rustwide/rustup-home" "-w" "/opt/rustwide/workdir" "-m" "1610612736" "--user" "0:0" "--network" "none" "ghcr.io/rust-lang/crates-build-env/linux@sha256:34b6a614d2c27851fe6cbf88fbd1137609cefab8b10d0615aaeb6fd47975d74e" "/opt/rustwide/cargo-home/bin/cargo" "+1.54.0" "test" "--frozen", kill_on_drop: false }`
[INFO] [stdout] ec9ce869f0e7a2c14f6d289da54961419cdad3b1b98c340eeda63dd57ce659ae
[INFO] running `Command { std: "docker" "start" "-a" "ec9ce869f0e7a2c14f6d289da54961419cdad3b1b98c340eeda63dd57ce659ae", kill_on_drop: false }`
[INFO] [stderr]     Finished test [unoptimized + debuginfo] target(s) in 0.18s
[INFO] [stderr]      Running unittests (/opt/rustwide/target/debug/deps/acid_store-a1c05e1502a64e94)
[INFO] [stdout] 
[INFO] [stdout] running 0 tests
[INFO] [stdout] 
[INFO] [stdout] test result: ok. 0 passed; 0 failed; 0 ignored; 0 measured; 0 filtered out; finished in 0.00s
[INFO] [stdout] 
[INFO] [stderr]      Running tests/content_repository.rs (/opt/rustwide/target/debug/deps/content_repository-a4533ae0f8ae9489)
[INFO] [stdout] 
[INFO] [stdout] running 0 tests
[INFO] [stdout] 
[INFO] [stdout] test result: ok. 0 passed; 0 failed; 0 ignored; 0 measured; 0 filtered out; finished in 0.00s
[INFO] [stdout] 
[INFO] [stderr]      Running tests/data_store.rs (/opt/rustwide/target/debug/deps/data_store-27221150f7c17d63)
[INFO] [stdout] 
[INFO] [stderr]      Running tests/file_repository.rs (/opt/rustwide/target/debug/deps/file_repository-dcc05850b098ac6a)
[INFO] [stdout] running 0 tests
[INFO] [stdout] 
[INFO] [stdout] test result: ok. 0 passed; 0 failed; 0 ignored; 0 measured; 0 filtered out; finished in 0.00s
[INFO] [stdout] 
[INFO] [stdout] 
[INFO] [stdout] running 0 tests
[INFO] [stdout] 
[INFO] [stdout] test result: ok. 0 passed; 0 failed; 0 ignored; 0 measured; 0 filtered out; finished in 0.00s
[INFO] [stdout] 
[INFO] [stderr]      Running tests/key_repository.rs (/opt/rustwide/target/debug/deps/key_repository-65d9bbf55ac4de5a)
[INFO] [stdout] 
[INFO] [stdout] running 0 tests
[INFO] [stdout] 
[INFO] [stdout] test result: ok. 0 passed; 0 failed; 0 ignored; 0 measured; 0 filtered out; finished in 0.00s
[INFO] [stdout] 
[INFO] [stderr]      Running tests/object.rs (/opt/rustwide/target/debug/deps/object-7d4a02ecb933947e)
[INFO] [stdout] 
[INFO] [stderr]      Running tests/open_options.rs (/opt/rustwide/target/debug/deps/open_options-6c5bd82c5fc50f88)
[INFO] [stdout] running 0 tests
[INFO] [stdout] 
[INFO] [stdout] test result: ok. 0 passed; 0 failed; 0 ignored; 0 measured; 0 filtered out; finished in 0.00s
[INFO] [stdout] 
[INFO] [stdout] 
[INFO] [stdout] running 0 tests
[INFO] [stdout] 
[INFO] [stdout] test result: ok. 0 passed; 0 failed; 0 ignored; 0 measured; 0 filtered out; finished in 0.00s
[INFO] [stdout] 
[INFO] [stderr]      Running tests/state_repo.rs (/opt/rustwide/target/debug/deps/state_repo-0b4339dfd708f6d9)
[INFO] [stdout] 
[INFO] [stdout] running 0 tests
[INFO] [stdout] 
[INFO] [stdout] test result: ok. 0 passed; 0 failed; 0 ignored; 0 measured; 0 filtered out; finished in 0.00s
[INFO] [stdout] 
[INFO] [stderr]      Running tests/switch_instance.rs (/opt/rustwide/target/debug/deps/switch_instance-4af6f3801a938803)
[INFO] [stdout] 
[INFO] [stderr]      Running tests/value_repository.rs (/opt/rustwide/target/debug/deps/value_repository-9ac40af91f08c247)
[INFO] [stdout] running 0 tests
[INFO] [stdout] 
[INFO] [stdout] test result: ok. 0 passed; 0 failed; 0 ignored; 0 measured; 0 filtered out; finished in 0.00s
[INFO] [stdout] 
[INFO] [stdout] 
[INFO] [stdout] running 0 tests
[INFO] [stdout] 
[INFO] [stdout] test result: ok. 0 passed; 0 failed; 0 ignored; 0 measured; 0 filtered out; finished in 0.00s
[INFO] [stdout] 
[INFO] [stderr]      Running tests/version_repository.rs (/opt/rustwide/target/debug/deps/version_repository-6b73d7aa1a5c9f64)
[INFO] [stdout] 
[INFO] [stderr]    Doc-tests acid-store
[INFO] [stdout] running 0 tests
[INFO] [stdout] 
[INFO] [stdout] test result: ok. 0 passed; 0 failed; 0 ignored; 0 measured; 0 filtered out; finished in 0.00s
[INFO] [stdout] 
[INFO] [stdout] 
[INFO] [stdout] running 6 tests
[INFO] [stdout] test src/repo/common/open_options.rs - repo::common::open_options::OpenOptions (line 98) ... FAILED
[INFO] [stdout] test src/repo/common/open_options.rs - repo::common::open_options::OpenOptions (line 83) ... FAILED
[INFO] [stdout] test src/repo/common/open_repo.rs - repo::common::open_repo::SwitchInstance::switch_instance (line 124) ... ok
[INFO] [stdout] test src/repo/common/handle.rs - repo::common::handle::ObjectId (line 116) ... ok
[INFO] [stdout] test src/lib.rs - (line 48) ... ok
[INFO] [stdout] test src/repo/common/savepoint.rs - repo::common::savepoint::RestoreSavepoint (line 106) ... ok
[INFO] [stdout] 
[INFO] [stdout] failures:
[INFO] [stdout] 
[INFO] [stdout] ---- src/repo/common/open_options.rs - repo::common::open_options::OpenOptions (line 98) stdout ----
[INFO] [stdout] error[E0599]: no variant named `Lz4` found for enum `Compression`
[INFO] [stdout]  --> src/repo/common/open_options.rs:104:40
[INFO] [stdout]   |
[INFO] [stdout] 9 | repo_config.compression = Compression::Lz4 { level: 1 };
[INFO] [stdout]   |                                        ^^^ variant not found in `Compression`
[INFO] [stdout] 
[INFO] [stdout] error[E0599]: no variant or associated item named `XChaCha20Poly1305` found for enum `Encryption` in the current scope
[INFO] [stdout]   --> src/repo/common/open_options.rs:105:38
[INFO] [stdout]    |
[INFO] [stdout] 10 | repo_config.encryption = Encryption::XChaCha20Poly1305;
[INFO] [stdout]    |                                      ^^^^^^^^^^^^^^^^^ variant or associated item not found in `Encryption`
[INFO] [stdout] 
[INFO] [stdout] error: aborting due to 2 previous errors
[INFO] [stdout] 
[INFO] [stdout] For more information about this error, try `rustc --explain E0599`.
[INFO] [stdout] Couldn't compile the test.
[INFO] [stdout] ---- src/repo/common/open_options.rs - repo::common::open_options::OpenOptions (line 83) stdout ----
[INFO] [stdout] error[E0599]: no variant named `Lz4` found for enum `Compression`
[INFO] [stdout]   --> src/repo/common/open_options.rs:90:31
[INFO] [stdout]    |
[INFO] [stdout] 10 |     .compression(Compression::Lz4 { level: 1 })
[INFO] [stdout]    |                               ^^^ variant not found in `Compression`
[INFO] [stdout] 
[INFO] [stdout] error[E0599]: no variant or associated item named `XChaCha20Poly1305` found for enum `Encryption` in the current scope
[INFO] [stdout]   --> src/repo/common/open_options.rs:91:29
[INFO] [stdout]    |
[INFO] [stdout] 11 |     .encryption(Encryption::XChaCha20Poly1305)
[INFO] [stdout]    |                             ^^^^^^^^^^^^^^^^^ variant or associated item not found in `Encryption`
[INFO] [stdout] 
[INFO] [stdout] error: aborting due to 2 previous errors
[INFO] [stdout] 
[INFO] [stdout] For more information about this error, try `rustc --explain E0599`.
[INFO] [stdout] Couldn't compile the test.
[INFO] [stdout] 
[INFO] [stdout] failures:
[INFO] [stdout]     src/repo/common/open_options.rs - repo::common::open_options::OpenOptions (line 83)
[INFO] [stdout]     src/repo/common/open_options.rs - repo::common::open_options::OpenOptions (line 98)
[INFO] [stdout] 
[INFO] [stdout] test result: FAILED. 4 passed; 2 failed; 0 ignored; 0 measured; 0 filtered out; finished in 5.66s
[INFO] [stdout] 
[INFO] [stderr] error: test failed, to rerun pass '--doc'
[INFO] running `Command { std: "docker" "inspect" "ec9ce869f0e7a2c14f6d289da54961419cdad3b1b98c340eeda63dd57ce659ae", kill_on_drop: false }`
[INFO] running `Command { std: "docker" "rm" "-f" "ec9ce869f0e7a2c14f6d289da54961419cdad3b1b98c340eeda63dd57ce659ae", kill_on_drop: false }`
[INFO] [stdout] ec9ce869f0e7a2c14f6d289da54961419cdad3b1b98c340eeda63dd57ce659ae
