[INFO] fetching crate abi_stable_derive 0.9.2...
[INFO] testing abi_stable_derive-0.9.2 against 1.54.0 for beta-1.55-1
[INFO] extracting crate abi_stable_derive 0.9.2 into /workspace/builds/worker-64/source
[INFO] validating manifest of crates.io crate abi_stable_derive 0.9.2 on toolchain 1.54.0
[INFO] running `Command { std: "/workspace/cargo-home/bin/cargo" "+1.54.0" "metadata" "--manifest-path" "Cargo.toml" "--no-deps", kill_on_drop: false }`
[INFO] started tweaking crates.io crate abi_stable_derive 0.9.2
[INFO] finished tweaking crates.io crate abi_stable_derive 0.9.2
[INFO] tweaked toml for crates.io crate abi_stable_derive 0.9.2 written to /workspace/builds/worker-64/source/Cargo.toml
[INFO] running `Command { std: "/workspace/cargo-home/bin/cargo" "+1.54.0" "generate-lockfile" "--manifest-path" "Cargo.toml" "-Zno-index-update", kill_on_drop: false }`
[INFO] [stderr]     Blocking waiting for file lock on package cache
[INFO] running `Command { std: "/workspace/cargo-home/bin/cargo" "+1.54.0" "fetch" "--manifest-path" "Cargo.toml", kill_on_drop: false }`
[INFO] [stderr]     Blocking waiting for file lock on package cache
[INFO] [stderr]  Downloading crates ...
[INFO] [stderr]   Downloaded abi_stable_shared v0.9.0
[INFO] [stderr]   Downloaded as_derive_utils v0.9.0
[INFO] running `Command { std: "docker" "create" "-v" "/var/lib/crater-agent-workspace/builds/worker-64/target:/opt/rustwide/target:rw,Z" "-v" "/var/lib/crater-agent-workspace/builds/worker-64/source:/opt/rustwide/workdir:ro,Z" "-v" "/var/lib/crater-agent-workspace/cargo-home:/opt/rustwide/cargo-home:ro,Z" "-v" "/var/lib/crater-agent-workspace/rustup-home:/opt/rustwide/rustup-home:ro,Z" "-e" "SOURCE_DIR=/opt/rustwide/workdir" "-e" "CARGO_TARGET_DIR=/opt/rustwide/target" "-e" "CARGO_HOME=/opt/rustwide/cargo-home" "-e" "RUSTUP_HOME=/opt/rustwide/rustup-home" "-w" "/opt/rustwide/workdir" "-m" "1610612736" "--user" "0:0" "--network" "none" "ghcr.io/rust-lang/crates-build-env/linux@sha256:34b6a614d2c27851fe6cbf88fbd1137609cefab8b10d0615aaeb6fd47975d74e" "/opt/rustwide/cargo-home/bin/cargo" "+1.54.0" "metadata" "--no-deps" "--format-version=1", kill_on_drop: false }`
[INFO] [stdout] cf57fe7837083d374124ebde7136216889141e45ee8c9ffc3f29cdb5d65ed8ef
[INFO] running `Command { std: "docker" "start" "-a" "cf57fe7837083d374124ebde7136216889141e45ee8c9ffc3f29cdb5d65ed8ef", kill_on_drop: false }`
[INFO] running `Command { std: "docker" "inspect" "cf57fe7837083d374124ebde7136216889141e45ee8c9ffc3f29cdb5d65ed8ef", kill_on_drop: false }`
[INFO] running `Command { std: "docker" "rm" "-f" "cf57fe7837083d374124ebde7136216889141e45ee8c9ffc3f29cdb5d65ed8ef", kill_on_drop: false }`
[INFO] [stdout] cf57fe7837083d374124ebde7136216889141e45ee8c9ffc3f29cdb5d65ed8ef
[INFO] running `Command { std: "docker" "create" "-v" "/var/lib/crater-agent-workspace/builds/worker-64/target:/opt/rustwide/target:rw,Z" "-v" "/var/lib/crater-agent-workspace/builds/worker-64/source:/opt/rustwide/workdir:ro,Z" "-v" "/var/lib/crater-agent-workspace/cargo-home:/opt/rustwide/cargo-home:ro,Z" "-v" "/var/lib/crater-agent-workspace/rustup-home:/opt/rustwide/rustup-home:ro,Z" "-e" "SOURCE_DIR=/opt/rustwide/workdir" "-e" "CARGO_TARGET_DIR=/opt/rustwide/target" "-e" "CARGO_INCREMENTAL=0" "-e" "RUST_BACKTRACE=full" "-e" "RUSTFLAGS=--cap-lints=warn" "-e" "CARGO_HOME=/opt/rustwide/cargo-home" "-e" "RUSTUP_HOME=/opt/rustwide/rustup-home" "-w" "/opt/rustwide/workdir" "-m" "1610612736" "--user" "0:0" "--network" "none" "ghcr.io/rust-lang/crates-build-env/linux@sha256:34b6a614d2c27851fe6cbf88fbd1137609cefab8b10d0615aaeb6fd47975d74e" "/opt/rustwide/cargo-home/bin/cargo" "+1.54.0" "build" "--frozen" "--message-format=json", kill_on_drop: false }`
[INFO] [stdout] ec0e83018e8ad00a22a11bceb1cf0fbb9da895f7e63876aee1e96ccbb8754308
[INFO] running `Command { std: "docker" "start" "-a" "ec0e83018e8ad00a22a11bceb1cf0fbb9da895f7e63876aee1e96ccbb8754308", kill_on_drop: false }`
[INFO] [stderr]    Compiling semver-parser v0.7.0
[INFO] [stderr]    Compiling serde v1.0.127
[INFO] [stderr]    Compiling typed-arena v2.0.1
[INFO] [stderr]    Compiling serde_derive v1.0.127
[INFO] [stderr]    Compiling regex v1.5.4
[INFO] [stderr]    Compiling semver v0.9.0
[INFO] [stderr]    Compiling rustc_version v0.2.3
[INFO] [stderr]    Compiling core_extensions v0.1.20
[INFO] [stderr]    Compiling abi_stable_shared v0.9.0
[INFO] [stderr]    Compiling ron v0.6.4
[INFO] [stderr]    Compiling as_derive_utils v0.9.0
[INFO] [stderr]    Compiling abi_stable_derive v0.9.2 (/opt/rustwide/workdir)
[INFO] [stdout] warning: unnecessary trailing semicolon
[INFO] [stdout]    --> src/sabi_trait/attribute_parsing.rs:274:6
[INFO] [stdout]     |
[INFO] [stdout] 274 |     };
[INFO] [stdout]     |      ^ help: remove this semicolon
[INFO] [stdout]     |
[INFO] [stdout]     = note: `#[warn(redundant_semicolons)]` on by default
[INFO] [stdout] 
[INFO] [stdout] 
[INFO] [stdout] warning: 1 warning emitted
[INFO] [stdout] 
[INFO] [stdout] 
[INFO] [stderr]     Finished dev [unoptimized + debuginfo] target(s) in 28.48s
[INFO] running `Command { std: "docker" "inspect" "ec0e83018e8ad00a22a11bceb1cf0fbb9da895f7e63876aee1e96ccbb8754308", kill_on_drop: false }`
[INFO] running `Command { std: "docker" "rm" "-f" "ec0e83018e8ad00a22a11bceb1cf0fbb9da895f7e63876aee1e96ccbb8754308", kill_on_drop: false }`
[INFO] [stdout] ec0e83018e8ad00a22a11bceb1cf0fbb9da895f7e63876aee1e96ccbb8754308
[INFO] running `Command { std: "docker" "create" "-v" "/var/lib/crater-agent-workspace/builds/worker-64/target:/opt/rustwide/target:rw,Z" "-v" "/var/lib/crater-agent-workspace/builds/worker-64/source:/opt/rustwide/workdir:ro,Z" "-v" "/var/lib/crater-agent-workspace/cargo-home:/opt/rustwide/cargo-home:ro,Z" "-v" "/var/lib/crater-agent-workspace/rustup-home:/opt/rustwide/rustup-home:ro,Z" "-e" "SOURCE_DIR=/opt/rustwide/workdir" "-e" "CARGO_TARGET_DIR=/opt/rustwide/target" "-e" "CARGO_INCREMENTAL=0" "-e" "RUST_BACKTRACE=full" "-e" "RUSTFLAGS=--cap-lints=warn" "-e" "CARGO_HOME=/opt/rustwide/cargo-home" "-e" "RUSTUP_HOME=/opt/rustwide/rustup-home" "-w" "/opt/rustwide/workdir" "-m" "1610612736" "--user" "0:0" "--network" "none" "ghcr.io/rust-lang/crates-build-env/linux@sha256:34b6a614d2c27851fe6cbf88fbd1137609cefab8b10d0615aaeb6fd47975d74e" "/opt/rustwide/cargo-home/bin/cargo" "+1.54.0" "test" "--frozen" "--no-run" "--message-format=json", kill_on_drop: false }`
[INFO] [stdout] 012eaac7f92de34eebdfefa86db2e37cda25f881ce382deb4567f7ecbd3e405e
[INFO] running `Command { std: "docker" "start" "-a" "012eaac7f92de34eebdfefa86db2e37cda25f881ce382deb4567f7ecbd3e405e", kill_on_drop: false }`
[INFO] [stderr]    Compiling abi_stable_derive v0.9.2 (/opt/rustwide/workdir)
[INFO] [stdout] warning: unnecessary trailing semicolon
[INFO] [stdout]    --> src/sabi_trait/attribute_parsing.rs:274:6
[INFO] [stdout]     |
[INFO] [stdout] 274 |     };
[INFO] [stdout]     |      ^ help: remove this semicolon
[INFO] [stdout]     |
[INFO] [stdout]     = note: `#[warn(redundant_semicolons)]` on by default
[INFO] [stdout] 
[INFO] [stdout] 
[INFO] [stdout] warning: 1 warning emitted
[INFO] [stdout] 
[INFO] [stdout] 
[INFO] [stdout] warning: unnecessary trailing semicolon
[INFO] [stdout]    --> src/sabi_trait/attribute_parsing.rs:274:6
[INFO] [stdout]     |
[INFO] [stdout] 274 |     };
[INFO] [stdout]     |      ^ help: remove this semicolon
[INFO] [stdout]     |
[INFO] [stdout]     = note: `#[warn(redundant_semicolons)]` on by default
[INFO] [stdout] 
[INFO] [stdout] 
[INFO] [stdout] warning: variable does not need to be mutable
[INFO] [stdout]    --> src/sabi_trait/lifetime_unelider.rs:135:9
[INFO] [stdout]     |
[INFO] [stdout] 135 |         mut ty: Type,
[INFO] [stdout]     |         ----^^
[INFO] [stdout]     |         |
[INFO] [stdout]     |         help: remove this `mut`
[INFO] [stdout]     |
[INFO] [stdout]     = note: `#[warn(unused_mut)]` on by default
[INFO] [stdout] 
[INFO] [stdout] 
[INFO] [stdout] warning: variable does not need to be mutable
[INFO] [stdout]    --> src/sabi_trait/lifetime_unelider.rs:137:13
[INFO] [stdout]     |
[INFO] [stdout] 137 |         let mut this = LifetimeUnelider::new(&mut self_lifetime);
[INFO] [stdout]     |             ----^^^^
[INFO] [stdout]     |             |
[INFO] [stdout]     |             help: remove this `mut`
[INFO] [stdout] 
[INFO] [stdout] 
[INFO] [stdout] warning: 3 warnings emitted
[INFO] [stdout] 
[INFO] [stdout] 
[INFO] [stderr]     Finished test [unoptimized + debuginfo] target(s) in 11.06s
[INFO] running `Command { std: "docker" "inspect" "012eaac7f92de34eebdfefa86db2e37cda25f881ce382deb4567f7ecbd3e405e", kill_on_drop: false }`
[INFO] running `Command { std: "docker" "rm" "-f" "012eaac7f92de34eebdfefa86db2e37cda25f881ce382deb4567f7ecbd3e405e", kill_on_drop: false }`
[INFO] [stdout] 012eaac7f92de34eebdfefa86db2e37cda25f881ce382deb4567f7ecbd3e405e
[INFO] running `Command { std: "docker" "create" "-v" "/var/lib/crater-agent-workspace/builds/worker-64/target:/opt/rustwide/target:rw,Z" "-v" "/var/lib/crater-agent-workspace/builds/worker-64/source:/opt/rustwide/workdir:ro,Z" "-v" "/var/lib/crater-agent-workspace/cargo-home:/opt/rustwide/cargo-home:ro,Z" "-v" "/var/lib/crater-agent-workspace/rustup-home:/opt/rustwide/rustup-home:ro,Z" "-e" "SOURCE_DIR=/opt/rustwide/workdir" "-e" "CARGO_TARGET_DIR=/opt/rustwide/target" "-e" "CARGO_INCREMENTAL=0" "-e" "RUST_BACKTRACE=full" "-e" "RUSTFLAGS=--cap-lints=warn" "-e" "CARGO_HOME=/opt/rustwide/cargo-home" "-e" "RUSTUP_HOME=/opt/rustwide/rustup-home" "-w" "/opt/rustwide/workdir" "-m" "1610612736" "--user" "0:0" "--network" "none" "ghcr.io/rust-lang/crates-build-env/linux@sha256:34b6a614d2c27851fe6cbf88fbd1137609cefab8b10d0615aaeb6fd47975d74e" "/opt/rustwide/cargo-home/bin/cargo" "+1.54.0" "test" "--frozen", kill_on_drop: false }`
[INFO] [stdout] 95894980c79b3c5d764cb3f0c82dd9ca18d6070335aeb64021eed256e5a793db
[INFO] running `Command { std: "docker" "start" "-a" "95894980c79b3c5d764cb3f0c82dd9ca18d6070335aeb64021eed256e5a793db", kill_on_drop: false }`
[INFO] [stderr] warning: unnecessary trailing semicolon
[INFO] [stderr]    --> src/sabi_trait/attribute_parsing.rs:274:6
[INFO] [stderr]     |
[INFO] [stderr] 274 |     };
[INFO] [stderr]     |      ^ help: remove this semicolon
[INFO] [stderr]     |
[INFO] [stderr]     = note: `#[warn(redundant_semicolons)]` on by default
[INFO] [stderr] 
[INFO] [stderr] warning: 1 warning emitted
[INFO] [stderr] 
[INFO] [stderr] warning: unnecessary trailing semicolon
[INFO] [stderr]    --> src/sabi_trait/attribute_parsing.rs:274:6
[INFO] [stderr]     |
[INFO] [stderr] 274 |     };
[INFO] [stderr]     |      ^ help: remove this semicolon
[INFO] [stderr]     |
[INFO] [stderr]     = note: `#[warn(redundant_semicolons)]` on by default
[INFO] [stderr] 
[INFO] [stderr] warning: variable does not need to be mutable
[INFO] [stderr]    --> src/sabi_trait/lifetime_unelider.rs:135:9
[INFO] [stderr]     |
[INFO] [stderr] 135 |         mut ty: Type,
[INFO] [stderr]     |         ----^^
[INFO] [stderr]     |         |
[INFO] [stderr]     |         help: remove this `mut`
[INFO] [stderr]     |
[INFO] [stderr]     = note: `#[warn(unused_mut)]` on by default
[INFO] [stderr] 
[INFO] [stderr] warning: variable does not need to be mutable
[INFO] [stderr]    --> src/sabi_trait/lifetime_unelider.rs:137:13
[INFO] [stderr]     |
[INFO] [stderr] 137 |         let mut this = LifetimeUnelider::new(&mut self_lifetime);
[INFO] [stderr]     |             ----^^^^
[INFO] [stderr]     |             |
[INFO] [stderr]     |             help: remove this `mut`
[INFO] [stderr] 
[INFO] [stderr] warning: 3 warnings emitted
[INFO] [stderr] 
[INFO] [stderr]     Finished test [unoptimized + debuginfo] target(s) in 0.02s
[INFO] [stderr]      Running unittests (/opt/rustwide/target/debug/deps/abi_stable_derive-8608c9be1d5e7f18)
[INFO] [stdout] 
[INFO] [stdout] running 9 tests
[INFO] [stdout] test lifetimes::lifetime_counters::tests::test_counting ... ok
[INFO] [stdout] test sabi_trait::tests::sabi_trait_test_cases ... FAILED
[INFO] [stdout] test stable_abi::tests::test_cases ... FAILED
[INFO] [stdout] test export_root_module_impl::tests::test_output ... ok
[INFO] [stdout] test sabi_extern_fn_impl::tests::test_output ... ok
[INFO] [stdout] test sabi_trait::lifetime_unelider::tests::borrow_self_detection ... ok
[INFO] [stdout] test sabi_trait::tests::must_pass ... ok
[INFO] [stdout] test sabi_trait::tests::must_not_pass ... ok
[INFO] [stdout] test stable_abi::tests::check_struct_repr_attrs ... ok
[INFO] [stdout] 
[INFO] [stdout] failures:
[INFO] [stdout] 
[INFO] [stdout] failures:
[INFO] [stdout]     sabi_trait::tests::sabi_trait_test_cases
[INFO] [stdout]     stable_abi::tests::test_cases
[INFO] [stdout] 
[INFO] [stdout] test result: FAILED. 7 passed; 2 failed; 0 ignored; 0 measured; 0 filtered out; finished in 0.10s
[INFO] [stdout] 
[INFO] [stderr] error: test failed, to rerun pass '--lib'
[INFO] running `Command { std: "docker" "inspect" "95894980c79b3c5d764cb3f0c82dd9ca18d6070335aeb64021eed256e5a793db", kill_on_drop: false }`
[INFO] running `Command { std: "docker" "rm" "-f" "95894980c79b3c5d764cb3f0c82dd9ca18d6070335aeb64021eed256e5a793db", kill_on_drop: false }`
[INFO] [stdout] 95894980c79b3c5d764cb3f0c82dd9ca18d6070335aeb64021eed256e5a793db
