[INFO] fetching crate a5b356bf40b6228103daadbd0c102f4af 0.1.0...
[INFO] testing a5b356bf40b6228103daadbd0c102f4af-0.1.0 against beta-2021-08-01 for beta-1.55-1
[INFO] extracting crate a5b356bf40b6228103daadbd0c102f4af 0.1.0 into /workspace/builds/worker-118/source
[INFO] validating manifest of crates.io crate a5b356bf40b6228103daadbd0c102f4af 0.1.0 on toolchain beta-2021-08-01
[INFO] running `Command { std: "/workspace/cargo-home/bin/cargo" "+beta-2021-08-01" "metadata" "--manifest-path" "Cargo.toml" "--no-deps", kill_on_drop: false }`
[INFO] started tweaking crates.io crate a5b356bf40b6228103daadbd0c102f4af 0.1.0
[INFO] finished tweaking crates.io crate a5b356bf40b6228103daadbd0c102f4af 0.1.0
[INFO] tweaked toml for crates.io crate a5b356bf40b6228103daadbd0c102f4af 0.1.0 written to /workspace/builds/worker-118/source/Cargo.toml
[INFO] running `Command { std: "/workspace/cargo-home/bin/cargo" "+beta-2021-08-01" "generate-lockfile" "--manifest-path" "Cargo.toml" "-Zno-index-update", kill_on_drop: false }`
[INFO] running `Command { std: "/workspace/cargo-home/bin/cargo" "+beta-2021-08-01" "fetch" "--manifest-path" "Cargo.toml", kill_on_drop: false }`
[INFO] [stderr]     Blocking waiting for file lock on package cache
[INFO] running `Command { std: "docker" "create" "-v" "/var/lib/crater-agent-workspace/builds/worker-118/target:/opt/rustwide/target:rw,Z" "-v" "/var/lib/crater-agent-workspace/builds/worker-118/source:/opt/rustwide/workdir:ro,Z" "-v" "/var/lib/crater-agent-workspace/cargo-home:/opt/rustwide/cargo-home:ro,Z" "-v" "/var/lib/crater-agent-workspace/rustup-home:/opt/rustwide/rustup-home:ro,Z" "-e" "SOURCE_DIR=/opt/rustwide/workdir" "-e" "CARGO_TARGET_DIR=/opt/rustwide/target" "-e" "CARGO_HOME=/opt/rustwide/cargo-home" "-e" "RUSTUP_HOME=/opt/rustwide/rustup-home" "-w" "/opt/rustwide/workdir" "-m" "1610612736" "--user" "0:0" "--network" "none" "ghcr.io/rust-lang/crates-build-env/linux@sha256:34b6a614d2c27851fe6cbf88fbd1137609cefab8b10d0615aaeb6fd47975d74e" "/opt/rustwide/cargo-home/bin/cargo" "+beta-2021-08-01" "metadata" "--no-deps" "--format-version=1", kill_on_drop: false }`
[INFO] [stdout] 1d63d7a71d316b3939eecd07b14527197e26c52243ff87332ae1aa671ceb138e
[INFO] running `Command { std: "docker" "start" "-a" "1d63d7a71d316b3939eecd07b14527197e26c52243ff87332ae1aa671ceb138e", kill_on_drop: false }`
[INFO] running `Command { std: "docker" "inspect" "1d63d7a71d316b3939eecd07b14527197e26c52243ff87332ae1aa671ceb138e", kill_on_drop: false }`
[INFO] running `Command { std: "docker" "rm" "-f" "1d63d7a71d316b3939eecd07b14527197e26c52243ff87332ae1aa671ceb138e", kill_on_drop: false }`
[INFO] [stdout] 1d63d7a71d316b3939eecd07b14527197e26c52243ff87332ae1aa671ceb138e
[INFO] running `Command { std: "docker" "create" "-v" "/var/lib/crater-agent-workspace/builds/worker-118/target:/opt/rustwide/target:rw,Z" "-v" "/var/lib/crater-agent-workspace/builds/worker-118/source:/opt/rustwide/workdir:ro,Z" "-v" "/var/lib/crater-agent-workspace/cargo-home:/opt/rustwide/cargo-home:ro,Z" "-v" "/var/lib/crater-agent-workspace/rustup-home:/opt/rustwide/rustup-home:ro,Z" "-e" "SOURCE_DIR=/opt/rustwide/workdir" "-e" "CARGO_TARGET_DIR=/opt/rustwide/target" "-e" "CARGO_INCREMENTAL=0" "-e" "RUST_BACKTRACE=full" "-e" "RUSTFLAGS=--cap-lints=warn" "-e" "CARGO_HOME=/opt/rustwide/cargo-home" "-e" "RUSTUP_HOME=/opt/rustwide/rustup-home" "-w" "/opt/rustwide/workdir" "-m" "1610612736" "--user" "0:0" "--network" "none" "ghcr.io/rust-lang/crates-build-env/linux@sha256:34b6a614d2c27851fe6cbf88fbd1137609cefab8b10d0615aaeb6fd47975d74e" "/opt/rustwide/cargo-home/bin/cargo" "+beta-2021-08-01" "build" "--frozen" "--message-format=json", kill_on_drop: false }`
[INFO] [stdout] c6311594e631162a44e5a73a917de3b6956023fbb33faef978470ff6050f549f
[INFO] running `Command { std: "docker" "start" "-a" "c6311594e631162a44e5a73a917de3b6956023fbb33faef978470ff6050f549f", kill_on_drop: false }`
[INFO] [stderr]    Compiling a5b356bf40b6228103daadbd0c102f4af v0.1.0 (/opt/rustwide/workdir)
[INFO] [stderr]     Finished dev [unoptimized + debuginfo] target(s) in 0.73s
[INFO] running `Command { std: "docker" "inspect" "c6311594e631162a44e5a73a917de3b6956023fbb33faef978470ff6050f549f", kill_on_drop: false }`
[INFO] running `Command { std: "docker" "rm" "-f" "c6311594e631162a44e5a73a917de3b6956023fbb33faef978470ff6050f549f", kill_on_drop: false }`
[INFO] [stdout] c6311594e631162a44e5a73a917de3b6956023fbb33faef978470ff6050f549f
[INFO] running `Command { std: "docker" "create" "-v" "/var/lib/crater-agent-workspace/builds/worker-118/target:/opt/rustwide/target:rw,Z" "-v" "/var/lib/crater-agent-workspace/builds/worker-118/source:/opt/rustwide/workdir:ro,Z" "-v" "/var/lib/crater-agent-workspace/cargo-home:/opt/rustwide/cargo-home:ro,Z" "-v" "/var/lib/crater-agent-workspace/rustup-home:/opt/rustwide/rustup-home:ro,Z" "-e" "SOURCE_DIR=/opt/rustwide/workdir" "-e" "CARGO_TARGET_DIR=/opt/rustwide/target" "-e" "CARGO_INCREMENTAL=0" "-e" "RUST_BACKTRACE=full" "-e" "RUSTFLAGS=--cap-lints=warn" "-e" "CARGO_HOME=/opt/rustwide/cargo-home" "-e" "RUSTUP_HOME=/opt/rustwide/rustup-home" "-w" "/opt/rustwide/workdir" "-m" "1610612736" "--user" "0:0" "--network" "none" "ghcr.io/rust-lang/crates-build-env/linux@sha256:34b6a614d2c27851fe6cbf88fbd1137609cefab8b10d0615aaeb6fd47975d74e" "/opt/rustwide/cargo-home/bin/cargo" "+beta-2021-08-01" "test" "--frozen" "--no-run" "--message-format=json", kill_on_drop: false }`
[INFO] [stdout] c70251ba6ee484693878d26c12db1ff229552d0716680f38cdd69e02935eaf71
[INFO] running `Command { std: "docker" "start" "-a" "c70251ba6ee484693878d26c12db1ff229552d0716680f38cdd69e02935eaf71", kill_on_drop: false }`
[INFO] [stderr]    Compiling a5b356bf40b6228103daadbd0c102f4af v0.1.0 (/opt/rustwide/workdir)
[INFO] [stderr]     Finished test [unoptimized + debuginfo] target(s) in 0.59s
[INFO] running `Command { std: "docker" "inspect" "c70251ba6ee484693878d26c12db1ff229552d0716680f38cdd69e02935eaf71", kill_on_drop: false }`
[INFO] running `Command { std: "docker" "rm" "-f" "c70251ba6ee484693878d26c12db1ff229552d0716680f38cdd69e02935eaf71", kill_on_drop: false }`
[INFO] [stdout] c70251ba6ee484693878d26c12db1ff229552d0716680f38cdd69e02935eaf71
[INFO] running `Command { std: "docker" "create" "-v" "/var/lib/crater-agent-workspace/builds/worker-118/target:/opt/rustwide/target:rw,Z" "-v" "/var/lib/crater-agent-workspace/builds/worker-118/source:/opt/rustwide/workdir:ro,Z" "-v" "/var/lib/crater-agent-workspace/cargo-home:/opt/rustwide/cargo-home:ro,Z" "-v" "/var/lib/crater-agent-workspace/rustup-home:/opt/rustwide/rustup-home:ro,Z" "-e" "SOURCE_DIR=/opt/rustwide/workdir" "-e" "CARGO_TARGET_DIR=/opt/rustwide/target" "-e" "CARGO_INCREMENTAL=0" "-e" "RUST_BACKTRACE=full" "-e" "RUSTFLAGS=--cap-lints=warn" "-e" "CARGO_HOME=/opt/rustwide/cargo-home" "-e" "RUSTUP_HOME=/opt/rustwide/rustup-home" "-w" "/opt/rustwide/workdir" "-m" "1610612736" "--user" "0:0" "--network" "none" "ghcr.io/rust-lang/crates-build-env/linux@sha256:34b6a614d2c27851fe6cbf88fbd1137609cefab8b10d0615aaeb6fd47975d74e" "/opt/rustwide/cargo-home/bin/cargo" "+beta-2021-08-01" "test" "--frozen", kill_on_drop: false }`
[INFO] [stdout] cf7ded9ff6ab74931c53515ecf115dfc68ede0ca364db1c79a3773204d9c9a59
[INFO] running `Command { std: "docker" "start" "-a" "cf7ded9ff6ab74931c53515ecf115dfc68ede0ca364db1c79a3773204d9c9a59", kill_on_drop: false }`
[INFO] [stderr]     Finished test [unoptimized + debuginfo] target(s) in 0.05s
[INFO] [stderr]      Running unittests (/opt/rustwide/target/debug/deps/a5b356bf40b6228103daadbd0c102f4af-023341839e5af433)
[INFO] [stdout] 
[INFO] [stdout] running 5 tests
[INFO] [stdout] test tests::greeting_contains_name ... ok
[INFO] [stdout] test tests::it_adds_two ... ok
[INFO] [stdout] test tests::larger_can_hold_smaller ... ok
[INFO] [stdout] test tests::smaller_can_hold_larger ... ok
[INFO] [stdout] test tests::greater_than_100 - should panic ... ok
[INFO] [stdout] 
[INFO] [stdout] test result: ok. 5 passed; 0 failed; 0 ignored; 0 measured; 0 filtered out; finished in 0.05s
[INFO] [stdout] 
[INFO] [stderr]      Running tests/integration_test.rs (/opt/rustwide/target/debug/deps/integration_test-244fa28a5140f6e2)
[INFO] [stdout] 
[INFO] [stdout] running 1 test
[INFO] [stdout] test it_adds_two ... ok
[INFO] [stdout] 
[INFO] [stdout] test result: ok. 1 passed; 0 failed; 0 ignored; 0 measured; 0 filtered out; finished in 0.02s
[INFO] [stdout] 
[INFO] [stderr]    Doc-tests a5b356bf40b6228103daadbd0c102f4af
[INFO] [stdout] 
[INFO] [stdout] running 1 test
[INFO] [stdout] test src/lib.rs - add_one (line 58) ... FAILED
[INFO] [stdout] 
[INFO] [stdout] failures:
[INFO] [stdout] 
[INFO] [stdout] ---- src/lib.rs - add_one (line 58) stdout ----
[INFO] [stdout] error[E0433]: failed to resolve: use of undeclared crate or module `adder`
[INFO] [stdout]  --> src/lib.rs:61:15
[INFO] [stdout]   |
[INFO] [stdout] 5 | assert_eq!(6, adder::add_one(5));
[INFO] [stdout]   |               ^^^^^ use of undeclared crate or module `adder`
[INFO] [stdout] 
[INFO] [stdout] error: aborting due to previous error
[INFO] [stdout] 
[INFO] [stdout] For more information about this error, try `rustc --explain E0433`.
[INFO] [stdout] Couldn't compile the test.
[INFO] [stdout] 
[INFO] [stdout] failures:
[INFO] [stdout]     src/lib.rs - add_one (line 58)
[INFO] [stdout] 
[INFO] [stdout] test result: FAILED. 0 passed; 1 failed; 0 ignored; 0 measured; 0 filtered out; finished in 0.10s
[INFO] [stdout] 
[INFO] [stderr] error: test failed, to rerun pass '--doc'
[INFO] running `Command { std: "docker" "inspect" "cf7ded9ff6ab74931c53515ecf115dfc68ede0ca364db1c79a3773204d9c9a59", kill_on_drop: false }`
[INFO] running `Command { std: "docker" "rm" "-f" "cf7ded9ff6ab74931c53515ecf115dfc68ede0ca364db1c79a3773204d9c9a59", kill_on_drop: false }`
[INFO] [stdout] cf7ded9ff6ab74931c53515ecf115dfc68ede0ca364db1c79a3773204d9c9a59
