[INFO] fetching crate a2lmacros 0.8.2...
[INFO] testing a2lmacros-0.8.2 against beta-2021-08-01 for beta-1.55-1
[INFO] extracting crate a2lmacros 0.8.2 into /workspace/builds/worker-20/source
[INFO] validating manifest of crates.io crate a2lmacros 0.8.2 on toolchain beta-2021-08-01
[INFO] running `Command { std: "/workspace/cargo-home/bin/cargo" "+beta-2021-08-01" "metadata" "--manifest-path" "Cargo.toml" "--no-deps", kill_on_drop: false }`
[INFO] started tweaking crates.io crate a2lmacros 0.8.2
[INFO] finished tweaking crates.io crate a2lmacros 0.8.2
[INFO] tweaked toml for crates.io crate a2lmacros 0.8.2 written to /workspace/builds/worker-20/source/Cargo.toml
[INFO] running `Command { std: "/workspace/cargo-home/bin/cargo" "+beta-2021-08-01" "generate-lockfile" "--manifest-path" "Cargo.toml" "-Zno-index-update", kill_on_drop: false }`
[INFO] running `Command { std: "/workspace/cargo-home/bin/cargo" "+beta-2021-08-01" "fetch" "--manifest-path" "Cargo.toml", kill_on_drop: false }`
[INFO] running `Command { std: "docker" "create" "-v" "/var/lib/crater-agent-workspace/builds/worker-20/target:/opt/rustwide/target:rw,Z" "-v" "/var/lib/crater-agent-workspace/builds/worker-20/source:/opt/rustwide/workdir:ro,Z" "-v" "/var/lib/crater-agent-workspace/cargo-home:/opt/rustwide/cargo-home:ro,Z" "-v" "/var/lib/crater-agent-workspace/rustup-home:/opt/rustwide/rustup-home:ro,Z" "-e" "SOURCE_DIR=/opt/rustwide/workdir" "-e" "CARGO_TARGET_DIR=/opt/rustwide/target" "-e" "CARGO_HOME=/opt/rustwide/cargo-home" "-e" "RUSTUP_HOME=/opt/rustwide/rustup-home" "-w" "/opt/rustwide/workdir" "-m" "1610612736" "--user" "0:0" "--network" "none" "ghcr.io/rust-lang/crates-build-env/linux@sha256:34b6a614d2c27851fe6cbf88fbd1137609cefab8b10d0615aaeb6fd47975d74e" "/opt/rustwide/cargo-home/bin/cargo" "+beta-2021-08-01" "metadata" "--no-deps" "--format-version=1", kill_on_drop: false }`
[INFO] [stdout] 1fa14cb15994293a2900ee263edd3dfcce0d3b54ba973b5af36b01e03778acdf
[INFO] running `Command { std: "docker" "start" "-a" "1fa14cb15994293a2900ee263edd3dfcce0d3b54ba973b5af36b01e03778acdf", kill_on_drop: false }`
[INFO] running `Command { std: "docker" "inspect" "1fa14cb15994293a2900ee263edd3dfcce0d3b54ba973b5af36b01e03778acdf", kill_on_drop: false }`
[INFO] running `Command { std: "docker" "rm" "-f" "1fa14cb15994293a2900ee263edd3dfcce0d3b54ba973b5af36b01e03778acdf", kill_on_drop: false }`
[INFO] [stdout] 1fa14cb15994293a2900ee263edd3dfcce0d3b54ba973b5af36b01e03778acdf
[INFO] running `Command { std: "docker" "create" "-v" "/var/lib/crater-agent-workspace/builds/worker-20/target:/opt/rustwide/target:rw,Z" "-v" "/var/lib/crater-agent-workspace/builds/worker-20/source:/opt/rustwide/workdir:ro,Z" "-v" "/var/lib/crater-agent-workspace/cargo-home:/opt/rustwide/cargo-home:ro,Z" "-v" "/var/lib/crater-agent-workspace/rustup-home:/opt/rustwide/rustup-home:ro,Z" "-e" "SOURCE_DIR=/opt/rustwide/workdir" "-e" "CARGO_TARGET_DIR=/opt/rustwide/target" "-e" "CARGO_INCREMENTAL=0" "-e" "RUST_BACKTRACE=full" "-e" "RUSTFLAGS=--cap-lints=warn" "-e" "CARGO_HOME=/opt/rustwide/cargo-home" "-e" "RUSTUP_HOME=/opt/rustwide/rustup-home" "-w" "/opt/rustwide/workdir" "-m" "1610612736" "--user" "0:0" "--network" "none" "ghcr.io/rust-lang/crates-build-env/linux@sha256:34b6a614d2c27851fe6cbf88fbd1137609cefab8b10d0615aaeb6fd47975d74e" "/opt/rustwide/cargo-home/bin/cargo" "+beta-2021-08-01" "build" "--frozen" "--message-format=json", kill_on_drop: false }`
[INFO] [stdout] 1013708c647096ea2d2d4e02be49b77ed1ed8133c87ee40bf95806d1b4b19b81
[INFO] running `Command { std: "docker" "start" "-a" "1013708c647096ea2d2d4e02be49b77ed1ed8133c87ee40bf95806d1b4b19b81", kill_on_drop: false }`
[INFO] [stderr]    Compiling a2lmacros v0.8.2 (/opt/rustwide/workdir)
[INFO] [stderr]     Finished dev [unoptimized + debuginfo] target(s) in 3.29s
[INFO] running `Command { std: "docker" "inspect" "1013708c647096ea2d2d4e02be49b77ed1ed8133c87ee40bf95806d1b4b19b81", kill_on_drop: false }`
[INFO] running `Command { std: "docker" "rm" "-f" "1013708c647096ea2d2d4e02be49b77ed1ed8133c87ee40bf95806d1b4b19b81", kill_on_drop: false }`
[INFO] [stdout] 1013708c647096ea2d2d4e02be49b77ed1ed8133c87ee40bf95806d1b4b19b81
[INFO] running `Command { std: "docker" "create" "-v" "/var/lib/crater-agent-workspace/builds/worker-20/target:/opt/rustwide/target:rw,Z" "-v" "/var/lib/crater-agent-workspace/builds/worker-20/source:/opt/rustwide/workdir:ro,Z" "-v" "/var/lib/crater-agent-workspace/cargo-home:/opt/rustwide/cargo-home:ro,Z" "-v" "/var/lib/crater-agent-workspace/rustup-home:/opt/rustwide/rustup-home:ro,Z" "-e" "SOURCE_DIR=/opt/rustwide/workdir" "-e" "CARGO_TARGET_DIR=/opt/rustwide/target" "-e" "CARGO_INCREMENTAL=0" "-e" "RUST_BACKTRACE=full" "-e" "RUSTFLAGS=--cap-lints=warn" "-e" "CARGO_HOME=/opt/rustwide/cargo-home" "-e" "RUSTUP_HOME=/opt/rustwide/rustup-home" "-w" "/opt/rustwide/workdir" "-m" "1610612736" "--user" "0:0" "--network" "none" "ghcr.io/rust-lang/crates-build-env/linux@sha256:34b6a614d2c27851fe6cbf88fbd1137609cefab8b10d0615aaeb6fd47975d74e" "/opt/rustwide/cargo-home/bin/cargo" "+beta-2021-08-01" "test" "--frozen" "--no-run" "--message-format=json", kill_on_drop: false }`
[INFO] [stdout] 88cb5f149b44246fdffde66ae618dabb52fd63ee7702534308f0a870d31d5436
[INFO] running `Command { std: "docker" "start" "-a" "88cb5f149b44246fdffde66ae618dabb52fd63ee7702534308f0a870d31d5436", kill_on_drop: false }`
[INFO] [stderr]    Compiling a2lmacros v0.8.2 (/opt/rustwide/workdir)
[INFO] [stderr]     Finished test [unoptimized + debuginfo] target(s) in 2.76s
[INFO] running `Command { std: "docker" "inspect" "88cb5f149b44246fdffde66ae618dabb52fd63ee7702534308f0a870d31d5436", kill_on_drop: false }`
[INFO] running `Command { std: "docker" "rm" "-f" "88cb5f149b44246fdffde66ae618dabb52fd63ee7702534308f0a870d31d5436", kill_on_drop: false }`
[INFO] [stdout] 88cb5f149b44246fdffde66ae618dabb52fd63ee7702534308f0a870d31d5436
[INFO] running `Command { std: "docker" "create" "-v" "/var/lib/crater-agent-workspace/builds/worker-20/target:/opt/rustwide/target:rw,Z" "-v" "/var/lib/crater-agent-workspace/builds/worker-20/source:/opt/rustwide/workdir:ro,Z" "-v" "/var/lib/crater-agent-workspace/cargo-home:/opt/rustwide/cargo-home:ro,Z" "-v" "/var/lib/crater-agent-workspace/rustup-home:/opt/rustwide/rustup-home:ro,Z" "-e" "SOURCE_DIR=/opt/rustwide/workdir" "-e" "CARGO_TARGET_DIR=/opt/rustwide/target" "-e" "CARGO_INCREMENTAL=0" "-e" "RUST_BACKTRACE=full" "-e" "RUSTFLAGS=--cap-lints=warn" "-e" "CARGO_HOME=/opt/rustwide/cargo-home" "-e" "RUSTUP_HOME=/opt/rustwide/rustup-home" "-w" "/opt/rustwide/workdir" "-m" "1610612736" "--user" "0:0" "--network" "none" "ghcr.io/rust-lang/crates-build-env/linux@sha256:34b6a614d2c27851fe6cbf88fbd1137609cefab8b10d0615aaeb6fd47975d74e" "/opt/rustwide/cargo-home/bin/cargo" "+beta-2021-08-01" "test" "--frozen", kill_on_drop: false }`
[INFO] [stdout] 3d73daf29e0703c8501e7a3dca2a4ed3ea09d71beaef24d61039e8a9e89b829e
[INFO] running `Command { std: "docker" "start" "-a" "3d73daf29e0703c8501e7a3dca2a4ed3ea09d71beaef24d61039e8a9e89b829e", kill_on_drop: false }`
[INFO] [stderr]     Finished test [unoptimized + debuginfo] target(s) in 0.02s
[INFO] [stderr]      Running unittests (/opt/rustwide/target/debug/deps/a2lmacros-1772f9ab1c58358d)
[INFO] [stdout] 
[INFO] [stdout] running 6 tests
[INFO] [stdout] test a2mlspec::test::parse_a2mlspec ... ok
[INFO] [stdout] test a2mlspec::test::make_a2mlconst ... ok
[INFO] [stdout] test a2mlspec::test::fixup_data_structures ... ok
[INFO] [stdout] test a2mlspec::test::generate_output_structures ... ok
[INFO] [stdout] test a2lspec::test::test_parse_specification ... ok
[INFO] [stdout] test a2mlspec::test::generate_output_parsers ... ok
[INFO] [stdout] 
[INFO] [stdout] test result: ok. 6 passed; 0 failed; 0 ignored; 0 measured; 0 filtered out; finished in 0.02s
[INFO] [stdout] 
[INFO] [stderr]    Doc-tests a2lmacros
[INFO] [stdout] 
[INFO] [stdout] running 4 tests
[INFO] [stdout] test src/lib.rs - a2ml_specification (line 24) ... FAILED
[INFO] [stdout] test src/lib.rs - a2ml_specification (line 35) ... FAILED
[INFO] [stdout] test src/lib.rs - a2ml_specification (line 44) ... FAILED
[INFO] [stdout] test src/lib.rs - a2ml_specification (line 59) ... FAILED
[INFO] [stdout] 
[INFO] [stdout] failures:
[INFO] [stdout] 
[INFO] [stdout] ---- src/lib.rs - a2ml_specification (line 24) stdout ----
[INFO] [stdout] error: expected one of `!`, `.`, `::`, `;`, `?`, `{`, `}`, or an operator, found `"IF_DATA"`
[INFO] [stdout]  --> src/lib.rs:25:7
[INFO] [stdout]   |
[INFO] [stdout] 3 | block "IF_DATA" taggedunion {
[INFO] [stdout]   |       ^^^^^^^^^ expected one of 8 possible tokens
[INFO] [stdout] 
[INFO] [stdout] error: aborting due to previous error
[INFO] [stdout] 
[INFO] [stdout] Couldn't compile the test.
[INFO] [stdout] ---- src/lib.rs - a2ml_specification (line 35) stdout ----
[INFO] [stdout] error: expected one of `!`, `.`, `::`, `;`, `?`, `{`, `}`, or an operator, found `"IF_DATA"`
[INFO] [stdout]  --> src/lib.rs:36:7
[INFO] [stdout]   |
[INFO] [stdout] 3 | block "IF_DATA" taggedunion {
[INFO] [stdout]   |       ^^^^^^^^^ expected one of 8 possible tokens
[INFO] [stdout] 
[INFO] [stdout] error: aborting due to previous error
[INFO] [stdout] 
[INFO] [stdout] Couldn't compile the test.
[INFO] [stdout] ---- src/lib.rs - a2ml_specification (line 44) stdout ----
[INFO] [stdout] error: cannot find macro `a2ml_specification` in this scope
[INFO] [stdout]  --> src/lib.rs:45:1
[INFO] [stdout]   |
[INFO] [stdout] 3 | a2ml_specification! {
[INFO] [stdout]   | ^^^^^^^^^^^^^^^^^^
[INFO] [stdout]   |
[INFO] [stdout]   = note: consider importing this macro:
[INFO] [stdout]           a2lmacros::a2ml_specification
[INFO] [stdout] 
[INFO] [stdout] error: aborting due to previous error
[INFO] [stdout] 
[INFO] [stdout] Couldn't compile the test.
[INFO] [stdout] ---- src/lib.rs - a2ml_specification (line 59) stdout ----
[INFO] [stdout] error[E0433]: failed to resolve: use of undeclared crate or module `a2lfile`
[INFO] [stdout]  --> src/lib.rs:60:25
[INFO] [stdout]   |
[INFO] [stdout] 3 | let a2l_file: A2lFile = a2lfile::load(the_filename, Some(MYA2MLSPEC_TEXT.to_string()), &mut logger, false);
[INFO] [stdout]   |                         ^^^^^^^ use of undeclared crate or module `a2lfile`
[INFO] [stdout] 
[INFO] [stdout] error[E0433]: failed to resolve: use of undeclared type `MyA2mlSpec`
[INFO] [stdout]  --> src/lib.rs:61:15
[INFO] [stdout]   |
[INFO] [stdout] 4 | let my_data = MyA2mlSpec::load_from_ifdata(&a2l_file.project.modules[0].if_data[0]);
[INFO] [stdout]   |               ^^^^^^^^^^ use of undeclared type `MyA2mlSpec`
[INFO] [stdout] 
[INFO] [stdout] error[E0412]: cannot find type `A2lFile` in this scope
[INFO] [stdout]  --> src/lib.rs:60:15
[INFO] [stdout]   |
[INFO] [stdout] 3 | let a2l_file: A2lFile = a2lfile::load(the_filename, Some(MYA2MLSPEC_TEXT.to_string()), &mut logger, false);
[INFO] [stdout]   |               ^^^^^^^ not found in this scope
[INFO] [stdout] 
[INFO] [stdout] error[E0425]: cannot find value `the_filename` in this scope
[INFO] [stdout]  --> src/lib.rs:60:39
[INFO] [stdout]   |
[INFO] [stdout] 3 | let a2l_file: A2lFile = a2lfile::load(the_filename, Some(MYA2MLSPEC_TEXT.to_string()), &mut logger, false);
[INFO] [stdout]   |                                       ^^^^^^^^^^^^ not found in this scope
[INFO] [stdout] 
[INFO] [stdout] error[E0425]: cannot find value `MYA2MLSPEC_TEXT` in this scope
[INFO] [stdout]  --> src/lib.rs:60:58
[INFO] [stdout]   |
[INFO] [stdout] 3 | let a2l_file: A2lFile = a2lfile::load(the_filename, Some(MYA2MLSPEC_TEXT.to_string()), &mut logger, false);
[INFO] [stdout]   |                                                          ^^^^^^^^^^^^^^^ not found in this scope
[INFO] [stdout] 
[INFO] [stdout] error[E0425]: cannot find value `logger` in this scope
[INFO] [stdout]  --> src/lib.rs:60:93
[INFO] [stdout]   |
[INFO] [stdout] 3 | let a2l_file: A2lFile = a2lfile::load(the_filename, Some(MYA2MLSPEC_TEXT.to_string()), &mut logger, false);
[INFO] [stdout]   |                                                                                             ^^^^^^ not found in this scope
[INFO] [stdout] 
[INFO] [stdout] error: aborting due to 6 previous errors
[INFO] [stdout] 
[INFO] [stdout] Some errors have detailed explanations: E0412, E0425, E0433.
[INFO] [stdout] For more information about an error, try `rustc --explain E0412`.
[INFO] [stdout] Couldn't compile the test.
[INFO] [stdout] 
[INFO] [stdout] failures:
[INFO] [stdout]     src/lib.rs - a2ml_specification (line 24)
[INFO] [stdout]     src/lib.rs - a2ml_specification (line 35)
[INFO] [stdout]     src/lib.rs - a2ml_specification (line 44)
[INFO] [stdout]     src/lib.rs - a2ml_specification (line 59)
[INFO] [stdout] 
[INFO] [stdout] test result: FAILED. 0 passed; 4 failed; 0 ignored; 0 measured; 0 filtered out; finished in 0.08s
[INFO] [stdout] 
[INFO] [stderr] error: test failed, to rerun pass '--doc'
[INFO] running `Command { std: "docker" "inspect" "3d73daf29e0703c8501e7a3dca2a4ed3ea09d71beaef24d61039e8a9e89b829e", kill_on_drop: false }`
[INFO] running `Command { std: "docker" "rm" "-f" "3d73daf29e0703c8501e7a3dca2a4ed3ea09d71beaef24d61039e8a9e89b829e", kill_on_drop: false }`
[INFO] [stdout] 3d73daf29e0703c8501e7a3dca2a4ed3ea09d71beaef24d61039e8a9e89b829e
