[INFO] fetching crate a2lfile 0.8.2...
[INFO] testing a2lfile-0.8.2 against 1.54.0 for beta-1.55-1
[INFO] extracting crate a2lfile 0.8.2 into /workspace/builds/worker-52/source
[INFO] validating manifest of crates.io crate a2lfile 0.8.2 on toolchain 1.54.0
[INFO] running `Command { std: "/workspace/cargo-home/bin/cargo" "+1.54.0" "metadata" "--manifest-path" "Cargo.toml" "--no-deps", kill_on_drop: false }`
[INFO] started tweaking crates.io crate a2lfile 0.8.2
[INFO] finished tweaking crates.io crate a2lfile 0.8.2
[INFO] tweaked toml for crates.io crate a2lfile 0.8.2 written to /workspace/builds/worker-52/source/Cargo.toml
[INFO] running `Command { std: "/workspace/cargo-home/bin/cargo" "+1.54.0" "generate-lockfile" "--manifest-path" "Cargo.toml" "-Zno-index-update", kill_on_drop: false }`
[INFO] running `Command { std: "/workspace/cargo-home/bin/cargo" "+1.54.0" "fetch" "--manifest-path" "Cargo.toml", kill_on_drop: false }`
[INFO] running `Command { std: "docker" "create" "-v" "/var/lib/crater-agent-workspace/builds/worker-52/target:/opt/rustwide/target:rw,Z" "-v" "/var/lib/crater-agent-workspace/builds/worker-52/source:/opt/rustwide/workdir:ro,Z" "-v" "/var/lib/crater-agent-workspace/cargo-home:/opt/rustwide/cargo-home:ro,Z" "-v" "/var/lib/crater-agent-workspace/rustup-home:/opt/rustwide/rustup-home:ro,Z" "-e" "SOURCE_DIR=/opt/rustwide/workdir" "-e" "CARGO_TARGET_DIR=/opt/rustwide/target" "-e" "CARGO_HOME=/opt/rustwide/cargo-home" "-e" "RUSTUP_HOME=/opt/rustwide/rustup-home" "-w" "/opt/rustwide/workdir" "-m" "1610612736" "--user" "0:0" "--network" "none" "ghcr.io/rust-lang/crates-build-env/linux@sha256:34b6a614d2c27851fe6cbf88fbd1137609cefab8b10d0615aaeb6fd47975d74e" "/opt/rustwide/cargo-home/bin/cargo" "+1.54.0" "metadata" "--no-deps" "--format-version=1", kill_on_drop: false }`
[INFO] [stdout] 0e21d251aed25db202486140c8d1dc893e866d9b689d4601c591b20a1cd0890a
[INFO] running `Command { std: "docker" "start" "-a" "0e21d251aed25db202486140c8d1dc893e866d9b689d4601c591b20a1cd0890a", kill_on_drop: false }`
[INFO] running `Command { std: "docker" "inspect" "0e21d251aed25db202486140c8d1dc893e866d9b689d4601c591b20a1cd0890a", kill_on_drop: false }`
[INFO] running `Command { std: "docker" "rm" "-f" "0e21d251aed25db202486140c8d1dc893e866d9b689d4601c591b20a1cd0890a", kill_on_drop: false }`
[INFO] [stdout] 0e21d251aed25db202486140c8d1dc893e866d9b689d4601c591b20a1cd0890a
[INFO] running `Command { std: "docker" "create" "-v" "/var/lib/crater-agent-workspace/builds/worker-52/target:/opt/rustwide/target:rw,Z" "-v" "/var/lib/crater-agent-workspace/builds/worker-52/source:/opt/rustwide/workdir:ro,Z" "-v" "/var/lib/crater-agent-workspace/cargo-home:/opt/rustwide/cargo-home:ro,Z" "-v" "/var/lib/crater-agent-workspace/rustup-home:/opt/rustwide/rustup-home:ro,Z" "-e" "SOURCE_DIR=/opt/rustwide/workdir" "-e" "CARGO_TARGET_DIR=/opt/rustwide/target" "-e" "CARGO_INCREMENTAL=0" "-e" "RUST_BACKTRACE=full" "-e" "RUSTFLAGS=--cap-lints=warn" "-e" "CARGO_HOME=/opt/rustwide/cargo-home" "-e" "RUSTUP_HOME=/opt/rustwide/rustup-home" "-w" "/opt/rustwide/workdir" "-m" "1610612736" "--user" "0:0" "--network" "none" "ghcr.io/rust-lang/crates-build-env/linux@sha256:34b6a614d2c27851fe6cbf88fbd1137609cefab8b10d0615aaeb6fd47975d74e" "/opt/rustwide/cargo-home/bin/cargo" "+1.54.0" "build" "--frozen" "--message-format=json", kill_on_drop: false }`
[INFO] [stdout] decb6d20370d73dd44b432686934dab5f9c5e7cdda6b07f44e77fe094140cdf8
[INFO] running `Command { std: "docker" "start" "-a" "decb6d20370d73dd44b432686934dab5f9c5e7cdda6b07f44e77fe094140cdf8", kill_on_drop: false }`
[INFO] [stderr]    Compiling a2lmacros v0.8.2
[INFO] [stderr]    Compiling a2lfile v0.8.2 (/opt/rustwide/workdir)
[INFO] [stderr]     Finished dev [unoptimized + debuginfo] target(s) in 14.76s
[INFO] running `Command { std: "docker" "inspect" "decb6d20370d73dd44b432686934dab5f9c5e7cdda6b07f44e77fe094140cdf8", kill_on_drop: false }`
[INFO] running `Command { std: "docker" "rm" "-f" "decb6d20370d73dd44b432686934dab5f9c5e7cdda6b07f44e77fe094140cdf8", kill_on_drop: false }`
[INFO] [stdout] decb6d20370d73dd44b432686934dab5f9c5e7cdda6b07f44e77fe094140cdf8
[INFO] running `Command { std: "docker" "create" "-v" "/var/lib/crater-agent-workspace/builds/worker-52/target:/opt/rustwide/target:rw,Z" "-v" "/var/lib/crater-agent-workspace/builds/worker-52/source:/opt/rustwide/workdir:ro,Z" "-v" "/var/lib/crater-agent-workspace/cargo-home:/opt/rustwide/cargo-home:ro,Z" "-v" "/var/lib/crater-agent-workspace/rustup-home:/opt/rustwide/rustup-home:ro,Z" "-e" "SOURCE_DIR=/opt/rustwide/workdir" "-e" "CARGO_TARGET_DIR=/opt/rustwide/target" "-e" "CARGO_INCREMENTAL=0" "-e" "RUST_BACKTRACE=full" "-e" "RUSTFLAGS=--cap-lints=warn" "-e" "CARGO_HOME=/opt/rustwide/cargo-home" "-e" "RUSTUP_HOME=/opt/rustwide/rustup-home" "-w" "/opt/rustwide/workdir" "-m" "1610612736" "--user" "0:0" "--network" "none" "ghcr.io/rust-lang/crates-build-env/linux@sha256:34b6a614d2c27851fe6cbf88fbd1137609cefab8b10d0615aaeb6fd47975d74e" "/opt/rustwide/cargo-home/bin/cargo" "+1.54.0" "test" "--frozen" "--no-run" "--message-format=json", kill_on_drop: false }`
[INFO] [stdout] 3393c7801f63e005cb4827372e9e333eb7ffdf8006b8eab30f3805d11f47cd7a
[INFO] running `Command { std: "docker" "start" "-a" "3393c7801f63e005cb4827372e9e333eb7ffdf8006b8eab30f3805d11f47cd7a", kill_on_drop: false }`
[INFO] [stderr]    Compiling a2lfile v0.8.2 (/opt/rustwide/workdir)
[INFO] [stderr]     Finished test [unoptimized + debuginfo] target(s) in 5.57s
[INFO] running `Command { std: "docker" "inspect" "3393c7801f63e005cb4827372e9e333eb7ffdf8006b8eab30f3805d11f47cd7a", kill_on_drop: false }`
[INFO] running `Command { std: "docker" "rm" "-f" "3393c7801f63e005cb4827372e9e333eb7ffdf8006b8eab30f3805d11f47cd7a", kill_on_drop: false }`
[INFO] [stdout] 3393c7801f63e005cb4827372e9e333eb7ffdf8006b8eab30f3805d11f47cd7a
[INFO] running `Command { std: "docker" "create" "-v" "/var/lib/crater-agent-workspace/builds/worker-52/target:/opt/rustwide/target:rw,Z" "-v" "/var/lib/crater-agent-workspace/builds/worker-52/source:/opt/rustwide/workdir:ro,Z" "-v" "/var/lib/crater-agent-workspace/cargo-home:/opt/rustwide/cargo-home:ro,Z" "-v" "/var/lib/crater-agent-workspace/rustup-home:/opt/rustwide/rustup-home:ro,Z" "-e" "SOURCE_DIR=/opt/rustwide/workdir" "-e" "CARGO_TARGET_DIR=/opt/rustwide/target" "-e" "CARGO_INCREMENTAL=0" "-e" "RUST_BACKTRACE=full" "-e" "RUSTFLAGS=--cap-lints=warn" "-e" "CARGO_HOME=/opt/rustwide/cargo-home" "-e" "RUSTUP_HOME=/opt/rustwide/rustup-home" "-w" "/opt/rustwide/workdir" "-m" "1610612736" "--user" "0:0" "--network" "none" "ghcr.io/rust-lang/crates-build-env/linux@sha256:34b6a614d2c27851fe6cbf88fbd1137609cefab8b10d0615aaeb6fd47975d74e" "/opt/rustwide/cargo-home/bin/cargo" "+1.54.0" "test" "--frozen", kill_on_drop: false }`
[INFO] [stdout] 272376eadbf151271dd5e56cdd127073daa9bceb77d2e9f88d9fc7763db38905
[INFO] running `Command { std: "docker" "start" "-a" "272376eadbf151271dd5e56cdd127073daa9bceb77d2e9f88d9fc7763db38905", kill_on_drop: false }`
[INFO] [stderr]     Blocking waiting for file lock on package cache
[INFO] [stderr]     Finished test [unoptimized + debuginfo] target(s) in 0.49s
[INFO] [stderr]      Running unittests (/opt/rustwide/target/debug/deps/a2lfile-8c2136601960b799)
[INFO] [stdout] 
[INFO] [stdout] running 9 tests
[INFO] [stdout] test loader::decode_raw_bytes_u16 ... ok
[INFO] [stderr]      Running tests/test.rs (/opt/rustwide/target/debug/deps/test-c8b2878aa1ca7e04)
[INFO] [stdout] test loader::decode_raw_bytes_u32 ... ok
[INFO] [stdout] test loader::decode_raw_bytes_u8 ... ok
[INFO] [stdout] test tokenizer::tokenize_a2l_command ... ok
[INFO] [stdout] test tokenizer::tokenize_a2l_comment ... ok
[INFO] [stdout] test tokenizer::tokenize_a2l_item ... ok
[INFO] [stdout] test tokenizer::tokenize_a2l_number ... ok
[INFO] [stdout] test tokenizer::tokenize_a2l_skip_whitespace ... ok
[INFO] [stdout] test tokenizer::tokenize_a2l_string ... ok
[INFO] [stdout] 
[INFO] [stdout] test result: ok. 9 passed; 0 failed; 0 ignored; 0 measured; 0 filtered out; finished in 0.00s
[INFO] [stdout] 
[INFO] [stdout] 
[INFO] [stdout] running 1 test
[INFO] [stdout] test test::round_trip ... ok
[INFO] [stdout] 
[INFO] [stdout] test result: ok. 1 passed; 0 failed; 0 ignored; 0 measured; 0 filtered out; finished in 0.01s
[INFO] [stdout] 
[INFO] [stderr]    Doc-tests a2lfile
[INFO] [stdout] 
[INFO] [stdout] running 1 test
[INFO] [stdout] test src/lib.rs - load (line 45) ... FAILED
[INFO] [stdout] 
[INFO] [stdout] failures:
[INFO] [stdout] 
[INFO] [stdout] ---- src/lib.rs - load (line 45) stdout ----
[INFO] [stdout] error[E0433]: failed to resolve: use of undeclared type `SomethingThatImplementsLogger`
[INFO] [stdout]  --> src/lib.rs:47:22
[INFO] [stdout]   |
[INFO] [stdout] 4 |     let mut logger = SomethingThatImplementsLogger::new();
[INFO] [stdout]   |                      ^^^^^^^^^^^^^^^^^^^^^^^^^^^^^ use of undeclared type `SomethingThatImplementsLogger`
[INFO] [stdout] 
[INFO] [stdout] error: aborting due to previous error
[INFO] [stdout] 
[INFO] [stdout] For more information about this error, try `rustc --explain E0433`.
[INFO] [stdout] Couldn't compile the test.
[INFO] [stdout] 
[INFO] [stdout] failures:
[INFO] [stdout]     src/lib.rs - load (line 45)
[INFO] [stdout] 
[INFO] [stdout] test result: FAILED. 0 passed; 1 failed; 0 ignored; 0 measured; 0 filtered out; finished in 0.09s
[INFO] [stdout] 
[INFO] [stderr] error: test failed, to rerun pass '--doc'
[INFO] running `Command { std: "docker" "inspect" "272376eadbf151271dd5e56cdd127073daa9bceb77d2e9f88d9fc7763db38905", kill_on_drop: false }`
[INFO] running `Command { std: "docker" "rm" "-f" "272376eadbf151271dd5e56cdd127073daa9bceb77d2e9f88d9fc7763db38905", kill_on_drop: false }`
[INFO] [stdout] 272376eadbf151271dd5e56cdd127073daa9bceb77d2e9f88d9fc7763db38905
