[INFO] fetching crate a2 0.6.0...
[INFO] testing a2-0.6.0 against 1.54.0 for beta-1.55-1
[INFO] extracting crate a2 0.6.0 into /workspace/builds/worker-23/source
[INFO] validating manifest of crates.io crate a2 0.6.0 on toolchain 1.54.0
[INFO] running `Command { std: "/workspace/cargo-home/bin/cargo" "+1.54.0" "metadata" "--manifest-path" "Cargo.toml" "--no-deps", kill_on_drop: false }`
[INFO] started tweaking crates.io crate a2 0.6.0
[INFO] finished tweaking crates.io crate a2 0.6.0
[INFO] tweaked toml for crates.io crate a2 0.6.0 written to /workspace/builds/worker-23/source/Cargo.toml
[INFO] crate crates.io crate a2 0.6.0 already has a lockfile, it will not be regenerated
[INFO] running `Command { std: "/workspace/cargo-home/bin/cargo" "+1.54.0" "fetch" "--manifest-path" "Cargo.toml", kill_on_drop: false }`
[INFO] [stderr]     Blocking waiting for file lock on package cache
[INFO] running `Command { std: "docker" "create" "-v" "/var/lib/crater-agent-workspace/builds/worker-23/target:/opt/rustwide/target:rw,Z" "-v" "/var/lib/crater-agent-workspace/builds/worker-23/source:/opt/rustwide/workdir:ro,Z" "-v" "/var/lib/crater-agent-workspace/cargo-home:/opt/rustwide/cargo-home:ro,Z" "-v" "/var/lib/crater-agent-workspace/rustup-home:/opt/rustwide/rustup-home:ro,Z" "-e" "SOURCE_DIR=/opt/rustwide/workdir" "-e" "CARGO_TARGET_DIR=/opt/rustwide/target" "-e" "CARGO_HOME=/opt/rustwide/cargo-home" "-e" "RUSTUP_HOME=/opt/rustwide/rustup-home" "-w" "/opt/rustwide/workdir" "-m" "1610612736" "--user" "0:0" "--network" "none" "ghcr.io/rust-lang/crates-build-env/linux@sha256:34b6a614d2c27851fe6cbf88fbd1137609cefab8b10d0615aaeb6fd47975d74e" "/opt/rustwide/cargo-home/bin/cargo" "+1.54.0" "metadata" "--no-deps" "--format-version=1", kill_on_drop: false }`
[INFO] [stdout] c8e43e85e01a793d5a1f42e8124e6487bd97840f8d740a4afae2aeafd288f205
[INFO] running `Command { std: "docker" "start" "-a" "c8e43e85e01a793d5a1f42e8124e6487bd97840f8d740a4afae2aeafd288f205", kill_on_drop: false }`
[INFO] running `Command { std: "docker" "inspect" "c8e43e85e01a793d5a1f42e8124e6487bd97840f8d740a4afae2aeafd288f205", kill_on_drop: false }`
[INFO] running `Command { std: "docker" "rm" "-f" "c8e43e85e01a793d5a1f42e8124e6487bd97840f8d740a4afae2aeafd288f205", kill_on_drop: false }`
[INFO] [stdout] c8e43e85e01a793d5a1f42e8124e6487bd97840f8d740a4afae2aeafd288f205
[INFO] running `Command { std: "docker" "create" "-v" "/var/lib/crater-agent-workspace/builds/worker-23/target:/opt/rustwide/target:rw,Z" "-v" "/var/lib/crater-agent-workspace/builds/worker-23/source:/opt/rustwide/workdir:ro,Z" "-v" "/var/lib/crater-agent-workspace/cargo-home:/opt/rustwide/cargo-home:ro,Z" "-v" "/var/lib/crater-agent-workspace/rustup-home:/opt/rustwide/rustup-home:ro,Z" "-e" "SOURCE_DIR=/opt/rustwide/workdir" "-e" "CARGO_TARGET_DIR=/opt/rustwide/target" "-e" "CARGO_INCREMENTAL=0" "-e" "RUST_BACKTRACE=full" "-e" "RUSTFLAGS=--cap-lints=warn" "-e" "CARGO_HOME=/opt/rustwide/cargo-home" "-e" "RUSTUP_HOME=/opt/rustwide/rustup-home" "-w" "/opt/rustwide/workdir" "-m" "1610612736" "--user" "0:0" "--network" "none" "ghcr.io/rust-lang/crates-build-env/linux@sha256:34b6a614d2c27851fe6cbf88fbd1137609cefab8b10d0615aaeb6fd47975d74e" "/opt/rustwide/cargo-home/bin/cargo" "+1.54.0" "build" "--frozen" "--message-format=json", kill_on_drop: false }`
[INFO] [stdout] f3adbe6e2e90c80fd039c287261bb75e408c3da7a505b34a4626caa0a19539f1
[INFO] running `Command { std: "docker" "start" "-a" "f3adbe6e2e90c80fd039c287261bb75e408c3da7a505b34a4626caa0a19539f1", kill_on_drop: false }`
[INFO] [stderr]    Compiling proc-macro2 v1.0.24
[INFO] [stderr]    Compiling unicode-xid v0.2.1
[INFO] [stderr]    Compiling syn v1.0.60
[INFO] [stderr]    Compiling libc v0.2.85
[INFO] [stderr]    Compiling cc v1.0.66
[INFO] [stderr]    Compiling once_cell v1.5.2
[INFO] [stderr]    Compiling memchr v2.3.4
[INFO] [stderr]    Compiling pin-project-lite v0.2.4
[INFO] [stderr]    Compiling futures-core v0.3.12
[INFO] [stderr]    Compiling futures-sink v0.3.12
[INFO] [stderr]    Compiling pin-project-internal v0.4.27
[INFO] [stderr]    Compiling slab v0.4.2
[INFO] [stderr]    Compiling futures-io v0.3.12
[INFO] [stderr]    Compiling serde v1.0.123
[INFO] [stderr]    Compiling httparse v1.3.5
[INFO] [stderr]    Compiling serde_json v1.0.62
[INFO] [stderr]    Compiling serde_derive v1.0.123
[INFO] [stderr]    Compiling openssl v0.10.32
[INFO] [stderr]    Compiling tower-service v0.3.1
[INFO] [stderr]    Compiling httpdate v0.3.2
[INFO] [stderr]    Compiling base64 v0.12.3
[INFO] [stderr]    Compiling tokio v1.2.0
[INFO] [stderr]    Compiling tracing-core v0.1.17
[INFO] [stderr]    Compiling indexmap v1.6.1
[INFO] [stderr]    Compiling http v0.2.3
[INFO] [stderr]    Compiling want v0.3.0
[INFO] [stderr]    Compiling futures-channel v0.3.12
[INFO] [stderr]    Compiling futures-task v0.3.12
[INFO] [stderr]    Compiling tracing v0.1.23
[INFO] [stderr]    Compiling quote v1.0.8
[INFO] [stderr]    Compiling mio v0.7.7
[INFO] [stderr]    Compiling num_cpus v1.13.0
[INFO] [stderr]    Compiling ring v0.16.20
[INFO] [stderr]    Compiling openssl-sys v0.9.60
[INFO] [stderr]    Compiling http-body v0.4.0
[INFO] [stderr]    Compiling erased-serde v0.3.13
[INFO] [stderr]    Compiling webpki v0.21.4
[INFO] [stderr]    Compiling sct v0.6.0
[INFO] [stderr]    Compiling rustls v0.19.0
[INFO] [stderr]    Compiling webpki-roots v0.21.0
[INFO] [stderr]    Compiling tokio-macros v1.1.0
[INFO] [stderr]    Compiling futures-macro v0.3.12
[INFO] [stderr]    Compiling pin-project-internal v1.0.5
[INFO] [stderr]    Compiling thiserror-impl v1.0.23
[INFO] [stderr]    Compiling futures-util v0.3.12
[INFO] [stderr]    Compiling thiserror v1.0.23
[INFO] [stderr]    Compiling pin-project v1.0.5
[INFO] [stderr]    Compiling pin-project v0.4.27
[INFO] [stderr]    Compiling tracing-futures v0.2.4
[INFO] [stderr]    Compiling futures-executor v0.3.12
[INFO] [stderr]    Compiling tokio-util v0.6.3
[INFO] [stderr]    Compiling tokio-rustls v0.22.0
[INFO] [stderr]    Compiling futures v0.3.12
[INFO] [stderr]    Compiling h2 v0.3.0
[INFO] [stderr]    Compiling hyper v0.14.4
[INFO] [stderr]    Compiling hyper-alpn v0.3.0
[INFO] [stderr]    Compiling a2 v0.6.0 (/opt/rustwide/workdir)
[INFO] [stderr]     Finished dev [unoptimized + debuginfo] target(s) in 26.85s
[INFO] running `Command { std: "docker" "inspect" "f3adbe6e2e90c80fd039c287261bb75e408c3da7a505b34a4626caa0a19539f1", kill_on_drop: false }`
[INFO] running `Command { std: "docker" "rm" "-f" "f3adbe6e2e90c80fd039c287261bb75e408c3da7a505b34a4626caa0a19539f1", kill_on_drop: false }`
[INFO] [stdout] f3adbe6e2e90c80fd039c287261bb75e408c3da7a505b34a4626caa0a19539f1
[INFO] running `Command { std: "docker" "create" "-v" "/var/lib/crater-agent-workspace/builds/worker-23/target:/opt/rustwide/target:rw,Z" "-v" "/var/lib/crater-agent-workspace/builds/worker-23/source:/opt/rustwide/workdir:ro,Z" "-v" "/var/lib/crater-agent-workspace/cargo-home:/opt/rustwide/cargo-home:ro,Z" "-v" "/var/lib/crater-agent-workspace/rustup-home:/opt/rustwide/rustup-home:ro,Z" "-e" "SOURCE_DIR=/opt/rustwide/workdir" "-e" "CARGO_TARGET_DIR=/opt/rustwide/target" "-e" "CARGO_INCREMENTAL=0" "-e" "RUST_BACKTRACE=full" "-e" "RUSTFLAGS=--cap-lints=warn" "-e" "CARGO_HOME=/opt/rustwide/cargo-home" "-e" "RUSTUP_HOME=/opt/rustwide/rustup-home" "-w" "/opt/rustwide/workdir" "-m" "1610612736" "--user" "0:0" "--network" "none" "ghcr.io/rust-lang/crates-build-env/linux@sha256:34b6a614d2c27851fe6cbf88fbd1137609cefab8b10d0615aaeb6fd47975d74e" "/opt/rustwide/cargo-home/bin/cargo" "+1.54.0" "test" "--frozen" "--no-run" "--message-format=json", kill_on_drop: false }`
[INFO] [stdout] 615e9a05fe72d9325cb2ce121d6fdb59d2f1574d106d3f22b618f86017943e7c
[INFO] running `Command { std: "docker" "start" "-a" "615e9a05fe72d9325cb2ce121d6fdb59d2f1574d106d3f22b618f86017943e7c", kill_on_drop: false }`
[INFO] [stderr]     Blocking waiting for file lock on package cache
[INFO] [stderr]     Blocking waiting for file lock on package cache
[INFO] [stderr]     Blocking waiting for file lock on package cache
[INFO] [stderr]    Compiling regex-syntax v0.6.22
[INFO] [stderr]    Compiling unindent v0.1.7
[INFO] [stderr]    Compiling argparse v0.2.2
[INFO] [stderr]    Compiling thread_local v1.1.3
[INFO] [stderr]    Compiling humantime v1.3.0
[INFO] [stderr]    Compiling aho-corasick v0.7.15
[INFO] [stderr]    Compiling atty v0.2.14
[INFO] [stderr]    Compiling indoc v1.0.3
[INFO] [stderr]    Compiling regex v1.4.3
[INFO] [stderr]    Compiling env_logger v0.7.1
[INFO] [stderr]    Compiling pretty_env_logger v0.4.0
[INFO] [stderr]    Compiling a2 v0.6.0 (/opt/rustwide/workdir)
[INFO] [stderr]     Finished test [unoptimized + debuginfo] target(s) in 13.97s
[INFO] running `Command { std: "docker" "inspect" "615e9a05fe72d9325cb2ce121d6fdb59d2f1574d106d3f22b618f86017943e7c", kill_on_drop: false }`
[INFO] running `Command { std: "docker" "rm" "-f" "615e9a05fe72d9325cb2ce121d6fdb59d2f1574d106d3f22b618f86017943e7c", kill_on_drop: false }`
[INFO] [stdout] 615e9a05fe72d9325cb2ce121d6fdb59d2f1574d106d3f22b618f86017943e7c
[INFO] running `Command { std: "docker" "create" "-v" "/var/lib/crater-agent-workspace/builds/worker-23/target:/opt/rustwide/target:rw,Z" "-v" "/var/lib/crater-agent-workspace/builds/worker-23/source:/opt/rustwide/workdir:ro,Z" "-v" "/var/lib/crater-agent-workspace/cargo-home:/opt/rustwide/cargo-home:ro,Z" "-v" "/var/lib/crater-agent-workspace/rustup-home:/opt/rustwide/rustup-home:ro,Z" "-e" "SOURCE_DIR=/opt/rustwide/workdir" "-e" "CARGO_TARGET_DIR=/opt/rustwide/target" "-e" "CARGO_INCREMENTAL=0" "-e" "RUST_BACKTRACE=full" "-e" "RUSTFLAGS=--cap-lints=warn" "-e" "CARGO_HOME=/opt/rustwide/cargo-home" "-e" "RUSTUP_HOME=/opt/rustwide/rustup-home" "-w" "/opt/rustwide/workdir" "-m" "1610612736" "--user" "0:0" "--network" "none" "ghcr.io/rust-lang/crates-build-env/linux@sha256:34b6a614d2c27851fe6cbf88fbd1137609cefab8b10d0615aaeb6fd47975d74e" "/opt/rustwide/cargo-home/bin/cargo" "+1.54.0" "test" "--frozen", kill_on_drop: false }`
[INFO] [stdout] e25b33a96c99c1082cae22867a2d6ce233c131f152d6579579fc9b6453a0445d
[INFO] running `Command { std: "docker" "start" "-a" "e25b33a96c99c1082cae22867a2d6ce233c131f152d6579579fc9b6453a0445d", kill_on_drop: false }`
[INFO] [stderr]     Blocking waiting for file lock on package cache
[INFO] [stderr]     Finished test [unoptimized + debuginfo] target(s) in 0.11s
[INFO] [stderr]      Running unittests (/opt/rustwide/target/debug/deps/a2-ebb6f9d0e8840921)
[INFO] [stdout] 
[INFO] [stdout] running 33 tests
[INFO] [stdout] test client::tests::test_request_authorization_with_no_signer ... ok
[INFO] [stdout] test client::tests::test_production_request_uri ... ok
[INFO] [stdout] test client::tests::test_request_content_length ... ok
[INFO] [stdout] test client::tests::test_request_method ... ok
[INFO] [stdout] test client::tests::test_request_with_an_apns_expiration ... ok
[INFO] [stdout] test client::tests::test_request_with_an_apns_collapse_id ... ok
[INFO] [stdout] test client::tests::test_request_body ... ok
[INFO] [stdout] test client::tests::test_request_with_default_apns_collapse_id ... ok
[INFO] [stdout] test client::tests::test_request_with_default_apns_topic ... ok
[INFO] [stdout] test client::tests::test_request_with_default_apns_id ... ok
[INFO] [stdout] test client::tests::test_request_content_type ... ok
[INFO] [stdout] test client::tests::test_request_with_an_apns_topic ... ok
[INFO] [stdout] test client::tests::test_request_with_an_apns_id ... ok
[INFO] [stdout] test client::tests::test_request_with_default_apns_expiration ... ok
[INFO] [stdout] test client::tests::test_request_with_default_priority ... ok
[INFO] [stdout] test client::tests::test_request_with_normal_priority ... ok
[INFO] [stdout] test client::tests::test_request_with_high_priority ... ok
[INFO] [stdout] test client::tests::test_sandbox_request_uri ... ok
[INFO] [stdout] test request::notification::localized::tests::test_localized_notification_with_minimal_required_values ... ok
[INFO] [stdout] test request::notification::localized::tests::test_localized_notification_with_full_data ... ok
[INFO] [stdout] test request::notification::localized::tests::test_plain_notification_with_custom_data ... ok
[INFO] [stdout] test request::notification::options::tests::test_collapse_id_over_64_chars ... ok
[INFO] [stdout] test request::notification::options::tests::test_collapse_id_under_64_chars ... ok
[INFO] [stdout] test request::notification::plain::tests::test_plain_notification_with_custom_data ... ok
[INFO] [stdout] test request::notification::plain::tests::test_plain_notification_with_full_data ... ok
[INFO] [stdout] test request::notification::plain::tests::test_plain_notification_with_text_only ... ok
[INFO] [stdout] test request::notification::silent::tests::test_silent_notification_with_custom_data ... ok
[INFO] [stdout] test request::notification::silent::tests::test_silent_notification_with_custom_hashmap ... ok
[INFO] [stdout] test request::notification::silent::tests::test_silent_notification_with_no_content ... ok
[INFO] [stdout] test response::tests::test_error_response_parsing ... ok
[INFO] [stdout] test client::tests::test_request_authorization_with_a_signer ... ok
[INFO] [stdout] test signer::tests::test_signature_caching ... ok
[INFO] [stdout] test signer::tests::test_signature_without_caching ... ok
[INFO] [stdout] 
[INFO] [stdout] test result: ok. 33 passed; 0 failed; 0 ignored; 0 measured; 0 filtered out; finished in 0.03s
[INFO] [stdout] 
[INFO] [stderr]    Doc-tests a2
[INFO] [stdout] 
[INFO] [stdout] running 23 tests
[INFO] [stdout] test src/lib.rs - (line 63) - compile ... ok
[INFO] [stdout] test src/lib.rs - (line 36) - compile ... ok
[INFO] [stdout] test src/request/notification/localized.rs - request::notification::localized::LocalizedNotificationBuilder::set_title_loc_key (line 169) ... FAILED
[INFO] [stdout] test src/request/payload.rs - request::payload::Payload::add_custom_data (line 52) ... FAILED
[INFO] [stdout] test src/request/notification/silent.rs - request::notification::silent::SilentNotificationBuilder (line 11) ... FAILED
[INFO] [stdout] test src/request/payload.rs - request::payload::Payload::add_custom_data (line 32) ... FAILED
[INFO] [stdout] test src/request/notification/localized.rs - request::notification::localized::LocalizedNotificationBuilder::set_loc_args (line 263) ... FAILED
[INFO] [stdout] test src/request/notification/localized.rs - request::notification::localized::LocalizedNotificationBuilder::set_title_loc_args (line 190) ... FAILED
[INFO] [stdout] test src/request/notification/plain.rs - request::notification::plain::PlainNotificationBuilder::set_category (line 97) ... FAILED
[INFO] [stdout] test src/request/notification/localized.rs - request::notification::localized::LocalizedNotificationBuilder::set_mutable_content (line 315) ... FAILED
[INFO] [stdout] test src/request/notification/localized.rs - request::notification::localized::LocalizedNotificationBuilder::set_sound (line 126) ... FAILED
[INFO] [stdout] test src/request/notification/localized.rs - request::notification::localized::LocalizedNotificationBuilder::new (line 68) ... FAILED
[INFO] [stdout] test src/request/notification/localized.rs - request::notification::localized::LocalizedNotificationBuilder::set_action_loc_key (line 221) ... FAILED
[INFO] [stdout] test src/request/notification/localized.rs - request::notification::localized::LocalizedNotificationBuilder (line 38) ... FAILED
[INFO] [stdout] test src/request/notification/localized.rs - request::notification::localized::LocalizedNotificationBuilder::set_loc_key (line 242) ... FAILED
[INFO] [stdout] test src/request/notification/plain.rs - request::notification::plain::PlainNotificationBuilder::set_badge (line 54) ... FAILED
[INFO] [stdout] test src/request/notification/plain.rs - request::notification::plain::PlainNotificationBuilder::new (line 30) ... FAILED
[INFO] [stdout] test src/request/notification/localized.rs - request::notification::localized::LocalizedNotificationBuilder::set_badge (line 105) ... FAILED
[INFO] [stdout] test src/request/notification/localized.rs - request::notification::localized::LocalizedNotificationBuilder::set_launch_image (line 294) ... FAILED
[INFO] [stdout] test src/request/notification/plain.rs - request::notification::plain::PlainNotificationBuilder::set_sound (line 75) ... FAILED
[INFO] [stdout] test src/request/notification/localized.rs - request::notification::localized::LocalizedNotificationBuilder::set_category (line 148) ... FAILED
[INFO] [stdout] test src/request/notification/silent.rs - request::notification::silent::SilentNotificationBuilder::new (line 36) ... FAILED
[INFO] [stderr] error: test failed, to rerun pass '--doc'
[INFO] [stderr] 
[INFO] [stderr] Caused by:
[INFO] [stderr]   process didn't exit successfully: `rustdoc --edition=2018 --crate-type lib --crate-name a2 --test /opt/rustwide/workdir/src/lib.rs -L dependency=/opt/rustwide/target/debug/deps -L dependency=/opt/rustwide/target/debug/deps -L native=/opt/rustwide/target/debug/build/ring-615cb27d8cc5f76a/out --extern a2=/opt/rustwide/target/debug/deps/liba2-5cb143e2608f2daa.rlib --extern argparse=/opt/rustwide/target/debug/deps/libargparse-8b25032a9367db24.rlib --extern base64=/opt/rustwide/target/debug/deps/libbase64-e2a906ac29617111.rlib --extern erased_serde=/opt/rustwide/target/debug/deps/liberased_serde-c968a57b864455b2.rlib --extern futures=/opt/rustwide/target/debug/deps/libfutures-15252d1c6ccc8302.rlib --extern http=/opt/rustwide/target/debug/deps/libhttp-ba76b004da8101b9.rlib --extern hyper=/opt/rustwide/target/debug/deps/libhyper-754121f72b6768b1.rlib --extern hyper_alpn=/opt/rustwide/target/debug/deps/libhyper_alpn-6e5866973158fa85.rlib --extern indoc=/opt/rustwide/target/debug/deps/libindoc-37368313b58a8dd9.so --extern log=/opt/rustwide/target/debug/deps/liblog-c7a6438e9780af3a.rlib --extern openssl=/opt/rustwide/target/debug/deps/libopenssl-50435506ea7196b6.rlib --extern pretty_env_logger=/opt/rustwide/target/debug/deps/libpretty_env_logger-d7e4420d477d14c5.rlib --extern serde=/opt/rustwide/target/debug/deps/libserde-332a662ee12a03b3.rlib --extern serde_derive=/opt/rustwide/target/debug/deps/libserde_derive-dab2120b77cc78f4.so --extern serde_json=/opt/rustwide/target/debug/deps/libserde_json-1d082654f295ba8d.rlib --extern thiserror=/opt/rustwide/target/debug/deps/libthiserror-c308753a6784b20d.rlib --extern tokio=/opt/rustwide/target/debug/deps/libtokio-3f3ce985c94b50b9.rlib -C embed-bitcode=no --error-format human` (signal: 9, SIGKILL: kill)
[INFO] running `Command { std: "docker" "inspect" "e25b33a96c99c1082cae22867a2d6ce233c131f152d6579579fc9b6453a0445d", kill_on_drop: false }`
[INFO] running `Command { std: "docker" "rm" "-f" "e25b33a96c99c1082cae22867a2d6ce233c131f152d6579579fc9b6453a0445d", kill_on_drop: false }`
[INFO] [stdout] e25b33a96c99c1082cae22867a2d6ce233c131f152d6579579fc9b6453a0445d
