[INFO] fetching crate Nuclide 0.1.1...
[INFO] testing Nuclide-0.1.1 against beta-2021-08-01 for beta-1.55-1
[INFO] extracting crate Nuclide 0.1.1 into /workspace/builds/worker-69/source
[INFO] validating manifest of crates.io crate Nuclide 0.1.1 on toolchain beta-2021-08-01
[INFO] running `Command { std: "/workspace/cargo-home/bin/cargo" "+beta-2021-08-01" "metadata" "--manifest-path" "Cargo.toml" "--no-deps", kill_on_drop: false }`
[INFO] started tweaking crates.io crate Nuclide 0.1.1
[INFO] finished tweaking crates.io crate Nuclide 0.1.1
[INFO] tweaked toml for crates.io crate Nuclide 0.1.1 written to /workspace/builds/worker-69/source/Cargo.toml
[INFO] running `Command { std: "/workspace/cargo-home/bin/cargo" "+beta-2021-08-01" "generate-lockfile" "--manifest-path" "Cargo.toml" "-Zno-index-update", kill_on_drop: false }`
[INFO] running `Command { std: "/workspace/cargo-home/bin/cargo" "+beta-2021-08-01" "fetch" "--manifest-path" "Cargo.toml", kill_on_drop: false }`
[INFO] [stderr]     Blocking waiting for file lock on package cache
[INFO] running `Command { std: "docker" "create" "-v" "/var/lib/crater-agent-workspace/builds/worker-69/target:/opt/rustwide/target:rw,Z" "-v" "/var/lib/crater-agent-workspace/builds/worker-69/source:/opt/rustwide/workdir:ro,Z" "-v" "/var/lib/crater-agent-workspace/cargo-home:/opt/rustwide/cargo-home:ro,Z" "-v" "/var/lib/crater-agent-workspace/rustup-home:/opt/rustwide/rustup-home:ro,Z" "-e" "SOURCE_DIR=/opt/rustwide/workdir" "-e" "CARGO_TARGET_DIR=/opt/rustwide/target" "-e" "CARGO_HOME=/opt/rustwide/cargo-home" "-e" "RUSTUP_HOME=/opt/rustwide/rustup-home" "-w" "/opt/rustwide/workdir" "-m" "1610612736" "--user" "0:0" "--network" "none" "ghcr.io/rust-lang/crates-build-env/linux@sha256:34b6a614d2c27851fe6cbf88fbd1137609cefab8b10d0615aaeb6fd47975d74e" "/opt/rustwide/cargo-home/bin/cargo" "+beta-2021-08-01" "metadata" "--no-deps" "--format-version=1", kill_on_drop: false }`
[INFO] [stdout] 19f6ce93dd73b9e1708be65ea62fef24fa258097fadb170bd4d66a01fb6cbd59
[INFO] running `Command { std: "docker" "start" "-a" "19f6ce93dd73b9e1708be65ea62fef24fa258097fadb170bd4d66a01fb6cbd59", kill_on_drop: false }`
[INFO] running `Command { std: "docker" "inspect" "19f6ce93dd73b9e1708be65ea62fef24fa258097fadb170bd4d66a01fb6cbd59", kill_on_drop: false }`
[INFO] running `Command { std: "docker" "rm" "-f" "19f6ce93dd73b9e1708be65ea62fef24fa258097fadb170bd4d66a01fb6cbd59", kill_on_drop: false }`
[INFO] [stdout] 19f6ce93dd73b9e1708be65ea62fef24fa258097fadb170bd4d66a01fb6cbd59
[INFO] running `Command { std: "docker" "create" "-v" "/var/lib/crater-agent-workspace/builds/worker-69/target:/opt/rustwide/target:rw,Z" "-v" "/var/lib/crater-agent-workspace/builds/worker-69/source:/opt/rustwide/workdir:ro,Z" "-v" "/var/lib/crater-agent-workspace/cargo-home:/opt/rustwide/cargo-home:ro,Z" "-v" "/var/lib/crater-agent-workspace/rustup-home:/opt/rustwide/rustup-home:ro,Z" "-e" "SOURCE_DIR=/opt/rustwide/workdir" "-e" "CARGO_TARGET_DIR=/opt/rustwide/target" "-e" "CARGO_INCREMENTAL=0" "-e" "RUST_BACKTRACE=full" "-e" "RUSTFLAGS=--cap-lints=warn" "-e" "CARGO_HOME=/opt/rustwide/cargo-home" "-e" "RUSTUP_HOME=/opt/rustwide/rustup-home" "-w" "/opt/rustwide/workdir" "-m" "1610612736" "--user" "0:0" "--network" "none" "ghcr.io/rust-lang/crates-build-env/linux@sha256:34b6a614d2c27851fe6cbf88fbd1137609cefab8b10d0615aaeb6fd47975d74e" "/opt/rustwide/cargo-home/bin/cargo" "+beta-2021-08-01" "build" "--frozen" "--message-format=json", kill_on_drop: false }`
[INFO] [stdout] e10a0eba2f34b483fcb9a8b8df3473d0da5d5632bf99558ba061cde95eefc6e4
[INFO] running `Command { std: "docker" "start" "-a" "e10a0eba2f34b483fcb9a8b8df3473d0da5d5632bf99558ba061cde95eefc6e4", kill_on_drop: false }`
[INFO] [stderr]    Compiling Nuclide v0.1.1 (/opt/rustwide/workdir)
[INFO] [stdout] warning: unused import: `crate::nuclide::nucleons_nuclide`
[INFO] [stdout]   --> src/decay.rs:21:6
[INFO] [stdout]    |
[INFO] [stdout] 21 |  use crate::nuclide::nucleons_nuclide    ;
[INFO] [stdout]    |      ^^^^^^^^^^^^^^^^^^^^^^^^^^^^^^^^
[INFO] [stdout]    |
[INFO] [stdout]    = note: `#[warn(unused_imports)]` on by default
[INFO] [stdout] 
[INFO] [stdout] 
[INFO] [stdout] warning: unused import: `nuclide::Nuclide`
[INFO] [stdout]   --> src/lib.rs:31:21
[INFO] [stdout]    |
[INFO] [stdout] 31 |                 use nuclide::Nuclide;
[INFO] [stdout]    |                     ^^^^^^^^^^^^^^^^
[INFO] [stdout] 
[INFO] [stdout] 
[INFO] [stdout] warning: unused variable: `k`
[INFO] [stdout]   --> src/nuclide.rs:13:7
[INFO] [stdout]    |
[INFO] [stdout] 13 |   let k = unsafe{core::arch::x86_64::_rdrand64_step(&mut x)};
[INFO] [stdout]    |       ^ help: if this is intentional, prefix it with an underscore: `_k`
[INFO] [stdout]    |
[INFO] [stdout]    = note: `#[warn(unused_variables)]` on by default
[INFO] [stdout] 
[INFO] [stdout] 
[INFO] [stdout] warning: value assigned to `k` is never read
[INFO] [stdout]  --> src/update.rs:9:16
[INFO] [stdout]   |
[INFO] [stdout] 9 |        let mut k = String::new();
[INFO] [stdout]   |                ^
[INFO] [stdout]   |
[INFO] [stdout]   = note: `#[warn(unused_assignments)]` on by default
[INFO] [stdout]   = help: maybe it is overwritten before being read?
[INFO] [stdout] 
[INFO] [stdout] 
[INFO] [stdout] warning: value assigned to `k` is never read
[INFO] [stdout]   --> src/update.rs:28:17
[INFO] [stdout]    |
[INFO] [stdout] 28 |         let mut k = String::new();
[INFO] [stdout]    |                 ^
[INFO] [stdout]    |
[INFO] [stdout]    = help: maybe it is overwritten before being read?
[INFO] [stdout] 
[INFO] [stdout] 
[INFO] [stdout] warning: unused variable: `k`
[INFO] [stdout]   --> src/decay.rs:29:7
[INFO] [stdout]    |
[INFO] [stdout] 29 |   let k = unsafe{core::arch::x86_64::_rdrand64_step(&mut x)};
[INFO] [stdout]    |       ^ help: if this is intentional, prefix it with an underscore: `_k`
[INFO] [stdout] 
[INFO] [stdout] 
[INFO] [stdout] warning: function is never used: `formatstyle_f64`
[INFO] [stdout]  --> src/update.rs:7:5
[INFO] [stdout]   |
[INFO] [stdout] 7 |  fn formatstyle_f64(x: f64, index_length: usize)->String{
[INFO] [stdout]   |     ^^^^^^^^^^^^^^^
[INFO] [stdout]   |
[INFO] [stdout]   = note: `#[warn(dead_code)]` on by default
[INFO] [stdout] 
[INFO] [stdout] 
[INFO] [stdout] warning: function is never used: `formatstyle_u64`
[INFO] [stdout]   --> src/update.rs:27:9
[INFO] [stdout]    |
[INFO] [stdout] 27 |    fn   formatstyle_u64(x: &u64)-> String{
[INFO] [stdout]    |         ^^^^^^^^^^^^^^^
[INFO] [stdout] 
[INFO] [stdout] 
[INFO] [stdout] warning: function is never used: `stringstyle`
[INFO] [stdout]   --> src/update.rs:35:5
[INFO] [stdout]    |
[INFO] [stdout] 35 |  fn stringstyle()->String{
[INFO] [stdout]    |     ^^^^^^^^^^^
[INFO] [stdout] 
[INFO] [stdout] 
[INFO] [stdout] warning: function is never used: `note`
[INFO] [stdout]   --> src/update.rs:42:5
[INFO] [stdout]    |
[INFO] [stdout] 42 |  fn note(x:&str,y:&str){
[INFO] [stdout]    |     ^^^^
[INFO] [stdout] 
[INFO] [stdout] 
[INFO] [stdout] warning: function is never used: `table_string_f64`
[INFO] [stdout]   --> src/update.rs:59:9
[INFO] [stdout]    |
[INFO] [stdout] 59 |  pub fn table_string_f64(data: Vec<f64>, index_length: usize, col_count: usize, name: &str)-> String{
[INFO] [stdout]    |         ^^^^^^^^^^^^^^^^
[INFO] [stdout] 
[INFO] [stdout] 
[INFO] [stdout] warning: function is never used: `table_string_u64`
[INFO] [stdout]   --> src/update.rs:71:9
[INFO] [stdout]    |
[INFO] [stdout] 71 |  pub fn table_string_u64(data: Vec<u64>, col_count: usize, name: &str)->String{
[INFO] [stdout]    |         ^^^^^^^^^^^^^^^^
[INFO] [stdout] 
[INFO] [stdout] 
[INFO] [stdout] warning: function is never used: `table_print_f64`
[INFO] [stdout]   --> src/update.rs:85:9
[INFO] [stdout]    |
[INFO] [stdout] 85 | pub  fn table_print_f64(data: Vec<f64>, index_length: usize,col_count: usize, name: &str, output: &str){
[INFO] [stdout]    |         ^^^^^^^^^^^^^^^
[INFO] [stdout] 
[INFO] [stdout] 
[INFO] [stdout] warning: function is never used: `table_print_u64`
[INFO] [stdout]   --> src/update.rs:91:8
[INFO] [stdout]    |
[INFO] [stdout] 91 | pub fn table_print_u64(data: Vec<u64>, col_count: usize, name: &str, output: &str){
[INFO] [stdout]    |        ^^^^^^^^^^^^^^^
[INFO] [stdout] 
[INFO] [stdout] 
[INFO] [stdout] warning: function is never used: `update`
[INFO] [stdout]   --> src/update.rs:98:5
[INFO] [stdout]    |
[INFO] [stdout] 98 |  fn update(x: &mut[f64],value:f64 , index: usize){
[INFO] [stdout]    |     ^^^^^^
[INFO] [stdout] 
[INFO] [stdout] 
[INFO] [stdout] warning: function is never used: `update_vector`
[INFO] [stdout]    --> src/update.rs:105:8
[INFO] [stdout]     |
[INFO] [stdout] 105 | pub fn update_vector(x: &mut[f64], value: &[f64],index:usize){
[INFO] [stdout]     |        ^^^^^^^^^^^^^
[INFO] [stdout] 
[INFO] [stdout] 
[INFO] [stdout] warning: function is never used: `update_vector_u64`
[INFO] [stdout]    --> src/update.rs:114:8
[INFO] [stdout]     |
[INFO] [stdout] 114 | pub fn update_vector_u64(x : &mut[u64], value: &[u64], index: usize){
[INFO] [stdout]     |        ^^^^^^^^^^^^^^^^^
[INFO] [stdout] 
[INFO] [stdout] 
[INFO] [stdout] warning: function is never used: `bounds_check`
[INFO] [stdout]    --> src/update.rs:126:4
[INFO] [stdout]     |
[INFO] [stdout] 126 | fn bounds_check(x: &str, isotope:usize)->Result<usize, String>{
[INFO] [stdout]     |    ^^^^^^^^^^^^
[INFO] [stdout] 
[INFO] [stdout] 
[INFO] [stdout] warning: function is never used: `join`
[INFO] [stdout]    --> src/update.rs:149:5
[INFO] [stdout]     |
[INFO] [stdout] 149 |  fn join(typ : &str, number: u16)->u64{
[INFO] [stdout]     |     ^^^^
[INFO] [stdout] 
[INFO] [stdout] 
[INFO] [stdout] warning: function is never used: `decay_map`
[INFO] [stdout]    --> src/update.rs:163:9
[INFO] [stdout]     |
[INFO] [stdout] 163 | pub  fn decay_map(prob_1: f64, decay_type_1: &str, number_1: u16, decay_12: &str, numar  : u16,
[INFO] [stdout]     |         ^^^^^^^^^
[INFO] [stdout] 
[INFO] [stdout] 
[INFO] [stdout] warning: crate `Nuclide` should have a snake case name
[INFO] [stdout]   |
[INFO] [stdout]   = note: `#[warn(non_snake_case)]` on by default
[INFO] [stdout]   = help: convert the identifier to snake case: `nuclide`
[INFO] [stdout] 
[INFO] [stdout] 
[INFO] [stdout] warning: 21 warnings emitted
[INFO] [stdout] 
[INFO] [stdout] 
[INFO] [stderr]     Finished dev [unoptimized + debuginfo] target(s) in 0.85s
[INFO] running `Command { std: "docker" "inspect" "e10a0eba2f34b483fcb9a8b8df3473d0da5d5632bf99558ba061cde95eefc6e4", kill_on_drop: false }`
[INFO] running `Command { std: "docker" "rm" "-f" "e10a0eba2f34b483fcb9a8b8df3473d0da5d5632bf99558ba061cde95eefc6e4", kill_on_drop: false }`
[INFO] [stdout] e10a0eba2f34b483fcb9a8b8df3473d0da5d5632bf99558ba061cde95eefc6e4
[INFO] running `Command { std: "docker" "create" "-v" "/var/lib/crater-agent-workspace/builds/worker-69/target:/opt/rustwide/target:rw,Z" "-v" "/var/lib/crater-agent-workspace/builds/worker-69/source:/opt/rustwide/workdir:ro,Z" "-v" "/var/lib/crater-agent-workspace/cargo-home:/opt/rustwide/cargo-home:ro,Z" "-v" "/var/lib/crater-agent-workspace/rustup-home:/opt/rustwide/rustup-home:ro,Z" "-e" "SOURCE_DIR=/opt/rustwide/workdir" "-e" "CARGO_TARGET_DIR=/opt/rustwide/target" "-e" "CARGO_INCREMENTAL=0" "-e" "RUST_BACKTRACE=full" "-e" "RUSTFLAGS=--cap-lints=warn" "-e" "CARGO_HOME=/opt/rustwide/cargo-home" "-e" "RUSTUP_HOME=/opt/rustwide/rustup-home" "-w" "/opt/rustwide/workdir" "-m" "1610612736" "--user" "0:0" "--network" "none" "ghcr.io/rust-lang/crates-build-env/linux@sha256:34b6a614d2c27851fe6cbf88fbd1137609cefab8b10d0615aaeb6fd47975d74e" "/opt/rustwide/cargo-home/bin/cargo" "+beta-2021-08-01" "test" "--frozen" "--no-run" "--message-format=json", kill_on_drop: false }`
[INFO] [stdout] 865f32fd66b9d3f7f3e70e03e5135d97db75adb1a67101a1f435c6c0607c05cd
[INFO] running `Command { std: "docker" "start" "-a" "865f32fd66b9d3f7f3e70e03e5135d97db75adb1a67101a1f435c6c0607c05cd", kill_on_drop: false }`
[INFO] [stdout] warning: unused import: `crate::nuclide::nucleons_nuclide`
[INFO] [stdout]   --> src/decay.rs:21:6
[INFO] [stdout]    |
[INFO] [stdout] 21 |  use crate::nuclide::nucleons_nuclide    ;
[INFO] [stdout]    |      ^^^^^^^^^^^^^^^^^^^^^^^^^^^^^^^^
[INFO] [stdout]    |
[INFO] [stdout]    = note: `#[warn(unused_imports)]` on by default
[INFO] [stdout] 
[INFO] [stdout] 
[INFO] [stdout] warning: unused import: `nuclide::Nuclide`
[INFO] [stdout]   --> src/lib.rs:31:21
[INFO] [stdout]    |
[INFO] [stdout] 31 |                 use nuclide::Nuclide;
[INFO] [stdout]    |                     ^^^^^^^^^^^^^^^^
[INFO] [stdout] 
[INFO] [stdout] 
[INFO] [stdout] warning: unused variable: `k`
[INFO] [stdout]   --> src/nuclide.rs:13:7
[INFO] [stdout]    |
[INFO] [stdout] 13 |   let k = unsafe{core::arch::x86_64::_rdrand64_step(&mut x)};
[INFO] [stdout]    |       ^ help: if this is intentional, prefix it with an underscore: `_k`
[INFO] [stdout]    |
[INFO] [stdout]    = note: `#[warn(unused_variables)]` on by default
[INFO] [stdout] 
[INFO] [stdout] 
[INFO] [stdout] warning: value assigned to `k` is never read
[INFO] [stdout]  --> src/update.rs:9:16
[INFO] [stdout]   |
[INFO] [stdout] 9 |        let mut k = String::new();
[INFO] [stdout]   |                ^
[INFO] [stdout]   |
[INFO] [stdout]   = note: `#[warn(unused_assignments)]` on by default
[INFO] [stdout]   = help: maybe it is overwritten before being read?
[INFO] [stdout] 
[INFO] [stdout] 
[INFO] [stdout] warning: value assigned to `k` is never read
[INFO] [stdout]   --> src/update.rs:28:17
[INFO] [stdout]    |
[INFO] [stdout] 28 |         let mut k = String::new();
[INFO] [stdout]    |                 ^
[INFO] [stdout]    |
[INFO] [stdout]    = help: maybe it is overwritten before being read?
[INFO] [stdout] 
[INFO] [stdout] 
[INFO] [stdout] warning: unused variable: `k`
[INFO] [stdout]   --> src/decay.rs:29:7
[INFO] [stdout]    |
[INFO] [stdout] 29 |   let k = unsafe{core::arch::x86_64::_rdrand64_step(&mut x)};
[INFO] [stdout]    |       ^ help: if this is intentional, prefix it with an underscore: `_k`
[INFO] [stdout] 
[INFO] [stdout] 
[INFO] [stdout] warning: function is never used: `formatstyle_f64`
[INFO] [stdout]  --> src/update.rs:7:5
[INFO] [stdout]   |
[INFO] [stdout] 7 |  fn formatstyle_f64(x: f64, index_length: usize)->String{
[INFO] [stdout]   |     ^^^^^^^^^^^^^^^
[INFO] [stdout]   |
[INFO] [stdout]   = note: `#[warn(dead_code)]` on by default
[INFO] [stdout] 
[INFO] [stdout] 
[INFO] [stdout] warning: function is never used: `formatstyle_u64`
[INFO] [stdout]   --> src/update.rs:27:9
[INFO] [stdout]    |
[INFO] [stdout] 27 |    fn   formatstyle_u64(x: &u64)-> String{
[INFO] [stdout]    |         ^^^^^^^^^^^^^^^
[INFO] [stdout] 
[INFO] [stdout] 
[INFO] [stdout] warning: function is never used: `stringstyle`
[INFO] [stdout]   --> src/update.rs:35:5
[INFO] [stdout]    |
[INFO] [stdout] 35 |  fn stringstyle()->String{
[INFO] [stdout]    |     ^^^^^^^^^^^
[INFO] [stdout] 
[INFO] [stdout] 
[INFO] [stdout] warning: function is never used: `note`
[INFO] [stdout]   --> src/update.rs:42:5
[INFO] [stdout]    |
[INFO] [stdout] 42 |  fn note(x:&str,y:&str){
[INFO] [stdout]    |     ^^^^
[INFO] [stdout] 
[INFO] [stdout] 
[INFO] [stdout] warning: function is never used: `table_string_f64`
[INFO] [stdout]   --> src/update.rs:59:9
[INFO] [stdout]    |
[INFO] [stdout] 59 |  pub fn table_string_f64(data: Vec<f64>, index_length: usize, col_count: usize, name: &str)-> String{
[INFO] [stdout]    |         ^^^^^^^^^^^^^^^^
[INFO] [stdout] 
[INFO] [stdout] 
[INFO] [stdout] warning: function is never used: `table_string_u64`
[INFO] [stdout]   --> src/update.rs:71:9
[INFO] [stdout]    |
[INFO] [stdout] 71 |  pub fn table_string_u64(data: Vec<u64>, col_count: usize, name: &str)->String{
[INFO] [stdout]    |         ^^^^^^^^^^^^^^^^
[INFO] [stdout] 
[INFO] [stdout] 
[INFO] [stdout] warning: function is never used: `table_print_f64`
[INFO] [stdout]   --> src/update.rs:85:9
[INFO] [stdout]    |
[INFO] [stdout] 85 | pub  fn table_print_f64(data: Vec<f64>, index_length: usize,col_count: usize, name: &str, output: &str){
[INFO] [stdout]    |         ^^^^^^^^^^^^^^^
[INFO] [stdout] 
[INFO] [stdout] 
[INFO] [stdout] warning: function is never used: `table_print_u64`
[INFO] [stdout]   --> src/update.rs:91:8
[INFO] [stdout]    |
[INFO] [stdout] 91 | pub fn table_print_u64(data: Vec<u64>, col_count: usize, name: &str, output: &str){
[INFO] [stdout]    |        ^^^^^^^^^^^^^^^
[INFO] [stdout] 
[INFO] [stdout] 
[INFO] [stdout] warning: function is never used: `update`
[INFO] [stdout]   --> src/update.rs:98:5
[INFO] [stdout]    |
[INFO] [stdout] 98 |  fn update(x: &mut[f64],value:f64 , index: usize){
[INFO] [stdout]    |     ^^^^^^
[INFO] [stdout] 
[INFO] [stdout] 
[INFO] [stdout] warning: function is never used: `update_vector`
[INFO] [stdout]    --> src/update.rs:105:8
[INFO] [stdout]     |
[INFO] [stdout] 105 | pub fn update_vector(x: &mut[f64], value: &[f64],index:usize){
[INFO] [stdout]     |        ^^^^^^^^^^^^^
[INFO] [stdout] 
[INFO] [stdout] 
[INFO] [stdout] warning: function is never used: `update_vector_u64`
[INFO] [stdout]    --> src/update.rs:114:8
[INFO] [stdout]     |
[INFO] [stdout] 114 | pub fn update_vector_u64(x : &mut[u64], value: &[u64], index: usize){
[INFO] [stdout]     |        ^^^^^^^^^^^^^^^^^
[INFO] [stdout] 
[INFO] [stdout] 
[INFO] [stdout] warning: function is never used: `bounds_check`
[INFO] [stdout]    --> src/update.rs:126:4
[INFO] [stdout]     |
[INFO] [stdout] 126 | fn bounds_check(x: &str, isotope:usize)->Result<usize, String>{
[INFO] [stdout]     |    ^^^^^^^^^^^^
[INFO] [stdout] 
[INFO] [stdout] 
[INFO] [stdout] warning: function is never used: `join`
[INFO] [stdout]    --> src/update.rs:149:5
[INFO] [stdout]     |
[INFO] [stdout] 149 |  fn join(typ : &str, number: u16)->u64{
[INFO] [stdout]     |     ^^^^
[INFO] [stdout] 
[INFO] [stdout] 
[INFO] [stdout] warning: function is never used: `decay_map`
[INFO] [stdout]    --> src/update.rs:163:9
[INFO] [stdout]     |
[INFO] [stdout] 163 | pub  fn decay_map(prob_1: f64, decay_type_1: &str, number_1: u16, decay_12: &str, numar  : u16,
[INFO] [stdout]     |         ^^^^^^^^^
[INFO] [stdout] 
[INFO] [stdout] 
[INFO] [stdout] warning: crate `Nuclide` should have a snake case name
[INFO] [stdout]   |
[INFO] [stdout]   = note: `#[warn(non_snake_case)]` on by default
[INFO] [stdout]   = help: convert the identifier to snake case: `nuclide`
[INFO] [stdout] 
[INFO] [stdout] 
[INFO] [stdout] warning: 21 warnings emitted
[INFO] [stdout] 
[INFO] [stdout] 
[INFO] [stderr]    Compiling Nuclide v0.1.1 (/opt/rustwide/workdir)
[INFO] [stdout] warning: unused import: `crate::nuclide::nucleons_nuclide`
[INFO] [stdout]   --> src/decay.rs:21:6
[INFO] [stdout]    |
[INFO] [stdout] 21 |  use crate::nuclide::nucleons_nuclide    ;
[INFO] [stdout]    |      ^^^^^^^^^^^^^^^^^^^^^^^^^^^^^^^^
[INFO] [stdout]    |
[INFO] [stdout]    = note: `#[warn(unused_imports)]` on by default
[INFO] [stdout] 
[INFO] [stdout] 
[INFO] [stdout] warning: unused import: `nuclide::Nuclide`
[INFO] [stdout]   --> src/lib.rs:31:21
[INFO] [stdout]    |
[INFO] [stdout] 31 |                 use nuclide::Nuclide;
[INFO] [stdout]    |                     ^^^^^^^^^^^^^^^^
[INFO] [stdout] 
[INFO] [stdout] 
[INFO] [stdout] warning: unused variable: `k`
[INFO] [stdout]   --> src/nuclide.rs:13:7
[INFO] [stdout]    |
[INFO] [stdout] 13 |   let k = unsafe{core::arch::x86_64::_rdrand64_step(&mut x)};
[INFO] [stdout]    |       ^ help: if this is intentional, prefix it with an underscore: `_k`
[INFO] [stdout]    |
[INFO] [stdout]    = note: `#[warn(unused_variables)]` on by default
[INFO] [stdout] 
[INFO] [stdout] 
[INFO] [stdout] warning: value assigned to `k` is never read
[INFO] [stdout]  --> src/update.rs:9:16
[INFO] [stdout]   |
[INFO] [stdout] 9 |        let mut k = String::new();
[INFO] [stdout]   |                ^
[INFO] [stdout]   |
[INFO] [stdout]   = note: `#[warn(unused_assignments)]` on by default
[INFO] [stdout]   = help: maybe it is overwritten before being read?
[INFO] [stdout] 
[INFO] [stdout] 
[INFO] [stdout] warning: value assigned to `k` is never read
[INFO] [stdout]   --> src/update.rs:28:17
[INFO] [stdout]    |
[INFO] [stdout] 28 |         let mut k = String::new();
[INFO] [stdout]    |                 ^
[INFO] [stdout]    |
[INFO] [stdout]    = help: maybe it is overwritten before being read?
[INFO] [stdout] 
[INFO] [stdout] 
[INFO] [stdout] warning: unused variable: `k`
[INFO] [stdout]   --> src/decay.rs:29:7
[INFO] [stdout]    |
[INFO] [stdout] 29 |   let k = unsafe{core::arch::x86_64::_rdrand64_step(&mut x)};
[INFO] [stdout]    |       ^ help: if this is intentional, prefix it with an underscore: `_k`
[INFO] [stdout] 
[INFO] [stdout] 
[INFO] [stdout] warning: function is never used: `formatstyle_f64`
[INFO] [stdout]  --> src/update.rs:7:5
[INFO] [stdout]   |
[INFO] [stdout] 7 |  fn formatstyle_f64(x: f64, index_length: usize)->String{
[INFO] [stdout]   |     ^^^^^^^^^^^^^^^
[INFO] [stdout]   |
[INFO] [stdout]   = note: `#[warn(dead_code)]` on by default
[INFO] [stdout] 
[INFO] [stdout] 
[INFO] [stdout] warning: function is never used: `formatstyle_u64`
[INFO] [stdout]   --> src/update.rs:27:9
[INFO] [stdout]    |
[INFO] [stdout] 27 |    fn   formatstyle_u64(x: &u64)-> String{
[INFO] [stdout]    |         ^^^^^^^^^^^^^^^
[INFO] [stdout] 
[INFO] [stdout] 
[INFO] [stdout] warning: function is never used: `stringstyle`
[INFO] [stdout]   --> src/update.rs:35:5
[INFO] [stdout]    |
[INFO] [stdout] 35 |  fn stringstyle()->String{
[INFO] [stdout]    |     ^^^^^^^^^^^
[INFO] [stdout] 
[INFO] [stdout] 
[INFO] [stdout] warning: function is never used: `note`
[INFO] [stdout]   --> src/update.rs:42:5
[INFO] [stdout]    |
[INFO] [stdout] 42 |  fn note(x:&str,y:&str){
[INFO] [stdout]    |     ^^^^
[INFO] [stdout] 
[INFO] [stdout] 
[INFO] [stdout] warning: function is never used: `table_string_f64`
[INFO] [stdout]   --> src/update.rs:59:9
[INFO] [stdout]    |
[INFO] [stdout] 59 |  pub fn table_string_f64(data: Vec<f64>, index_length: usize, col_count: usize, name: &str)-> String{
[INFO] [stdout]    |         ^^^^^^^^^^^^^^^^
[INFO] [stdout] 
[INFO] [stdout] 
[INFO] [stdout] warning: function is never used: `table_string_u64`
[INFO] [stdout]   --> src/update.rs:71:9
[INFO] [stdout]    |
[INFO] [stdout] 71 |  pub fn table_string_u64(data: Vec<u64>, col_count: usize, name: &str)->String{
[INFO] [stdout]    |         ^^^^^^^^^^^^^^^^
[INFO] [stdout] 
[INFO] [stdout] 
[INFO] [stdout] warning: function is never used: `table_print_f64`
[INFO] [stdout]   --> src/update.rs:85:9
[INFO] [stdout]    |
[INFO] [stdout] 85 | pub  fn table_print_f64(data: Vec<f64>, index_length: usize,col_count: usize, name: &str, output: &str){
[INFO] [stdout]    |         ^^^^^^^^^^^^^^^
[INFO] [stdout] 
[INFO] [stdout] 
[INFO] [stdout] warning: function is never used: `table_print_u64`
[INFO] [stdout]   --> src/update.rs:91:8
[INFO] [stdout]    |
[INFO] [stdout] 91 | pub fn table_print_u64(data: Vec<u64>, col_count: usize, name: &str, output: &str){
[INFO] [stdout]    |        ^^^^^^^^^^^^^^^
[INFO] [stdout] 
[INFO] [stdout] 
[INFO] [stdout] warning: function is never used: `update`
[INFO] [stdout]   --> src/update.rs:98:5
[INFO] [stdout]    |
[INFO] [stdout] 98 |  fn update(x: &mut[f64],value:f64 , index: usize){
[INFO] [stdout]    |     ^^^^^^
[INFO] [stdout] 
[INFO] [stdout] 
[INFO] [stdout] warning: function is never used: `update_vector`
[INFO] [stdout]    --> src/update.rs:105:8
[INFO] [stdout]     |
[INFO] [stdout] 105 | pub fn update_vector(x: &mut[f64], value: &[f64],index:usize){
[INFO] [stdout]     |        ^^^^^^^^^^^^^
[INFO] [stdout] 
[INFO] [stdout] 
[INFO] [stdout] warning: function is never used: `update_vector_u64`
[INFO] [stdout]    --> src/update.rs:114:8
[INFO] [stdout]     |
[INFO] [stdout] 114 | pub fn update_vector_u64(x : &mut[u64], value: &[u64], index: usize){
[INFO] [stdout]     |        ^^^^^^^^^^^^^^^^^
[INFO] [stdout] 
[INFO] [stdout] 
[INFO] [stdout] warning: function is never used: `bounds_check`
[INFO] [stdout]    --> src/update.rs:126:4
[INFO] [stdout]     |
[INFO] [stdout] 126 | fn bounds_check(x: &str, isotope:usize)->Result<usize, String>{
[INFO] [stdout]     |    ^^^^^^^^^^^^
[INFO] [stdout] 
[INFO] [stdout] 
[INFO] [stdout] warning: function is never used: `join`
[INFO] [stdout]    --> src/update.rs:149:5
[INFO] [stdout]     |
[INFO] [stdout] 149 |  fn join(typ : &str, number: u16)->u64{
[INFO] [stdout]     |     ^^^^
[INFO] [stdout] 
[INFO] [stdout] 
[INFO] [stdout] warning: function is never used: `decay_map`
[INFO] [stdout]    --> src/update.rs:163:9
[INFO] [stdout]     |
[INFO] [stdout] 163 | pub  fn decay_map(prob_1: f64, decay_type_1: &str, number_1: u16, decay_12: &str, numar  : u16,
[INFO] [stdout]     |         ^^^^^^^^^
[INFO] [stdout] 
[INFO] [stdout] 
[INFO] [stdout] warning: crate `Nuclide` should have a snake case name
[INFO] [stdout]   |
[INFO] [stdout]   = note: `#[warn(non_snake_case)]` on by default
[INFO] [stdout]   = help: convert the identifier to snake case: `nuclide`
[INFO] [stdout] 
[INFO] [stdout] 
[INFO] [stdout] warning: 21 warnings emitted
[INFO] [stdout] 
[INFO] [stdout] 
[INFO] [stderr]     Finished test [unoptimized + debuginfo] target(s) in 1.09s
[INFO] running `Command { std: "docker" "inspect" "865f32fd66b9d3f7f3e70e03e5135d97db75adb1a67101a1f435c6c0607c05cd", kill_on_drop: false }`
[INFO] running `Command { std: "docker" "rm" "-f" "865f32fd66b9d3f7f3e70e03e5135d97db75adb1a67101a1f435c6c0607c05cd", kill_on_drop: false }`
[INFO] [stdout] 865f32fd66b9d3f7f3e70e03e5135d97db75adb1a67101a1f435c6c0607c05cd
[INFO] running `Command { std: "docker" "create" "-v" "/var/lib/crater-agent-workspace/builds/worker-69/target:/opt/rustwide/target:rw,Z" "-v" "/var/lib/crater-agent-workspace/builds/worker-69/source:/opt/rustwide/workdir:ro,Z" "-v" "/var/lib/crater-agent-workspace/cargo-home:/opt/rustwide/cargo-home:ro,Z" "-v" "/var/lib/crater-agent-workspace/rustup-home:/opt/rustwide/rustup-home:ro,Z" "-e" "SOURCE_DIR=/opt/rustwide/workdir" "-e" "CARGO_TARGET_DIR=/opt/rustwide/target" "-e" "CARGO_INCREMENTAL=0" "-e" "RUST_BACKTRACE=full" "-e" "RUSTFLAGS=--cap-lints=warn" "-e" "CARGO_HOME=/opt/rustwide/cargo-home" "-e" "RUSTUP_HOME=/opt/rustwide/rustup-home" "-w" "/opt/rustwide/workdir" "-m" "1610612736" "--user" "0:0" "--network" "none" "ghcr.io/rust-lang/crates-build-env/linux@sha256:34b6a614d2c27851fe6cbf88fbd1137609cefab8b10d0615aaeb6fd47975d74e" "/opt/rustwide/cargo-home/bin/cargo" "+beta-2021-08-01" "test" "--frozen", kill_on_drop: false }`
[INFO] [stdout] e7131d5002b33f361bc7f18bc6793bffe27c59af000ed5d4f07fd715ef16fed9
[INFO] running `Command { std: "docker" "start" "-a" "e7131d5002b33f361bc7f18bc6793bffe27c59af000ed5d4f07fd715ef16fed9", kill_on_drop: false }`
[INFO] [stderr]     Blocking waiting for file lock on package cache
[INFO] [stderr] warning: unused import: `crate::nuclide::nucleons_nuclide`
[INFO] [stderr]   --> src/decay.rs:21:6
[INFO] [stderr]    |
[INFO] [stderr] 21 |  use crate::nuclide::nucleons_nuclide    ;
[INFO] [stderr]    |      ^^^^^^^^^^^^^^^^^^^^^^^^^^^^^^^^
[INFO] [stderr]    |
[INFO] [stderr]    = note: `#[warn(unused_imports)]` on by default
[INFO] [stderr] 
[INFO] [stderr] warning: unused import: `nuclide::Nuclide`
[INFO] [stderr]   --> src/lib.rs:31:21
[INFO] [stderr]    |
[INFO] [stderr] 31 |                 use nuclide::Nuclide;
[INFO] [stderr]    |                     ^^^^^^^^^^^^^^^^
[INFO] [stderr] 
[INFO] [stderr] warning: unused variable: `k`
[INFO] [stderr]   --> src/nuclide.rs:13:7
[INFO] [stderr]    |
[INFO] [stderr] 13 |   let k = unsafe{core::arch::x86_64::_rdrand64_step(&mut x)};
[INFO] [stderr]    |       ^ help: if this is intentional, prefix it with an underscore: `_k`
[INFO] [stderr]    |
[INFO] [stderr]    = note: `#[warn(unused_variables)]` on by default
[INFO] [stderr] 
[INFO] [stderr] warning: value assigned to `k` is never read
[INFO] [stderr]  --> src/update.rs:9:16
[INFO] [stderr]   |
[INFO] [stderr] 9 |        let mut k = String::new();
[INFO] [stderr]   |                ^
[INFO] [stderr]   |
[INFO] [stderr]   = note: `#[warn(unused_assignments)]` on by default
[INFO] [stderr]   = help: maybe it is overwritten before being read?
[INFO] [stderr] 
[INFO] [stderr] warning: value assigned to `k` is never read
[INFO] [stderr]   --> src/update.rs:28:17
[INFO] [stderr]    |
[INFO] [stderr] 28 |         let mut k = String::new();
[INFO] [stderr]    |                 ^
[INFO] [stderr]    |
[INFO] [stderr]    = help: maybe it is overwritten before being read?
[INFO] [stderr] 
[INFO] [stderr] warning: unused variable: `k`
[INFO] [stderr]   --> src/decay.rs:29:7
[INFO] [stderr]    |
[INFO] [stderr] 29 |   let k = unsafe{core::arch::x86_64::_rdrand64_step(&mut x)};
[INFO] [stderr]    |       ^ help: if this is intentional, prefix it with an underscore: `_k`
[INFO] [stderr] 
[INFO] [stderr] warning: function is never used: `formatstyle_f64`
[INFO] [stderr]  --> src/update.rs:7:5
[INFO] [stderr]   |
[INFO] [stderr] 7 |  fn formatstyle_f64(x: f64, index_length: usize)->String{
[INFO] [stderr]   |     ^^^^^^^^^^^^^^^
[INFO] [stderr]   |
[INFO] [stderr]   = note: `#[warn(dead_code)]` on by default
[INFO] [stderr] 
[INFO] [stderr] warning: function is never used: `formatstyle_u64`
[INFO] [stderr]   --> src/update.rs:27:9
[INFO] [stderr]    |
[INFO] [stderr] 27 |    fn   formatstyle_u64(x: &u64)-> String{
[INFO] [stderr]    |         ^^^^^^^^^^^^^^^
[INFO] [stderr] 
[INFO] [stderr] warning: function is never used: `stringstyle`
[INFO] [stderr]   --> src/update.rs:35:5
[INFO] [stderr]    |
[INFO] [stderr] 35 |  fn stringstyle()->String{
[INFO] [stderr]    |     ^^^^^^^^^^^
[INFO] [stderr] 
[INFO] [stderr] warning: function is never used: `note`
[INFO] [stderr]   --> src/update.rs:42:5
[INFO] [stderr]    |
[INFO] [stderr] 42 |  fn note(x:&str,y:&str){
[INFO] [stderr]    |     ^^^^
[INFO] [stderr] 
[INFO] [stderr] warning: function is never used: `table_string_f64`
[INFO] [stderr]   --> src/update.rs:59:9
[INFO] [stderr]    |
[INFO] [stderr] 59 |  pub fn table_string_f64(data: Vec<f64>, index_length: usize, col_count: usize, name: &str)-> String{
[INFO] [stderr]    |         ^^^^^^^^^^^^^^^^
[INFO] [stderr] 
[INFO] [stderr] warning: function is never used: `table_string_u64`
[INFO] [stderr]   --> src/update.rs:71:9
[INFO] [stderr]    |
[INFO] [stderr] 71 |  pub fn table_string_u64(data: Vec<u64>, col_count: usize, name: &str)->String{
[INFO] [stderr]    |         ^^^^^^^^^^^^^^^^
[INFO] [stderr] 
[INFO] [stderr] warning: function is never used: `table_print_f64`
[INFO] [stderr]   --> src/update.rs:85:9
[INFO] [stderr]    |
[INFO] [stderr] 85 | pub  fn table_print_f64(data: Vec<f64>, index_length: usize,col_count: usize, name: &str, output: &str){
[INFO] [stderr]    |         ^^^^^^^^^^^^^^^
[INFO] [stderr] 
[INFO] [stderr] warning: function is never used: `table_print_u64`
[INFO] [stderr]   --> src/update.rs:91:8
[INFO] [stderr]    |
[INFO] [stderr] 91 | pub fn table_print_u64(data: Vec<u64>, col_count: usize, name: &str, output: &str){
[INFO] [stderr]    |        ^^^^^^^^^^^^^^^
[INFO] [stderr] 
[INFO] [stderr] warning: function is never used: `update`
[INFO] [stderr]   --> src/update.rs:98:5
[INFO] [stderr]    |
[INFO] [stderr] 98 |  fn update(x: &mut[f64],value:f64 , index: usize){
[INFO] [stderr]    |     ^^^^^^
[INFO] [stderr] 
[INFO] [stderr] warning: function is never used: `update_vector`
[INFO] [stderr]    --> src/update.rs:105:8
[INFO] [stderr]     |
[INFO] [stderr] 105 | pub fn update_vector(x: &mut[f64], value: &[f64],index:usize){
[INFO] [stderr]     |        ^^^^^^^^^^^^^
[INFO] [stderr] 
[INFO] [stderr] warning: function is never used: `update_vector_u64`
[INFO] [stderr]    --> src/update.rs:114:8
[INFO] [stderr]     |
[INFO] [stderr] 114 | pub fn update_vector_u64(x : &mut[u64], value: &[u64], index: usize){
[INFO] [stderr]     |        ^^^^^^^^^^^^^^^^^
[INFO] [stderr] 
[INFO] [stderr] warning: function is never used: `bounds_check`
[INFO] [stderr]    --> src/update.rs:126:4
[INFO] [stderr]     |
[INFO] [stderr] 126 | fn bounds_check(x: &str, isotope:usize)->Result<usize, String>{
[INFO] [stderr]     |    ^^^^^^^^^^^^
[INFO] [stderr] 
[INFO] [stderr] warning: function is never used: `join`
[INFO] [stderr]    --> src/update.rs:149:5
[INFO] [stderr]     |
[INFO] [stderr] 149 |  fn join(typ : &str, number: u16)->u64{
[INFO] [stderr]     |     ^^^^
[INFO] [stderr] 
[INFO] [stderr] warning: function is never used: `decay_map`
[INFO] [stderr]    --> src/update.rs:163:9
[INFO] [stderr]     |
[INFO] [stderr] 163 | pub  fn decay_map(prob_1: f64, decay_type_1: &str, number_1: u16, decay_12: &str, numar  : u16,
[INFO] [stderr]     |         ^^^^^^^^^
[INFO] [stderr] 
[INFO] [stderr] warning: crate `Nuclide` should have a snake case name
[INFO] [stderr]   |
[INFO] [stderr]   = note: `#[warn(non_snake_case)]` on by default
[INFO] [stderr]   = help: convert the identifier to snake case: `nuclide`
[INFO] [stderr] 
[INFO] [stderr] warning: `Nuclide` (lib) generated 21 warnings
[INFO] [stderr] warning: `Nuclide` (lib test) generated 21 warnings (21 duplicates)
[INFO] [stderr]     Finished test [unoptimized + debuginfo] target(s) in 0.23s
[INFO] [stderr]      Running unittests (/opt/rustwide/target/debug/deps/Nuclide-b4ddfbda0bd9e18c)
[INFO] [stdout] 
[INFO] [stdout] running 0 tests
[INFO] [stdout] 
[INFO] [stdout] test result: ok. 0 passed; 0 failed; 0 ignored; 0 measured; 0 filtered out; finished in 0.00s
[INFO] [stdout] 
[INFO] [stderr]    Doc-tests Nuclide
[INFO] [stdout] 
[INFO] [stdout] running 4 tests
[INFO] [stdout] test src/nuclide.rs - nuclide::Nuclide::assign (line 64) ... FAILED
[INFO] [stdout] test src/nuclide.rs - nuclide::Nuclide::identity (line 121) ... FAILED
[INFO] [stdout] test src/nuclide.rs - nuclide::Nuclide::change (line 80) ... FAILED
[INFO] [stdout] test src/nuclide.rs - nuclide::Nuclide::new (line 36) ... ok
[INFO] [stdout] 
[INFO] [stdout] failures:
[INFO] [stdout] 
[INFO] [stdout] ---- src/nuclide.rs - nuclide::Nuclide::assign (line 64) stdout ----
[INFO] [stdout] error[E0425]: cannot find value `strontium` in this scope
[INFO] [stdout]  --> src/nuclide.rs:65:21
[INFO] [stdout]   |
[INFO] [stdout] 4 | let nucleon_count = strontium.proton_neutron();
[INFO] [stdout]   |                     ^^^^^^^^^ not found in this scope
[INFO] [stdout] 
[INFO] [stdout] error[E0425]: cannot find function `nucleons_nuclide` in this scope
[INFO] [stdout]  --> src/nuclide.rs:66:21
[INFO] [stdout]   |
[INFO] [stdout] 5 | let nuclide_index = nucleons_nuclide(&nucleon_count);
[INFO] [stdout]   |                     ^^^^^^^^^^^^^^^^ not found in this scope
[INFO] [stdout]   |
[INFO] [stdout] help: consider importing this function
[INFO] [stdout]   |
[INFO] [stdout] 3 | use Nuclide::nuclide::nucleons_nuclide;
[INFO] [stdout]   |
[INFO] [stdout] 
[INFO] [stdout] error[E0425]: cannot find value `strontium` in this scope
[INFO] [stdout]  --> src/nuclide.rs:68:27
[INFO] [stdout]   |
[INFO] [stdout] 7 | assert_eq!(nuclide_index, strontium.nuclide_index());
[INFO] [stdout]   |                           ^^^^^^^^^ not found in this scope
[INFO] [stdout] 
[INFO] [stdout] error[E0425]: cannot find function `assign` in crate `Nuclide`
[INFO] [stdout]  --> src/nuclide.rs:70:30
[INFO] [stdout]   |
[INFO] [stdout] 9 | let strontium90   = Nuclide::assign(nuclide_index);
[INFO] [stdout]   |                              ^^^^^^ not found in `Nuclide`
[INFO] [stdout] 
[INFO] [stdout] error: aborting due to 4 previous errors
[INFO] [stdout] 
[INFO] [stdout] For more information about this error, try `rustc --explain E0425`.
[INFO] [stdout] Couldn't compile the test.
[INFO] [stdout] ---- src/nuclide.rs - nuclide::Nuclide::identity (line 121) stdout ----
[INFO] [stdout] error[E0425]: cannot find function `new` in crate `Nuclide`
[INFO] [stdout]  --> src/nuclide.rs:122:23
[INFO] [stdout]   |
[INFO] [stdout] 4 | let radium = Nuclide::new("Ra", 222).unwrap();
[INFO] [stdout]   |                       ^^^ not found in `Nuclide`
[INFO] [stdout] 
[INFO] [stdout] error: aborting due to previous error
[INFO] [stdout] 
[INFO] [stdout] For more information about this error, try `rustc --explain E0425`.
[INFO] [stdout] Couldn't compile the test.
[INFO] [stdout] ---- src/nuclide.rs - nuclide::Nuclide::change (line 80) stdout ----
[INFO] [stdout] error[E0425]: cannot find value `radium` in this scope
[INFO] [stdout]  --> src/nuclide.rs:81:24
[INFO] [stdout]   |
[INFO] [stdout] 3 | let radium_converter = radium.nuclide_index();
[INFO] [stdout]   |                        ^^^^^^ not found in this scope
[INFO] [stdout] 
[INFO] [stdout] error[E0425]: cannot find value `strontium` in this scope
[INFO] [stdout]  --> src/nuclide.rs:83:1
[INFO] [stdout]   |
[INFO] [stdout] 5 | strontium.change(radium_converter); 
[INFO] [stdout]   | ^^^^^^^^^ not found in this scope
[INFO] [stdout] 
[INFO] [stdout] error[E0425]: cannot find value `strontium` in this scope
[INFO] [stdout]  --> src/nuclide.rs:85:12
[INFO] [stdout]   |
[INFO] [stdout] 7 | assert_eq!(strontium.identity(), radium.identity())
[INFO] [stdout]   |            ^^^^^^^^^ not found in this scope
[INFO] [stdout] 
[INFO] [stdout] error[E0425]: cannot find value `radium` in this scope
[INFO] [stdout]  --> src/nuclide.rs:85:34
[INFO] [stdout]   |
[INFO] [stdout] 7 | assert_eq!(strontium.identity(), radium.identity())
[INFO] [stdout]   |                                  ^^^^^^ not found in this scope
[INFO] [stdout] 
[INFO] [stdout] error: aborting due to 4 previous errors
[INFO] [stdout] 
[INFO] [stdout] For more information about this error, try `rustc --explain E0425`.
[INFO] [stdout] Couldn't compile the test.
[INFO] [stdout] 
[INFO] [stdout] failures:
[INFO] [stdout]     src/nuclide.rs - nuclide::Nuclide::assign (line 64)
[INFO] [stdout]     src/nuclide.rs - nuclide::Nuclide::change (line 80)
[INFO] [stdout]     src/nuclide.rs - nuclide::Nuclide::identity (line 121)
[INFO] [stdout] 
[INFO] [stdout] test result: FAILED. 1 passed; 3 failed; 0 ignored; 0 measured; 0 filtered out; finished in 0.42s
[INFO] [stdout] 
[INFO] [stderr] error: test failed, to rerun pass '--doc'
[INFO] running `Command { std: "docker" "inspect" "e7131d5002b33f361bc7f18bc6793bffe27c59af000ed5d4f07fd715ef16fed9", kill_on_drop: false }`
[INFO] running `Command { std: "docker" "rm" "-f" "e7131d5002b33f361bc7f18bc6793bffe27c59af000ed5d4f07fd715ef16fed9", kill_on_drop: false }`
[INFO] [stdout] e7131d5002b33f361bc7f18bc6793bffe27c59af000ed5d4f07fd715ef16fed9
