[INFO] fetching crate JL_IA7 0.1.0...
[INFO] testing JL_IA7-0.1.0 against beta-2021-08-01 for beta-1.55-1
[INFO] extracting crate JL_IA7 0.1.0 into /workspace/builds/worker-52/source
[INFO] validating manifest of crates.io crate JL_IA7 0.1.0 on toolchain beta-2021-08-01
[INFO] running `Command { std: "/workspace/cargo-home/bin/cargo" "+beta-2021-08-01" "metadata" "--manifest-path" "Cargo.toml" "--no-deps", kill_on_drop: false }`
[INFO] started tweaking crates.io crate JL_IA7 0.1.0
[INFO] finished tweaking crates.io crate JL_IA7 0.1.0
[INFO] tweaked toml for crates.io crate JL_IA7 0.1.0 written to /workspace/builds/worker-52/source/Cargo.toml
[INFO] crate crates.io crate JL_IA7 0.1.0 already has a lockfile, it will not be regenerated
[INFO] running `Command { std: "/workspace/cargo-home/bin/cargo" "+beta-2021-08-01" "fetch" "--manifest-path" "Cargo.toml", kill_on_drop: false }`
[INFO] [stderr]  Downloading crates ...
[INFO] [stderr]   Downloaded rpi_embedded v0.0.5
[INFO] running `Command { std: "docker" "create" "-v" "/var/lib/crater-agent-workspace/builds/worker-52/target:/opt/rustwide/target:rw,Z" "-v" "/var/lib/crater-agent-workspace/builds/worker-52/source:/opt/rustwide/workdir:ro,Z" "-v" "/var/lib/crater-agent-workspace/cargo-home:/opt/rustwide/cargo-home:ro,Z" "-v" "/var/lib/crater-agent-workspace/rustup-home:/opt/rustwide/rustup-home:ro,Z" "-e" "SOURCE_DIR=/opt/rustwide/workdir" "-e" "CARGO_TARGET_DIR=/opt/rustwide/target" "-e" "CARGO_HOME=/opt/rustwide/cargo-home" "-e" "RUSTUP_HOME=/opt/rustwide/rustup-home" "-w" "/opt/rustwide/workdir" "-m" "1610612736" "--user" "0:0" "--network" "none" "ghcr.io/rust-lang/crates-build-env/linux@sha256:34b6a614d2c27851fe6cbf88fbd1137609cefab8b10d0615aaeb6fd47975d74e" "/opt/rustwide/cargo-home/bin/cargo" "+beta-2021-08-01" "metadata" "--no-deps" "--format-version=1", kill_on_drop: false }`
[INFO] [stdout] 6dece6b45d88c7c05db84f7e26ba9d1f0fae4eb799332617c671a6380f24eead
[INFO] running `Command { std: "docker" "start" "-a" "6dece6b45d88c7c05db84f7e26ba9d1f0fae4eb799332617c671a6380f24eead", kill_on_drop: false }`
[INFO] running `Command { std: "docker" "inspect" "6dece6b45d88c7c05db84f7e26ba9d1f0fae4eb799332617c671a6380f24eead", kill_on_drop: false }`
[INFO] running `Command { std: "docker" "rm" "-f" "6dece6b45d88c7c05db84f7e26ba9d1f0fae4eb799332617c671a6380f24eead", kill_on_drop: false }`
[INFO] [stdout] 6dece6b45d88c7c05db84f7e26ba9d1f0fae4eb799332617c671a6380f24eead
[INFO] running `Command { std: "docker" "create" "-v" "/var/lib/crater-agent-workspace/builds/worker-52/target:/opt/rustwide/target:rw,Z" "-v" "/var/lib/crater-agent-workspace/builds/worker-52/source:/opt/rustwide/workdir:ro,Z" "-v" "/var/lib/crater-agent-workspace/cargo-home:/opt/rustwide/cargo-home:ro,Z" "-v" "/var/lib/crater-agent-workspace/rustup-home:/opt/rustwide/rustup-home:ro,Z" "-e" "SOURCE_DIR=/opt/rustwide/workdir" "-e" "CARGO_TARGET_DIR=/opt/rustwide/target" "-e" "CARGO_INCREMENTAL=0" "-e" "RUST_BACKTRACE=full" "-e" "RUSTFLAGS=--cap-lints=warn" "-e" "CARGO_HOME=/opt/rustwide/cargo-home" "-e" "RUSTUP_HOME=/opt/rustwide/rustup-home" "-w" "/opt/rustwide/workdir" "-m" "1610612736" "--user" "0:0" "--network" "none" "ghcr.io/rust-lang/crates-build-env/linux@sha256:34b6a614d2c27851fe6cbf88fbd1137609cefab8b10d0615aaeb6fd47975d74e" "/opt/rustwide/cargo-home/bin/cargo" "+beta-2021-08-01" "build" "--frozen" "--message-format=json", kill_on_drop: false }`
[INFO] [stdout] 224bc3c7471ebc34da1c3d4899096468c38d3a03f595a0ba6ec785ac86fb335c
[INFO] running `Command { std: "docker" "start" "-a" "224bc3c7471ebc34da1c3d4899096468c38d3a03f595a0ba6ec785ac86fb335c", kill_on_drop: false }`
[INFO] [stderr]    Compiling libc v0.2.76
[INFO] [stderr]    Compiling rpi_embedded v0.0.5
[INFO] [stderr]    Compiling JL_IA7 v0.1.0 (/opt/rustwide/workdir)
[INFO] [stdout] warning: unreachable expression
[INFO] [stdout]    --> src/main.rs:112:5
[INFO] [stdout]     |
[INFO] [stdout] 105 | /     loop {
[INFO] [stdout] 106 | |         data.getData();
[INFO] [stdout] 107 | |         println!("lat : {} N", data.lat);
[INFO] [stdout] 108 | |         println!("long : {} W", data.long);
[INFO] [stdout] 109 | |         thread::sleep(Duration::from_millis(1000));
[INFO] [stdout] 110 | |     }
[INFO] [stdout]     | |_____- any code following this expression is unreachable
[INFO] [stdout] 111 | 
[INFO] [stdout] 112 |       Ok(())
[INFO] [stdout]     |       ^^^^^^ unreachable expression
[INFO] [stdout]     |
[INFO] [stdout]     = note: `#[warn(unreachable_code)]` on by default
[INFO] [stdout] 
[INFO] [stdout] 
[INFO] [stdout] warning: crate `JL_IA7` should have a snake case name
[INFO] [stdout]   |
[INFO] [stdout]   = note: `#[warn(non_snake_case)]` on by default
[INFO] [stdout]   = help: convert the identifier to snake case: `jl_ia7`
[INFO] [stdout] 
[INFO] [stdout] 
[INFO] [stdout] warning: structure field `Uart_` should have a snake case name
[INFO] [stdout]   --> src/main.rs:37:5
[INFO] [stdout]    |
[INFO] [stdout] 37 |     Uart_ : rpi_embedded::uart::Uart,
[INFO] [stdout]    |     ^^^^^ help: convert the identifier to snake case: `uart`
[INFO] [stdout] 
[INFO] [stdout] 
[INFO] [stdout] warning: structure field `nbSat` should have a snake case name
[INFO] [stdout]   --> src/main.rs:42:5
[INFO] [stdout]    |
[INFO] [stdout] 42 |     nbSat : String,
[INFO] [stdout]    |     ^^^^^ help: convert the identifier to snake case: `nb_sat`
[INFO] [stdout] 
[INFO] [stdout] 
[INFO] [stdout] warning: method `getData` should have a snake case name
[INFO] [stdout]   --> src/main.rs:48:8
[INFO] [stdout]    |
[INFO] [stdout] 48 |     fn getData(&mut self) -> Result<(), Box<dyn Error>>  {
[INFO] [stdout]    |        ^^^^^^^ help: convert the identifier to snake case: `get_data`
[INFO] [stdout] 
[INFO] [stdout] 
[INFO] [stdout] warning: unused `Result` that must be used
[INFO] [stdout]    --> src/main.rs:103:5
[INFO] [stdout]     |
[INFO] [stdout] 103 |     data.init();
[INFO] [stdout]     |     ^^^^^^^^^^^^
[INFO] [stdout]     |
[INFO] [stdout]     = note: `#[warn(unused_must_use)]` on by default
[INFO] [stdout]     = note: this `Result` may be an `Err` variant, which should be handled
[INFO] [stdout] 
[INFO] [stdout] 
[INFO] [stdout] warning: unused `Result` that must be used
[INFO] [stdout]    --> src/main.rs:106:9
[INFO] [stdout]     |
[INFO] [stdout] 106 |         data.getData();
[INFO] [stdout]     |         ^^^^^^^^^^^^^^^
[INFO] [stdout]     |
[INFO] [stdout]     = note: this `Result` may be an `Err` variant, which should be handled
[INFO] [stdout] 
[INFO] [stdout] 
[INFO] [stdout] warning: 7 warnings emitted
[INFO] [stdout] 
[INFO] [stdout] 
[INFO] [stderr]     Finished dev [unoptimized + debuginfo] target(s) in 4.92s
[INFO] running `Command { std: "docker" "inspect" "224bc3c7471ebc34da1c3d4899096468c38d3a03f595a0ba6ec785ac86fb335c", kill_on_drop: false }`
[INFO] running `Command { std: "docker" "rm" "-f" "224bc3c7471ebc34da1c3d4899096468c38d3a03f595a0ba6ec785ac86fb335c", kill_on_drop: false }`
[INFO] [stdout] 224bc3c7471ebc34da1c3d4899096468c38d3a03f595a0ba6ec785ac86fb335c
[INFO] running `Command { std: "docker" "create" "-v" "/var/lib/crater-agent-workspace/builds/worker-52/target:/opt/rustwide/target:rw,Z" "-v" "/var/lib/crater-agent-workspace/builds/worker-52/source:/opt/rustwide/workdir:ro,Z" "-v" "/var/lib/crater-agent-workspace/cargo-home:/opt/rustwide/cargo-home:ro,Z" "-v" "/var/lib/crater-agent-workspace/rustup-home:/opt/rustwide/rustup-home:ro,Z" "-e" "SOURCE_DIR=/opt/rustwide/workdir" "-e" "CARGO_TARGET_DIR=/opt/rustwide/target" "-e" "CARGO_INCREMENTAL=0" "-e" "RUST_BACKTRACE=full" "-e" "RUSTFLAGS=--cap-lints=warn" "-e" "CARGO_HOME=/opt/rustwide/cargo-home" "-e" "RUSTUP_HOME=/opt/rustwide/rustup-home" "-w" "/opt/rustwide/workdir" "-m" "1610612736" "--user" "0:0" "--network" "none" "ghcr.io/rust-lang/crates-build-env/linux@sha256:34b6a614d2c27851fe6cbf88fbd1137609cefab8b10d0615aaeb6fd47975d74e" "/opt/rustwide/cargo-home/bin/cargo" "+beta-2021-08-01" "test" "--frozen" "--no-run" "--message-format=json", kill_on_drop: false }`
[INFO] [stdout] d175c1a34ccdf81443135c8ad01da4e4c138d6a8d2a5090dbe5981a8b059a021
[INFO] running `Command { std: "docker" "start" "-a" "d175c1a34ccdf81443135c8ad01da4e4c138d6a8d2a5090dbe5981a8b059a021", kill_on_drop: false }`
[INFO] [stderr]    Compiling JL_IA7 v0.1.0 (/opt/rustwide/workdir)
[INFO] [stdout] warning: unused import: `std::thread`
[INFO] [stdout]  --> src/main.rs:5:9
[INFO] [stdout]   |
[INFO] [stdout] 5 |     use std::thread;
[INFO] [stdout]   |         ^^^^^^^^^^^
[INFO] [stdout]   |
[INFO] [stdout]   = note: `#[warn(unused_imports)]` on by default
[INFO] [stdout] 
[INFO] [stdout] 
[INFO] [stdout] warning: unreachable expression
[INFO] [stdout]    --> src/main.rs:112:5
[INFO] [stdout]     |
[INFO] [stdout] 105 | /     loop {
[INFO] [stdout] 106 | |         data.getData();
[INFO] [stdout] 107 | |         println!("lat : {} N", data.lat);
[INFO] [stdout] 108 | |         println!("long : {} W", data.long);
[INFO] [stdout] 109 | |         thread::sleep(Duration::from_millis(1000));
[INFO] [stdout] 110 | |     }
[INFO] [stdout]     | |_____- any code following this expression is unreachable
[INFO] [stdout] 111 | 
[INFO] [stdout] 112 |       Ok(())
[INFO] [stdout]     |       ^^^^^^ unreachable expression
[INFO] [stdout]     |
[INFO] [stdout]     = note: `#[warn(unreachable_code)]` on by default
[INFO] [stdout] 
[INFO] [stdout] 
[INFO] [stdout] warning: variable does not need to be mutable
[INFO] [stdout]   --> src/main.rs:17:13
[INFO] [stdout]    |
[INFO] [stdout] 17 |         let mut test = [59u8;1]; //59 is "O" if we do the conversion
[INFO] [stdout]    |             ----^^^^
[INFO] [stdout]    |             |
[INFO] [stdout]    |             help: remove this `mut`
[INFO] [stdout]    |
[INFO] [stdout]    = note: `#[warn(unused_mut)]` on by default
[INFO] [stdout] 
[INFO] [stdout] 
[INFO] [stdout] warning: crate `JL_IA7` should have a snake case name
[INFO] [stdout]   |
[INFO] [stdout]   = note: `#[warn(non_snake_case)]` on by default
[INFO] [stdout]   = help: convert the identifier to snake case: `jl_ia7`
[INFO] [stdout] 
[INFO] [stdout] 
[INFO] [stdout] warning: structure field `Uart_` should have a snake case name
[INFO] [stdout]   --> src/main.rs:37:5
[INFO] [stdout]    |
[INFO] [stdout] 37 |     Uart_ : rpi_embedded::uart::Uart,
[INFO] [stdout]    |     ^^^^^ help: convert the identifier to snake case: `uart`
[INFO] [stdout] 
[INFO] [stdout] 
[INFO] [stdout] warning: structure field `nbSat` should have a snake case name
[INFO] [stdout]   --> src/main.rs:42:5
[INFO] [stdout]    |
[INFO] [stdout] 42 |     nbSat : String,
[INFO] [stdout]    |     ^^^^^ help: convert the identifier to snake case: `nb_sat`
[INFO] [stdout] 
[INFO] [stdout] 
[INFO] [stdout] warning: method `getData` should have a snake case name
[INFO] [stdout]   --> src/main.rs:48:8
[INFO] [stdout]    |
[INFO] [stdout] 48 |     fn getData(&mut self) -> Result<(), Box<dyn Error>>  {
[INFO] [stdout]    |        ^^^^^^^ help: convert the identifier to snake case: `get_data`
[INFO] [stdout] 
[INFO] [stdout] 
[INFO] [stdout] warning: unused `Result` that must be used
[INFO] [stdout]    --> src/main.rs:103:5
[INFO] [stdout]     |
[INFO] [stdout] 103 |     data.init();
[INFO] [stdout]     |     ^^^^^^^^^^^^
[INFO] [stdout]     |
[INFO] [stdout]     = note: `#[warn(unused_must_use)]` on by default
[INFO] [stdout]     = note: this `Result` may be an `Err` variant, which should be handled
[INFO] [stdout] 
[INFO] [stdout] 
[INFO] [stdout] warning: unused `Result` that must be used
[INFO] [stdout]    --> src/main.rs:106:9
[INFO] [stdout]     |
[INFO] [stdout] 106 |         data.getData();
[INFO] [stdout]     |         ^^^^^^^^^^^^^^^
[INFO] [stdout]     |
[INFO] [stdout]     = note: this `Result` may be an `Err` variant, which should be handled
[INFO] [stdout] 
[INFO] [stdout] 
[INFO] [stdout] warning: 9 warnings emitted
[INFO] [stdout] 
[INFO] [stdout] 
[INFO] [stderr]     Finished test [unoptimized + debuginfo] target(s) in 0.83s
[INFO] running `Command { std: "docker" "inspect" "d175c1a34ccdf81443135c8ad01da4e4c138d6a8d2a5090dbe5981a8b059a021", kill_on_drop: false }`
[INFO] running `Command { std: "docker" "rm" "-f" "d175c1a34ccdf81443135c8ad01da4e4c138d6a8d2a5090dbe5981a8b059a021", kill_on_drop: false }`
[INFO] [stdout] d175c1a34ccdf81443135c8ad01da4e4c138d6a8d2a5090dbe5981a8b059a021
[INFO] running `Command { std: "docker" "create" "-v" "/var/lib/crater-agent-workspace/builds/worker-52/target:/opt/rustwide/target:rw,Z" "-v" "/var/lib/crater-agent-workspace/builds/worker-52/source:/opt/rustwide/workdir:ro,Z" "-v" "/var/lib/crater-agent-workspace/cargo-home:/opt/rustwide/cargo-home:ro,Z" "-v" "/var/lib/crater-agent-workspace/rustup-home:/opt/rustwide/rustup-home:ro,Z" "-e" "SOURCE_DIR=/opt/rustwide/workdir" "-e" "CARGO_TARGET_DIR=/opt/rustwide/target" "-e" "CARGO_INCREMENTAL=0" "-e" "RUST_BACKTRACE=full" "-e" "RUSTFLAGS=--cap-lints=warn" "-e" "CARGO_HOME=/opt/rustwide/cargo-home" "-e" "RUSTUP_HOME=/opt/rustwide/rustup-home" "-w" "/opt/rustwide/workdir" "-m" "1610612736" "--user" "0:0" "--network" "none" "ghcr.io/rust-lang/crates-build-env/linux@sha256:34b6a614d2c27851fe6cbf88fbd1137609cefab8b10d0615aaeb6fd47975d74e" "/opt/rustwide/cargo-home/bin/cargo" "+beta-2021-08-01" "test" "--frozen", kill_on_drop: false }`
[INFO] [stdout] 4ca4cf237d0081283cf52fc4bad7338de723413cf1f7758193f6307617c81b9f
[INFO] running `Command { std: "docker" "start" "-a" "4ca4cf237d0081283cf52fc4bad7338de723413cf1f7758193f6307617c81b9f", kill_on_drop: false }`
[INFO] [stderr] warning: unused import: `std::thread`
[INFO] [stderr]  --> src/main.rs:5:9
[INFO] [stderr]   |
[INFO] [stderr] 5 |     use std::thread;
[INFO] [stderr]   |         ^^^^^^^^^^^
[INFO] [stderr]   |
[INFO] [stderr]   = note: `#[warn(unused_imports)]` on by default
[INFO] [stderr] 
[INFO] [stderr] warning: unreachable expression
[INFO] [stderr]    --> src/main.rs:112:5
[INFO] [stderr]     |
[INFO] [stderr] 105 | /     loop {
[INFO] [stderr] 106 | |         data.getData();
[INFO] [stderr] 107 | |         println!("lat : {} N", data.lat);
[INFO] [stderr] 108 | |         println!("long : {} W", data.long);
[INFO] [stderr] 109 | |         thread::sleep(Duration::from_millis(1000));
[INFO] [stderr] 110 | |     }
[INFO] [stderr]     | |_____- any code following this expression is unreachable
[INFO] [stderr] 111 | 
[INFO] [stderr] 112 |       Ok(())
[INFO] [stderr]     |       ^^^^^^ unreachable expression
[INFO] [stderr]     |
[INFO] [stderr]     = note: `#[warn(unreachable_code)]` on by default
[INFO] [stderr] 
[INFO] [stderr] warning: variable does not need to be mutable
[INFO] [stderr]   --> src/main.rs:17:13
[INFO] [stderr]    |
[INFO] [stderr] 17 |         let mut test = [59u8;1]; //59 is "O" if we do the conversion
[INFO] [stderr]    |             ----^^^^
[INFO] [stderr]    |             |
[INFO] [stderr]    |             help: remove this `mut`
[INFO] [stderr]    |
[INFO] [stderr]    = note: `#[warn(unused_mut)]` on by default
[INFO] [stderr] 
[INFO] [stderr] warning: crate `JL_IA7` should have a snake case name
[INFO] [stderr]   |
[INFO] [stderr]   = note: `#[warn(non_snake_case)]` on by default
[INFO] [stderr]   = help: convert the identifier to snake case: `jl_ia7`
[INFO] [stderr] 
[INFO] [stderr] warning: structure field `Uart_` should have a snake case name
[INFO] [stderr]   --> src/main.rs:37:5
[INFO] [stderr]    |
[INFO] [stderr] 37 |     Uart_ : rpi_embedded::uart::Uart,
[INFO] [stderr]    |     ^^^^^ help: convert the identifier to snake case: `uart`
[INFO] [stderr] 
[INFO] [stderr] warning: structure field `nbSat` should have a snake case name
[INFO] [stderr]   --> src/main.rs:42:5
[INFO] [stderr]    |
[INFO] [stderr] 42 |     nbSat : String,
[INFO] [stderr]    |     ^^^^^ help: convert the identifier to snake case: `nb_sat`
[INFO] [stderr] 
[INFO] [stderr] warning: method `getData` should have a snake case name
[INFO] [stderr]   --> src/main.rs:48:8
[INFO] [stderr]    |
[INFO] [stderr] 48 |     fn getData(&mut self) -> Result<(), Box<dyn Error>>  {
[INFO] [stderr]    |        ^^^^^^^ help: convert the identifier to snake case: `get_data`
[INFO] [stderr] 
[INFO] [stderr] warning: unused `Result` that must be used
[INFO] [stderr]    --> src/main.rs:103:5
[INFO] [stderr]     |
[INFO] [stderr] 103 |     data.init();
[INFO] [stderr]     |     ^^^^^^^^^^^^
[INFO] [stderr]     |
[INFO] [stderr]     = note: `#[warn(unused_must_use)]` on by default
[INFO] [stderr]     = note: this `Result` may be an `Err` variant, which should be handled
[INFO] [stderr] 
[INFO] [stderr] warning: unused `Result` that must be used
[INFO] [stderr]    --> src/main.rs:106:9
[INFO] [stderr]     |
[INFO] [stderr] 106 |         data.getData();
[INFO] [stderr]     |         ^^^^^^^^^^^^^^^
[INFO] [stderr]     |
[INFO] [stderr]     = note: this `Result` may be an `Err` variant, which should be handled
[INFO] [stderr] 
[INFO] [stderr] warning: `JL_IA7` (bin "JL_IA7" test) generated 9 warnings
[INFO] [stderr]     Finished test [unoptimized + debuginfo] target(s) in 0.03s
[INFO] [stderr]      Running unittests (/opt/rustwide/target/debug/deps/JL_IA7-0879f29e61e1b47f)
[INFO] [stdout] 
[INFO] [stdout] running 1 test
[INFO] [stdout] test tests::uart_test ... FAILED
[INFO] [stdout] 
[INFO] [stdout] failures:
[INFO] [stdout] 
[INFO] [stdout] ---- tests::uart_test stdout ----
[INFO] [stdout] Error: Io(Os { code: 2, kind: NotFound, message: "No such file or directory" })
[INFO] [stdout] thread 'tests::uart_test' panicked at 'assertion failed: `(left == right)`
[INFO] [stdout]   left: `1`,
[INFO] [stdout]  right: `0`: the test returned a termination value with a non-zero status code (1) which indicates a failure', /rustc/53fd98ca776cb875bc9e5514f56b52eb74f9e7a9/library/test/src/lib.rs:194:5
[INFO] [stdout] stack backtrace:
[INFO] [stdout]    0:     0x55b420e4c700 - std::backtrace_rs::backtrace::libunwind::trace::hff4d1766e93f64f1
[INFO] [stdout]                                at /rustc/53fd98ca776cb875bc9e5514f56b52eb74f9e7a9/library/std/src/../../backtrace/src/backtrace/libunwind.rs:90:5
[INFO] [stdout]    1:     0x55b420e4c700 - std::backtrace_rs::backtrace::trace_unsynchronized::h56bbc8eb78770bcb
[INFO] [stdout]                                at /rustc/53fd98ca776cb875bc9e5514f56b52eb74f9e7a9/library/std/src/../../backtrace/src/backtrace/mod.rs:66:5
[INFO] [stdout]    2:     0x55b420e4c700 - std::sys_common::backtrace::_print_fmt::h5c8e75464faca780
[INFO] [stdout]                                at /rustc/53fd98ca776cb875bc9e5514f56b52eb74f9e7a9/library/std/src/sys_common/backtrace.rs:67:5
[INFO] [stdout]    3:     0x55b420e4c700 - <std::sys_common::backtrace::_print::DisplayBacktrace as core::fmt::Display>::fmt::h48b88277def8b362
[INFO] [stdout]                                at /rustc/53fd98ca776cb875bc9e5514f56b52eb74f9e7a9/library/std/src/sys_common/backtrace.rs:46:22
[INFO] [stdout]    4:     0x55b420e6f0fc - core::fmt::write::h3381b3176fe2b3d3
[INFO] [stdout]                                at /rustc/53fd98ca776cb875bc9e5514f56b52eb74f9e7a9/library/core/src/fmt/mod.rs:1115:17
[INFO] [stdout]    5:     0x55b420e49645 - std::io::Write::write_fmt::h5f34a676f60246b5
[INFO] [stdout]                                at /rustc/53fd98ca776cb875bc9e5514f56b52eb74f9e7a9/library/std/src/io/mod.rs:1665:15
[INFO] [stdout]    6:     0x55b420e4e87b - std::sys_common::backtrace::_print::ha537687d6c17dd0d
[INFO] [stdout]                                at /rustc/53fd98ca776cb875bc9e5514f56b52eb74f9e7a9/library/std/src/sys_common/backtrace.rs:49:5
[INFO] [stdout]    7:     0x55b420e4e87b - std::sys_common::backtrace::print::h61376ae57d131d72
[INFO] [stdout]                                at /rustc/53fd98ca776cb875bc9e5514f56b52eb74f9e7a9/library/std/src/sys_common/backtrace.rs:36:9
[INFO] [stdout]    8:     0x55b420e4e87b - std::panicking::default_hook::{{closure}}::h0f7208c0b9644a54
[INFO] [stdout]                                at /rustc/53fd98ca776cb875bc9e5514f56b52eb74f9e7a9/library/std/src/panicking.rs:208:50
[INFO] [stdout]    9:     0x55b420e4e38c - std::panicking::default_hook::hdac7fc06578c14ce
[INFO] [stdout]                                at /rustc/53fd98ca776cb875bc9e5514f56b52eb74f9e7a9/library/std/src/panicking.rs:222:9
[INFO] [stdout]   10:     0x55b420e4ef44 - std::panicking::rust_panic_with_hook::h72b21c283da3d1ef
[INFO] [stdout]                                at /rustc/53fd98ca776cb875bc9e5514f56b52eb74f9e7a9/library/std/src/panicking.rs:622:17
[INFO] [stdout]   11:     0x55b420e4ea27 - std::panicking::begin_panic_handler::{{closure}}::he5778f1729cff84a
[INFO] [stdout]                                at /rustc/53fd98ca776cb875bc9e5514f56b52eb74f9e7a9/library/std/src/panicking.rs:519:13
[INFO] [stdout]   12:     0x55b420e4cbdc - std::sys_common::backtrace::__rust_end_short_backtrace::h2d11ca8b453b4b1d
[INFO] [stdout]                                at /rustc/53fd98ca776cb875bc9e5514f56b52eb74f9e7a9/library/std/src/sys_common/backtrace.rs:141:18
[INFO] [stdout]   13:     0x55b420e4e989 - rust_begin_unwind
[INFO] [stdout]                                at /rustc/53fd98ca776cb875bc9e5514f56b52eb74f9e7a9/library/std/src/panicking.rs:515:5
[INFO] [stdout]   14:     0x55b420de43b1 - core::panicking::panic_fmt::hf9de31d4acbce4db
[INFO] [stdout]                                at /rustc/53fd98ca776cb875bc9e5514f56b52eb74f9e7a9/library/core/src/panicking.rs:92:14
[INFO] [stdout]   15:     0x55b420e6dafe - core::panicking::assert_failed_inner::h62e8cb2847a6e7ec
[INFO] [stdout]   16:     0x55b420de652a - core::panicking::assert_failed::h1f86df328a0fc9cd
[INFO] [stdout]                                at /rustc/53fd98ca776cb875bc9e5514f56b52eb74f9e7a9/library/core/src/panicking.rs:117:5
[INFO] [stdout]   17:     0x55b420de6235 - test::assert_test_result::hee232cbd43a959e6
[INFO] [stdout]                                at /rustc/53fd98ca776cb875bc9e5514f56b52eb74f9e7a9/library/test/src/lib.rs:194:5
[INFO] [stdout]   18:     0x55b420de5b35 - JL_IA7::tests::uart_test::{{closure}}::h0f4f7e38f7d2f848
[INFO] [stdout]                                at /opt/rustwide/workdir/src/main.rs:14:5
[INFO] [stdout]   19:     0x55b420de594e - core::ops::function::FnOnce::call_once::he7fc1068c2e56055
[INFO] [stdout]                                at /rustc/53fd98ca776cb875bc9e5514f56b52eb74f9e7a9/library/core/src/ops/function.rs:227:5
[INFO] [stdout]   20:     0x55b420e198f3 - core::ops::function::FnOnce::call_once::hbb52c4519d3137b0
[INFO] [stdout]                                at /rustc/53fd98ca776cb875bc9e5514f56b52eb74f9e7a9/library/core/src/ops/function.rs:227:5
[INFO] [stdout]   21:     0x55b420e198f3 - test::__rust_begin_short_backtrace::h86fe3a2a5a5121af
[INFO] [stdout]                                at /rustc/53fd98ca776cb875bc9e5514f56b52eb74f9e7a9/library/test/src/lib.rs:578:5
[INFO] [stdout]   22:     0x55b420e183a8 - <alloc::boxed::Box<F,A> as core::ops::function::FnOnce<Args>>::call_once::hfd956bc3d57399be
[INFO] [stdout]                                at /rustc/53fd98ca776cb875bc9e5514f56b52eb74f9e7a9/library/alloc/src/boxed.rs:1572:9
[INFO] [stdout]   23:     0x55b420e183a8 - <std::panic::AssertUnwindSafe<F> as core::ops::function::FnOnce<()>>::call_once::h40dc93e0ddb5938a
[INFO] [stdout]                                at /rustc/53fd98ca776cb875bc9e5514f56b52eb74f9e7a9/library/std/src/panic.rs:347:9
[INFO] [stdout]   24:     0x55b420e183a8 - std::panicking::try::do_call::h90d07750cb47c562
[INFO] [stdout]                                at /rustc/53fd98ca776cb875bc9e5514f56b52eb74f9e7a9/library/std/src/panicking.rs:401:40
[INFO] [stdout]   25:     0x55b420e183a8 - std::panicking::try::h063c84733ad2a629
[INFO] [stdout]                                at /rustc/53fd98ca776cb875bc9e5514f56b52eb74f9e7a9/library/std/src/panicking.rs:365:19
[INFO] [stdout]   26:     0x55b420e183a8 - std::panic::catch_unwind::h0c464836a84e7c08
[INFO] [stdout]                                at /rustc/53fd98ca776cb875bc9e5514f56b52eb74f9e7a9/library/std/src/panic.rs:434:14
[INFO] [stdout]   27:     0x55b420e183a8 - test::run_test_in_process::h5cb06ef620b157fc
[INFO] [stdout]                                at /rustc/53fd98ca776cb875bc9e5514f56b52eb74f9e7a9/library/test/src/lib.rs:601:18
[INFO] [stdout]   28:     0x55b420e183a8 - test::run_test::run_test_inner::{{closure}}::h76f677f4b93f9828
[INFO] [stdout]                                at /rustc/53fd98ca776cb875bc9e5514f56b52eb74f9e7a9/library/test/src/lib.rs:493:39
[INFO] [stdout]   29:     0x55b420de6b3d - test::run_test::run_test_inner::{{closure}}::h366d01fe04f4d67a
[INFO] [stdout]                                at /rustc/53fd98ca776cb875bc9e5514f56b52eb74f9e7a9/library/test/src/lib.rs:520:37
[INFO] [stdout]   30:     0x55b420de6b3d - std::sys_common::backtrace::__rust_begin_short_backtrace::h7dfa0de4eb395af2
[INFO] [stdout]                                at /rustc/53fd98ca776cb875bc9e5514f56b52eb74f9e7a9/library/std/src/sys_common/backtrace.rs:125:18
[INFO] [stdout]   31:     0x55b420deb308 - std::thread::Builder::spawn_unchecked::{{closure}}::{{closure}}::hf0a74bb58798037f
[INFO] [stdout]                                at /rustc/53fd98ca776cb875bc9e5514f56b52eb74f9e7a9/library/std/src/thread/mod.rs:476:17
[INFO] [stdout]   32:     0x55b420deb308 - <std::panic::AssertUnwindSafe<F> as core::ops::function::FnOnce<()>>::call_once::hb024e854818586ac
[INFO] [stdout]                                at /rustc/53fd98ca776cb875bc9e5514f56b52eb74f9e7a9/library/std/src/panic.rs:347:9
[INFO] [stdout]   33:     0x55b420deb308 - std::panicking::try::do_call::hb2dd9f1d0d48e41d
[INFO] [stdout]                                at /rustc/53fd98ca776cb875bc9e5514f56b52eb74f9e7a9/library/std/src/panicking.rs:401:40
[INFO] [stdout]   34:     0x55b420deb308 - std::panicking::try::h4717ae7bac8b2bf3
[INFO] [stdout]                                at /rustc/53fd98ca776cb875bc9e5514f56b52eb74f9e7a9/library/std/src/panicking.rs:365:19
[INFO] [stdout]   35:     0x55b420deb308 - std::panic::catch_unwind::h0dc8a061326ce8d8
[INFO] [stdout]                                at /rustc/53fd98ca776cb875bc9e5514f56b52eb74f9e7a9/library/std/src/panic.rs:434:14
[INFO] [stdout]   36:     0x55b420deb308 - std::thread::Builder::spawn_unchecked::{{closure}}::haa369e2d6fd00aa1
[INFO] [stdout]                                at /rustc/53fd98ca776cb875bc9e5514f56b52eb74f9e7a9/library/std/src/thread/mod.rs:475:30
[INFO] [stdout]   37:     0x55b420deb308 - core::ops::function::FnOnce::call_once{{vtable.shim}}::h36dcf3de8b056f17
[INFO] [stdout]                                at /rustc/53fd98ca776cb875bc9e5514f56b52eb74f9e7a9/library/core/src/ops/function.rs:227:5
[INFO] [stdout]   38:     0x55b420e53ce7 - <alloc::boxed::Box<F,A> as core::ops::function::FnOnce<Args>>::call_once::h65c29e4642be2358
[INFO] [stdout]                                at /rustc/53fd98ca776cb875bc9e5514f56b52eb74f9e7a9/library/alloc/src/boxed.rs:1572:9
[INFO] [stdout]   39:     0x55b420e53ce7 - <alloc::boxed::Box<F,A> as core::ops::function::FnOnce<Args>>::call_once::hd0f8f7fbbd9fffbf
[INFO] [stdout]                                at /rustc/53fd98ca776cb875bc9e5514f56b52eb74f9e7a9/library/alloc/src/boxed.rs:1572:9
[INFO] [stdout]   40:     0x55b420e53ce7 - std::sys::unix::thread::Thread::new::thread_start::h2fd22fee3ca77b65
[INFO] [stdout]                                at /rustc/53fd98ca776cb875bc9e5514f56b52eb74f9e7a9/library/std/src/sys/unix/thread.rs:74:17
[INFO] [stdout]   41:     0x7f398fe5f609 - start_thread
[INFO] [stdout]   42:     0x7f398fc37293 - clone
[INFO] [stdout]   43:                0x0 - <unknown>
[INFO] [stdout] 
[INFO] [stdout] 
[INFO] [stdout] failures:
[INFO] [stdout]     tests::uart_test
[INFO] [stdout] 
[INFO] [stdout] test result: FAILED. 0 passed; 1 failed; 0 ignored; 0 measured; 0 filtered out; finished in 0.02s
[INFO] [stdout] 
[INFO] [stderr] error: test failed, to rerun pass '--bin JL_IA7'
[INFO] running `Command { std: "docker" "inspect" "4ca4cf237d0081283cf52fc4bad7338de723413cf1f7758193f6307617c81b9f", kill_on_drop: false }`
[INFO] running `Command { std: "docker" "rm" "-f" "4ca4cf237d0081283cf52fc4bad7338de723413cf1f7758193f6307617c81b9f", kill_on_drop: false }`
[INFO] [stdout] 4ca4cf237d0081283cf52fc4bad7338de723413cf1f7758193f6307617c81b9f
