[INFO] fetching crate GPS-Gunnlaug_18 0.1.6...
[INFO] testing GPS-Gunnlaug_18-0.1.6 against beta-2021-08-01 for beta-1.55-1
[INFO] extracting crate GPS-Gunnlaug_18 0.1.6 into /workspace/builds/worker-76/source
[INFO] validating manifest of crates.io crate GPS-Gunnlaug_18 0.1.6 on toolchain beta-2021-08-01
[INFO] running `Command { std: "/workspace/cargo-home/bin/cargo" "+beta-2021-08-01" "metadata" "--manifest-path" "Cargo.toml" "--no-deps", kill_on_drop: false }`
[INFO] started tweaking crates.io crate GPS-Gunnlaug_18 0.1.6
[INFO] finished tweaking crates.io crate GPS-Gunnlaug_18 0.1.6
[INFO] tweaked toml for crates.io crate GPS-Gunnlaug_18 0.1.6 written to /workspace/builds/worker-76/source/Cargo.toml
[INFO] running `Command { std: "/workspace/cargo-home/bin/cargo" "+beta-2021-08-01" "generate-lockfile" "--manifest-path" "Cargo.toml" "-Zno-index-update", kill_on_drop: false }`
[INFO] running `Command { std: "/workspace/cargo-home/bin/cargo" "+beta-2021-08-01" "fetch" "--manifest-path" "Cargo.toml", kill_on_drop: false }`
[INFO] running `Command { std: "docker" "create" "-v" "/var/lib/crater-agent-workspace/builds/worker-76/target:/opt/rustwide/target:rw,Z" "-v" "/var/lib/crater-agent-workspace/builds/worker-76/source:/opt/rustwide/workdir:ro,Z" "-v" "/var/lib/crater-agent-workspace/cargo-home:/opt/rustwide/cargo-home:ro,Z" "-v" "/var/lib/crater-agent-workspace/rustup-home:/opt/rustwide/rustup-home:ro,Z" "-e" "SOURCE_DIR=/opt/rustwide/workdir" "-e" "CARGO_TARGET_DIR=/opt/rustwide/target" "-e" "CARGO_HOME=/opt/rustwide/cargo-home" "-e" "RUSTUP_HOME=/opt/rustwide/rustup-home" "-w" "/opt/rustwide/workdir" "-m" "1610612736" "--user" "0:0" "--network" "none" "ghcr.io/rust-lang/crates-build-env/linux@sha256:34b6a614d2c27851fe6cbf88fbd1137609cefab8b10d0615aaeb6fd47975d74e" "/opt/rustwide/cargo-home/bin/cargo" "+beta-2021-08-01" "metadata" "--no-deps" "--format-version=1", kill_on_drop: false }`
[INFO] [stdout] 406f1f9e731fc89e6cacd76e5da3bb5729dd6979c387dde8f42645b8ab6bc23b
[INFO] running `Command { std: "docker" "start" "-a" "406f1f9e731fc89e6cacd76e5da3bb5729dd6979c387dde8f42645b8ab6bc23b", kill_on_drop: false }`
[INFO] running `Command { std: "docker" "inspect" "406f1f9e731fc89e6cacd76e5da3bb5729dd6979c387dde8f42645b8ab6bc23b", kill_on_drop: false }`
[INFO] running `Command { std: "docker" "rm" "-f" "406f1f9e731fc89e6cacd76e5da3bb5729dd6979c387dde8f42645b8ab6bc23b", kill_on_drop: false }`
[INFO] [stdout] 406f1f9e731fc89e6cacd76e5da3bb5729dd6979c387dde8f42645b8ab6bc23b
[INFO] running `Command { std: "docker" "create" "-v" "/var/lib/crater-agent-workspace/builds/worker-76/target:/opt/rustwide/target:rw,Z" "-v" "/var/lib/crater-agent-workspace/builds/worker-76/source:/opt/rustwide/workdir:ro,Z" "-v" "/var/lib/crater-agent-workspace/cargo-home:/opt/rustwide/cargo-home:ro,Z" "-v" "/var/lib/crater-agent-workspace/rustup-home:/opt/rustwide/rustup-home:ro,Z" "-e" "SOURCE_DIR=/opt/rustwide/workdir" "-e" "CARGO_TARGET_DIR=/opt/rustwide/target" "-e" "CARGO_INCREMENTAL=0" "-e" "RUST_BACKTRACE=full" "-e" "RUSTFLAGS=--cap-lints=warn" "-e" "CARGO_HOME=/opt/rustwide/cargo-home" "-e" "RUSTUP_HOME=/opt/rustwide/rustup-home" "-w" "/opt/rustwide/workdir" "-m" "1610612736" "--user" "0:0" "--network" "none" "ghcr.io/rust-lang/crates-build-env/linux@sha256:34b6a614d2c27851fe6cbf88fbd1137609cefab8b10d0615aaeb6fd47975d74e" "/opt/rustwide/cargo-home/bin/cargo" "+beta-2021-08-01" "build" "--frozen" "--message-format=json", kill_on_drop: false }`
[INFO] [stdout] ccae549912534f6dfb2676b843c56bc7a4903fd7383cd91db3cf91b0054152b1
[INFO] running `Command { std: "docker" "start" "-a" "ccae549912534f6dfb2676b843c56bc7a4903fd7383cd91db3cf91b0054152b1", kill_on_drop: false }`
[INFO] [stderr]    Compiling libc v0.2.98
[INFO] [stderr]    Compiling rpi_embedded v0.1.0
[INFO] [stderr]    Compiling GPS-Gunnlaug_18 v0.1.6 (/opt/rustwide/workdir)
[INFO] [stdout] warning: struct is never constructed: `GPS`
[INFO] [stdout]   --> src/lib.rs:45:8
[INFO] [stdout]    |
[INFO] [stdout] 45 | struct GPS{
[INFO] [stdout]    |        ^^^
[INFO] [stdout]    |
[INFO] [stdout]    = note: `#[warn(dead_code)]` on by default
[INFO] [stdout] 
[INFO] [stdout] 
[INFO] [stdout] warning: associated function is never used: `new`
[INFO] [stdout]   --> src/lib.rs:58:12
[INFO] [stdout]    |
[INFO] [stdout] 58 |     pub fn new() -> Self{
[INFO] [stdout]    |            ^^^
[INFO] [stdout] 
[INFO] [stdout] 
[INFO] [stdout] warning: associated function is never used: `spliting`
[INFO] [stdout]   --> src/lib.rs:71:12
[INFO] [stdout]    |
[INFO] [stdout] 71 |     pub fn spliting(&mut self,string_read:String){
[INFO] [stdout]    |            ^^^^^^^^
[INFO] [stdout] 
[INFO] [stdout] 
[INFO] [stdout] warning: associated function is never used: `gps_system`
[INFO] [stdout]   --> src/lib.rs:82:13
[INFO] [stdout]    |
[INFO] [stdout] 82 |     pub fn  gps_system(&mut self,read_vec: Vec<&str>){ //takes a value from the list and converts it to string for latitude ,longitude ,a...
[INFO] [stdout]    |             ^^^^^^^^^^
[INFO] [stdout] 
[INFO] [stdout] 
[INFO] [stdout] warning: associated function is never used: `gps_print`
[INFO] [stdout]   --> src/lib.rs:92:12
[INFO] [stdout]    |
[INFO] [stdout] 92 |     pub fn gps_print(&mut self){//function to print
[INFO] [stdout]    |            ^^^^^^^^^
[INFO] [stdout] 
[INFO] [stdout] 
[INFO] [stdout] warning: associated function is never used: `settings_uart`
[INFO] [stdout]    --> src/lib.rs:103:12
[INFO] [stdout]     |
[INFO] [stdout] 103 |     pub fn settings_uart(&mut self){
[INFO] [stdout]     |            ^^^^^^^^^^^^^
[INFO] [stdout] 
[INFO] [stdout] 
[INFO] [stdout] warning: function is never used: `main`
[INFO] [stdout]    --> src/lib.rs:116:4
[INFO] [stdout]     |
[INFO] [stdout] 116 | fn main(){
[INFO] [stdout]     |    ^^^^
[INFO] [stdout] 
[INFO] [stdout] 
[INFO] [stdout] warning: crate `GPS_Gunnlaug_18` should have a snake case name
[INFO] [stdout]   |
[INFO] [stdout]   = note: `#[warn(non_snake_case)]` on by default
[INFO] [stdout]   = help: convert the identifier to snake case: `gps_gunnlaug_18`
[INFO] [stdout] 
[INFO] [stdout] 
[INFO] [stdout] warning: 8 warnings emitted
[INFO] [stdout] 
[INFO] [stdout] 
[INFO] [stderr]     Finished dev [unoptimized + debuginfo] target(s) in 3.34s
[INFO] running `Command { std: "docker" "inspect" "ccae549912534f6dfb2676b843c56bc7a4903fd7383cd91db3cf91b0054152b1", kill_on_drop: false }`
[INFO] running `Command { std: "docker" "rm" "-f" "ccae549912534f6dfb2676b843c56bc7a4903fd7383cd91db3cf91b0054152b1", kill_on_drop: false }`
[INFO] [stdout] ccae549912534f6dfb2676b843c56bc7a4903fd7383cd91db3cf91b0054152b1
[INFO] running `Command { std: "docker" "create" "-v" "/var/lib/crater-agent-workspace/builds/worker-76/target:/opt/rustwide/target:rw,Z" "-v" "/var/lib/crater-agent-workspace/builds/worker-76/source:/opt/rustwide/workdir:ro,Z" "-v" "/var/lib/crater-agent-workspace/cargo-home:/opt/rustwide/cargo-home:ro,Z" "-v" "/var/lib/crater-agent-workspace/rustup-home:/opt/rustwide/rustup-home:ro,Z" "-e" "SOURCE_DIR=/opt/rustwide/workdir" "-e" "CARGO_TARGET_DIR=/opt/rustwide/target" "-e" "CARGO_INCREMENTAL=0" "-e" "RUST_BACKTRACE=full" "-e" "RUSTFLAGS=--cap-lints=warn" "-e" "CARGO_HOME=/opt/rustwide/cargo-home" "-e" "RUSTUP_HOME=/opt/rustwide/rustup-home" "-w" "/opt/rustwide/workdir" "-m" "1610612736" "--user" "0:0" "--network" "none" "ghcr.io/rust-lang/crates-build-env/linux@sha256:34b6a614d2c27851fe6cbf88fbd1137609cefab8b10d0615aaeb6fd47975d74e" "/opt/rustwide/cargo-home/bin/cargo" "+beta-2021-08-01" "test" "--frozen" "--no-run" "--message-format=json", kill_on_drop: false }`
[INFO] [stdout] 2dfb2d45fef62c09ecd9d5862d26b939f13ebeca2e47c6656b11c3a1e73191a0
[INFO] running `Command { std: "docker" "start" "-a" "2dfb2d45fef62c09ecd9d5862d26b939f13ebeca2e47c6656b11c3a1e73191a0", kill_on_drop: false }`
[INFO] [stderr]    Compiling GPS-Gunnlaug_18 v0.1.6 (/opt/rustwide/workdir)
[INFO] [stdout] warning: struct is never constructed: `GPS`
[INFO] [stdout]   --> src/lib.rs:45:8
[INFO] [stdout]    |
[INFO] [stdout] 45 | struct GPS{
[INFO] [stdout]    |        ^^^
[INFO] [stdout]    |
[INFO] [stdout]    = note: `#[warn(dead_code)]` on by default
[INFO] [stdout] 
[INFO] [stdout] 
[INFO] [stdout] warning: associated function is never used: `new`
[INFO] [stdout]   --> src/lib.rs:58:12
[INFO] [stdout]    |
[INFO] [stdout] 58 |     pub fn new() -> Self{
[INFO] [stdout]    |            ^^^
[INFO] [stdout] 
[INFO] [stdout] 
[INFO] [stdout] warning: associated function is never used: `spliting`
[INFO] [stdout]   --> src/lib.rs:71:12
[INFO] [stdout]    |
[INFO] [stdout] 71 |     pub fn spliting(&mut self,string_read:String){
[INFO] [stdout]    |            ^^^^^^^^
[INFO] [stdout] 
[INFO] [stdout] 
[INFO] [stdout] warning: associated function is never used: `gps_system`
[INFO] [stdout]   --> src/lib.rs:82:13
[INFO] [stdout]    |
[INFO] [stdout] 82 |     pub fn  gps_system(&mut self,read_vec: Vec<&str>){ //takes a value from the list and converts it to string for latitude ,longitude ,a...
[INFO] [stdout]    |             ^^^^^^^^^^
[INFO] [stdout] 
[INFO] [stdout] 
[INFO] [stdout] warning: associated function is never used: `gps_print`
[INFO] [stdout]   --> src/lib.rs:92:12
[INFO] [stdout]    |
[INFO] [stdout] 92 |     pub fn gps_print(&mut self){//function to print
[INFO] [stdout]    |            ^^^^^^^^^
[INFO] [stdout] 
[INFO] [stdout] 
[INFO] [stdout] warning: associated function is never used: `settings_uart`
[INFO] [stdout]    --> src/lib.rs:103:12
[INFO] [stdout]     |
[INFO] [stdout] 103 |     pub fn settings_uart(&mut self){
[INFO] [stdout]     |            ^^^^^^^^^^^^^
[INFO] [stdout] 
[INFO] [stdout] 
[INFO] [stdout] warning: function is never used: `main`
[INFO] [stdout]    --> src/lib.rs:116:4
[INFO] [stdout]     |
[INFO] [stdout] 116 | fn main(){
[INFO] [stdout]     |    ^^^^
[INFO] [stdout] 
[INFO] [stdout] 
[INFO] [stdout] warning: crate `GPS_Gunnlaug_18` should have a snake case name
[INFO] [stdout]   |
[INFO] [stdout]   = note: `#[warn(non_snake_case)]` on by default
[INFO] [stdout]   = help: convert the identifier to snake case: `gps_gunnlaug_18`
[INFO] [stdout] 
[INFO] [stdout] 
[INFO] [stdout] warning: 8 warnings emitted
[INFO] [stdout] 
[INFO] [stdout] 
[INFO] [stdout] warning: crate `GPS_Gunnlaug_18` should have a snake case name
[INFO] [stdout]   |
[INFO] [stdout]   = note: `#[warn(non_snake_case)]` on by default
[INFO] [stdout]   = help: convert the identifier to snake case: `gps_gunnlaug_18`
[INFO] [stdout] 
[INFO] [stdout] 
[INFO] [stdout] warning: 1 warning emitted
[INFO] [stdout] 
[INFO] [stdout] 
[INFO] [stderr]     Finished test [unoptimized + debuginfo] target(s) in 0.63s
[INFO] running `Command { std: "docker" "inspect" "2dfb2d45fef62c09ecd9d5862d26b939f13ebeca2e47c6656b11c3a1e73191a0", kill_on_drop: false }`
[INFO] running `Command { std: "docker" "rm" "-f" "2dfb2d45fef62c09ecd9d5862d26b939f13ebeca2e47c6656b11c3a1e73191a0", kill_on_drop: false }`
[INFO] [stdout] 2dfb2d45fef62c09ecd9d5862d26b939f13ebeca2e47c6656b11c3a1e73191a0
[INFO] running `Command { std: "docker" "create" "-v" "/var/lib/crater-agent-workspace/builds/worker-76/target:/opt/rustwide/target:rw,Z" "-v" "/var/lib/crater-agent-workspace/builds/worker-76/source:/opt/rustwide/workdir:ro,Z" "-v" "/var/lib/crater-agent-workspace/cargo-home:/opt/rustwide/cargo-home:ro,Z" "-v" "/var/lib/crater-agent-workspace/rustup-home:/opt/rustwide/rustup-home:ro,Z" "-e" "SOURCE_DIR=/opt/rustwide/workdir" "-e" "CARGO_TARGET_DIR=/opt/rustwide/target" "-e" "CARGO_INCREMENTAL=0" "-e" "RUST_BACKTRACE=full" "-e" "RUSTFLAGS=--cap-lints=warn" "-e" "CARGO_HOME=/opt/rustwide/cargo-home" "-e" "RUSTUP_HOME=/opt/rustwide/rustup-home" "-w" "/opt/rustwide/workdir" "-m" "1610612736" "--user" "0:0" "--network" "none" "ghcr.io/rust-lang/crates-build-env/linux@sha256:34b6a614d2c27851fe6cbf88fbd1137609cefab8b10d0615aaeb6fd47975d74e" "/opt/rustwide/cargo-home/bin/cargo" "+beta-2021-08-01" "test" "--frozen", kill_on_drop: false }`
[INFO] [stdout] 6a550b47e0b47a564d7a68f565049db8dea137c1f3f9d8044075d8fefb6ebd95
[INFO] running `Command { std: "docker" "start" "-a" "6a550b47e0b47a564d7a68f565049db8dea137c1f3f9d8044075d8fefb6ebd95", kill_on_drop: false }`
[INFO] [stderr] warning: struct is never constructed: `GPS`
[INFO] [stderr]   --> src/lib.rs:45:8
[INFO] [stderr]    |
[INFO] [stderr] 45 | struct GPS{
[INFO] [stderr]    |        ^^^
[INFO] [stderr]    |
[INFO] [stderr]    = note: `#[warn(dead_code)]` on by default
[INFO] [stderr] 
[INFO] [stderr] warning: associated function is never used: `new`
[INFO] [stderr]   --> src/lib.rs:58:12
[INFO] [stderr]    |
[INFO] [stderr] 58 |     pub fn new() -> Self{
[INFO] [stderr]    |            ^^^
[INFO] [stderr] 
[INFO] [stderr] warning: associated function is never used: `spliting`
[INFO] [stderr]   --> src/lib.rs:71:12
[INFO] [stderr]    |
[INFO] [stderr] 71 |     pub fn spliting(&mut self,string_read:String){
[INFO] [stderr]    |            ^^^^^^^^
[INFO] [stderr] 
[INFO] [stderr] warning: associated function is never used: `gps_system`
[INFO] [stderr]   --> src/lib.rs:82:13
[INFO] [stderr]    |
[INFO] [stderr] 82 |     pub fn  gps_system(&mut self,read_vec: Vec<&str>){ //takes a value from the list and converts it to string for latitude ,longitude ,a...
[INFO] [stderr]    |             ^^^^^^^^^^
[INFO] [stderr] 
[INFO] [stderr] warning: associated function is never used: `gps_print`
[INFO] [stderr]   --> src/lib.rs:92:12
[INFO] [stderr]    |
[INFO] [stderr] 92 |     pub fn gps_print(&mut self){//function to print
[INFO] [stderr]    |            ^^^^^^^^^
[INFO] [stderr] 
[INFO] [stderr] warning: associated function is never used: `settings_uart`
[INFO] [stderr]    --> src/lib.rs:103:12
[INFO] [stderr]     |
[INFO] [stderr] 103 |     pub fn settings_uart(&mut self){
[INFO] [stderr]     |            ^^^^^^^^^^^^^
[INFO] [stderr] 
[INFO] [stderr] warning: function is never used: `main`
[INFO] [stderr]    --> src/lib.rs:116:4
[INFO] [stderr]     |
[INFO] [stderr] 116 | fn main(){
[INFO] [stderr]     |    ^^^^
[INFO] [stderr] 
[INFO] [stderr] warning: crate `GPS_Gunnlaug_18` should have a snake case name
[INFO] [stderr]   |
[INFO] [stderr]   = note: `#[warn(non_snake_case)]` on by default
[INFO] [stderr]   = help: convert the identifier to snake case: `gps_gunnlaug_18`
[INFO] [stderr] 
[INFO] [stderr] warning: `GPS-Gunnlaug_18` (lib) generated 8 warnings
[INFO] [stderr] warning: `GPS-Gunnlaug_18` (lib test) generated 1 warning (1 duplicate)
[INFO] [stderr]     Finished test [unoptimized + debuginfo] target(s) in 0.01s
[INFO] [stderr]      Running unittests (/opt/rustwide/target/debug/deps/GPS_Gunnlaug_18-76b13245e40a9b1e)
[INFO] [stdout] 
[INFO] [stdout] running 7 tests
[INFO] [stdout] test tests::test_altitude_length ... ok
[INFO] [stdout] test tests::test_latitude_length ... ok
[INFO] [stdout] test tests::test_lattitude_direction ... ok
[INFO] [stdout] test tests::test_longitude_direction ... ok
[INFO] [stdout] test tests::test_longitude_length ... ok
[INFO] [stdout] test tests::test_string_indication ... ok
[INFO] [stdout] test tests::test_if_panic - should panic ... ok
[INFO] [stdout] 
[INFO] [stdout] test result: ok. 7 passed; 0 failed; 0 ignored; 0 measured; 0 filtered out; finished in 0.01s
[INFO] [stdout] 
[INFO] [stderr]    Doc-tests GPS-Gunnlaug_18
[INFO] [stdout] 
[INFO] [stdout] running 1 test
[INFO] [stdout] test src/lib.rs - (line 6) ... FAILED
[INFO] [stdout] 
[INFO] [stdout] failures:
[INFO] [stdout] 
[INFO] [stdout] ---- src/lib.rs - (line 6) stdout ----
[INFO] [stdout] error: this file contains an unclosed delimiter
[INFO] [stdout]   --> src/lib.rs:14:35
[INFO] [stdout]    |
[INFO] [stdout] 2  | fn main() { #[allow(non_snake_case)] fn _doctest_main_src_lib_rs_6_0() {
[INFO] [stdout]    |           - unclosed delimiter                                         - unclosed delimiter
[INFO] [stdout] ...
[INFO] [stdout] 8  |   loop{
[INFO] [stdout]    |       - this delimiter might not be properly closed...
[INFO] [stdout] 9  |        let string_read = uart.read_line().expect("GPS reading failed");
[INFO] [stdout] 10 | } _doctest_main_src_lib_rs_6_0() }
[INFO] [stdout]    | -                                 ^
[INFO] [stdout]    | |
[INFO] [stdout]    | ...as it matches this but it has different indentation
[INFO] [stdout] 
[INFO] [stdout] error: `self` parameter is only allowed in associated functions
[INFO] [stdout]  --> src/lib.rs:10:22
[INFO] [stdout]   |
[INFO] [stdout] 6 | pub fn settings_uart(&mut self){
[INFO] [stdout]   |                      ^^^^^^^^^ not semantically valid as function parameter
[INFO] [stdout]   |
[INFO] [stdout]   = note: associated functions are those in `impl` or `trait` definitions
[INFO] [stdout] 
[INFO] [stdout] error[E0433]: failed to resolve: use of undeclared type `Gunnlaug_18`
[INFO] [stdout]  --> src/lib.rs:7:5
[INFO] [stdout]   |
[INFO] [stdout] 3 | GPS-Gunnlaug_18::GPS;
[INFO] [stdout]   |     ^^^^^^^^^^^ use of undeclared type `Gunnlaug_18`
[INFO] [stdout] 
[INFO] [stdout] error[E0433]: failed to resolve: use of undeclared type `Settings`
[INFO] [stdout]  --> src/lib.rs:11:29
[INFO] [stdout]   |
[INFO] [stdout] 7 |    let mut uart = Uart::new(Settings::Baudgps.get_baud(), Parity::None,Settings::Data.get_baud() as u8,Settings::Stopbit.get_baud() as u8...
[INFO] [stdout]   |                             ^^^^^^^^ use of undeclared type `Settings`
[INFO] [stdout] 
[INFO] [stdout] error[E0433]: failed to resolve: use of undeclared type `Settings`
[INFO] [stdout]  --> src/lib.rs:11:72
[INFO] [stdout]   |
[INFO] [stdout] 7 |    let mut uart = Uart::new(Settings::Baudgps.get_baud(), Parity::None,Settings::Data.get_baud() as u8,Settings::Stopbit.get_baud() as u8...
[INFO] [stdout]   |                                                                        ^^^^^^^^ use of undeclared type `Settings`
[INFO] [stdout] 
[INFO] [stdout] error[E0433]: failed to resolve: use of undeclared type `Settings`
[INFO] [stdout]  --> src/lib.rs:11:104
[INFO] [stdout]   |
[INFO] [stdout] 7 | ... Parity::None,Settings::Data.get_baud() as u8,Settings::Stopbit.get_baud() as u8).expect("Initializing failed!"); //115_200
[INFO] [stdout]   |                                                  ^^^^^^^^ use of undeclared type `Settings`
[INFO] [stdout] 
[INFO] [stdout] error[E0425]: cannot find value `GPS` in this scope
[INFO] [stdout]  --> src/lib.rs:7:1
[INFO] [stdout]   |
[INFO] [stdout] 3 | GPS-Gunnlaug_18::GPS;
[INFO] [stdout]   | ^^^ not found in this scope
[INFO] [stdout] 
[INFO] [stdout] error: aborting due to 7 previous errors
[INFO] [stdout] 
[INFO] [stdout] Some errors have detailed explanations: E0425, E0433.
[INFO] [stdout] For more information about an error, try `rustc --explain E0425`.
[INFO] [stdout] Couldn't compile the test.
[INFO] [stdout] 
[INFO] [stdout] failures:
[INFO] [stdout]     src/lib.rs - (line 6)
[INFO] [stdout] 
[INFO] [stdout] test result: FAILED. 0 passed; 1 failed; 0 ignored; 0 measured; 0 filtered out; finished in 0.08s
[INFO] [stdout] 
[INFO] [stderr] error: test failed, to rerun pass '--doc'
[INFO] running `Command { std: "docker" "inspect" "6a550b47e0b47a564d7a68f565049db8dea137c1f3f9d8044075d8fefb6ebd95", kill_on_drop: false }`
[INFO] running `Command { std: "docker" "rm" "-f" "6a550b47e0b47a564d7a68f565049db8dea137c1f3f9d8044075d8fefb6ebd95", kill_on_drop: false }`
[INFO] [stdout] 6a550b47e0b47a564d7a68f565049db8dea137c1f3f9d8044075d8fefb6ebd95
