[INFO] cloning repository https://github.com/zombiepigdragon/mix
[INFO] running `Command { std: "git" "-c" "credential.helper=" "-c" "credential.helper=/workspace/cargo-home/bin/git-credential-null" "clone" "--bare" "https://github.com/zombiepigdragon/mix" "/workspace/cache/git-repos/https%3A%2F%2Fgithub.com%2Fzombiepigdragon%2Fmix", kill_on_drop: false }`
[INFO] [stderr] Cloning into bare repository '/workspace/cache/git-repos/https%3A%2F%2Fgithub.com%2Fzombiepigdragon%2Fmix'...
[INFO] running `Command { std: "git" "rev-parse" "HEAD", kill_on_drop: false }`
[INFO] [stdout] 47620287196a98f2579efbc02b54b04d7c7714c0
[INFO] testing zombiepigdragon/mix against beta-2021-08-01 for beta-1.55-1
[INFO] running `Command { std: "git" "clone" "/workspace/cache/git-repos/https%3A%2F%2Fgithub.com%2Fzombiepigdragon%2Fmix" "/workspace/builds/worker-12/source", kill_on_drop: false }`
[INFO] [stderr] Cloning into '/workspace/builds/worker-12/source'...
[INFO] [stderr] done.
[INFO] validating manifest of git repo https://github.com/zombiepigdragon/mix on toolchain beta-2021-08-01
[INFO] running `Command { std: "/workspace/cargo-home/bin/cargo" "+beta-2021-08-01" "metadata" "--manifest-path" "Cargo.toml" "--no-deps", kill_on_drop: false }`
[INFO] removed /workspace/builds/worker-12/source/.cargo/config
[INFO] started tweaking git repo https://github.com/zombiepigdragon/mix
[INFO] finished tweaking git repo https://github.com/zombiepigdragon/mix
[INFO] tweaked toml for git repo https://github.com/zombiepigdragon/mix written to /workspace/builds/worker-12/source/Cargo.toml
[INFO] crate git repo https://github.com/zombiepigdragon/mix already has a lockfile, it will not be regenerated
[INFO] running `Command { std: "/workspace/cargo-home/bin/cargo" "+beta-2021-08-01" "fetch" "--manifest-path" "Cargo.toml", kill_on_drop: false }`
[INFO] [stderr]  Downloading crates ...
[INFO] [stderr]   Downloaded tar v0.4.30
[INFO] [stderr]   Downloaded structopt-derive v0.4.11
[INFO] [stderr]   Downloaded half v1.6.0
[INFO] [stderr]   Downloaded xz2 v0.1.6
[INFO] [stderr]   Downloaded lzma-sys v0.1.16
[INFO] [stderr]   Downloaded structopt v0.3.18
[INFO] [stderr]   Downloaded proc-macro2 v1.0.22
[INFO] running `Command { std: "docker" "create" "-v" "/var/lib/crater-agent-workspace/builds/worker-12/target:/opt/rustwide/target:rw,Z" "-v" "/var/lib/crater-agent-workspace/builds/worker-12/source:/opt/rustwide/workdir:ro,Z" "-v" "/var/lib/crater-agent-workspace/cargo-home:/opt/rustwide/cargo-home:ro,Z" "-v" "/var/lib/crater-agent-workspace/rustup-home:/opt/rustwide/rustup-home:ro,Z" "-e" "SOURCE_DIR=/opt/rustwide/workdir" "-e" "CARGO_TARGET_DIR=/opt/rustwide/target" "-e" "CARGO_HOME=/opt/rustwide/cargo-home" "-e" "RUSTUP_HOME=/opt/rustwide/rustup-home" "-w" "/opt/rustwide/workdir" "-m" "1610612736" "--user" "0:0" "--network" "none" "ghcr.io/rust-lang/crates-build-env/linux@sha256:34b6a614d2c27851fe6cbf88fbd1137609cefab8b10d0615aaeb6fd47975d74e" "/opt/rustwide/cargo-home/bin/cargo" "+beta-2021-08-01" "metadata" "--no-deps" "--format-version=1", kill_on_drop: false }`
[INFO] [stdout] 481f768285bd732c31d09f6c3b0a7b4768b32930f213604a0a947fb2387c4bb1
[INFO] running `Command { std: "docker" "start" "-a" "481f768285bd732c31d09f6c3b0a7b4768b32930f213604a0a947fb2387c4bb1", kill_on_drop: false }`
[INFO] running `Command { std: "docker" "inspect" "481f768285bd732c31d09f6c3b0a7b4768b32930f213604a0a947fb2387c4bb1", kill_on_drop: false }`
[INFO] running `Command { std: "docker" "rm" "-f" "481f768285bd732c31d09f6c3b0a7b4768b32930f213604a0a947fb2387c4bb1", kill_on_drop: false }`
[INFO] [stdout] 481f768285bd732c31d09f6c3b0a7b4768b32930f213604a0a947fb2387c4bb1
[INFO] running `Command { std: "docker" "create" "-v" "/var/lib/crater-agent-workspace/builds/worker-12/target:/opt/rustwide/target:rw,Z" "-v" "/var/lib/crater-agent-workspace/builds/worker-12/source:/opt/rustwide/workdir:ro,Z" "-v" "/var/lib/crater-agent-workspace/cargo-home:/opt/rustwide/cargo-home:ro,Z" "-v" "/var/lib/crater-agent-workspace/rustup-home:/opt/rustwide/rustup-home:ro,Z" "-e" "SOURCE_DIR=/opt/rustwide/workdir" "-e" "CARGO_TARGET_DIR=/opt/rustwide/target" "-e" "CARGO_INCREMENTAL=0" "-e" "RUST_BACKTRACE=full" "-e" "RUSTFLAGS=--cap-lints=warn" "-e" "CARGO_HOME=/opt/rustwide/cargo-home" "-e" "RUSTUP_HOME=/opt/rustwide/rustup-home" "-w" "/opt/rustwide/workdir" "-m" "1610612736" "--user" "0:0" "--network" "none" "ghcr.io/rust-lang/crates-build-env/linux@sha256:34b6a614d2c27851fe6cbf88fbd1137609cefab8b10d0615aaeb6fd47975d74e" "/opt/rustwide/cargo-home/bin/cargo" "+beta-2021-08-01" "build" "--frozen" "--message-format=json", kill_on_drop: false }`
[INFO] [stdout] d6546c82b68d9e517cb36eeca85aac1bc62f7e5d8b1cd4ecb5d24a5621bd7759
[INFO] running `Command { std: "docker" "start" "-a" "d6546c82b68d9e517cb36eeca85aac1bc62f7e5d8b1cd4ecb5d24a5621bd7759", kill_on_drop: false }`
[INFO] [stderr]     Blocking waiting for file lock on package cache
[INFO] [stderr]    Compiling proc-macro2 v1.0.22
[INFO] [stderr]    Compiling syn v1.0.41
[INFO] [stderr]    Compiling cc v1.0.60
[INFO] [stderr]    Compiling pkg-config v0.3.18
[INFO] [stderr]    Compiling log v0.4.11
[INFO] [stderr]    Compiling futures-core v0.3.5
[INFO] [stderr]    Compiling bytes v0.5.6
[INFO] [stderr]    Compiling pin-project-internal v0.4.23
[INFO] [stderr]    Compiling pin-project-lite v0.1.7
[INFO] [stderr]    Compiling itoa v0.4.6
[INFO] [stderr]    Compiling serde v1.0.116
[INFO] [stderr]    Compiling openssl v0.10.30
[INFO] [stderr]    Compiling once_cell v1.4.1
[INFO] [stderr]    Compiling foreign-types-shared v0.1.1
[INFO] [stderr]    Compiling regex-syntax v0.6.18
[INFO] [stderr]    Compiling futures-io v0.3.5
[INFO] [stderr]    Compiling futures-sink v0.3.5
[INFO] [stderr]    Compiling native-tls v0.2.4
[INFO] [stderr]    Compiling try-lock v0.2.3
[INFO] [stderr]    Compiling openssl-probe v0.1.2
[INFO] [stderr]    Compiling unicode-segmentation v1.6.0
[INFO] [stderr]    Compiling httpdate v0.3.2
[INFO] [stderr]    Compiling encoding_rs v0.8.24
[INFO] [stderr]    Compiling tower-service v0.3.0
[INFO] [stderr]    Compiling mime v0.3.16
[INFO] [stderr]    Compiling anyhow v1.0.32
[INFO] [stderr]    Compiling dtoa v0.4.6
[INFO] [stderr]    Compiling number_prefix v0.3.0
[INFO] [stderr]    Compiling half v1.6.0
[INFO] [stderr]    Compiling ipnet v2.3.0
[INFO] [stderr]    Compiling unicase v2.6.0
[INFO] [stderr]    Compiling proc-macro-error-attr v1.0.4
[INFO] [stderr]    Compiling tracing-core v0.1.16
[INFO] [stderr]    Compiling proc-macro-error v1.0.4
[INFO] [stderr]    Compiling termios v0.3.2
[INFO] [stderr]    Compiling terminal_size v0.1.13
[INFO] [stderr]    Compiling idna v0.2.0
[INFO] [stderr]    Compiling socket2 v0.3.15
[INFO] [stderr]    Compiling xattr v0.2.2
[INFO] [stderr]    Compiling rand_core v0.5.1
[INFO] [stderr]    Compiling clap v2.33.3
[INFO] [stderr]    Compiling foreign-types v0.3.2
[INFO] [stderr]    Compiling futures-channel v0.3.5
[INFO] [stderr]    Compiling futures-task v0.3.5
[INFO] [stderr]    Compiling http v0.2.1
[INFO] [stderr]    Compiling tar v0.4.30
[INFO] [stderr]    Compiling rand_chacha v0.2.2
[INFO] [stderr]    Compiling heck v0.3.1
[INFO] [stderr]    Compiling regex v1.3.9
[INFO] [stderr]    Compiling url v2.1.1
[INFO] [stderr]    Compiling rand v0.7.3
[INFO] [stderr]    Compiling mio v0.6.22
[INFO] [stderr]    Compiling tracing v0.1.19
[INFO] [stderr]    Compiling want v0.3.0
[INFO] [stderr]    Compiling openssl-sys v0.9.58
[INFO] [stderr]    Compiling lzma-sys v0.1.16
[INFO] [stderr]    Compiling mime_guess v2.0.3
[INFO] [stderr]    Compiling console v0.12.0
[INFO] [stderr]    Compiling console v0.11.3
[INFO] [stderr]    Compiling indicatif v0.15.0
[INFO] [stderr]    Compiling quote v1.0.7
[INFO] [stderr]    Compiling xz2 v0.1.6
[INFO] [stderr]    Compiling http-body v0.3.1
[INFO] [stderr]    Compiling tokio v0.2.22
[INFO] [stderr]    Compiling tempfile v3.1.0
[INFO] [stderr]    Compiling dialoguer v0.6.2
[INFO] [stderr]    Compiling tokio-util v0.3.1
[INFO] [stderr]    Compiling tokio-tls v0.3.1
[INFO] [stderr]    Compiling serde_derive v1.0.116
[INFO] [stderr]    Compiling structopt-derive v0.4.11
[INFO] [stderr]    Compiling thiserror-impl v1.0.20
[INFO] [stderr]    Compiling thiserror v1.0.20
[INFO] [stderr]    Compiling structopt v0.3.18
[INFO] [stderr]    Compiling pin-project v0.4.23
[INFO] [stderr]    Compiling futures-util v0.3.5
[INFO] [stderr]    Compiling h2 v0.2.6
[INFO] [stderr]    Compiling serde_urlencoded v0.6.1
[INFO] [stderr]    Compiling serde_cbor v0.11.1
[INFO] [stderr]    Compiling toml v0.5.6
[INFO] [stderr]    Compiling hyper v0.13.8
[INFO] [stderr]    Compiling hyper-tls v0.4.3
[INFO] [stderr]    Compiling reqwest v0.10.8
[INFO] [stderr]    Compiling mix v0.0.0 (/opt/rustwide/workdir)
[INFO] [stdout] warning: function is never used: `enable_progress_bar`
[INFO] [stdout]    --> src/cli.rs:167:4
[INFO] [stdout]     |
[INFO] [stdout] 167 | fn enable_progress_bar(bar: &ProgressBar, verb: &str, packages_count: usize) {
[INFO] [stdout]     |    ^^^^^^^^^^^^^^^^^^^
[INFO] [stdout]     |
[INFO] [stdout]     = note: `#[warn(dead_code)]` on by default
[INFO] [stdout] 
[INFO] [stdout] 
[INFO] [stdout] warning: 1 warning emitted
[INFO] [stdout] 
[INFO] [stdout] 
[INFO] [stderr]     Finished dev [unoptimized + debuginfo] target(s) in 57.22s
[INFO] running `Command { std: "docker" "inspect" "d6546c82b68d9e517cb36eeca85aac1bc62f7e5d8b1cd4ecb5d24a5621bd7759", kill_on_drop: false }`
[INFO] running `Command { std: "docker" "rm" "-f" "d6546c82b68d9e517cb36eeca85aac1bc62f7e5d8b1cd4ecb5d24a5621bd7759", kill_on_drop: false }`
[INFO] [stdout] d6546c82b68d9e517cb36eeca85aac1bc62f7e5d8b1cd4ecb5d24a5621bd7759
[INFO] running `Command { std: "docker" "create" "-v" "/var/lib/crater-agent-workspace/builds/worker-12/target:/opt/rustwide/target:rw,Z" "-v" "/var/lib/crater-agent-workspace/builds/worker-12/source:/opt/rustwide/workdir:ro,Z" "-v" "/var/lib/crater-agent-workspace/cargo-home:/opt/rustwide/cargo-home:ro,Z" "-v" "/var/lib/crater-agent-workspace/rustup-home:/opt/rustwide/rustup-home:ro,Z" "-e" "SOURCE_DIR=/opt/rustwide/workdir" "-e" "CARGO_TARGET_DIR=/opt/rustwide/target" "-e" "CARGO_INCREMENTAL=0" "-e" "RUST_BACKTRACE=full" "-e" "RUSTFLAGS=--cap-lints=warn" "-e" "CARGO_HOME=/opt/rustwide/cargo-home" "-e" "RUSTUP_HOME=/opt/rustwide/rustup-home" "-w" "/opt/rustwide/workdir" "-m" "1610612736" "--user" "0:0" "--network" "none" "ghcr.io/rust-lang/crates-build-env/linux@sha256:34b6a614d2c27851fe6cbf88fbd1137609cefab8b10d0615aaeb6fd47975d74e" "/opt/rustwide/cargo-home/bin/cargo" "+beta-2021-08-01" "test" "--frozen" "--no-run" "--message-format=json", kill_on_drop: false }`
[INFO] [stdout] 559e64e646a18318e313223a3e4870ac789412acd59c070d5fec9df0ff342f43
[INFO] running `Command { std: "docker" "start" "-a" "559e64e646a18318e313223a3e4870ac789412acd59c070d5fec9df0ff342f43", kill_on_drop: false }`
[INFO] [stderr]     Blocking waiting for file lock on package cache
[INFO] [stderr]    Compiling mix v0.0.0 (/opt/rustwide/workdir)
[INFO] [stdout] warning: function is never used: `enable_progress_bar`
[INFO] [stdout]    --> src/cli.rs:167:4
[INFO] [stdout]     |
[INFO] [stdout] 167 | fn enable_progress_bar(bar: &ProgressBar, verb: &str, packages_count: usize) {
[INFO] [stdout]     |    ^^^^^^^^^^^^^^^^^^^
[INFO] [stdout]     |
[INFO] [stdout]     = note: `#[warn(dead_code)]` on by default
[INFO] [stdout] 
[INFO] [stdout] 
[INFO] [stdout] warning: 1 warning emitted
[INFO] [stdout] 
[INFO] [stdout] 
[INFO] [stderr]     Finished test [unoptimized + debuginfo] target(s) in 1.86s
[INFO] running `Command { std: "docker" "inspect" "559e64e646a18318e313223a3e4870ac789412acd59c070d5fec9df0ff342f43", kill_on_drop: false }`
[INFO] running `Command { std: "docker" "rm" "-f" "559e64e646a18318e313223a3e4870ac789412acd59c070d5fec9df0ff342f43", kill_on_drop: false }`
[INFO] [stdout] 559e64e646a18318e313223a3e4870ac789412acd59c070d5fec9df0ff342f43
[INFO] running `Command { std: "docker" "create" "-v" "/var/lib/crater-agent-workspace/builds/worker-12/target:/opt/rustwide/target:rw,Z" "-v" "/var/lib/crater-agent-workspace/builds/worker-12/source:/opt/rustwide/workdir:ro,Z" "-v" "/var/lib/crater-agent-workspace/cargo-home:/opt/rustwide/cargo-home:ro,Z" "-v" "/var/lib/crater-agent-workspace/rustup-home:/opt/rustwide/rustup-home:ro,Z" "-e" "SOURCE_DIR=/opt/rustwide/workdir" "-e" "CARGO_TARGET_DIR=/opt/rustwide/target" "-e" "CARGO_INCREMENTAL=0" "-e" "RUST_BACKTRACE=full" "-e" "RUSTFLAGS=--cap-lints=warn" "-e" "CARGO_HOME=/opt/rustwide/cargo-home" "-e" "RUSTUP_HOME=/opt/rustwide/rustup-home" "-w" "/opt/rustwide/workdir" "-m" "1610612736" "--user" "0:0" "--network" "none" "ghcr.io/rust-lang/crates-build-env/linux@sha256:34b6a614d2c27851fe6cbf88fbd1137609cefab8b10d0615aaeb6fd47975d74e" "/opt/rustwide/cargo-home/bin/cargo" "+beta-2021-08-01" "test" "--frozen", kill_on_drop: false }`
[INFO] [stdout] dc1523cbfa769fd0c1ed3a670603fd737c5fa70b6cffb209cec067d07f944f6c
[INFO] running `Command { std: "docker" "start" "-a" "dc1523cbfa769fd0c1ed3a670603fd737c5fa70b6cffb209cec067d07f944f6c", kill_on_drop: false }`
[INFO] [stderr]     Blocking waiting for file lock on package cache
[INFO] [stderr] warning: function is never used: `enable_progress_bar`
[INFO] [stderr]    --> src/cli.rs:167:4
[INFO] [stderr]     |
[INFO] [stderr] 167 | fn enable_progress_bar(bar: &ProgressBar, verb: &str, packages_count: usize) {
[INFO] [stderr]     |    ^^^^^^^^^^^^^^^^^^^
[INFO] [stderr]     |
[INFO] [stderr]     = note: `#[warn(dead_code)]` on by default
[INFO] [stderr] 
[INFO] [stderr] warning: `mix` (bin "mix" test) generated 1 warning
[INFO] [stderr]     Finished test [unoptimized + debuginfo] target(s) in 2.84s
[INFO] [stderr]      Running unittests (/opt/rustwide/target/debug/deps/mix-420f868083c64d13)
[INFO] [stdout] 
[INFO] [stderr]      Running unittests (/opt/rustwide/target/debug/deps/mix-f72e131916a5ed8c)
[INFO] [stdout] running 0 tests
[INFO] [stdout] 
[INFO] [stdout] test result: ok. 0 passed; 0 failed; 0 ignored; 0 measured; 0 filtered out; finished in 0.00s
[INFO] [stdout] 
[INFO] [stderr]    Doc-tests mix
[INFO] [stdout] 
[INFO] [stdout] running 0 tests
[INFO] [stdout] 
[INFO] [stdout] test result: ok. 0 passed; 0 failed; 0 ignored; 0 measured; 0 filtered out; finished in 0.00s
[INFO] [stdout] 
[INFO] [stdout] 
[INFO] [stdout] running 4 tests
[INFO] [stdout] test src/lib.rs - (line 36) - compile ... FAILED
[INFO] [stdout] test src/lib.rs - (line 26) - compile ... FAILED
[INFO] [stdout] test src/lib.rs - (line 12) - compile ... FAILED
[INFO] [stdout] test src/package.rs - package::Version (line 215) ... ok
[INFO] [stdout] 
[INFO] [stdout] failures:
[INFO] [stdout] 
[INFO] [stdout] ---- src/lib.rs - (line 36) stdout ----
[INFO] [stdout] error[E0433]: failed to resolve: could not find `Operation` in `mix`
[INFO] [stdout]  --> src/lib.rs:38:22
[INFO] [stdout]   |
[INFO] [stdout] 5 | let operation = mix::Operation::Synchronize;
[INFO] [stdout]   |                      ^^^^^^^^^ could not find `Operation` in `mix`
[INFO] [stdout] 
[INFO] [stdout] error[E0599]: no method named `handle_operation` found for struct `Database` in the current scope
[INFO] [stdout]  --> src/lib.rs:39:10
[INFO] [stdout]   |
[INFO] [stdout] 6 | database.handle_operation(operation)?;
[INFO] [stdout]   |          ^^^^^^^^^^^^^^^^ method not found in `Database`
[INFO] [stdout] 
[INFO] [stdout] error: aborting due to 2 previous errors
[INFO] [stdout] 
[INFO] [stdout] Some errors have detailed explanations: E0433, E0599.
[INFO] [stdout] For more information about an error, try `rustc --explain E0433`.
[INFO] [stdout] Couldn't compile the test.
[INFO] [stdout] ---- src/lib.rs - (line 26) stdout ----
[INFO] [stdout] error[E0433]: failed to resolve: could not find `Operation` in `mix`
[INFO] [stdout]  --> src/lib.rs:31:22
[INFO] [stdout]   |
[INFO] [stdout] 8 | let operation = mix::Operation::Remove(packages);
[INFO] [stdout]   |                      ^^^^^^^^^ could not find `Operation` in `mix`
[INFO] [stdout] 
[INFO] [stdout] error[E0599]: no method named `handle_operation` found for struct `Database` in the current scope
[INFO] [stdout]  --> src/lib.rs:32:10
[INFO] [stdout]   |
[INFO] [stdout] 9 | database.handle_operation(operation)?;
[INFO] [stdout]   |          ^^^^^^^^^^^^^^^^ method not found in `Database`
[INFO] [stdout] 
[INFO] [stdout] error: aborting due to 2 previous errors
[INFO] [stdout] 
[INFO] [stdout] Some errors have detailed explanations: E0433, E0599.
[INFO] [stdout] For more information about an error, try `rustc --explain E0433`.
[INFO] [stdout] Couldn't compile the test.
[INFO] [stdout] ---- src/lib.rs - (line 12) stdout ----
[INFO] [stdout] error[E0433]: failed to resolve: could not find `Operation` in `mix`
[INFO] [stdout]   --> src/lib.rs:20:22
[INFO] [stdout]    |
[INFO] [stdout] 11 | let operation = mix::Operation::Install(packages);
[INFO] [stdout]    |                      ^^^^^^^^^ could not find `Operation` in `mix`
[INFO] [stdout] 
[INFO] [stdout] error[E0599]: no method named `handle_operation` found for struct `Database` in the current scope
[INFO] [stdout]   --> src/lib.rs:22:10
[INFO] [stdout]    |
[INFO] [stdout] 13 | database.handle_operation(operation)?;
[INFO] [stdout]    |          ^^^^^^^^^^^^^^^^ method not found in `Database`
[INFO] [stdout] 
[INFO] [stdout] error: aborting due to 2 previous errors
[INFO] [stdout] 
[INFO] [stdout] Some errors have detailed explanations: E0433, E0599.
[INFO] [stdout] For more information about an error, try `rustc --explain E0433`.
[INFO] [stdout] Couldn't compile the test.
[INFO] [stdout] 
[INFO] [stdout] failures:
[INFO] [stdout]     src/lib.rs - (line 12)
[INFO] [stdout]     src/lib.rs - (line 26)
[INFO] [stdout]     src/lib.rs - (line 36)
[INFO] [stdout] 
[INFO] [stdout] test result: FAILED. 1 passed; 3 failed; 0 ignored; 0 measured; 0 filtered out; finished in 4.98s
[INFO] [stdout] 
[INFO] [stderr] error: test failed, to rerun pass '--doc'
[INFO] running `Command { std: "docker" "inspect" "dc1523cbfa769fd0c1ed3a670603fd737c5fa70b6cffb209cec067d07f944f6c", kill_on_drop: false }`
[INFO] running `Command { std: "docker" "rm" "-f" "dc1523cbfa769fd0c1ed3a670603fd737c5fa70b6cffb209cec067d07f944f6c", kill_on_drop: false }`
[INFO] [stdout] dc1523cbfa769fd0c1ed3a670603fd737c5fa70b6cffb209cec067d07f944f6c
