[INFO] cloning repository https://github.com/zichun/aoc2020
[INFO] running `Command { std: "git" "-c" "credential.helper=" "-c" "credential.helper=/workspace/cargo-home/bin/git-credential-null" "clone" "--bare" "https://github.com/zichun/aoc2020" "/workspace/cache/git-repos/https%3A%2F%2Fgithub.com%2Fzichun%2Faoc2020", kill_on_drop: false }`
[INFO] [stderr] Cloning into bare repository '/workspace/cache/git-repos/https%3A%2F%2Fgithub.com%2Fzichun%2Faoc2020'...
[INFO] running `Command { std: "git" "rev-parse" "HEAD", kill_on_drop: false }`
[INFO] [stdout] f9c0238be44d689cba4ab06a8484497e036499f8
[INFO] testing zichun/aoc2020 against beta-2021-08-01 for beta-1.55-1
[INFO] running `Command { std: "git" "clone" "/workspace/cache/git-repos/https%3A%2F%2Fgithub.com%2Fzichun%2Faoc2020" "/workspace/builds/worker-119/source", kill_on_drop: false }`
[INFO] [stderr] Cloning into '/workspace/builds/worker-119/source'...
[INFO] [stderr] done.
[INFO] validating manifest of git repo https://github.com/zichun/aoc2020 on toolchain beta-2021-08-01
[INFO] running `Command { std: "/workspace/cargo-home/bin/cargo" "+beta-2021-08-01" "metadata" "--manifest-path" "Cargo.toml" "--no-deps", kill_on_drop: false }`
[INFO] started tweaking git repo https://github.com/zichun/aoc2020
[INFO] finished tweaking git repo https://github.com/zichun/aoc2020
[INFO] tweaked toml for git repo https://github.com/zichun/aoc2020 written to /workspace/builds/worker-119/source/Cargo.toml
[INFO] crate git repo https://github.com/zichun/aoc2020 already has a lockfile, it will not be regenerated
[INFO] running `Command { std: "/workspace/cargo-home/bin/cargo" "+beta-2021-08-01" "fetch" "--manifest-path" "Cargo.toml", kill_on_drop: false }`
[INFO] [stderr]     Blocking waiting for file lock on package cache
[INFO] [stderr]     Blocking waiting for file lock on package cache
[INFO] running `Command { std: "docker" "create" "-v" "/var/lib/crater-agent-workspace/builds/worker-119/target:/opt/rustwide/target:rw,Z" "-v" "/var/lib/crater-agent-workspace/builds/worker-119/source:/opt/rustwide/workdir:ro,Z" "-v" "/var/lib/crater-agent-workspace/cargo-home:/opt/rustwide/cargo-home:ro,Z" "-v" "/var/lib/crater-agent-workspace/rustup-home:/opt/rustwide/rustup-home:ro,Z" "-e" "SOURCE_DIR=/opt/rustwide/workdir" "-e" "CARGO_TARGET_DIR=/opt/rustwide/target" "-e" "CARGO_HOME=/opt/rustwide/cargo-home" "-e" "RUSTUP_HOME=/opt/rustwide/rustup-home" "-w" "/opt/rustwide/workdir" "-m" "1610612736" "--user" "0:0" "--network" "none" "ghcr.io/rust-lang/crates-build-env/linux@sha256:34b6a614d2c27851fe6cbf88fbd1137609cefab8b10d0615aaeb6fd47975d74e" "/opt/rustwide/cargo-home/bin/cargo" "+beta-2021-08-01" "metadata" "--no-deps" "--format-version=1", kill_on_drop: false }`
[INFO] [stdout] 19e81e79198d821c496bfbc8c7da5af61ed6c636965f9d0228f29fb0f845840d
[INFO] running `Command { std: "docker" "start" "-a" "19e81e79198d821c496bfbc8c7da5af61ed6c636965f9d0228f29fb0f845840d", kill_on_drop: false }`
[INFO] running `Command { std: "docker" "inspect" "19e81e79198d821c496bfbc8c7da5af61ed6c636965f9d0228f29fb0f845840d", kill_on_drop: false }`
[INFO] running `Command { std: "docker" "rm" "-f" "19e81e79198d821c496bfbc8c7da5af61ed6c636965f9d0228f29fb0f845840d", kill_on_drop: false }`
[INFO] [stdout] 19e81e79198d821c496bfbc8c7da5af61ed6c636965f9d0228f29fb0f845840d
[INFO] running `Command { std: "docker" "create" "-v" "/var/lib/crater-agent-workspace/builds/worker-119/target:/opt/rustwide/target:rw,Z" "-v" "/var/lib/crater-agent-workspace/builds/worker-119/source:/opt/rustwide/workdir:ro,Z" "-v" "/var/lib/crater-agent-workspace/cargo-home:/opt/rustwide/cargo-home:ro,Z" "-v" "/var/lib/crater-agent-workspace/rustup-home:/opt/rustwide/rustup-home:ro,Z" "-e" "SOURCE_DIR=/opt/rustwide/workdir" "-e" "CARGO_TARGET_DIR=/opt/rustwide/target" "-e" "CARGO_INCREMENTAL=0" "-e" "RUST_BACKTRACE=full" "-e" "RUSTFLAGS=--cap-lints=warn" "-e" "CARGO_HOME=/opt/rustwide/cargo-home" "-e" "RUSTUP_HOME=/opt/rustwide/rustup-home" "-w" "/opt/rustwide/workdir" "-m" "1610612736" "--user" "0:0" "--network" "none" "ghcr.io/rust-lang/crates-build-env/linux@sha256:34b6a614d2c27851fe6cbf88fbd1137609cefab8b10d0615aaeb6fd47975d74e" "/opt/rustwide/cargo-home/bin/cargo" "+beta-2021-08-01" "build" "--frozen" "--message-format=json", kill_on_drop: false }`
[INFO] [stdout] 8ac8e76b2a0df329b17ee6c7e61156c7f966f0b115484dba27a11ac8f9baf55f
[INFO] running `Command { std: "docker" "start" "-a" "8ac8e76b2a0df329b17ee6c7e61156c7f966f0b115484dba27a11ac8f9baf55f", kill_on_drop: false }`
[INFO] [stderr]    Compiling regex-syntax v0.6.21
[INFO] [stderr]    Compiling thread_local v1.0.1
[INFO] [stderr]    Compiling regex v1.4.2
[INFO] [stderr]    Compiling aoc2020 v0.1.0 (/opt/rustwide/workdir)
[INFO] [stderr]     Finished dev [unoptimized + debuginfo] target(s) in 15.11s
[INFO] running `Command { std: "docker" "inspect" "8ac8e76b2a0df329b17ee6c7e61156c7f966f0b115484dba27a11ac8f9baf55f", kill_on_drop: false }`
[INFO] running `Command { std: "docker" "rm" "-f" "8ac8e76b2a0df329b17ee6c7e61156c7f966f0b115484dba27a11ac8f9baf55f", kill_on_drop: false }`
[INFO] [stdout] 8ac8e76b2a0df329b17ee6c7e61156c7f966f0b115484dba27a11ac8f9baf55f
[INFO] running `Command { std: "docker" "create" "-v" "/var/lib/crater-agent-workspace/builds/worker-119/target:/opt/rustwide/target:rw,Z" "-v" "/var/lib/crater-agent-workspace/builds/worker-119/source:/opt/rustwide/workdir:ro,Z" "-v" "/var/lib/crater-agent-workspace/cargo-home:/opt/rustwide/cargo-home:ro,Z" "-v" "/var/lib/crater-agent-workspace/rustup-home:/opt/rustwide/rustup-home:ro,Z" "-e" "SOURCE_DIR=/opt/rustwide/workdir" "-e" "CARGO_TARGET_DIR=/opt/rustwide/target" "-e" "CARGO_INCREMENTAL=0" "-e" "RUST_BACKTRACE=full" "-e" "RUSTFLAGS=--cap-lints=warn" "-e" "CARGO_HOME=/opt/rustwide/cargo-home" "-e" "RUSTUP_HOME=/opt/rustwide/rustup-home" "-w" "/opt/rustwide/workdir" "-m" "1610612736" "--user" "0:0" "--network" "none" "ghcr.io/rust-lang/crates-build-env/linux@sha256:34b6a614d2c27851fe6cbf88fbd1137609cefab8b10d0615aaeb6fd47975d74e" "/opt/rustwide/cargo-home/bin/cargo" "+beta-2021-08-01" "test" "--frozen" "--no-run" "--message-format=json", kill_on_drop: false }`
[INFO] [stdout] c9bc9fc57068e0e904c4c1f86a7f5824f44d46138c0d5b47f7c08ae1bb23f4dc
[INFO] running `Command { std: "docker" "start" "-a" "c9bc9fc57068e0e904c4c1f86a7f5824f44d46138c0d5b47f7c08ae1bb23f4dc", kill_on_drop: false }`
[INFO] [stderr]    Compiling aoc2020 v0.1.0 (/opt/rustwide/workdir)
[INFO] [stderr]     Finished test [unoptimized + debuginfo] target(s) in 6.21s
[INFO] running `Command { std: "docker" "inspect" "c9bc9fc57068e0e904c4c1f86a7f5824f44d46138c0d5b47f7c08ae1bb23f4dc", kill_on_drop: false }`
[INFO] running `Command { std: "docker" "rm" "-f" "c9bc9fc57068e0e904c4c1f86a7f5824f44d46138c0d5b47f7c08ae1bb23f4dc", kill_on_drop: false }`
[INFO] [stdout] c9bc9fc57068e0e904c4c1f86a7f5824f44d46138c0d5b47f7c08ae1bb23f4dc
[INFO] running `Command { std: "docker" "create" "-v" "/var/lib/crater-agent-workspace/builds/worker-119/target:/opt/rustwide/target:rw,Z" "-v" "/var/lib/crater-agent-workspace/builds/worker-119/source:/opt/rustwide/workdir:ro,Z" "-v" "/var/lib/crater-agent-workspace/cargo-home:/opt/rustwide/cargo-home:ro,Z" "-v" "/var/lib/crater-agent-workspace/rustup-home:/opt/rustwide/rustup-home:ro,Z" "-e" "SOURCE_DIR=/opt/rustwide/workdir" "-e" "CARGO_TARGET_DIR=/opt/rustwide/target" "-e" "CARGO_INCREMENTAL=0" "-e" "RUST_BACKTRACE=full" "-e" "RUSTFLAGS=--cap-lints=warn" "-e" "CARGO_HOME=/opt/rustwide/cargo-home" "-e" "RUSTUP_HOME=/opt/rustwide/rustup-home" "-w" "/opt/rustwide/workdir" "-m" "1610612736" "--user" "0:0" "--network" "none" "ghcr.io/rust-lang/crates-build-env/linux@sha256:34b6a614d2c27851fe6cbf88fbd1137609cefab8b10d0615aaeb6fd47975d74e" "/opt/rustwide/cargo-home/bin/cargo" "+beta-2021-08-01" "test" "--frozen", kill_on_drop: false }`
[INFO] [stdout] be8d24e1fdf796852f7a9675fe87e2b70640bb6105b4a1d13bc369c10733adaf
[INFO] running `Command { std: "docker" "start" "-a" "be8d24e1fdf796852f7a9675fe87e2b70640bb6105b4a1d13bc369c10733adaf", kill_on_drop: false }`
[INFO] [stderr]     Blocking waiting for file lock on package cache
[INFO] [stdout] 
[INFO] [stderr]     Finished test [unoptimized + debuginfo] target(s) in 2.88s
[INFO] [stdout] running 41 tests
[INFO] [stderr]      Running unittests (/opt/rustwide/target/debug/deps/aoc2020-21083cf087358a3b)
[INFO] [stdout] test day01::test_day01 ... ok
[INFO] [stdout] test day03::test_day03_1 ... ok
[INFO] [stdout] test day03::test_day03_2 ... ok
[INFO] [stdout] test day04::test_day04_1 ... ok
[INFO] [stdout] test day04::test_parse_bad_passport ... ok
[INFO] [stdout] test day06::test_day06_2 ... ok
[INFO] [stdout] test day07::test_day07_part1 ... ok
[INFO] [stdout] test day08::test_day08_1 ... ok
[INFO] [stdout] test day07::test_day07_part2 ... ok
[INFO] [stdout] test day08::test_day08_2 ... ok
[INFO] [stdout] test day09::test_day09_part2 ... ok
[INFO] [stdout] test day06::test_day06_1 ... ok
[INFO] [stdout] test day04::test_day04_2 ... ok
[INFO] [stdout] test day15::test_day15_1 ... ok
[INFO] [stdout] test day13::test_day13_1 ... ok
[INFO] [stdout] test day11::test_day11_2 ... ok
[INFO] [stdout] test day13::test_day13_2 ... ok
[INFO] [stdout] test day10::test_day10 ... ok
[INFO] [stdout] test day12::test_day12_1 ... ok
[INFO] [stdout] test day05::test_seat_parsing ... ok
[INFO] [stdout] test day12::test_day12_2 ... ok
[INFO] [stdout] test day21::test_day21 ... ok
[INFO] [stdout] test day16::test_day16_1 ... ok
[INFO] [stdout] test day22::test_day22_1 ... ok
[INFO] [stdout] test day18::test_evaluate ... ok
[INFO] [stdout] test day14::test_day14_1 ... ok
[INFO] [stdout] test day23::test_day23 ... ok
[INFO] [stdout] test day16::test_day16_2 ... ok
[INFO] [stdout] test day14::test_day14_2 ... ok
[INFO] [stdout] test day11::test_day11_1 ... ok
[INFO] [stdout] test day09::test_day09_part1 ... ok
[INFO] [stdout] test day02::test_fulfilled_1 ... ok
[INFO] [stdout] test day20::test_day20 ... ok
[INFO] [stdout] test day02::test_2 ... ok
[INFO] [stdout] test day17_rewrite::test_day17_1 ... ok
[INFO] [stdout] test day19::test_day19 ... ok
[INFO] [stdout] test day25::day25 ... FAILED
[INFO] [stdout] test day17::test_day17_1 ... ok
[INFO] [stdout] test day17::test_day17_2 ... ok
[INFO] [stdout] test day17_rewrite::test_day17_2 ... ok
[INFO] [stdout] test day24::test ... ok
[INFO] [stdout] 
[INFO] [stdout] failures:
[INFO] [stdout] 
[INFO] [stdout] ---- day25::day25 stdout ----
[INFO] [stdout] thread 'day25::day25' panicked at 'assertion failed: `(left == right)`
[INFO] [stdout]   left: `88`,
[INFO] [stdout]  right: `11`', src/day25.rs:28:5
[INFO] [stdout] stack backtrace:
[INFO] [stdout]    0:     0x556046e2eb50 - std::backtrace_rs::backtrace::libunwind::trace::hff4d1766e93f64f1
[INFO] [stdout]                                at /rustc/53fd98ca776cb875bc9e5514f56b52eb74f9e7a9/library/std/src/../../backtrace/src/backtrace/libunwind.rs:90:5
[INFO] [stdout]    1:     0x556046e2eb50 - std::backtrace_rs::backtrace::trace_unsynchronized::h56bbc8eb78770bcb
[INFO] [stdout]                                at /rustc/53fd98ca776cb875bc9e5514f56b52eb74f9e7a9/library/std/src/../../backtrace/src/backtrace/mod.rs:66:5
[INFO] [stdout]    2:     0x556046e2eb50 - std::sys_common::backtrace::_print_fmt::h5c8e75464faca780
[INFO] [stdout]                                at /rustc/53fd98ca776cb875bc9e5514f56b52eb74f9e7a9/library/std/src/sys_common/backtrace.rs:67:5
[INFO] [stdout]    3:     0x556046e2eb50 - <std::sys_common::backtrace::_print::DisplayBacktrace as core::fmt::Display>::fmt::h48b88277def8b362
[INFO] [stdout]                                at /rustc/53fd98ca776cb875bc9e5514f56b52eb74f9e7a9/library/std/src/sys_common/backtrace.rs:46:22
[INFO] [stdout]    4:     0x556046e514cc - core::fmt::write::h3381b3176fe2b3d3
[INFO] [stdout]                                at /rustc/53fd98ca776cb875bc9e5514f56b52eb74f9e7a9/library/core/src/fmt/mod.rs:1115:17
[INFO] [stdout]    5:     0x556046e2bab5 - std::io::Write::write_fmt::h5f34a676f60246b5
[INFO] [stdout]                                at /rustc/53fd98ca776cb875bc9e5514f56b52eb74f9e7a9/library/std/src/io/mod.rs:1665:15
[INFO] [stdout]    6:     0x556046e30ccb - std::sys_common::backtrace::_print::ha537687d6c17dd0d
[INFO] [stdout]                                at /rustc/53fd98ca776cb875bc9e5514f56b52eb74f9e7a9/library/std/src/sys_common/backtrace.rs:49:5
[INFO] [stdout]    7:     0x556046e30ccb - std::sys_common::backtrace::print::h61376ae57d131d72
[INFO] [stdout]                                at /rustc/53fd98ca776cb875bc9e5514f56b52eb74f9e7a9/library/std/src/sys_common/backtrace.rs:36:9
[INFO] [stdout]    8:     0x556046e30ccb - std::panicking::default_hook::{{closure}}::h0f7208c0b9644a54
[INFO] [stdout]                                at /rustc/53fd98ca776cb875bc9e5514f56b52eb74f9e7a9/library/std/src/panicking.rs:208:50
[INFO] [stdout]    9:     0x556046e307dc - std::panicking::default_hook::hdac7fc06578c14ce
[INFO] [stdout]                                at /rustc/53fd98ca776cb875bc9e5514f56b52eb74f9e7a9/library/std/src/panicking.rs:222:9
[INFO] [stdout]   10:     0x556046e31394 - std::panicking::rust_panic_with_hook::h72b21c283da3d1ef
[INFO] [stdout]                                at /rustc/53fd98ca776cb875bc9e5514f56b52eb74f9e7a9/library/std/src/panicking.rs:622:17
[INFO] [stdout]   11:     0x556046e30e77 - std::panicking::begin_panic_handler::{{closure}}::he5778f1729cff84a
[INFO] [stdout]                                at /rustc/53fd98ca776cb875bc9e5514f56b52eb74f9e7a9/library/std/src/panicking.rs:519:13
[INFO] [stdout]   12:     0x556046e2f02c - std::sys_common::backtrace::__rust_end_short_backtrace::h2d11ca8b453b4b1d
[INFO] [stdout]                                at /rustc/53fd98ca776cb875bc9e5514f56b52eb74f9e7a9/library/std/src/sys_common/backtrace.rs:141:18
[INFO] [stdout]   13:     0x556046e30dd9 - rust_begin_unwind
[INFO] [stdout]                                at /rustc/53fd98ca776cb875bc9e5514f56b52eb74f9e7a9/library/std/src/panicking.rs:515:5
[INFO] [stdout]   14:     0x556046b548c1 - core::panicking::panic_fmt::hf9de31d4acbce4db
[INFO] [stdout]                                at /rustc/53fd98ca776cb875bc9e5514f56b52eb74f9e7a9/library/core/src/panicking.rs:92:14
[INFO] [stdout]   15:     0x556046e4fde8 - core::panicking::assert_failed_inner::h62e8cb2847a6e7ec
[INFO] [stdout]   16:     0x556046c2105a - core::panicking::assert_failed::hfa4537c7a9bf46da
[INFO] [stdout]                                at /rustc/53fd98ca776cb875bc9e5514f56b52eb74f9e7a9/library/core/src/panicking.rs:117:5
[INFO] [stdout]   17:     0x556046bb00d1 - aoc2020::day25::day25::h4e4d8d6aed6601e4
[INFO] [stdout]                                at /opt/rustwide/workdir/src/day25.rs:28:5
[INFO] [stdout]   18:     0x556046baff7a - aoc2020::day25::day25::{{closure}}::h97a456aa83f9ebfd
[INFO] [stdout]                                at /opt/rustwide/workdir/src/day25.rs:26:1
[INFO] [stdout]   19:     0x556046b98e4e - core::ops::function::FnOnce::call_once::he7f9a09233a028f5
[INFO] [stdout]                                at /rustc/53fd98ca776cb875bc9e5514f56b52eb74f9e7a9/library/core/src/ops/function.rs:227:5
[INFO] [stdout]   20:     0x556046c625b3 - core::ops::function::FnOnce::call_once::hbb52c4519d3137b0
[INFO] [stdout]                                at /rustc/53fd98ca776cb875bc9e5514f56b52eb74f9e7a9/library/core/src/ops/function.rs:227:5
[INFO] [stdout]   21:     0x556046c625b3 - test::__rust_begin_short_backtrace::h86fe3a2a5a5121af
[INFO] [stdout]                                at /rustc/53fd98ca776cb875bc9e5514f56b52eb74f9e7a9/library/test/src/lib.rs:578:5
[INFO] [stdout]   22:     0x556046c61068 - <alloc::boxed::Box<F,A> as core::ops::function::FnOnce<Args>>::call_once::hfd956bc3d57399be
[INFO] [stdout]                                at /rustc/53fd98ca776cb875bc9e5514f56b52eb74f9e7a9/library/alloc/src/boxed.rs:1572:9
[INFO] [stdout]   23:     0x556046c61068 - <std::panic::AssertUnwindSafe<F> as core::ops::function::FnOnce<()>>::call_once::h40dc93e0ddb5938a
[INFO] [stdout]                                at /rustc/53fd98ca776cb875bc9e5514f56b52eb74f9e7a9/library/std/src/panic.rs:347:9
[INFO] [stdout]   24:     0x556046c61068 - std::panicking::try::do_call::h90d07750cb47c562
[INFO] [stdout]                                at /rustc/53fd98ca776cb875bc9e5514f56b52eb74f9e7a9/library/std/src/panicking.rs:401:40
[INFO] [stdout]   25:     0x556046c61068 - std::panicking::try::h063c84733ad2a629
[INFO] [stdout]                                at /rustc/53fd98ca776cb875bc9e5514f56b52eb74f9e7a9/library/std/src/panicking.rs:365:19
[INFO] [stdout]   26:     0x556046c61068 - std::panic::catch_unwind::h0c464836a84e7c08
[INFO] [stdout]                                at /rustc/53fd98ca776cb875bc9e5514f56b52eb74f9e7a9/library/std/src/panic.rs:434:14
[INFO] [stdout]   27:     0x556046c61068 - test::run_test_in_process::h5cb06ef620b157fc
[INFO] [stdout]                                at /rustc/53fd98ca776cb875bc9e5514f56b52eb74f9e7a9/library/test/src/lib.rs:601:18
[INFO] [stdout]   28:     0x556046c61068 - test::run_test::run_test_inner::{{closure}}::h76f677f4b93f9828
[INFO] [stdout]                                at /rustc/53fd98ca776cb875bc9e5514f56b52eb74f9e7a9/library/test/src/lib.rs:493:39
[INFO] [stdout]   29:     0x556046c2f7fd - test::run_test::run_test_inner::{{closure}}::h366d01fe04f4d67a
[INFO] [stdout]                                at /rustc/53fd98ca776cb875bc9e5514f56b52eb74f9e7a9/library/test/src/lib.rs:520:37
[INFO] [stdout]   30:     0x556046c2f7fd - std::sys_common::backtrace::__rust_begin_short_backtrace::h7dfa0de4eb395af2
[INFO] [stdout]                                at /rustc/53fd98ca776cb875bc9e5514f56b52eb74f9e7a9/library/std/src/sys_common/backtrace.rs:125:18
[INFO] [stdout]   31:     0x556046c33fc8 - std::thread::Builder::spawn_unchecked::{{closure}}::{{closure}}::hf0a74bb58798037f
[INFO] [stdout]                                at /rustc/53fd98ca776cb875bc9e5514f56b52eb74f9e7a9/library/std/src/thread/mod.rs:476:17
[INFO] [stdout]   32:     0x556046c33fc8 - <std::panic::AssertUnwindSafe<F> as core::ops::function::FnOnce<()>>::call_once::hb024e854818586ac
[INFO] [stdout]                                at /rustc/53fd98ca776cb875bc9e5514f56b52eb74f9e7a9/library/std/src/panic.rs:347:9
[INFO] [stdout]   33:     0x556046c33fc8 - std::panicking::try::do_call::hb2dd9f1d0d48e41d
[INFO] [stdout]                                at /rustc/53fd98ca776cb875bc9e5514f56b52eb74f9e7a9/library/std/src/panicking.rs:401:40
[INFO] [stdout]   34:     0x556046c33fc8 - std::panicking::try::h4717ae7bac8b2bf3
[INFO] [stdout]                                at /rustc/53fd98ca776cb875bc9e5514f56b52eb74f9e7a9/library/std/src/panicking.rs:365:19
[INFO] [stdout]   35:     0x556046c33fc8 - std::panic::catch_unwind::h0dc8a061326ce8d8
[INFO] [stdout]                                at /rustc/53fd98ca776cb875bc9e5514f56b52eb74f9e7a9/library/std/src/panic.rs:434:14
[INFO] [stdout]   36:     0x556046c33fc8 - std::thread::Builder::spawn_unchecked::{{closure}}::haa369e2d6fd00aa1
[INFO] [stdout]                                at /rustc/53fd98ca776cb875bc9e5514f56b52eb74f9e7a9/library/std/src/thread/mod.rs:475:30
[INFO] [stdout]   37:     0x556046c33fc8 - core::ops::function::FnOnce::call_once{{vtable.shim}}::h36dcf3de8b056f17
[INFO] [stdout]                                at /rustc/53fd98ca776cb875bc9e5514f56b52eb74f9e7a9/library/core/src/ops/function.rs:227:5
[INFO] [stdout]   38:     0x556046e35f07 - <alloc::boxed::Box<F,A> as core::ops::function::FnOnce<Args>>::call_once::h65c29e4642be2358
[INFO] [stdout]                                at /rustc/53fd98ca776cb875bc9e5514f56b52eb74f9e7a9/library/alloc/src/boxed.rs:1572:9
[INFO] [stdout]   39:     0x556046e35f07 - <alloc::boxed::Box<F,A> as core::ops::function::FnOnce<Args>>::call_once::hd0f8f7fbbd9fffbf
[INFO] [stdout]                                at /rustc/53fd98ca776cb875bc9e5514f56b52eb74f9e7a9/library/alloc/src/boxed.rs:1572:9
[INFO] [stdout]   40:     0x556046e35f07 - std::sys::unix::thread::Thread::new::thread_start::h2fd22fee3ca77b65
[INFO] [stdout]                                at /rustc/53fd98ca776cb875bc9e5514f56b52eb74f9e7a9/library/std/src/sys/unix/thread.rs:74:17
[INFO] [stdout]   41:     0x7f9f1184d609 - start_thread
[INFO] [stdout]   42:     0x7f9f1161f293 - clone
[INFO] [stdout]   43:                0x0 - <unknown>
[INFO] [stdout] 
[INFO] [stdout] 
[INFO] [stdout] failures:
[INFO] [stdout]     day25::day25
[INFO] [stdout] 
[INFO] [stdout] test result: FAILED. 40 passed; 1 failed; 0 ignored; 0 measured; 0 filtered out; finished in 2.08s
[INFO] [stdout] 
[INFO] [stderr] error: test failed, to rerun pass '--bin aoc2020'
[INFO] running `Command { std: "docker" "inspect" "be8d24e1fdf796852f7a9675fe87e2b70640bb6105b4a1d13bc369c10733adaf", kill_on_drop: false }`
[INFO] running `Command { std: "docker" "rm" "-f" "be8d24e1fdf796852f7a9675fe87e2b70640bb6105b4a1d13bc369c10733adaf", kill_on_drop: false }`
[INFO] [stdout] be8d24e1fdf796852f7a9675fe87e2b70640bb6105b4a1d13bc369c10733adaf
