[INFO] cloning repository https://github.com/ymjing/tabbyssl
[INFO] running `Command { std: "git" "-c" "credential.helper=" "-c" "credential.helper=/workspace/cargo-home/bin/git-credential-null" "clone" "--bare" "https://github.com/ymjing/tabbyssl" "/workspace/cache/git-repos/https%3A%2F%2Fgithub.com%2Fymjing%2Ftabbyssl", kill_on_drop: false }`
[INFO] [stderr] Cloning into bare repository '/workspace/cache/git-repos/https%3A%2F%2Fgithub.com%2Fymjing%2Ftabbyssl'...
[INFO] running `Command { std: "git" "rev-parse" "HEAD", kill_on_drop: false }`
[INFO] [stdout] 17e3d40445736736a81ea36d4b434af3a98986d9
[INFO] testing ymjing/tabbyssl against 1.54.0 for beta-1.55-1
[INFO] running `Command { std: "git" "clone" "/workspace/cache/git-repos/https%3A%2F%2Fgithub.com%2Fymjing%2Ftabbyssl" "/workspace/builds/worker-1/source", kill_on_drop: false }`
[INFO] [stderr] Cloning into '/workspace/builds/worker-1/source'...
[INFO] [stderr] done.
[INFO] validating manifest of git repo https://github.com/ymjing/tabbyssl on toolchain 1.54.0
[INFO] running `Command { std: "/workspace/cargo-home/bin/cargo" "+1.54.0" "metadata" "--manifest-path" "Cargo.toml" "--no-deps", kill_on_drop: false }`
[INFO] started tweaking git repo https://github.com/ymjing/tabbyssl
[INFO] removed 0 missing examples
[INFO] finished tweaking git repo https://github.com/ymjing/tabbyssl
[INFO] tweaked toml for git repo https://github.com/ymjing/tabbyssl written to /workspace/builds/worker-1/source/Cargo.toml
[INFO] crate git repo https://github.com/ymjing/tabbyssl already has a lockfile, it will not be regenerated
[INFO] running `Command { std: "/workspace/cargo-home/bin/cargo" "+1.54.0" "fetch" "--manifest-path" "Cargo.toml", kill_on_drop: false }`
[INFO] [stderr]     Blocking waiting for file lock on package cache
[INFO] [stderr]     Blocking waiting for file lock on package cache
[INFO] running `Command { std: "docker" "create" "-v" "/var/lib/crater-agent-workspace/builds/worker-1/target:/opt/rustwide/target:rw,Z" "-v" "/var/lib/crater-agent-workspace/builds/worker-1/source:/opt/rustwide/workdir:ro,Z" "-v" "/var/lib/crater-agent-workspace/cargo-home:/opt/rustwide/cargo-home:ro,Z" "-v" "/var/lib/crater-agent-workspace/rustup-home:/opt/rustwide/rustup-home:ro,Z" "-e" "SOURCE_DIR=/opt/rustwide/workdir" "-e" "CARGO_TARGET_DIR=/opt/rustwide/target" "-e" "CARGO_HOME=/opt/rustwide/cargo-home" "-e" "RUSTUP_HOME=/opt/rustwide/rustup-home" "-w" "/opt/rustwide/workdir" "-m" "1610612736" "--user" "0:0" "--network" "none" "ghcr.io/rust-lang/crates-build-env/linux@sha256:34b6a614d2c27851fe6cbf88fbd1137609cefab8b10d0615aaeb6fd47975d74e" "/opt/rustwide/cargo-home/bin/cargo" "+1.54.0" "metadata" "--no-deps" "--format-version=1", kill_on_drop: false }`
[INFO] [stderr] WARNING: Your kernel does not support swap limit capabilities or the cgroup is not mounted. Memory limited without swap.
[INFO] [stdout] 77b0a36ad73729a3c317449f54dce34ad6f44225f9c31c5265f27fd63a7a4c9d
[INFO] running `Command { std: "docker" "start" "-a" "77b0a36ad73729a3c317449f54dce34ad6f44225f9c31c5265f27fd63a7a4c9d", kill_on_drop: false }`
[INFO] running `Command { std: "docker" "inspect" "77b0a36ad73729a3c317449f54dce34ad6f44225f9c31c5265f27fd63a7a4c9d", kill_on_drop: false }`
[INFO] running `Command { std: "docker" "rm" "-f" "77b0a36ad73729a3c317449f54dce34ad6f44225f9c31c5265f27fd63a7a4c9d", kill_on_drop: false }`
[INFO] [stdout] 77b0a36ad73729a3c317449f54dce34ad6f44225f9c31c5265f27fd63a7a4c9d
[INFO] running `Command { std: "docker" "create" "-v" "/var/lib/crater-agent-workspace/builds/worker-1/target:/opt/rustwide/target:rw,Z" "-v" "/var/lib/crater-agent-workspace/builds/worker-1/source:/opt/rustwide/workdir:ro,Z" "-v" "/var/lib/crater-agent-workspace/cargo-home:/opt/rustwide/cargo-home:ro,Z" "-v" "/var/lib/crater-agent-workspace/rustup-home:/opt/rustwide/rustup-home:ro,Z" "-e" "SOURCE_DIR=/opt/rustwide/workdir" "-e" "CARGO_TARGET_DIR=/opt/rustwide/target" "-e" "CARGO_INCREMENTAL=0" "-e" "RUST_BACKTRACE=full" "-e" "RUSTFLAGS=--cap-lints=warn" "-e" "CARGO_HOME=/opt/rustwide/cargo-home" "-e" "RUSTUP_HOME=/opt/rustwide/rustup-home" "-w" "/opt/rustwide/workdir" "-m" "1610612736" "--user" "0:0" "--network" "none" "ghcr.io/rust-lang/crates-build-env/linux@sha256:34b6a614d2c27851fe6cbf88fbd1137609cefab8b10d0615aaeb6fd47975d74e" "/opt/rustwide/cargo-home/bin/cargo" "+1.54.0" "build" "--frozen" "--message-format=json", kill_on_drop: false }`
[INFO] [stdout] 5daa661b7f25606937f88897341b6264e4cfd2a52d5f5eec41ca8f7d09bb8592
[INFO] [stderr] WARNING: Your kernel does not support swap limit capabilities or the cgroup is not mounted. Memory limited without swap.
[INFO] running `Command { std: "docker" "start" "-a" "5daa661b7f25606937f88897341b6264e4cfd2a52d5f5eec41ca8f7d09bb8592", kill_on_drop: false }`
[INFO] [stderr]    Compiling tabbyssl v0.10.0 (/opt/rustwide/workdir)
[INFO] [stderr]    Compiling ring v0.16.9
[INFO] [stderr]    Compiling enum_to_u8_slice_derive v0.1.1
[INFO] [stderr]    Compiling env_logger v0.7.1
[INFO] [stderr]    Compiling webpki v0.21.0
[INFO] [stderr]    Compiling sct v0.6.0
[INFO] [stderr]    Compiling rustls v0.16.0 (https://github.com/ctz/rustls#1d8114c8)
[INFO] [stderr]    Compiling webpki-roots v0.18.0
[INFO] [stderr]     Finished dev [unoptimized + debuginfo] target(s) in 20.95s
[INFO] running `Command { std: "docker" "inspect" "5daa661b7f25606937f88897341b6264e4cfd2a52d5f5eec41ca8f7d09bb8592", kill_on_drop: false }`
[INFO] running `Command { std: "docker" "rm" "-f" "5daa661b7f25606937f88897341b6264e4cfd2a52d5f5eec41ca8f7d09bb8592", kill_on_drop: false }`
[INFO] [stdout] 5daa661b7f25606937f88897341b6264e4cfd2a52d5f5eec41ca8f7d09bb8592
[INFO] running `Command { std: "docker" "create" "-v" "/var/lib/crater-agent-workspace/builds/worker-1/target:/opt/rustwide/target:rw,Z" "-v" "/var/lib/crater-agent-workspace/builds/worker-1/source:/opt/rustwide/workdir:ro,Z" "-v" "/var/lib/crater-agent-workspace/cargo-home:/opt/rustwide/cargo-home:ro,Z" "-v" "/var/lib/crater-agent-workspace/rustup-home:/opt/rustwide/rustup-home:ro,Z" "-e" "SOURCE_DIR=/opt/rustwide/workdir" "-e" "CARGO_TARGET_DIR=/opt/rustwide/target" "-e" "CARGO_INCREMENTAL=0" "-e" "RUST_BACKTRACE=full" "-e" "RUSTFLAGS=--cap-lints=warn" "-e" "CARGO_HOME=/opt/rustwide/cargo-home" "-e" "RUSTUP_HOME=/opt/rustwide/rustup-home" "-w" "/opt/rustwide/workdir" "-m" "1610612736" "--user" "0:0" "--network" "none" "ghcr.io/rust-lang/crates-build-env/linux@sha256:34b6a614d2c27851fe6cbf88fbd1137609cefab8b10d0615aaeb6fd47975d74e" "/opt/rustwide/cargo-home/bin/cargo" "+1.54.0" "test" "--frozen" "--no-run" "--message-format=json", kill_on_drop: false }`
[INFO] [stdout] b7cc39b82be1066324afdf0bbf5be2060ec00ea806cdb77ac0192d48fe8aa79c
[INFO] [stderr] WARNING: Your kernel does not support swap limit capabilities or the cgroup is not mounted. Memory limited without swap.
[INFO] running `Command { std: "docker" "start" "-a" "b7cc39b82be1066324afdf0bbf5be2060ec00ea806cdb77ac0192d48fe8aa79c", kill_on_drop: false }`
[INFO] [stderr]    Compiling tabbyssl v0.10.0 (/opt/rustwide/workdir)
[INFO] [stdout] warning: getting the inner pointer of a temporary `CString`
[INFO] [stdout]    --> examples/bogo_shim/bogo_shim.rs:176:59
[INFO] [stdout]     |
[INFO] [stdout] 176 |             CString::new(opts.cert_file.clone()).unwrap().as_ptr() as *const libc::c_char,
[INFO] [stdout]     |             --------------------------------------------- ^^^^^^ this pointer will be invalid
[INFO] [stdout]     |             |
[INFO] [stdout]     |             this `CString` is deallocated at the end of the statement, bind it to a variable to extend its lifetime
[INFO] [stdout]     |
[INFO] [stdout]     = note: `#[warn(temporary_cstring_as_ptr)]` on by default
[INFO] [stdout]     = note: pointers do not have a lifetime; when calling `as_ptr` the `CString` will be deallocated at the end of the statement because nothing is referencing it as far as the type system is concerned
[INFO] [stdout]     = help: for more information, see https://doc.rust-lang.org/reference/destructors.html
[INFO] [stdout] 
[INFO] [stdout] 
[INFO] [stdout] warning: getting the inner pointer of a temporary `CString`
[INFO] [stdout]    --> examples/bogo_shim/bogo_shim.rs:185:58
[INFO] [stdout]     |
[INFO] [stdout] 185 |             CString::new(opts.key_file.clone()).unwrap().as_ptr() as *const libc::c_char,
[INFO] [stdout]     |             -------------------------------------------- ^^^^^^ this pointer will be invalid
[INFO] [stdout]     |             |
[INFO] [stdout]     |             this `CString` is deallocated at the end of the statement, bind it to a variable to extend its lifetime
[INFO] [stdout]     |
[INFO] [stdout]     = note: pointers do not have a lifetime; when calling `as_ptr` the `CString` will be deallocated at the end of the statement because nothing is referencing it as far as the type system is concerned
[INFO] [stdout]     = help: for more information, see https://doc.rust-lang.org/reference/destructors.html
[INFO] [stdout] 
[INFO] [stdout] 
[INFO] [stdout] warning: getting the inner pointer of a temporary `CString`
[INFO] [stdout]    --> examples/bogo_shim/bogo_shim.rs:225:55
[INFO] [stdout]     |
[INFO] [stdout] 225 |         CString::new(opts.host_name.clone()).unwrap().as_ptr() as *const libc::c_char,
[INFO] [stdout]     |         --------------------------------------------- ^^^^^^ this pointer will be invalid
[INFO] [stdout]     |         |
[INFO] [stdout]     |         this `CString` is deallocated at the end of the statement, bind it to a variable to extend its lifetime
[INFO] [stdout]     |
[INFO] [stdout]     = note: pointers do not have a lifetime; when calling `as_ptr` the `CString` will be deallocated at the end of the statement because nothing is referencing it as far as the type system is concerned
[INFO] [stdout]     = help: for more information, see https://doc.rust-lang.org/reference/destructors.html
[INFO] [stdout] 
[INFO] [stdout] 
[INFO] [stdout] warning: use of deprecated associated function `std::error::Error::description`: use the Display impl or to_string()
[INFO] [stdout]     --> src/libssl/err.rs:1024:45
[INFO] [stdout]      |
[INFO] [stdout] 1024 |             println!("{}, {}", error, error.description());
[INFO] [stdout]      |                                             ^^^^^^^^^^^
[INFO] [stdout]      |
[INFO] [stdout] note: the lint level is defined here
[INFO] [stdout]     --> src/lib.rs:28:71
[INFO] [stdout]      |
[INFO] [stdout] 28   | #![forbid(anonymous_parameters, unused_import_braces, unused_results, warnings)]
[INFO] [stdout]      |                                                                       ^^^^^^^^
[INFO] [stdout]      = note: `#[warn(deprecated)]` implied by `#[warn(warnings)]`
[INFO] [stdout] 
[INFO] [stdout] 
[INFO] [stdout] warning: this method call currently resolves to `<&[T; N] as IntoIterator>::into_iter` (due to autoref coercions), but that might change in the future when `IntoIterator` impls for arrays are added.
[INFO] [stdout]    --> src/libssl/err.rs:999:33
[INFO] [stdout]     |
[INFO] [stdout] 999 |         for code in ERROR_CODES.into_iter() {
[INFO] [stdout]     |                                 ^^^^^^^^^ help: use `.iter()` instead of `.into_iter()` to avoid ambiguity: `iter`
[INFO] [stdout]     |
[INFO] [stdout] note: the lint level is defined here
[INFO] [stdout]    --> src/lib.rs:28:71
[INFO] [stdout]     |
[INFO] [stdout] 28  | #![forbid(anonymous_parameters, unused_import_braces, unused_results, warnings)]
[INFO] [stdout]     |                                                                       ^^^^^^^^
[INFO] [stdout]     = note: `#[warn(array_into_iter)]` implied by `#[warn(warnings)]`
[INFO] [stdout]     = warning: this was previously accepted by the compiler but is being phased out; it will become a hard error in a future release!
[INFO] [stdout]     = note: for more information, see issue #66145 <https://github.com/rust-lang/rust/issues/66145>
[INFO] [stdout] 
[INFO] [stdout] 
[INFO] [stdout] warning: this method call currently resolves to `<&[T; N] as IntoIterator>::into_iter` (due to autoref coercions), but that might change in the future when `IntoIterator` impls for arrays are added.
[INFO] [stdout]     --> src/libssl/err.rs:1020:35
[INFO] [stdout]      |
[INFO] [stdout] 1020 |         for error in tabby_errors.into_iter() {
[INFO] [stdout]      |                                   ^^^^^^^^^ help: use `.iter()` instead of `.into_iter()` to avoid ambiguity: `iter`
[INFO] [stdout]      |
[INFO] [stdout]      = warning: this was previously accepted by the compiler but is being phased out; it will become a hard error in a future release!
[INFO] [stdout]      = note: for more information, see issue #66145 <https://github.com/rust-lang/rust/issues/66145>
[INFO] [stdout] 
[INFO] [stdout] 
[INFO] [stdout] warning: this method call currently resolves to `<&[T; N] as IntoIterator>::into_iter` (due to autoref coercions), but that might change in the future when `IntoIterator` impls for arrays are added.
[INFO] [stdout]     --> src/libssl/err.rs:1053:37
[INFO] [stdout]      |
[INFO] [stdout] 1053 |         for error_kind in io_errors.into_iter() {
[INFO] [stdout]      |                                     ^^^^^^^^^ help: use `.iter()` instead of `.into_iter()` to avoid ambiguity: `iter`
[INFO] [stdout]      |
[INFO] [stdout]      = warning: this was previously accepted by the compiler but is being phased out; it will become a hard error in a future release!
[INFO] [stdout]      = note: for more information, see issue #66145 <https://github.com/rust-lang/rust/issues/66145>
[INFO] [stdout] 
[INFO] [stdout] 
[INFO] [stdout] warning: this method call currently resolves to `<&[T; N] as IntoIterator>::into_iter` (due to autoref coercions), but that might change in the future when `IntoIterator` impls for arrays are added.
[INFO] [stdout]     --> src/libssl/err.rs:1090:33
[INFO] [stdout]      |
[INFO] [stdout] 1090 |         for error in tls_errors.into_iter() {
[INFO] [stdout]      |                                 ^^^^^^^^^ help: use `.iter()` instead of `.into_iter()` to avoid ambiguity: `iter`
[INFO] [stdout]      |
[INFO] [stdout]      = warning: this was previously accepted by the compiler but is being phased out; it will become a hard error in a future release!
[INFO] [stdout]      = note: for more information, see issue #66145 <https://github.com/rust-lang/rust/issues/66145>
[INFO] [stdout] 
[INFO] [stdout] 
[INFO] [stdout] warning: this method call currently resolves to `<&[T; N] as IntoIterator>::into_iter` (due to autoref coercions), but that might change in the future when `IntoIterator` impls for arrays are added.
[INFO] [stdout]     --> src/libssl/err.rs:1122:40
[INFO] [stdout]      |
[INFO] [stdout] 1122 |         for pki_error in webpki_errors.into_iter() {
[INFO] [stdout]      |                                        ^^^^^^^^^ help: use `.iter()` instead of `.into_iter()` to avoid ambiguity: `iter`
[INFO] [stdout]      |
[INFO] [stdout]      = warning: this was previously accepted by the compiler but is being phased out; it will become a hard error in a future release!
[INFO] [stdout]      = note: for more information, see issue #66145 <https://github.com/rust-lang/rust/issues/66145>
[INFO] [stdout] 
[INFO] [stdout] 
[INFO] [stdout] warning: this method call currently resolves to `<&[T; N] as IntoIterator>::into_iter` (due to autoref coercions), but that might change in the future when `IntoIterator` impls for arrays are added.
[INFO] [stdout]     --> src/libssl/err.rs:1171:29
[INFO] [stdout]      |
[INFO] [stdout] 1171 |         for alert in alerts.into_iter() {
[INFO] [stdout]      |                             ^^^^^^^^^ help: use `.iter()` instead of `.into_iter()` to avoid ambiguity: `iter`
[INFO] [stdout]      |
[INFO] [stdout]      = warning: this was previously accepted by the compiler but is being phased out; it will become a hard error in a future release!
[INFO] [stdout]      = note: for more information, see issue #66145 <https://github.com/rust-lang/rust/issues/66145>
[INFO] [stdout] 
[INFO] [stdout] 
[INFO] [stdout] warning: this method call currently resolves to `<&[T; N] as IntoIterator>::into_iter` (due to autoref coercions), but that might change in the future when `IntoIterator` impls for arrays are added.
[INFO] [stdout]     --> src/libssl/err.rs:1182:33
[INFO] [stdout]      |
[INFO] [stdout] 1182 |         for code in ERROR_CODES.into_iter() {
[INFO] [stdout]      |                                 ^^^^^^^^^ help: use `.iter()` instead of `.into_iter()` to avoid ambiguity: `iter`
[INFO] [stdout]      |
[INFO] [stdout]      = warning: this was previously accepted by the compiler but is being phased out; it will become a hard error in a future release!
[INFO] [stdout]      = note: for more information, see issue #66145 <https://github.com/rust-lang/rust/issues/66145>
[INFO] [stdout] 
[INFO] [stdout] 
[INFO] [stdout] warning: this method call currently resolves to `<&[T; N] as IntoIterator>::into_iter` (due to autoref coercions), but that might change in the future when `IntoIterator` impls for arrays are added.
[INFO] [stdout]     --> src/libssl/err.rs:1195:33
[INFO] [stdout]      |
[INFO] [stdout] 1195 |         for code in ERROR_CODES.into_iter() {
[INFO] [stdout]      |                                 ^^^^^^^^^ help: use `.iter()` instead of `.into_iter()` to avoid ambiguity: `iter`
[INFO] [stdout]      |
[INFO] [stdout]      = warning: this was previously accepted by the compiler but is being phased out; it will become a hard error in a future release!
[INFO] [stdout]      = note: for more information, see issue #66145 <https://github.com/rust-lang/rust/issues/66145>
[INFO] [stdout] 
[INFO] [stdout] 
[INFO] [stdout] warning: this method call currently resolves to `<&[T; N] as IntoIterator>::into_iter` (due to autoref coercions), but that might change in the future when `IntoIterator` impls for arrays are added.
[INFO] [stdout]     --> src/libssl/err.rs:1219:33
[INFO] [stdout]      |
[INFO] [stdout] 1219 |         for code in ERROR_CODES.into_iter() {
[INFO] [stdout]      |                                 ^^^^^^^^^ help: use `.iter()` instead of `.into_iter()` to avoid ambiguity: `iter`
[INFO] [stdout]      |
[INFO] [stdout]      = warning: this was previously accepted by the compiler but is being phased out; it will become a hard error in a future release!
[INFO] [stdout]      = note: for more information, see issue #66145 <https://github.com/rust-lang/rust/issues/66145>
[INFO] [stdout] 
[INFO] [stdout] 
[INFO] [stdout] warning: this method call currently resolves to `<&[T; N] as IntoIterator>::into_iter` (due to autoref coercions), but that might change in the future when `IntoIterator` impls for arrays are added.
[INFO] [stdout]     --> src/libssl/err.rs:1239:33
[INFO] [stdout]      |
[INFO] [stdout] 1239 |         for code in ERROR_CODES.into_iter() {
[INFO] [stdout]      |                                 ^^^^^^^^^ help: use `.iter()` instead of `.into_iter()` to avoid ambiguity: `iter`
[INFO] [stdout]      |
[INFO] [stdout]      = warning: this was previously accepted by the compiler but is being phased out; it will become a hard error in a future release!
[INFO] [stdout]      = note: for more information, see issue #66145 <https://github.com/rust-lang/rust/issues/66145>
[INFO] [stdout] 
[INFO] [stdout] 
[INFO] [stdout] warning: this method call currently resolves to `<&[T; N] as IntoIterator>::into_iter` (due to autoref coercions), but that might change in the future when `IntoIterator` impls for arrays are added.
[INFO] [stdout]    --> src/libssl/safestack.rs:328:27
[INFO] [stdout]     |
[INFO] [stdout] 328 |         for name in names.into_iter() {
[INFO] [stdout]     |                           ^^^^^^^^^ help: use `.iter()` instead of `.into_iter()` to avoid ambiguity: `iter`
[INFO] [stdout]     |
[INFO] [stdout]     = warning: this was previously accepted by the compiler but is being phased out; it will become a hard error in a future release!
[INFO] [stdout]     = note: for more information, see issue #66145 <https://github.com/rust-lang/rust/issues/66145>
[INFO] [stdout] 
[INFO] [stdout] 
[INFO] [stdout] warning: 3 warnings emitted
[INFO] [stdout] 
[INFO] [stdout] 
[INFO] [stdout] warning: 12 warnings emitted
[INFO] [stdout] 
[INFO] [stdout] 
[INFO] [stderr]     Finished test [unoptimized + debuginfo] target(s) in 6.61s
[INFO] running `Command { std: "docker" "inspect" "b7cc39b82be1066324afdf0bbf5be2060ec00ea806cdb77ac0192d48fe8aa79c", kill_on_drop: false }`
[INFO] running `Command { std: "docker" "rm" "-f" "b7cc39b82be1066324afdf0bbf5be2060ec00ea806cdb77ac0192d48fe8aa79c", kill_on_drop: false }`
[INFO] [stdout] b7cc39b82be1066324afdf0bbf5be2060ec00ea806cdb77ac0192d48fe8aa79c
[INFO] running `Command { std: "docker" "create" "-v" "/var/lib/crater-agent-workspace/builds/worker-1/target:/opt/rustwide/target:rw,Z" "-v" "/var/lib/crater-agent-workspace/builds/worker-1/source:/opt/rustwide/workdir:ro,Z" "-v" "/var/lib/crater-agent-workspace/cargo-home:/opt/rustwide/cargo-home:ro,Z" "-v" "/var/lib/crater-agent-workspace/rustup-home:/opt/rustwide/rustup-home:ro,Z" "-e" "SOURCE_DIR=/opt/rustwide/workdir" "-e" "CARGO_TARGET_DIR=/opt/rustwide/target" "-e" "CARGO_INCREMENTAL=0" "-e" "RUST_BACKTRACE=full" "-e" "RUSTFLAGS=--cap-lints=warn" "-e" "CARGO_HOME=/opt/rustwide/cargo-home" "-e" "RUSTUP_HOME=/opt/rustwide/rustup-home" "-w" "/opt/rustwide/workdir" "-m" "1610612736" "--user" "0:0" "--network" "none" "ghcr.io/rust-lang/crates-build-env/linux@sha256:34b6a614d2c27851fe6cbf88fbd1137609cefab8b10d0615aaeb6fd47975d74e" "/opt/rustwide/cargo-home/bin/cargo" "+1.54.0" "test" "--frozen", kill_on_drop: false }`
[INFO] [stdout] f25f3bcecc1ae2db166df9644a8d649fa938805444bdb4aa90b417239524ab5c
[INFO] [stderr] WARNING: Your kernel does not support swap limit capabilities or the cgroup is not mounted. Memory limited without swap.
[INFO] running `Command { std: "docker" "start" "-a" "f25f3bcecc1ae2db166df9644a8d649fa938805444bdb4aa90b417239524ab5c", kill_on_drop: false }`
[INFO] [stderr] warning: use of deprecated associated function `std::error::Error::description`: use the Display impl or to_string()
[INFO] [stderr]     --> src/libssl/err.rs:1024:45
[INFO] [stderr]      |
[INFO] [stderr] 1024 |             println!("{}, {}", error, error.description());
[INFO] [stderr]      |                                             ^^^^^^^^^^^
[INFO] [stderr]      |
[INFO] [stderr] note: the lint level is defined here
[INFO] [stderr]     --> src/lib.rs:28:71
[INFO] [stderr]      |
[INFO] [stderr] 28   | #![forbid(anonymous_parameters, unused_import_braces, unused_results, warnings)]
[INFO] [stderr]      |                                                                       ^^^^^^^^
[INFO] [stderr]      = note: `#[warn(deprecated)]` implied by `#[warn(warnings)]`
[INFO] [stderr] 
[INFO] [stderr] warning: this method call currently resolves to `<&[T; N] as IntoIterator>::into_iter` (due to autoref coercions), but that might change in the future when `IntoIterator` impls for arrays are added.
[INFO] [stderr]    --> src/libssl/err.rs:999:33
[INFO] [stderr]     |
[INFO] [stderr] 999 |         for code in ERROR_CODES.into_iter() {
[INFO] [stderr]     |                                 ^^^^^^^^^ help: use `.iter()` instead of `.into_iter()` to avoid ambiguity: `iter`
[INFO] [stderr]     |
[INFO] [stderr] note: the lint level is defined here
[INFO] [stderr]    --> src/lib.rs:28:71
[INFO] [stderr]     |
[INFO] [stderr] 28  | #![forbid(anonymous_parameters, unused_import_braces, unused_results, warnings)]
[INFO] [stderr]     |                                                                       ^^^^^^^^
[INFO] [stderr]     = note: `#[warn(array_into_iter)]` implied by `#[warn(warnings)]`
[INFO] [stderr]     = warning: this was previously accepted by the compiler but is being phased out; it will become a hard error in a future release!
[INFO] [stderr]     = note: for more information, see issue #66145 <https://github.com/rust-lang/rust/issues/66145>
[INFO] [stderr] 
[INFO] [stderr] warning: this method call currently resolves to `<&[T; N] as IntoIterator>::into_iter` (due to autoref coercions), but that might change in the future when `IntoIterator` impls for arrays are added.
[INFO] [stderr]     --> src/libssl/err.rs:1020:35
[INFO] [stderr]      |
[INFO] [stderr] 1020 |         for error in tabby_errors.into_iter() {
[INFO] [stderr]      |                                   ^^^^^^^^^ help: use `.iter()` instead of `.into_iter()` to avoid ambiguity: `iter`
[INFO] [stderr]      |
[INFO] [stderr]      = warning: this was previously accepted by the compiler but is being phased out; it will become a hard error in a future release!
[INFO] [stderr]      = note: for more information, see issue #66145 <https://github.com/rust-lang/rust/issues/66145>
[INFO] [stderr] 
[INFO] [stderr] warning: this method call currently resolves to `<&[T; N] as IntoIterator>::into_iter` (due to autoref coercions), but that might change in the future when `IntoIterator` impls for arrays are added.
[INFO] [stderr]     --> src/libssl/err.rs:1053:37
[INFO] [stderr]      |
[INFO] [stderr] 1053 |         for error_kind in io_errors.into_iter() {
[INFO] [stderr]      |                                     ^^^^^^^^^ help: use `.iter()` instead of `.into_iter()` to avoid ambiguity: `iter`
[INFO] [stderr]      |
[INFO] [stderr]      = warning: this was previously accepted by the compiler but is being phased out; it will become a hard error in a future release!
[INFO] [stderr]      = note: for more information, see issue #66145 <https://github.com/rust-lang/rust/issues/66145>
[INFO] [stderr] 
[INFO] [stderr] warning: this method call currently resolves to `<&[T; N] as IntoIterator>::into_iter` (due to autoref coercions), but that might change in the future when `IntoIterator` impls for arrays are added.
[INFO] [stderr]     --> src/libssl/err.rs:1090:33
[INFO] [stderr]      |
[INFO] [stderr] 1090 |         for error in tls_errors.into_iter() {
[INFO] [stderr]      |                                 ^^^^^^^^^ help: use `.iter()` instead of `.into_iter()` to avoid ambiguity: `iter`
[INFO] [stderr]      |
[INFO] [stderr]      = warning: this was previously accepted by the compiler but is being phased out; it will become a hard error in a future release!
[INFO] [stderr]      = note: for more information, see issue #66145 <https://github.com/rust-lang/rust/issues/66145>
[INFO] [stderr] 
[INFO] [stderr] warning: this method call currently resolves to `<&[T; N] as IntoIterator>::into_iter` (due to autoref coercions), but that might change in the future when `IntoIterator` impls for arrays are added.
[INFO] [stderr]     --> src/libssl/err.rs:1122:40
[INFO] [stderr]      |
[INFO] [stderr] 1122 |         for pki_error in webpki_errors.into_iter() {
[INFO] [stderr]      |                                        ^^^^^^^^^ help: use `.iter()` instead of `.into_iter()` to avoid ambiguity: `iter`
[INFO] [stderr]      |
[INFO] [stderr]      = warning: this was previously accepted by the compiler but is being phased out; it will become a hard error in a future release!
[INFO] [stderr]      = note: for more information, see issue #66145 <https://github.com/rust-lang/rust/issues/66145>
[INFO] [stderr] 
[INFO] [stderr] warning: this method call currently resolves to `<&[T; N] as IntoIterator>::into_iter` (due to autoref coercions), but that might change in the future when `IntoIterator` impls for arrays are added.
[INFO] [stderr]     --> src/libssl/err.rs:1171:29
[INFO] [stderr]      |
[INFO] [stderr] 1171 |         for alert in alerts.into_iter() {
[INFO] [stderr]      |                             ^^^^^^^^^ help: use `.iter()` instead of `.into_iter()` to avoid ambiguity: `iter`
[INFO] [stderr]      |
[INFO] [stderr]      = warning: this was previously accepted by the compiler but is being phased out; it will become a hard error in a future release!
[INFO] [stderr]      = note: for more information, see issue #66145 <https://github.com/rust-lang/rust/issues/66145>
[INFO] [stderr] 
[INFO] [stderr] warning: this method call currently resolves to `<&[T; N] as IntoIterator>::into_iter` (due to autoref coercions), but that might change in the future when `IntoIterator` impls for arrays are added.
[INFO] [stderr]     --> src/libssl/err.rs:1182:33
[INFO] [stderr]      |
[INFO] [stderr] 1182 |         for code in ERROR_CODES.into_iter() {
[INFO] [stderr]      |                                 ^^^^^^^^^ help: use `.iter()` instead of `.into_iter()` to avoid ambiguity: `iter`
[INFO] [stderr]      |
[INFO] [stderr]      = warning: this was previously accepted by the compiler but is being phased out; it will become a hard error in a future release!
[INFO] [stderr]      = note: for more information, see issue #66145 <https://github.com/rust-lang/rust/issues/66145>
[INFO] [stderr] 
[INFO] [stderr] warning: this method call currently resolves to `<&[T; N] as IntoIterator>::into_iter` (due to autoref coercions), but that might change in the future when `IntoIterator` impls for arrays are added.
[INFO] [stderr]     --> src/libssl/err.rs:1195:33
[INFO] [stderr]      |
[INFO] [stderr] 1195 |         for code in ERROR_CODES.into_iter() {
[INFO] [stderr]      |                                 ^^^^^^^^^ help: use `.iter()` instead of `.into_iter()` to avoid ambiguity: `iter`
[INFO] [stderr]      |
[INFO] [stderr]      = warning: this was previously accepted by the compiler but is being phased out; it will become a hard error in a future release!
[INFO] [stderr]      = note: for more information, see issue #66145 <https://github.com/rust-lang/rust/issues/66145>
[INFO] [stderr] 
[INFO] [stderr] warning: this method call currently resolves to `<&[T; N] as IntoIterator>::into_iter` (due to autoref coercions), but that might change in the future when `IntoIterator` impls for arrays are added.
[INFO] [stderr]     --> src/libssl/err.rs:1219:33
[INFO] [stderr]      |
[INFO] [stderr] 1219 |         for code in ERROR_CODES.into_iter() {
[INFO] [stderr]      |                                 ^^^^^^^^^ help: use `.iter()` instead of `.into_iter()` to avoid ambiguity: `iter`
[INFO] [stderr]      |
[INFO] [stderr]      = warning: this was previously accepted by the compiler but is being phased out; it will become a hard error in a future release!
[INFO] [stderr]      = note: for more information, see issue #66145 <https://github.com/rust-lang/rust/issues/66145>
[INFO] [stderr] 
[INFO] [stderr] warning: this method call currently resolves to `<&[T; N] as IntoIterator>::into_iter` (due to autoref coercions), but that might change in the future when `IntoIterator` impls for arrays are added.
[INFO] [stderr]     --> src/libssl/err.rs:1239:33
[INFO] [stderr]      |
[INFO] [stderr] 1239 |         for code in ERROR_CODES.into_iter() {
[INFO] [stderr]      |                                 ^^^^^^^^^ help: use `.iter()` instead of `.into_iter()` to avoid ambiguity: `iter`
[INFO] [stderr]      |
[INFO] [stderr]      = warning: this was previously accepted by the compiler but is being phased out; it will become a hard error in a future release!
[INFO] [stderr]      = note: for more information, see issue #66145 <https://github.com/rust-lang/rust/issues/66145>
[INFO] [stderr] 
[INFO] [stderr] warning: this method call currently resolves to `<&[T; N] as IntoIterator>::into_iter` (due to autoref coercions), but that might change in the future when `IntoIterator` impls for arrays are added.
[INFO] [stderr]    --> src/libssl/safestack.rs:328:27
[INFO] [stderr]     |
[INFO] [stderr] 328 |         for name in names.into_iter() {
[INFO] [stderr]     |                           ^^^^^^^^^ help: use `.iter()` instead of `.into_iter()` to avoid ambiguity: `iter`
[INFO] [stderr]     |
[INFO] [stderr]     = warning: this was previously accepted by the compiler but is being phased out; it will become a hard error in a future release!
[INFO] [stderr]     = note: for more information, see issue #66145 <https://github.com/rust-lang/rust/issues/66145>
[INFO] [stderr] 
[INFO] [stderr] warning: 12 warnings emitted
[INFO] [stderr] 
[INFO] [stderr] warning: getting the inner pointer of a temporary `CString`
[INFO] [stderr]    --> examples/bogo_shim/bogo_shim.rs:176:59
[INFO] [stderr]     |
[INFO] [stderr] 176 |             CString::new(opts.cert_file.clone()).unwrap().as_ptr() as *const libc::c_char,
[INFO] [stderr]     |             --------------------------------------------- ^^^^^^ this pointer will be invalid
[INFO] [stderr]     |             |
[INFO] [stderr]     |             this `CString` is deallocated at the end of the statement, bind it to a variable to extend its lifetime
[INFO] [stderr]     |
[INFO] [stderr]     = note: `#[warn(temporary_cstring_as_ptr)]` on by default
[INFO] [stderr]     = note: pointers do not have a lifetime; when calling `as_ptr` the `CString` will be deallocated at the end of the statement because nothing is referencing it as far as the type system is concerned
[INFO] [stderr]     = help: for more information, see https://doc.rust-lang.org/reference/destructors.html
[INFO] [stderr] 
[INFO] [stderr] warning: getting the inner pointer of a temporary `CString`
[INFO] [stderr]    --> examples/bogo_shim/bogo_shim.rs:185:58
[INFO] [stderr]     |
[INFO] [stderr] 185 |             CString::new(opts.key_file.clone()).unwrap().as_ptr() as *const libc::c_char,
[INFO] [stderr]     |             -------------------------------------------- ^^^^^^ this pointer will be invalid
[INFO] [stderr]     |             |
[INFO] [stderr]     |             this `CString` is deallocated at the end of the statement, bind it to a variable to extend its lifetime
[INFO] [stderr]     |
[INFO] [stderr]     = note: pointers do not have a lifetime; when calling `as_ptr` the `CString` will be deallocated at the end of the statement because nothing is referencing it as far as the type system is concerned
[INFO] [stderr]     = help: for more information, see https://doc.rust-lang.org/reference/destructors.html
[INFO] [stderr] 
[INFO] [stderr] warning: getting the inner pointer of a temporary `CString`
[INFO] [stderr]    --> examples/bogo_shim/bogo_shim.rs:225:55
[INFO] [stderr]     |
[INFO] [stderr] 225 |         CString::new(opts.host_name.clone()).unwrap().as_ptr() as *const libc::c_char,
[INFO] [stderr]     |         --------------------------------------------- ^^^^^^ this pointer will be invalid
[INFO] [stderr]     |         |
[INFO] [stderr]     |         this `CString` is deallocated at the end of the statement, bind it to a variable to extend its lifetime
[INFO] [stderr]     |
[INFO] [stderr]     = note: pointers do not have a lifetime; when calling `as_ptr` the `CString` will be deallocated at the end of the statement because nothing is referencing it as far as the type system is concerned
[INFO] [stderr]     = help: for more information, see https://doc.rust-lang.org/reference/destructors.html
[INFO] [stderr] 
[INFO] [stderr] warning: 3 warnings emitted
[INFO] [stderr] 
[INFO] [stderr]     Finished test [unoptimized + debuginfo] target(s) in 0.07s
[INFO] [stderr]      Running unittests (/opt/rustwide/target/debug/deps/tabbyssl-ff605cef03f48a6d)
[INFO] [stdout] 
[INFO] [stdout] running 65 tests
[INFO] [stderr] error:[0xE2]:[tabbyssl]:[src/libssl/err.rs:1267]:[OpensslErrorBadFuncArg ]
[INFO] [stdout] test libcrypto::bio::tests::bio_mem ... ok
[INFO] [stderr] error:[0xE1]:[tabbyssl]:[src/libssl/err.rs:1268]:[OpensslErrorMalformedObject ]
[INFO] [stdout] test libcrypto::bio::tests::bio_file_new_fp ... ok
[INFO] [stdout] test libcrypto::bio::tests::bio_create_from_method ... ok
[INFO] [stdout] test libcrypto::bio::tests::bio_methods ... ok
[INFO] [stdout] test libcrypto::bio::tests::bio_file_set_fp ... ok
[INFO] [stdout] test libcrypto::bio::tests::bio_null_ptr ... ok
[INFO] [stdout] test libcrypto::bio::tests::bio_uninitialized ... ok
[INFO] [stdout] test libcrypto::bio::tests::bio_null_buf ... ok
[INFO] [stdout] test libcrypto::pem::test::pem_read_bio_private_key ... ok
[INFO] [stdout] test libssl::err::tests::invalid_error_codes ... ok
[INFO] [stdout] test libssl::err::tests::error_code_conversion_from_long ... ok
[INFO] [stdout] test libssl::err::tests::error_string_n_with_big_buf ... ok
[INFO] [stdout] test libcrypto::pem::test::pem_read_private_key ... ok
[INFO] [stdout] test libssl::err::tests::clear ... ok
[INFO] [stdout] test libssl::err::tests::err_print_errors_fp ... ok
[INFO] [stdout] test libssl::err::tests::io_error_conversion ... ok
[INFO] [stdout] test libssl::err::tests::peek_should_not_remove_error ... ok
[INFO] [stdout] test libssl::err::tests::error_queue_is_thread_local ... ok
[INFO] [stdout] test libssl::safestack::tests::x509_name_sk ... ok
[INFO] [stdout] test libssl::err::tests::webpki_error_conversion ... ok
[INFO] [stdout] test libcrypto::pem::test::pem_read_bio_x509 ... ok
[INFO] [stdout] test libssl::err::tests::empty ... ok
[INFO] [stdout] test libssl::safestack::tests::x509_sk ... ok
[INFO] [stdout] test libssl::err::tests::push ... ok
[INFO] [stdout] test libssl::err::tests::tls_alert_error_conversion ... ok
[INFO] [stdout] test libssl::err::tests::tabby_error_code_conversion ... ok
[INFO] [stdout] test libssl::err::tests::error_string_n_with_null_buf ... ok
[INFO] [stdout] test libssl::err::tests::error_string_n_with_small_buf ... ok
[INFO] [stdout] test libssl::err::tests::error_strings ... ok
[INFO] [stdout] test libssl::err::tests::get_should_remove_error ... ok
[INFO] [stdout] test libcrypto::pem::test::pem_read_x509 ... ok
[INFO] [stdout] test libssl::ssl::tests::certificate_not_found ... ok
[INFO] [stdout] test libssl::ssl::tests::private_key_not_found ... ok
[INFO] [stdout] test libssl::ssl::tests::ssl_ctx_is_not_null ... ok
[INFO] [stdout] test libssl::ssl::tests::get_and_set_ssl_ctx ... ok
[INFO] [stdout] test libssl::err::tests::tls_error_conversion ... ok
[INFO] [stdout] test libssl::safestack::tests::sk_free_null_pointer ... ok
[INFO] [stdout] test libssl::ssl::tests::dummy_openssl_compatible_apis_always_return_success ... ok
[INFO] [stdout] test libssl::ssl::tests::ssl_is_not_null ... ok
[INFO] [stdout] test libssl::ssl::tests::ssl_io_on_bad_file_descriptor ... ok
[INFO] [stdout] test libssl::ssl::tests::ssl_is_thread_safe ... ok
[INFO] [stdout] test libssl::ssl::tests::ssl_load_certificate_and_private_key_asn1 ... ok
[INFO] [stdout] test libssl::ssl::tests::ssl_ctx_is_thread_safe ... ok
[INFO] [stdout] test libssl::ssl::tests::load_verify_locations ... ok
[INFO] [stdout] test libssl::ssl::tests::legacy_tls_versions_not_supported ... ok
[INFO] [stdout] test libssl::ssl::tests::ssl_ctx_load_certificate_and_private_key_asn1 ... ok
[INFO] [stdout] test libssl::ssl::tests::tabby_ssl_set_null_host_name ... ok
[INFO] [stdout] test libssl::ssl::tests::tabby_ssl_ctx_session_cache_mode_and_size ... ok
[INFO] [stdout] test libssl::ssl::tests::test_io_before_full_handshake ... ok
[INFO] [stdout] test libssl::ssl::tests::test_null_pointers_as_arguments ... ok
[INFO] [stdout] test libssl::ssl::tests::verify_key_and_certificate_1 ... ok
[INFO] [stdout] test libssl::x509::tests::x509_get_subject_name_and_alt_names ... ok
[INFO] [stdout] test libssl::ssl::tests::verify_certificate_and_key ... ok
[INFO] [stdout] test libssl::ssl::tests::supported_tls_versions ... ok
[INFO] [stdout] test libssl::x509::tests::x509_null_pointer ... ok
[INFO] [stdout] test libssl::ssl::tests::verify_key_and_certificate_2 ... ok
[INFO] [stdout] test libssl::ssl::tests::tabby_ssl_set_good_host_name ... ok
[INFO] [stdout] test libssl::ssl::tests::tabby_ssl_set_invalid_host_name ... ok
[INFO] [stdout] test libssl::ssl::tests::invalid_certificate ... ok
[INFO] [stdout] test libssl::ssl::tests::invalid_private_key ... ok
[INFO] [stdout] test libssl::ssl::tests::early_data_to_cloudflare ... FAILED
[INFO] [stdout] test libssl::ssl::tests::get_ssl_fd ... FAILED
[INFO] [stdout] test libcrypto::bio::tests::bio_file_new_from_path ... FAILED
[INFO] [stdout] test libssl::ssl::tests::ssl_on_nonblocking_socket ... FAILED
[INFO] [stdout] test libssl::ssl::tests::cross_version_tests ... ok
[INFO] [stdout] 
[INFO] [stdout] failures:
[INFO] [stdout] 
[INFO] [stdout] ---- libssl::ssl::tests::early_data_to_cloudflare stdout ----
[INFO] [stdout] thread 'libssl::ssl::tests::early_data_to_cloudflare' panicked at 'Failed to connect: Custom { kind: Other, error: "failed to lookup address information: Temporary failure in name resolution" }', src/libssl/ssl.rs:3367:67
[INFO] [stdout] stack backtrace:
[INFO] [stdout]    0:     0x556944b146d0 - std::backtrace_rs::backtrace::libunwind::trace::h34055254b57d8e79
[INFO] [stdout]                                at /rustc/a178d0322ce20e33eac124758e837cbd80a6f633/library/std/src/../../backtrace/src/backtrace/libunwind.rs:90:5
[INFO] [stdout]    1:     0x556944b146d0 - std::backtrace_rs::backtrace::trace_unsynchronized::h8f1e3fbd9afff6ec
[INFO] [stdout]                                at /rustc/a178d0322ce20e33eac124758e837cbd80a6f633/library/std/src/../../backtrace/src/backtrace/mod.rs:66:5
[INFO] [stdout]    2:     0x556944b146d0 - std::sys_common::backtrace::_print_fmt::h3a99a796b770c360
[INFO] [stdout]                                at /rustc/a178d0322ce20e33eac124758e837cbd80a6f633/library/std/src/sys_common/backtrace.rs:67:5
[INFO] [stdout]    3:     0x556944b146d0 - <std::sys_common::backtrace::_print::DisplayBacktrace as core::fmt::Display>::fmt::h32d1f94a80615d18
[INFO] [stdout]                                at /rustc/a178d0322ce20e33eac124758e837cbd80a6f633/library/std/src/sys_common/backtrace.rs:46:22
[INFO] [stdout]    4:     0x556944b37e3c - core::fmt::write::h306731c068f7162c
[INFO] [stdout]                                at /rustc/a178d0322ce20e33eac124758e837cbd80a6f633/library/core/src/fmt/mod.rs:1110:17
[INFO] [stdout]    5:     0x556944b0f575 - std::io::Write::write_fmt::h87f19b0a2cd190bc
[INFO] [stdout]                                at /rustc/a178d0322ce20e33eac124758e837cbd80a6f633/library/std/src/io/mod.rs:1588:15
[INFO] [stdout]    6:     0x556944b1683b - std::sys_common::backtrace::_print::h5abaa2601a852287
[INFO] [stdout]                                at /rustc/a178d0322ce20e33eac124758e837cbd80a6f633/library/std/src/sys_common/backtrace.rs:49:5
[INFO] [stdout]    7:     0x556944b1683b - std::sys_common::backtrace::print::h8d81445442bb638f
[INFO] [stdout]                                at /rustc/a178d0322ce20e33eac124758e837cbd80a6f633/library/std/src/sys_common/backtrace.rs:36:9
[INFO] [stdout]    8:     0x556944b1683b - std::panicking::default_hook::{{closure}}::hcfe804496a9fa747
[INFO] [stdout]                                at /rustc/a178d0322ce20e33eac124758e837cbd80a6f633/library/std/src/panicking.rs:208:50
[INFO] [stdout]    9:     0x556944b1634c - std::panicking::default_hook::hbea8e3ccf2ba8901
[INFO] [stdout]                                at /rustc/a178d0322ce20e33eac124758e837cbd80a6f633/library/std/src/panicking.rs:222:9
[INFO] [stdout]   10:     0x556944b16f04 - std::panicking::rust_panic_with_hook::h7ee9e1a2d0f8975a
[INFO] [stdout]                                at /rustc/a178d0322ce20e33eac124758e837cbd80a6f633/library/std/src/panicking.rs:622:17
[INFO] [stdout]   11:     0x556944b169e7 - std::panicking::begin_panic_handler::{{closure}}::h8ab3b4491718b2c7
[INFO] [stdout]                                at /rustc/a178d0322ce20e33eac124758e837cbd80a6f633/library/std/src/panicking.rs:519:13
[INFO] [stdout]   12:     0x556944b14bcc - std::sys_common::backtrace::__rust_end_short_backtrace::hd489062ffa586a9f
[INFO] [stdout]                                at /rustc/a178d0322ce20e33eac124758e837cbd80a6f633/library/std/src/sys_common/backtrace.rs:141:18
[INFO] [stdout]   13:     0x556944b16949 - rust_begin_unwind
[INFO] [stdout]                                at /rustc/a178d0322ce20e33eac124758e837cbd80a6f633/library/std/src/panicking.rs:515:5
[INFO] [stdout]   14:     0x5569448818d1 - core::panicking::panic_fmt::hca6330e3e14086b4
[INFO] [stdout]                                at /rustc/a178d0322ce20e33eac124758e837cbd80a6f633/library/core/src/panicking.rs:92:14
[INFO] [stdout]   15:     0x5569448819c3 - core::result::unwrap_failed::h6160d2b4bfbb0e87
[INFO] [stdout]                                at /rustc/a178d0322ce20e33eac124758e837cbd80a6f633/library/core/src/result.rs:1355:5
[INFO] [stdout]   16:     0x556944894770 - core::result::Result<T,E>::expect::ha5d1b1740de94808
[INFO] [stdout]                                at /rustc/a178d0322ce20e33eac124758e837cbd80a6f633/library/core/src/result.rs:997:23
[INFO] [stdout]   17:     0x5569448e503e - tabbyssl::libssl::ssl::tests::early_data_to_cloudflare::hf1f5c15d242a4293
[INFO] [stdout]                                at /opt/rustwide/workdir/src/libssl/ssl.rs:3367:24
[INFO] [stdout]   18:     0x5569448e4c9a - tabbyssl::libssl::ssl::tests::early_data_to_cloudflare::{{closure}}::h26655c1bb3734c28
[INFO] [stdout]                                at /opt/rustwide/workdir/src/libssl/ssl.rs:3346:5
[INFO] [stdout]   19:     0x5569448a79ce - core::ops::function::FnOnce::call_once::h07771b37e2a9f32d
[INFO] [stdout]                                at /rustc/a178d0322ce20e33eac124758e837cbd80a6f633/library/core/src/ops/function.rs:227:5
[INFO] [stdout]   20:     0x556944941163 - core::ops::function::FnOnce::call_once::h152e7e439ff59e19
[INFO] [stdout]                                at /rustc/a178d0322ce20e33eac124758e837cbd80a6f633/library/core/src/ops/function.rs:227:5
[INFO] [stdout]   21:     0x556944941163 - test::__rust_begin_short_backtrace::h0908f3b1fdbb72ab
[INFO] [stdout]                                at /rustc/a178d0322ce20e33eac124758e837cbd80a6f633/library/test/src/lib.rs:577:5
[INFO] [stdout]   22:     0x55694493fc20 - <alloc::boxed::Box<F,A> as core::ops::function::FnOnce<Args>>::call_once::hf6d2a51e5587546c
[INFO] [stdout]                                at /rustc/a178d0322ce20e33eac124758e837cbd80a6f633/library/alloc/src/boxed.rs:1575:9
[INFO] [stdout]   23:     0x55694493fc20 - <std::panic::AssertUnwindSafe<F> as core::ops::function::FnOnce<()>>::call_once::h8af660f3a89ef593
[INFO] [stdout]                                at /rustc/a178d0322ce20e33eac124758e837cbd80a6f633/library/std/src/panic.rs:347:9
[INFO] [stdout]   24:     0x55694493fc20 - std::panicking::try::do_call::hd36aef60f84b6d36
[INFO] [stdout]                                at /rustc/a178d0322ce20e33eac124758e837cbd80a6f633/library/std/src/panicking.rs:401:40
[INFO] [stdout]   25:     0x55694493fc20 - std::panicking::try::h9932b4480e69817c
[INFO] [stdout]                                at /rustc/a178d0322ce20e33eac124758e837cbd80a6f633/library/std/src/panicking.rs:365:19
[INFO] [stdout]   26:     0x55694493fc20 - std::panic::catch_unwind::h6aa177099cfff5f8
[INFO] [stdout]                                at /rustc/a178d0322ce20e33eac124758e837cbd80a6f633/library/std/src/panic.rs:434:14
[INFO] [stdout]   27:     0x55694493fc20 - test::run_test_in_process::h5884d6f2d99e20c3
[INFO] [stdout]                                at /rustc/a178d0322ce20e33eac124758e837cbd80a6f633/library/test/src/lib.rs:600:18
[INFO] [stdout]   28:     0x55694493fc20 - test::run_test::run_test_inner::{{closure}}::h6fdc58c6d5f5b6e3
[INFO] [stdout]                                at /rustc/a178d0322ce20e33eac124758e837cbd80a6f633/library/test/src/lib.rs:492:39
[INFO] [stdout]   29:     0x5569449192d2 - test::run_test::run_test_inner::{{closure}}::h408365d67a78ade8
[INFO] [stdout]                                at /rustc/a178d0322ce20e33eac124758e837cbd80a6f633/library/test/src/lib.rs:519:37
[INFO] [stdout]   30:     0x5569449192d2 - std::sys_common::backtrace::__rust_begin_short_backtrace::hb560b77c4f701523
[INFO] [stdout]                                at /rustc/a178d0322ce20e33eac124758e837cbd80a6f633/library/std/src/sys_common/backtrace.rs:125:18
[INFO] [stdout]   31:     0x55694491ce88 - std::thread::Builder::spawn_unchecked::{{closure}}::{{closure}}::hf2e7831dad93c597
[INFO] [stdout]                                at /rustc/a178d0322ce20e33eac124758e837cbd80a6f633/library/std/src/thread/mod.rs:481:17
[INFO] [stdout]   32:     0x55694491ce88 - <std::panic::AssertUnwindSafe<F> as core::ops::function::FnOnce<()>>::call_once::hd2e08783d8be4d02
[INFO] [stdout]                                at /rustc/a178d0322ce20e33eac124758e837cbd80a6f633/library/std/src/panic.rs:347:9
[INFO] [stdout]   33:     0x55694491ce88 - std::panicking::try::do_call::h062597b7acfd6b82
[INFO] [stdout]                                at /rustc/a178d0322ce20e33eac124758e837cbd80a6f633/library/std/src/panicking.rs:401:40
[INFO] [stdout]   34:     0x55694491ce88 - std::panicking::try::h0d7b79db04c14552
[INFO] [stdout]                                at /rustc/a178d0322ce20e33eac124758e837cbd80a6f633/library/std/src/panicking.rs:365:19
[INFO] [stdout]   35:     0x55694491ce88 - std::panic::catch_unwind::hb01a0b5e7c8cd43b
[INFO] [stdout]                                at /rustc/a178d0322ce20e33eac124758e837cbd80a6f633/library/std/src/panic.rs:434:14
[INFO] [stdout]   36:     0x55694491ce88 - std::thread::Builder::spawn_unchecked::{{closure}}::h5bde48cc887e0d1e
[INFO] [stdout]                                at /rustc/a178d0322ce20e33eac124758e837cbd80a6f633/library/std/src/thread/mod.rs:480:30
[INFO] [stdout]   37:     0x55694491ce88 - core::ops::function::FnOnce::call_once{{vtable.shim}}::h745ea30807a29e55
[INFO] [stdout]                                at /rustc/a178d0322ce20e33eac124758e837cbd80a6f633/library/core/src/ops/function.rs:227:5
[INFO] [stdout]   38:     0x556944b1c877 - <alloc::boxed::Box<F,A> as core::ops::function::FnOnce<Args>>::call_once::h7ece6cfefaff1005
[INFO] [stdout]                                at /rustc/a178d0322ce20e33eac124758e837cbd80a6f633/library/alloc/src/boxed.rs:1575:9
[INFO] [stdout]   39:     0x556944b1c877 - <alloc::boxed::Box<F,A> as core::ops::function::FnOnce<Args>>::call_once::hb8b48e55c21f193e
[INFO] [stdout]                                at /rustc/a178d0322ce20e33eac124758e837cbd80a6f633/library/alloc/src/boxed.rs:1575:9
[INFO] [stdout]   40:     0x556944b1c877 - std::sys::unix::thread::Thread::new::thread_start::h8c7c4450dba62914
[INFO] [stdout]                                at /rustc/a178d0322ce20e33eac124758e837cbd80a6f633/library/std/src/sys/unix/thread.rs:71:17
[INFO] [stdout]   41:     0x7fc976552609 - start_thread
[INFO] [stdout]   42:     0x7fc976324293 - clone
[INFO] [stdout]   43:                0x0 - <unknown>
[INFO] [stdout] 
[INFO] [stdout] ---- libssl::ssl::tests::get_ssl_fd stdout ----
[INFO] [stdout] thread 'libssl::ssl::tests::get_ssl_fd' panicked at 'Connect error: Os { code: 101, kind: Other, message: "Network is unreachable" }', src/libssl/ssl.rs:3205:58
[INFO] [stdout] stack backtrace:
[INFO] [stdout]    0:     0x556944b146d0 - std::backtrace_rs::backtrace::libunwind::trace::h34055254b57d8e79
[INFO] [stdout]                                at /rustc/a178d0322ce20e33eac124758e837cbd80a6f633/library/std/src/../../backtrace/src/backtrace/libunwind.rs:90:5
[INFO] [stdout]    1:     0x556944b146d0 - std::backtrace_rs::backtrace::trace_unsynchronized::h8f1e3fbd9afff6ec
[INFO] [stdout]                                at /rustc/a178d0322ce20e33eac124758e837cbd80a6f633/library/std/src/../../backtrace/src/backtrace/mod.rs:66:5
[INFO] [stdout]    2:     0x556944b146d0 - std::sys_common::backtrace::_print_fmt::h3a99a796b770c360
[INFO] [stdout]                                at /rustc/a178d0322ce20e33eac124758e837cbd80a6f633/library/std/src/sys_common/backtrace.rs:67:5
[INFO] [stdout]    3:     0x556944b146d0 - <std::sys_common::backtrace::_print::DisplayBacktrace as core::fmt::Display>::fmt::h32d1f94a80615d18
[INFO] [stdout]                                at /rustc/a178d0322ce20e33eac124758e837cbd80a6f633/library/std/src/sys_common/backtrace.rs:46:22
[INFO] [stdout]    4:     0x556944b37e3c - core::fmt::write::h306731c068f7162c
[INFO] [stdout]                                at /rustc/a178d0322ce20e33eac124758e837cbd80a6f633/library/core/src/fmt/mod.rs:1110:17
[INFO] [stdout]    5:     0x556944b0f575 - std::io::Write::write_fmt::h87f19b0a2cd190bc
[INFO] [stdout]                                at /rustc/a178d0322ce20e33eac124758e837cbd80a6f633/library/std/src/io/mod.rs:1588:15
[INFO] [stdout]    6:     0x556944b1683b - std::sys_common::backtrace::_print::h5abaa2601a852287
[INFO] [stdout]                                at /rustc/a178d0322ce20e33eac124758e837cbd80a6f633/library/std/src/sys_common/backtrace.rs:49:5
[INFO] [stdout]    7:     0x556944b1683b - std::sys_common::backtrace::print::h8d81445442bb638f
[INFO] [stdout]                                at /rustc/a178d0322ce20e33eac124758e837cbd80a6f633/library/std/src/sys_common/backtrace.rs:36:9
[INFO] [stdout]    8:     0x556944b1683b - std::panicking::default_hook::{{closure}}::hcfe804496a9fa747
[INFO] [stdout]                                at /rustc/a178d0322ce20e33eac124758e837cbd80a6f633/library/std/src/panicking.rs:208:50
[INFO] [stdout]    9:     0x556944b1634c - std::panicking::default_hook::hbea8e3ccf2ba8901
[INFO] [stdout]                                at /rustc/a178d0322ce20e33eac124758e837cbd80a6f633/library/std/src/panicking.rs:222:9
[INFO] [stdout]   10:     0x556944b16f04 - std::panicking::rust_panic_with_hook::h7ee9e1a2d0f8975a
[INFO] [stdout]                                at /rustc/a178d0322ce20e33eac124758e837cbd80a6f633/library/std/src/panicking.rs:622:17
[INFO] [stdout]   11:     0x556944b169e7 - std::panicking::begin_panic_handler::{{closure}}::h8ab3b4491718b2c7
[INFO] [stdout]                                at /rustc/a178d0322ce20e33eac124758e837cbd80a6f633/library/std/src/panicking.rs:519:13
[INFO] [stdout]   12:     0x556944b14bcc - std::sys_common::backtrace::__rust_end_short_backtrace::hd489062ffa586a9f
[INFO] [stdout]                                at /rustc/a178d0322ce20e33eac124758e837cbd80a6f633/library/std/src/sys_common/backtrace.rs:141:18
[INFO] [stdout]   13:     0x556944b16949 - rust_begin_unwind
[INFO] [stdout]                                at /rustc/a178d0322ce20e33eac124758e837cbd80a6f633/library/std/src/panicking.rs:515:5
[INFO] [stdout]   14:     0x5569448818d1 - core::panicking::panic_fmt::hca6330e3e14086b4
[INFO] [stdout]                                at /rustc/a178d0322ce20e33eac124758e837cbd80a6f633/library/core/src/panicking.rs:92:14
[INFO] [stdout]   15:     0x5569448819c3 - core::result::unwrap_failed::h6160d2b4bfbb0e87
[INFO] [stdout]                                at /rustc/a178d0322ce20e33eac124758e837cbd80a6f633/library/core/src/result.rs:1355:5
[INFO] [stdout]   16:     0x556944894770 - core::result::Result<T,E>::expect::ha5d1b1740de94808
[INFO] [stdout]                                at /rustc/a178d0322ce20e33eac124758e837cbd80a6f633/library/core/src/result.rs:997:23
[INFO] [stdout]   17:     0x5569448e3705 - tabbyssl::libssl::ssl::tests::get_ssl_fd::h67fac69b12e78037
[INFO] [stdout]                                at /opt/rustwide/workdir/src/libssl/ssl.rs:3205:20
[INFO] [stdout]   18:     0x5569448e367a - tabbyssl::libssl::ssl::tests::get_ssl_fd::{{closure}}::he27efdcd1ad10f89
[INFO] [stdout]                                at /opt/rustwide/workdir/src/libssl/ssl.rs:3202:5
[INFO] [stdout]   19:     0x5569448a924e - core::ops::function::FnOnce::call_once::ha7ee9b6bb5885a8b
[INFO] [stdout]                                at /rustc/a178d0322ce20e33eac124758e837cbd80a6f633/library/core/src/ops/function.rs:227:5
[INFO] [stdout]   20:     0x556944941163 - core::ops::function::FnOnce::call_once::h152e7e439ff59e19
[INFO] [stdout]                                at /rustc/a178d0322ce20e33eac124758e837cbd80a6f633/library/core/src/ops/function.rs:227:5
[INFO] [stdout]   21:     0x556944941163 - test::__rust_begin_short_backtrace::h0908f3b1fdbb72ab
[INFO] [stdout]                                at /rustc/a178d0322ce20e33eac124758e837cbd80a6f633/library/test/src/lib.rs:577:5
[INFO] [stdout]   22:     0x55694493fc20 - <alloc::boxed::Box<F,A> as core::ops::function::FnOnce<Args>>::call_once::hf6d2a51e5587546c
[INFO] [stdout]                                at /rustc/a178d0322ce20e33eac124758e837cbd80a6f633/library/alloc/src/boxed.rs:1575:9
[INFO] [stdout]   23:     0x55694493fc20 - <std::panic::AssertUnwindSafe<F> as core::ops::function::FnOnce<()>>::call_once::h8af660f3a89ef593
[INFO] [stdout]                                at /rustc/a178d0322ce20e33eac124758e837cbd80a6f633/library/std/src/panic.rs:347:9
[INFO] [stdout]   24:     0x55694493fc20 - std::panicking::try::do_call::hd36aef60f84b6d36
[INFO] [stdout]                                at /rustc/a178d0322ce20e33eac124758e837cbd80a6f633/library/std/src/panicking.rs:401:40
[INFO] [stdout]   25:     0x55694493fc20 - std::panicking::try::h9932b4480e69817c
[INFO] [stdout]                                at /rustc/a178d0322ce20e33eac124758e837cbd80a6f633/library/std/src/panicking.rs:365:19
[INFO] [stdout]   26:     0x55694493fc20 - std::panic::catch_unwind::h6aa177099cfff5f8
[INFO] [stdout]                                at /rustc/a178d0322ce20e33eac124758e837cbd80a6f633/library/std/src/panic.rs:434:14
[INFO] [stdout]   27:     0x55694493fc20 - test::run_test_in_process::h5884d6f2d99e20c3
[INFO] [stdout]                                at /rustc/a178d0322ce20e33eac124758e837cbd80a6f633/library/test/src/lib.rs:600:18
[INFO] [stdout]   28:     0x55694493fc20 - test::run_test::run_test_inner::{{closure}}::h6fdc58c6d5f5b6e3
[INFO] [stdout]                                at /rustc/a178d0322ce20e33eac124758e837cbd80a6f633/library/test/src/lib.rs:492:39
[INFO] [stdout]   29:     0x5569449192d2 - test::run_test::run_test_inner::{{closure}}::h408365d67a78ade8
[INFO] [stdout]                                at /rustc/a178d0322ce20e33eac124758e837cbd80a6f633/library/test/src/lib.rs:519:37
[INFO] [stdout]   30:     0x5569449192d2 - std::sys_common::backtrace::__rust_begin_short_backtrace::hb560b77c4f701523
[INFO] [stdout]                                at /rustc/a178d0322ce20e33eac124758e837cbd80a6f633/library/std/src/sys_common/backtrace.rs:125:18
[INFO] [stdout]   31:     0x55694491ce88 - std::thread::Builder::spawn_unchecked::{{closure}}::{{closure}}::hf2e7831dad93c597
[INFO] [stdout]                                at /rustc/a178d0322ce20e33eac124758e837cbd80a6f633/library/std/src/thread/mod.rs:481:17
[INFO] [stdout]   32:     0x55694491ce88 - <std::panic::AssertUnwindSafe<F> as core::ops::function::FnOnce<()>>::call_once::hd2e08783d8be4d02
[INFO] [stdout]                                at /rustc/a178d0322ce20e33eac124758e837cbd80a6f633/library/std/src/panic.rs:347:9
[INFO] [stdout]   33:     0x55694491ce88 - std::panicking::try::do_call::h062597b7acfd6b82
[INFO] [stdout]                                at /rustc/a178d0322ce20e33eac124758e837cbd80a6f633/library/std/src/panicking.rs:401:40
[INFO] [stdout]   34:     0x55694491ce88 - std::panicking::try::h0d7b79db04c14552
[INFO] [stdout]                                at /rustc/a178d0322ce20e33eac124758e837cbd80a6f633/library/std/src/panicking.rs:365:19
[INFO] [stdout]   35:     0x55694491ce88 - std::panic::catch_unwind::hb01a0b5e7c8cd43b
[INFO] [stdout]                                at /rustc/a178d0322ce20e33eac124758e837cbd80a6f633/library/std/src/panic.rs:434:14
[INFO] [stdout]   36:     0x55694491ce88 - std::thread::Builder::spawn_unchecked::{{closure}}::h5bde48cc887e0d1e
[INFO] [stdout]                                at /rustc/a178d0322ce20e33eac124758e837cbd80a6f633/library/std/src/thread/mod.rs:480:30
[INFO] [stdout]   37:     0x55694491ce88 - core::ops::function::FnOnce::call_once{{vtable.shim}}::h745ea30807a29e55
[INFO] [stdout]                                at /rustc/a178d0322ce20e33eac124758e837cbd80a6f633/library/core/src/ops/function.rs:227:5
[INFO] [stdout]   38:     0x556944b1c877 - <alloc::boxed::Box<F,A> as core::ops::function::FnOnce<Args>>::call_once::h7ece6cfefaff1005
[INFO] [stdout]                                at /rustc/a178d0322ce20e33eac124758e837cbd80a6f633/library/alloc/src/boxed.rs:1575:9
[INFO] [stdout]   39:     0x556944b1c877 - <alloc::boxed::Box<F,A> as core::ops::function::FnOnce<Args>>::call_once::hb8b48e55c21f193e
[INFO] [stdout]                                at /rustc/a178d0322ce20e33eac124758e837cbd80a6f633/library/alloc/src/boxed.rs:1575:9
[INFO] [stdout]   40:     0x556944b1c877 - std::sys::unix::thread::Thread::new::thread_start::h8c7c4450dba62914
[INFO] [stdout]                                at /rustc/a178d0322ce20e33eac124758e837cbd80a6f633/library/std/src/sys/unix/thread.rs:71:17
[INFO] [stdout]   41:     0x7fc976552609 - start_thread
[INFO] [stdout]   42:     0x7fc976324293 - clone
[INFO] [stdout]   43:                0x0 - <unknown>
[INFO] [stdout] 
[INFO] [stdout] ---- libcrypto::bio::tests::bio_file_new_from_path stdout ----
[INFO] [stdout] thread 'libcrypto::bio::tests::bio_file_new_from_path' panicked at 'assertion failed: `(left == right)`
[INFO] [stdout]   left: `0`,
[INFO] [stdout]  right: `1`', src/libcrypto/bio.rs:915:9
[INFO] [stdout] stack backtrace:
[INFO] [stdout]    0:     0x556944b146d0 - std::backtrace_rs::backtrace::libunwind::trace::h34055254b57d8e79
[INFO] [stdout]                                at /rustc/a178d0322ce20e33eac124758e837cbd80a6f633/library/std/src/../../backtrace/src/backtrace/libunwind.rs:90:5
[INFO] [stdout]    1:     0x556944b146d0 - std::backtrace_rs::backtrace::trace_unsynchronized::h8f1e3fbd9afff6ec
[INFO] [stdout]                                at /rustc/a178d0322ce20e33eac124758e837cbd80a6f633/library/std/src/../../backtrace/src/backtrace/mod.rs:66:5
[INFO] [stdout]    2:     0x556944b146d0 - std::sys_common::backtrace::_print_fmt::h3a99a796b770c360
[INFO] [stdout]                                at /rustc/a178d0322ce20e33eac124758e837cbd80a6f633/library/std/src/sys_common/backtrace.rs:67:5
[INFO] [stdout]    3:     0x556944b146d0 - <std::sys_common::backtrace::_print::DisplayBacktrace as core::fmt::Display>::fmt::h32d1f94a80615d18
[INFO] [stdout]                                at /rustc/a178d0322ce20e33eac124758e837cbd80a6f633/library/std/src/sys_common/backtrace.rs:46:22
[INFO] [stdout]    4:     0x556944b37e3c - core::fmt::write::h306731c068f7162c
[INFO] [stdout]                                at /rustc/a178d0322ce20e33eac124758e837cbd80a6f633/library/core/src/fmt/mod.rs:1110:17
[INFO] [stdout]    5:     0x556944b0f575 - std::io::Write::write_fmt::h87f19b0a2cd190bc
[INFO] [stdout]                                at /rustc/a178d0322ce20e33eac124758e837cbd80a6f633/library/std/src/io/mod.rs:1588:15
[INFO] [stdout]    6:     0x556944b1683b - std::sys_common::backtrace::_print::h5abaa2601a852287
[INFO] [stdout]                                at /rustc/a178d0322ce20e33eac124758e837cbd80a6f633/library/std/src/sys_common/backtrace.rs:49:5
[INFO] [stdout]    7:     0x556944b1683b - std::sys_common::backtrace::print::h8d81445442bb638f
[INFO] [stdout]                                at /rustc/a178d0322ce20e33eac124758e837cbd80a6f633/library/std/src/sys_common/backtrace.rs:36:9
[INFO] [stdout]    8:     0x556944b1683b - std::panicking::default_hook::{{closure}}::hcfe804496a9fa747
[INFO] [stdout]                                at /rustc/a178d0322ce20e33eac124758e837cbd80a6f633/library/std/src/panicking.rs:208:50
[INFO] [stdout]    9:     0x556944b1634c - std::panicking::default_hook::hbea8e3ccf2ba8901
[INFO] [stdout]                                at /rustc/a178d0322ce20e33eac124758e837cbd80a6f633/library/std/src/panicking.rs:222:9
[INFO] [stdout]   10:     0x556944b16f04 - std::panicking::rust_panic_with_hook::h7ee9e1a2d0f8975a
[INFO] [stdout]                                at /rustc/a178d0322ce20e33eac124758e837cbd80a6f633/library/std/src/panicking.rs:622:17
[INFO] [stdout]   11:     0x556944b169e7 - std::panicking::begin_panic_handler::{{closure}}::h8ab3b4491718b2c7
[INFO] [stdout]                                at /rustc/a178d0322ce20e33eac124758e837cbd80a6f633/library/std/src/panicking.rs:519:13
[INFO] [stdout]   12:     0x556944b14bcc - std::sys_common::backtrace::__rust_end_short_backtrace::hd489062ffa586a9f
[INFO] [stdout]                                at /rustc/a178d0322ce20e33eac124758e837cbd80a6f633/library/std/src/sys_common/backtrace.rs:141:18
[INFO] [stdout]   13:     0x556944b16949 - rust_begin_unwind
[INFO] [stdout]                                at /rustc/a178d0322ce20e33eac124758e837cbd80a6f633/library/std/src/panicking.rs:515:5
[INFO] [stdout]   14:     0x5569448818d1 - core::panicking::panic_fmt::hca6330e3e14086b4
[INFO] [stdout]                                at /rustc/a178d0322ce20e33eac124758e837cbd80a6f633/library/core/src/panicking.rs:92:14
[INFO] [stdout]   15:     0x556944b36758 - core::panicking::assert_failed_inner::h33b45280069a80ed
[INFO] [stdout]   16:     0x556944962eea - core::panicking::assert_failed::hc8c0568d0e0a88b4
[INFO] [stdout]                                at /rustc/a178d0322ce20e33eac124758e837cbd80a6f633/library/core/src/panicking.rs:117:5
[INFO] [stdout]   17:     0x5569448f4fcb - tabbyssl::libcrypto::bio::tests::bio_file_new_from_path::hbaabf6beb0299715
[INFO] [stdout]                                at /opt/rustwide/workdir/src/libcrypto/bio.rs:915:9
[INFO] [stdout]   18:     0x5569448f4e3a - tabbyssl::libcrypto::bio::tests::bio_file_new_from_path::{{closure}}::h857bd7dd26e304fa
[INFO] [stdout]                                at /opt/rustwide/workdir/src/libcrypto/bio.rs:908:5
[INFO] [stdout]   19:     0x5569448a8eae - core::ops::function::FnOnce::call_once::h8bcd36a041404277
[INFO] [stdout]                                at /rustc/a178d0322ce20e33eac124758e837cbd80a6f633/library/core/src/ops/function.rs:227:5
[INFO] [stdout]   20:     0x556944941163 - core::ops::function::FnOnce::call_once::h152e7e439ff59e19
[INFO] [stdout]                                at /rustc/a178d0322ce20e33eac124758e837cbd80a6f633/library/core/src/ops/function.rs:227:5
[INFO] [stdout]   21:     0x556944941163 - test::__rust_begin_short_backtrace::h0908f3b1fdbb72ab
[INFO] [stdout]                                at /rustc/a178d0322ce20e33eac124758e837cbd80a6f633/library/test/src/lib.rs:577:5
[INFO] [stdout]   22:     0x55694493fc20 - <alloc::boxed::Box<F,A> as core::ops::function::FnOnce<Args>>::call_once::hf6d2a51e5587546c
[INFO] [stdout]                                at /rustc/a178d0322ce20e33eac124758e837cbd80a6f633/library/alloc/src/boxed.rs:1575:9
[INFO] [stdout]   23:     0x55694493fc20 - <std::panic::AssertUnwindSafe<F> as core::ops::function::FnOnce<()>>::call_once::h8af660f3a89ef593
[INFO] [stdout]                                at /rustc/a178d0322ce20e33eac124758e837cbd80a6f633/library/std/src/panic.rs:347:9
[INFO] [stdout]   24:     0x55694493fc20 - std::panicking::try::do_call::hd36aef60f84b6d36
[INFO] [stdout]                                at /rustc/a178d0322ce20e33eac124758e837cbd80a6f633/library/std/src/panicking.rs:401:40
[INFO] [stdout]   25:     0x55694493fc20 - std::panicking::try::h9932b4480e69817c
[INFO] [stdout]                                at /rustc/a178d0322ce20e33eac124758e837cbd80a6f633/library/std/src/panicking.rs:365:19
[INFO] [stdout]   26:     0x55694493fc20 - std::panic::catch_unwind::h6aa177099cfff5f8
[INFO] [stdout]                                at /rustc/a178d0322ce20e33eac124758e837cbd80a6f633/library/std/src/panic.rs:434:14
[INFO] [stdout]   27:     0x55694493fc20 - test::run_test_in_process::h5884d6f2d99e20c3
[INFO] [stdout]                                at /rustc/a178d0322ce20e33eac124758e837cbd80a6f633/library/test/src/lib.rs:600:18
[INFO] [stdout]   28:     0x55694493fc20 - test::run_test::run_test_inner::{{closure}}::h6fdc58c6d5f5b6e3
[INFO] [stdout]                                at /rustc/a178d0322ce20e33eac124758e837cbd80a6f633/library/test/src/lib.rs:492:39
[INFO] [stdout]   29:     0x5569449192d2 - test::run_test::run_test_inner::{{closure}}::h408365d67a78ade8
[INFO] [stdout]                                at /rustc/a178d0322ce20e33eac124758e837cbd80a6f633/library/test/src/lib.rs:519:37
[INFO] [stdout]   30:     0x5569449192d2 - std::sys_common::backtrace::__rust_begin_short_backtrace::hb560b77c4f701523
[INFO] [stdout]                                at /rustc/a178d0322ce20e33eac124758e837cbd80a6f633/library/std/src/sys_common/backtrace.rs:125:18
[INFO] [stdout]   31:     0x55694491ce88 - std::thread::Builder::spawn_unchecked::{{closure}}::{{closure}}::hf2e7831dad93c597
[INFO] [stdout]                                at /rustc/a178d0322ce20e33eac124758e837cbd80a6f633/library/std/src/thread/mod.rs:481:17
[INFO] [stdout]   32:     0x55694491ce88 - <std::panic::AssertUnwindSafe<F> as core::ops::function::FnOnce<()>>::call_once::hd2e08783d8be4d02
[INFO] [stdout]                                at /rustc/a178d0322ce20e33eac124758e837cbd80a6f633/library/std/src/panic.rs:347:9
[INFO] [stdout]   33:     0x55694491ce88 - std::panicking::try::do_call::h062597b7acfd6b82
[INFO] [stdout]                                at /rustc/a178d0322ce20e33eac124758e837cbd80a6f633/library/std/src/panicking.rs:401:40
[INFO] [stdout]   34:     0x55694491ce88 - std::panicking::try::h0d7b79db04c14552
[INFO] [stdout]                                at /rustc/a178d0322ce20e33eac124758e837cbd80a6f633/library/std/src/panicking.rs:365:19
[INFO] [stdout]   35:     0x55694491ce88 - std::panic::catch_unwind::hb01a0b5e7c8cd43b
[INFO] [stdout]                                at /rustc/a178d0322ce20e33eac124758e837cbd80a6f633/library/std/src/panic.rs:434:14
[INFO] [stdout]   36:     0x55694491ce88 - std::thread::Builder::spawn_unchecked::{{closure}}::h5bde48cc887e0d1e
[INFO] [stdout]                                at /rustc/a178d0322ce20e33eac124758e837cbd80a6f633/library/std/src/thread/mod.rs:480:30
[INFO] [stdout]   37:     0x55694491ce88 - core::ops::function::FnOnce::call_once{{vtable.shim}}::h745ea30807a29e55
[INFO] [stdout]                                at /rustc/a178d0322ce20e33eac124758e837cbd80a6f633/library/core/src/ops/function.rs:227:5
[INFO] [stdout]   38:     0x556944b1c877 - <alloc::boxed::Box<F,A> as core::ops::function::FnOnce<Args>>::call_once::h7ece6cfefaff1005
[INFO] [stdout]                                at /rustc/a178d0322ce20e33eac124758e837cbd80a6f633/library/alloc/src/boxed.rs:1575:9
[INFO] [stdout]   39:     0x556944b1c877 - <alloc::boxed::Box<F,A> as core::ops::function::FnOnce<Args>>::call_once::hb8b48e55c21f193e
[INFO] [stdout]                                at /rustc/a178d0322ce20e33eac124758e837cbd80a6f633/library/alloc/src/boxed.rs:1575:9
[INFO] [stdout]   40:     0x556944b1c877 - std::sys::unix::thread::Thread::new::thread_start::h8c7c4450dba62914
[INFO] [stdout]                                at /rustc/a178d0322ce20e33eac124758e837cbd80a6f633/library/std/src/sys/unix/thread.rs:71:17
[INFO] [stdout]   41:     0x7fc976552609 - start_thread
[INFO] [stdout]   42:     0x7fc976324293 - clone
[INFO] [stdout]   43:                0x0 - <unknown>
[INFO] [stdout] 
[INFO] [stdout] ---- libssl::ssl::tests::ssl_on_nonblocking_socket stdout ----
[INFO] [stdout] thread 'libssl::ssl::tests::ssl_on_nonblocking_socket' panicked at 'Conenction failed: Custom { kind: Other, error: "failed to lookup address information: Temporary failure in name resolution" }', src/libssl/ssl.rs:2867:63
[INFO] [stdout] stack backtrace:
[INFO] [stdout]    0:     0x556944b146d0 - std::backtrace_rs::backtrace::libunwind::trace::h34055254b57d8e79
[INFO] [stdout]                                at /rustc/a178d0322ce20e33eac124758e837cbd80a6f633/library/std/src/../../backtrace/src/backtrace/libunwind.rs:90:5
[INFO] [stdout]    1:     0x556944b146d0 - std::backtrace_rs::backtrace::trace_unsynchronized::h8f1e3fbd9afff6ec
[INFO] [stdout]                                at /rustc/a178d0322ce20e33eac124758e837cbd80a6f633/library/std/src/../../backtrace/src/backtrace/mod.rs:66:5
[INFO] [stdout]    2:     0x556944b146d0 - std::sys_common::backtrace::_print_fmt::h3a99a796b770c360
[INFO] [stdout]                                at /rustc/a178d0322ce20e33eac124758e837cbd80a6f633/library/std/src/sys_common/backtrace.rs:67:5
[INFO] [stdout]    3:     0x556944b146d0 - <std::sys_common::backtrace::_print::DisplayBacktrace as core::fmt::Display>::fmt::h32d1f94a80615d18
[INFO] [stdout]                                at /rustc/a178d0322ce20e33eac124758e837cbd80a6f633/library/std/src/sys_common/backtrace.rs:46:22
[INFO] [stdout]    4:     0x556944b37e3c - core::fmt::write::h306731c068f7162c
[INFO] [stdout]                                at /rustc/a178d0322ce20e33eac124758e837cbd80a6f633/library/core/src/fmt/mod.rs:1110:17
[INFO] [stdout]    5:     0x556944b0f575 - std::io::Write::write_fmt::h87f19b0a2cd190bc
[INFO] [stdout]                                at /rustc/a178d0322ce20e33eac124758e837cbd80a6f633/library/std/src/io/mod.rs:1588:15
[INFO] [stdout]    6:     0x556944b1683b - std::sys_common::backtrace::_print::h5abaa2601a852287
[INFO] [stdout]                                at /rustc/a178d0322ce20e33eac124758e837cbd80a6f633/library/std/src/sys_common/backtrace.rs:49:5
[INFO] [stdout]    7:     0x556944b1683b - std::sys_common::backtrace::print::h8d81445442bb638f
[INFO] [stdout]                                at /rustc/a178d0322ce20e33eac124758e837cbd80a6f633/library/std/src/sys_common/backtrace.rs:36:9
[INFO] [stdout]    8:     0x556944b1683b - std::panicking::default_hook::{{closure}}::hcfe804496a9fa747
[INFO] [stdout]                                at /rustc/a178d0322ce20e33eac124758e837cbd80a6f633/library/std/src/panicking.rs:208:50
[INFO] [stdout]    9:     0x556944b1634c - std::panicking::default_hook::hbea8e3ccf2ba8901
[INFO] [stdout]                                at /rustc/a178d0322ce20e33eac124758e837cbd80a6f633/library/std/src/panicking.rs:222:9
[INFO] [stdout]   10:     0x556944b16f04 - std::panicking::rust_panic_with_hook::h7ee9e1a2d0f8975a
[INFO] [stdout]                                at /rustc/a178d0322ce20e33eac124758e837cbd80a6f633/library/std/src/panicking.rs:622:17
[INFO] [stdout]   11:     0x556944b169e7 - std::panicking::begin_panic_handler::{{closure}}::h8ab3b4491718b2c7
[INFO] [stdout]                                at /rustc/a178d0322ce20e33eac124758e837cbd80a6f633/library/std/src/panicking.rs:519:13
[INFO] [stdout]   12:     0x556944b14bcc - std::sys_common::backtrace::__rust_end_short_backtrace::hd489062ffa586a9f
[INFO] [stdout]                                at /rustc/a178d0322ce20e33eac124758e837cbd80a6f633/library/std/src/sys_common/backtrace.rs:141:18
[INFO] [stdout]   13:     0x556944b16949 - rust_begin_unwind
[INFO] [stdout]                                at /rustc/a178d0322ce20e33eac124758e837cbd80a6f633/library/std/src/panicking.rs:515:5
[INFO] [stdout]   14:     0x5569448818d1 - core::panicking::panic_fmt::hca6330e3e14086b4
[INFO] [stdout]                                at /rustc/a178d0322ce20e33eac124758e837cbd80a6f633/library/core/src/panicking.rs:92:14
[INFO] [stdout]   15:     0x5569448819c3 - core::result::unwrap_failed::h6160d2b4bfbb0e87
[INFO] [stdout]                                at /rustc/a178d0322ce20e33eac124758e837cbd80a6f633/library/core/src/result.rs:1355:5
[INFO] [stdout]   16:     0x556944894770 - core::result::Result<T,E>::expect::ha5d1b1740de94808
[INFO] [stdout]                                at /rustc/a178d0322ce20e33eac124758e837cbd80a6f633/library/core/src/result.rs:997:23
[INFO] [stdout]   17:     0x5569448e10c0 - tabbyssl::libssl::ssl::tests::ssl_on_nonblocking_socket::h56d65c42bfd09a4d
[INFO] [stdout]                                at /opt/rustwide/workdir/src/libssl/ssl.rs:2867:20
[INFO] [stdout]   18:     0x5569448e106a - tabbyssl::libssl::ssl::tests::ssl_on_nonblocking_socket::{{closure}}::h64c506a0a78a52ed
[INFO] [stdout]                                at /opt/rustwide/workdir/src/libssl/ssl.rs:2866:5
[INFO] [stdout]   19:     0x5569448a7c7e - core::ops::function::FnOnce::call_once::h270f287b20ab0724
[INFO] [stdout]                                at /rustc/a178d0322ce20e33eac124758e837cbd80a6f633/library/core/src/ops/function.rs:227:5
[INFO] [stdout]   20:     0x556944941163 - core::ops::function::FnOnce::call_once::h152e7e439ff59e19
[INFO] [stdout]                                at /rustc/a178d0322ce20e33eac124758e837cbd80a6f633/library/core/src/ops/function.rs:227:5
[INFO] [stdout]   21:     0x556944941163 - test::__rust_begin_short_backtrace::h0908f3b1fdbb72ab
[INFO] [stdout]                                at /rustc/a178d0322ce20e33eac124758e837cbd80a6f633/library/test/src/lib.rs:577:5
[INFO] [stdout]   22:     0x55694493fc20 - <alloc::boxed::Box<F,A> as core::ops::function::FnOnce<Args>>::call_once::hf6d2a51e5587546c
[INFO] [stdout]                                at /rustc/a178d0322ce20e33eac124758e837cbd80a6f633/library/alloc/src/boxed.rs:1575:9
[INFO] [stdout]   23:     0x55694493fc20 - <std::panic::AssertUnwindSafe<F> as core::ops::function::FnOnce<()>>::call_once::h8af660f3a89ef593
[INFO] [stdout]                                at /rustc/a178d0322ce20e33eac124758e837cbd80a6f633/library/std/src/panic.rs:347:9
[INFO] [stdout]   24:     0x55694493fc20 - std::panicking::try::do_call::hd36aef60f84b6d36
[INFO] [stdout]                                at /rustc/a178d0322ce20e33eac124758e837cbd80a6f633/library/std/src/panicking.rs:401:40
[INFO] [stdout]   25:     0x55694493fc20 - std::panicking::try::h9932b4480e69817c
[INFO] [stdout]                                at /rustc/a178d0322ce20e33eac124758e837cbd80a6f633/library/std/src/panicking.rs:365:19
[INFO] [stdout]   26:     0x55694493fc20 - std::panic::catch_unwind::h6aa177099cfff5f8
[INFO] [stdout]                                at /rustc/a178d0322ce20e33eac124758e837cbd80a6f633/library/std/src/panic.rs:434:14
[INFO] [stdout]   27:     0x55694493fc20 - test::run_test_in_process::h5884d6f2d99e20c3
[INFO] [stdout]                                at /rustc/a178d0322ce20e33eac124758e837cbd80a6f633/library/test/src/lib.rs:600:18
[INFO] [stdout]   28:     0x55694493fc20 - test::run_test::run_test_inner::{{closure}}::h6fdc58c6d5f5b6e3
[INFO] [stdout]                                at /rustc/a178d0322ce20e33eac124758e837cbd80a6f633/library/test/src/lib.rs:492:39
[INFO] [stdout]   29:     0x5569449192d2 - test::run_test::run_test_inner::{{closure}}::h408365d67a78ade8
[INFO] [stdout]                                at /rustc/a178d0322ce20e33eac124758e837cbd80a6f633/library/test/src/lib.rs:519:37
[INFO] [stdout]   30:     0x5569449192d2 - std::sys_common::backtrace::__rust_begin_short_backtrace::hb560b77c4f701523
[INFO] [stdout]                                at /rustc/a178d0322ce20e33eac124758e837cbd80a6f633/library/std/src/sys_common/backtrace.rs:125:18
[INFO] [stdout]   31:     0x55694491ce88 - std::thread::Builder::spawn_unchecked::{{closure}}::{{closure}}::hf2e7831dad93c597
[INFO] [stdout]                                at /rustc/a178d0322ce20e33eac124758e837cbd80a6f633/library/std/src/thread/mod.rs:481:17
[INFO] [stdout]   32:     0x55694491ce88 - <std::panic::AssertUnwindSafe<F> as core::ops::function::FnOnce<()>>::call_once::hd2e08783d8be4d02
[INFO] [stdout]                                at /rustc/a178d0322ce20e33eac124758e837cbd80a6f633/library/std/src/panic.rs:347:9
[INFO] [stdout]   33:     0x55694491ce88 - std::panicking::try::do_call::h062597b7acfd6b82
[INFO] [stdout]                                at /rustc/a178d0322ce20e33eac124758e837cbd80a6f633/library/std/src/panicking.rs:401:40
[INFO] [stdout]   34:     0x55694491ce88 - std::panicking::try::h0d7b79db04c14552
[INFO] [stdout]                                at /rustc/a178d0322ce20e33eac124758e837cbd80a6f633/library/std/src/panicking.rs:365:19
[INFO] [stdout]   35:     0x55694491ce88 - std::panic::catch_unwind::hb01a0b5e7c8cd43b
[INFO] [stdout]                                at /rustc/a178d0322ce20e33eac124758e837cbd80a6f633/library/std/src/panic.rs:434:14
[INFO] [stdout]   36:     0x55694491ce88 - std::thread::Builder::spawn_unchecked::{{closure}}::h5bde48cc887e0d1e
[INFO] [stdout]                                at /rustc/a178d0322ce20e33eac124758e837cbd80a6f633/library/std/src/thread/mod.rs:480:30
[INFO] [stdout]   37:     0x55694491ce88 - core::ops::function::FnOnce::call_once{{vtable.shim}}::h745ea30807a29e55
[INFO] [stdout]                                at /rustc/a178d0322ce20e33eac124758e837cbd80a6f633/library/core/src/ops/function.rs:227:5
[INFO] [stdout]   38:     0x556944b1c877 - <alloc::boxed::Box<F,A> as core::ops::function::FnOnce<Args>>::call_once::h7ece6cfefaff1005
[INFO] [stdout]                                at /rustc/a178d0322ce20e33eac124758e837cbd80a6f633/library/alloc/src/boxed.rs:1575:9
[INFO] [stdout]   39:     0x556944b1c877 - <alloc::boxed::Box<F,A> as core::ops::function::FnOnce<Args>>::call_once::hb8b48e55c21f193e
[INFO] [stdout]                                at /rustc/a178d0322ce20e33eac124758e837cbd80a6f633/library/alloc/src/boxed.rs:1575:9
[INFO] [stdout]   40:     0x556944b1c877 - std::sys::unix::thread::Thread::new::thread_start::h8c7c4450dba62914
[INFO] [stdout]                                at /rustc/a178d0322ce20e33eac124758e837cbd80a6f633/library/std/src/sys/unix/thread.rs:71:17
[INFO] [stdout]   41:     0x7fc976552609 - start_thread
[INFO] [stdout]   42:     0x7fc976324293 - clone
[INFO] [stdout]   43:                0x0 - <unknown>
[INFO] [stdout] 
[INFO] [stdout] 
[INFO] [stdout] failures:
[INFO] [stdout]     libcrypto::bio::tests::bio_file_new_from_path
[INFO] [stdout]     libssl::ssl::tests::early_data_to_cloudflare
[INFO] [stdout]     libssl::ssl::tests::get_ssl_fd
[INFO] [stdout]     libssl::ssl::tests::ssl_on_nonblocking_socket
[INFO] [stdout] 
[INFO] [stdout] test result: FAILED. 61 passed; 4 failed; 0 ignored; 0 measured; 0 filtered out; finished in 0.37s
[INFO] [stdout] 
[INFO] [stderr] error: test failed, to rerun pass '--lib'
[INFO] running `Command { std: "docker" "inspect" "f25f3bcecc1ae2db166df9644a8d649fa938805444bdb4aa90b417239524ab5c", kill_on_drop: false }`
[INFO] running `Command { std: "docker" "rm" "-f" "f25f3bcecc1ae2db166df9644a8d649fa938805444bdb4aa90b417239524ab5c", kill_on_drop: false }`
[INFO] [stdout] f25f3bcecc1ae2db166df9644a8d649fa938805444bdb4aa90b417239524ab5c
