[INFO] cloning repository https://github.com/xeinherjar/rayray
[INFO] running `Command { std: "git" "-c" "credential.helper=" "-c" "credential.helper=/workspace/cargo-home/bin/git-credential-null" "clone" "--bare" "https://github.com/xeinherjar/rayray" "/workspace/cache/git-repos/https%3A%2F%2Fgithub.com%2Fxeinherjar%2Frayray", kill_on_drop: false }`
[INFO] [stderr] Cloning into bare repository '/workspace/cache/git-repos/https%3A%2F%2Fgithub.com%2Fxeinherjar%2Frayray'...
[INFO] running `Command { std: "git" "rev-parse" "HEAD", kill_on_drop: false }`
[INFO] [stdout] 98959469f637dd8419ef044846e8e30a4bcec7fc
[INFO] testing xeinherjar/rayray against 1.54.0 for beta-1.55-1
[INFO] running `Command { std: "git" "clone" "/workspace/cache/git-repos/https%3A%2F%2Fgithub.com%2Fxeinherjar%2Frayray" "/workspace/builds/worker-12/source", kill_on_drop: false }`
[INFO] [stderr] Cloning into '/workspace/builds/worker-12/source'...
[INFO] [stderr] done.
[INFO] validating manifest of git repo https://github.com/xeinherjar/rayray on toolchain 1.54.0
[INFO] running `Command { std: "/workspace/cargo-home/bin/cargo" "+1.54.0" "metadata" "--manifest-path" "Cargo.toml" "--no-deps", kill_on_drop: false }`
[INFO] started tweaking git repo https://github.com/xeinherjar/rayray
[INFO] finished tweaking git repo https://github.com/xeinherjar/rayray
[INFO] tweaked toml for git repo https://github.com/xeinherjar/rayray written to /workspace/builds/worker-12/source/Cargo.toml
[INFO] crate git repo https://github.com/xeinherjar/rayray already has a lockfile, it will not be regenerated
[INFO] running `Command { std: "/workspace/cargo-home/bin/cargo" "+1.54.0" "fetch" "--manifest-path" "Cargo.toml", kill_on_drop: false }`
[INFO] [stderr]     Blocking waiting for file lock on package cache
[INFO] [stderr]     Blocking waiting for file lock on package cache
[INFO] running `Command { std: "docker" "create" "-v" "/var/lib/crater-agent-workspace/builds/worker-12/target:/opt/rustwide/target:rw,Z" "-v" "/var/lib/crater-agent-workspace/builds/worker-12/source:/opt/rustwide/workdir:ro,Z" "-v" "/var/lib/crater-agent-workspace/cargo-home:/opt/rustwide/cargo-home:ro,Z" "-v" "/var/lib/crater-agent-workspace/rustup-home:/opt/rustwide/rustup-home:ro,Z" "-e" "SOURCE_DIR=/opt/rustwide/workdir" "-e" "CARGO_TARGET_DIR=/opt/rustwide/target" "-e" "CARGO_HOME=/opt/rustwide/cargo-home" "-e" "RUSTUP_HOME=/opt/rustwide/rustup-home" "-w" "/opt/rustwide/workdir" "-m" "1610612736" "--user" "0:0" "--network" "none" "ghcr.io/rust-lang/crates-build-env/linux@sha256:34b6a614d2c27851fe6cbf88fbd1137609cefab8b10d0615aaeb6fd47975d74e" "/opt/rustwide/cargo-home/bin/cargo" "+1.54.0" "metadata" "--no-deps" "--format-version=1", kill_on_drop: false }`
[INFO] [stdout] 735015f8b19bbb252b9e1e1e37ea7e07a1682d43f1fb4318bd7074aa8ca1894e
[INFO] running `Command { std: "docker" "start" "-a" "735015f8b19bbb252b9e1e1e37ea7e07a1682d43f1fb4318bd7074aa8ca1894e", kill_on_drop: false }`
[INFO] running `Command { std: "docker" "inspect" "735015f8b19bbb252b9e1e1e37ea7e07a1682d43f1fb4318bd7074aa8ca1894e", kill_on_drop: false }`
[INFO] running `Command { std: "docker" "rm" "-f" "735015f8b19bbb252b9e1e1e37ea7e07a1682d43f1fb4318bd7074aa8ca1894e", kill_on_drop: false }`
[INFO] [stdout] 735015f8b19bbb252b9e1e1e37ea7e07a1682d43f1fb4318bd7074aa8ca1894e
[INFO] running `Command { std: "docker" "create" "-v" "/var/lib/crater-agent-workspace/builds/worker-12/target:/opt/rustwide/target:rw,Z" "-v" "/var/lib/crater-agent-workspace/builds/worker-12/source:/opt/rustwide/workdir:ro,Z" "-v" "/var/lib/crater-agent-workspace/cargo-home:/opt/rustwide/cargo-home:ro,Z" "-v" "/var/lib/crater-agent-workspace/rustup-home:/opt/rustwide/rustup-home:ro,Z" "-e" "SOURCE_DIR=/opt/rustwide/workdir" "-e" "CARGO_TARGET_DIR=/opt/rustwide/target" "-e" "CARGO_INCREMENTAL=0" "-e" "RUST_BACKTRACE=full" "-e" "RUSTFLAGS=--cap-lints=warn" "-e" "CARGO_HOME=/opt/rustwide/cargo-home" "-e" "RUSTUP_HOME=/opt/rustwide/rustup-home" "-w" "/opt/rustwide/workdir" "-m" "1610612736" "--user" "0:0" "--network" "none" "ghcr.io/rust-lang/crates-build-env/linux@sha256:34b6a614d2c27851fe6cbf88fbd1137609cefab8b10d0615aaeb6fd47975d74e" "/opt/rustwide/cargo-home/bin/cargo" "+1.54.0" "build" "--frozen" "--message-format=json", kill_on_drop: false }`
[INFO] [stdout] 2c57f61e105664cb56799a9b7ff5e9ae481c5cea1f7b694d5004b86cd3061eb4
[INFO] running `Command { std: "docker" "start" "-a" "2c57f61e105664cb56799a9b7ff5e9ae481c5cea1f7b694d5004b86cd3061eb4", kill_on_drop: false }`
[INFO] [stderr]    Compiling rayray v0.1.0 (/opt/rustwide/workdir)
[INFO] [stdout] warning: unused import: `Point3D`
[INFO] [stdout]  --> src/tuple3d.rs:3:15
[INFO] [stdout]   |
[INFO] [stdout] 3 | use point3d::{Point3D};
[INFO] [stdout]   |               ^^^^^^^
[INFO] [stdout]   |
[INFO] [stdout]   = note: `#[warn(unused_imports)]` on by default
[INFO] [stdout] 
[INFO] [stdout] 
[INFO] [stdout] warning: unused import: `Vector3D`
[INFO] [stdout]  --> src/tuple3d.rs:4:16
[INFO] [stdout]   |
[INFO] [stdout] 4 | use vector3d::{Vector3D};
[INFO] [stdout]   |                ^^^^^^^^
[INFO] [stdout] 
[INFO] [stdout] 
[INFO] [stdout] warning: unused import: `Read`
[INFO] [stdout]  --> src/canvas.rs:5:15
[INFO] [stdout]   |
[INFO] [stdout] 5 | use std::io::{Read, Write};
[INFO] [stdout]   |               ^^^^
[INFO] [stdout] 
[INFO] [stdout] 
[INFO] [stdout] warning: unused import: `super::*`
[INFO] [stdout]   --> src/canvas.rs:95:9
[INFO] [stdout]    |
[INFO] [stdout] 95 |     use super::*;
[INFO] [stdout]    |         ^^^^^^^^
[INFO] [stdout] 
[INFO] [stdout] 
[INFO] [stdout] warning: unused variable: `idx`
[INFO] [stdout]   --> src/canvas.rs:60:14
[INFO] [stdout]    |
[INFO] [stdout] 60 |         for (idx, color) in self.canvas.iter().enumerate() {
[INFO] [stdout]    |              ^^^ help: if this is intentional, prefix it with an underscore: `_idx`
[INFO] [stdout]    |
[INFO] [stdout]    = note: `#[warn(unused_variables)]` on by default
[INFO] [stdout] 
[INFO] [stdout] 
[INFO] [stdout] warning: associated function is never used: `magnitude`
[INFO] [stdout]   --> src/vector3d.rs:18:12
[INFO] [stdout]    |
[INFO] [stdout] 18 |     pub fn magnitude(&self) -> f64 {
[INFO] [stdout]    |            ^^^^^^^^^
[INFO] [stdout]    |
[INFO] [stdout]    = note: `#[warn(dead_code)]` on by default
[INFO] [stdout] 
[INFO] [stdout] 
[INFO] [stdout] warning: associated function is never used: `normalize`
[INFO] [stdout]   --> src/vector3d.rs:22:12
[INFO] [stdout]    |
[INFO] [stdout] 22 |     pub fn normalize(&self) -> Vector3D {
[INFO] [stdout]    |            ^^^^^^^^^
[INFO] [stdout] 
[INFO] [stdout] 
[INFO] [stdout] warning: associated function is never used: `dot`
[INFO] [stdout]   --> src/vector3d.rs:27:12
[INFO] [stdout]    |
[INFO] [stdout] 27 |     pub fn dot(&self, other: Vector3D) -> f64 {
[INFO] [stdout]    |            ^^^
[INFO] [stdout] 
[INFO] [stdout] 
[INFO] [stdout] warning: associated function is never used: `cross`
[INFO] [stdout]   --> src/vector3d.rs:31:12
[INFO] [stdout]    |
[INFO] [stdout] 31 |     pub fn cross(&self, other: Vector3D) -> Vector3D {
[INFO] [stdout]    |            ^^^^^
[INFO] [stdout] 
[INFO] [stdout] 
[INFO] [stdout] warning: associated function is never used: `magnitude`
[INFO] [stdout]   --> src/tuple3d.rs:19:8
[INFO] [stdout]    |
[INFO] [stdout] 19 |     fn magnitude(&self) -> f64 {
[INFO] [stdout]    |        ^^^^^^^^^
[INFO] [stdout] 
[INFO] [stdout] 
[INFO] [stdout] warning: associated function is never used: `normalize`
[INFO] [stdout]   --> src/tuple3d.rs:23:8
[INFO] [stdout]    |
[INFO] [stdout] 23 |     fn normalize(&self) -> Tuple3D {
[INFO] [stdout]    |        ^^^^^^^^^
[INFO] [stdout] 
[INFO] [stdout] 
[INFO] [stdout] warning: associated function is never used: `dot`
[INFO] [stdout]   --> src/tuple3d.rs:28:8
[INFO] [stdout]    |
[INFO] [stdout] 28 |     fn dot(&self, other: Tuple3D) -> f64 {
[INFO] [stdout]    |        ^^^
[INFO] [stdout] 
[INFO] [stdout] 
[INFO] [stdout] warning: associated function is never used: `new`
[INFO] [stdout]   --> src/canvas.rs:15:12
[INFO] [stdout]    |
[INFO] [stdout] 15 |     pub fn new(width: u64, height: u64) -> Canvas {
[INFO] [stdout]    |            ^^^
[INFO] [stdout] 
[INFO] [stdout] 
[INFO] [stdout] warning: associated function is never used: `get`
[INFO] [stdout]   --> src/canvas.rs:20:12
[INFO] [stdout]    |
[INFO] [stdout] 20 |     pub fn get(self, x: u64, y: u64) -> Color {
[INFO] [stdout]    |            ^^^
[INFO] [stdout] 
[INFO] [stdout] 
[INFO] [stdout] warning: associated function is never used: `put`
[INFO] [stdout]   --> src/canvas.rs:25:12
[INFO] [stdout]    |
[INFO] [stdout] 25 |     pub fn put(&mut self, x: u64, y: u64, color: Color) -> () {
[INFO] [stdout]    |            ^^^
[INFO] [stdout] 
[INFO] [stdout] 
[INFO] [stdout] warning: associated function is never used: `save_ppm`
[INFO] [stdout]   --> src/canvas.rs:30:12
[INFO] [stdout]    |
[INFO] [stdout] 30 |     pub fn save_ppm(self, path: String) -> () {
[INFO] [stdout]    |            ^^^^^^^^
[INFO] [stdout] 
[INFO] [stdout] 
[INFO] [stdout] warning: 16 warnings emitted
[INFO] [stdout] 
[INFO] [stdout] 
[INFO] [stderr]     Finished dev [unoptimized + debuginfo] target(s) in 0.59s
[INFO] running `Command { std: "docker" "inspect" "2c57f61e105664cb56799a9b7ff5e9ae481c5cea1f7b694d5004b86cd3061eb4", kill_on_drop: false }`
[INFO] running `Command { std: "docker" "rm" "-f" "2c57f61e105664cb56799a9b7ff5e9ae481c5cea1f7b694d5004b86cd3061eb4", kill_on_drop: false }`
[INFO] [stdout] 2c57f61e105664cb56799a9b7ff5e9ae481c5cea1f7b694d5004b86cd3061eb4
[INFO] running `Command { std: "docker" "create" "-v" "/var/lib/crater-agent-workspace/builds/worker-12/target:/opt/rustwide/target:rw,Z" "-v" "/var/lib/crater-agent-workspace/builds/worker-12/source:/opt/rustwide/workdir:ro,Z" "-v" "/var/lib/crater-agent-workspace/cargo-home:/opt/rustwide/cargo-home:ro,Z" "-v" "/var/lib/crater-agent-workspace/rustup-home:/opt/rustwide/rustup-home:ro,Z" "-e" "SOURCE_DIR=/opt/rustwide/workdir" "-e" "CARGO_TARGET_DIR=/opt/rustwide/target" "-e" "CARGO_INCREMENTAL=0" "-e" "RUST_BACKTRACE=full" "-e" "RUSTFLAGS=--cap-lints=warn" "-e" "CARGO_HOME=/opt/rustwide/cargo-home" "-e" "RUSTUP_HOME=/opt/rustwide/rustup-home" "-w" "/opt/rustwide/workdir" "-m" "1610612736" "--user" "0:0" "--network" "none" "ghcr.io/rust-lang/crates-build-env/linux@sha256:34b6a614d2c27851fe6cbf88fbd1137609cefab8b10d0615aaeb6fd47975d74e" "/opt/rustwide/cargo-home/bin/cargo" "+1.54.0" "test" "--frozen" "--no-run" "--message-format=json", kill_on_drop: false }`
[INFO] [stdout] beccb1ccb8190fc9585f72cd0f6567b990f455d9e9ec54e7ef64a68a59b37f17
[INFO] running `Command { std: "docker" "start" "-a" "beccb1ccb8190fc9585f72cd0f6567b990f455d9e9ec54e7ef64a68a59b37f17", kill_on_drop: false }`
[INFO] [stderr]    Compiling rayray v0.1.0 (/opt/rustwide/workdir)
[INFO] [stdout] warning: unused import: `Point3D`
[INFO] [stdout]  --> src/tuple3d.rs:3:15
[INFO] [stdout]   |
[INFO] [stdout] 3 | use point3d::{Point3D};
[INFO] [stdout]   |               ^^^^^^^
[INFO] [stdout]   |
[INFO] [stdout]   = note: `#[warn(unused_imports)]` on by default
[INFO] [stdout] 
[INFO] [stdout] 
[INFO] [stdout] warning: unused import: `Vector3D`
[INFO] [stdout]  --> src/tuple3d.rs:4:16
[INFO] [stdout]   |
[INFO] [stdout] 4 | use vector3d::{Vector3D};
[INFO] [stdout]   |                ^^^^^^^^
[INFO] [stdout] 
[INFO] [stdout] 
[INFO] [stdout] warning: unused import: `Read`
[INFO] [stdout]  --> src/canvas.rs:5:15
[INFO] [stdout]   |
[INFO] [stdout] 5 | use std::io::{Read, Write};
[INFO] [stdout]   |               ^^^^
[INFO] [stdout] 
[INFO] [stdout] 
[INFO] [stdout] warning: unused variable: `idx`
[INFO] [stdout]   --> src/canvas.rs:60:14
[INFO] [stdout]    |
[INFO] [stdout] 60 |         for (idx, color) in self.canvas.iter().enumerate() {
[INFO] [stdout]    |              ^^^ help: if this is intentional, prefix it with an underscore: `_idx`
[INFO] [stdout]    |
[INFO] [stdout]    = note: `#[warn(unused_variables)]` on by default
[INFO] [stdout] 
[INFO] [stdout] 
[INFO] [stdout] warning: associated function is never used: `magnitude`
[INFO] [stdout]   --> src/tuple3d.rs:19:8
[INFO] [stdout]    |
[INFO] [stdout] 19 |     fn magnitude(&self) -> f64 {
[INFO] [stdout]    |        ^^^^^^^^^
[INFO] [stdout]    |
[INFO] [stdout]    = note: `#[warn(dead_code)]` on by default
[INFO] [stdout] 
[INFO] [stdout] 
[INFO] [stdout] warning: associated function is never used: `normalize`
[INFO] [stdout]   --> src/tuple3d.rs:23:8
[INFO] [stdout]    |
[INFO] [stdout] 23 |     fn normalize(&self) -> Tuple3D {
[INFO] [stdout]    |        ^^^^^^^^^
[INFO] [stdout] 
[INFO] [stdout] 
[INFO] [stdout] warning: 6 warnings emitted
[INFO] [stdout] 
[INFO] [stdout] 
[INFO] [stderr]     Finished test [unoptimized + debuginfo] target(s) in 0.90s
[INFO] running `Command { std: "docker" "inspect" "beccb1ccb8190fc9585f72cd0f6567b990f455d9e9ec54e7ef64a68a59b37f17", kill_on_drop: false }`
[INFO] running `Command { std: "docker" "rm" "-f" "beccb1ccb8190fc9585f72cd0f6567b990f455d9e9ec54e7ef64a68a59b37f17", kill_on_drop: false }`
[INFO] [stdout] beccb1ccb8190fc9585f72cd0f6567b990f455d9e9ec54e7ef64a68a59b37f17
[INFO] running `Command { std: "docker" "create" "-v" "/var/lib/crater-agent-workspace/builds/worker-12/target:/opt/rustwide/target:rw,Z" "-v" "/var/lib/crater-agent-workspace/builds/worker-12/source:/opt/rustwide/workdir:ro,Z" "-v" "/var/lib/crater-agent-workspace/cargo-home:/opt/rustwide/cargo-home:ro,Z" "-v" "/var/lib/crater-agent-workspace/rustup-home:/opt/rustwide/rustup-home:ro,Z" "-e" "SOURCE_DIR=/opt/rustwide/workdir" "-e" "CARGO_TARGET_DIR=/opt/rustwide/target" "-e" "CARGO_INCREMENTAL=0" "-e" "RUST_BACKTRACE=full" "-e" "RUSTFLAGS=--cap-lints=warn" "-e" "CARGO_HOME=/opt/rustwide/cargo-home" "-e" "RUSTUP_HOME=/opt/rustwide/rustup-home" "-w" "/opt/rustwide/workdir" "-m" "1610612736" "--user" "0:0" "--network" "none" "ghcr.io/rust-lang/crates-build-env/linux@sha256:34b6a614d2c27851fe6cbf88fbd1137609cefab8b10d0615aaeb6fd47975d74e" "/opt/rustwide/cargo-home/bin/cargo" "+1.54.0" "test" "--frozen", kill_on_drop: false }`
[INFO] [stdout] 42d63685c3aacf9a390e6dea770299fd666b1d38cb9047ba65e00b70fb77758f
[INFO] running `Command { std: "docker" "start" "-a" "42d63685c3aacf9a390e6dea770299fd666b1d38cb9047ba65e00b70fb77758f", kill_on_drop: false }`
[INFO] [stdout] 
[INFO] [stderr] warning: unused import: `Point3D`
[INFO] [stdout] running 33 tests
[INFO] [stderr]  --> src/tuple3d.rs:3:15
[INFO] [stderr]   |
[INFO] [stderr] 3 | use point3d::{Point3D};
[INFO] [stderr]   |               ^^^^^^^
[INFO] [stderr]   |
[INFO] [stderr]   = note: `#[warn(unused_imports)]` on by default
[INFO] [stderr] 
[INFO] [stderr] warning: unused import: `Vector3D`
[INFO] [stderr]  --> src/tuple3d.rs:4:16
[INFO] [stderr]   |
[INFO] [stderr] 4 | use vector3d::{Vector3D};
[INFO] [stderr]   |                ^^^^^^^^
[INFO] [stderr] 
[INFO] [stderr] warning: unused import: `Read`
[INFO] [stderr]  --> src/canvas.rs:5:15
[INFO] [stderr]   |
[INFO] [stderr] 5 | use std::io::{Read, Write};
[INFO] [stderr]   |               ^^^^
[INFO] [stderr] 
[INFO] [stderr] warning: unused variable: `idx`
[INFO] [stderr]   --> src/canvas.rs:60:14
[INFO] [stderr]    |
[INFO] [stderr] 60 |         for (idx, color) in self.canvas.iter().enumerate() {
[INFO] [stderr]    |              ^^^ help: if this is intentional, prefix it with an underscore: `_idx`
[INFO] [stderr]    |
[INFO] [stderr]    = note: `#[warn(unused_variables)]` on by default
[INFO] [stderr] 
[INFO] [stderr] warning: associated function is never used: `magnitude`
[INFO] [stderr]   --> src/tuple3d.rs:19:8
[INFO] [stderr]    |
[INFO] [stderr] 19 |     fn magnitude(&self) -> f64 {
[INFO] [stderr]    |        ^^^^^^^^^
[INFO] [stderr]    |
[INFO] [stderr]    = note: `#[warn(dead_code)]` on by default
[INFO] [stderr] 
[INFO] [stderr] warning: associated function is never used: `normalize`
[INFO] [stderr]   --> src/tuple3d.rs:23:8
[INFO] [stderr]    |
[INFO] [stderr] 23 |     fn normalize(&self) -> Tuple3D {
[INFO] [stderr]    |        ^^^^^^^^^
[INFO] [stderr] 
[INFO] [stderr] warning: 6 warnings emitted
[INFO] [stderr] 
[INFO] [stderr]     Finished test [unoptimized + debuginfo] target(s) in 0.17s
[INFO] [stderr]      Running unittests (/opt/rustwide/target/debug/deps/rayray-b1c44aba9f9e44a6)
[INFO] [stdout] test canvas::teets::color_get ... ok
[INFO] [stdout] test canvas::teets::color_put ... ok
[INFO] [stdout] test color::tests::color_plus_color ... ok
[INFO] [stdout] test color::tests::color_mul_color ... ok
[INFO] [stdout] test point3d::tests::point_plus_vector ... ok
[INFO] [stdout] test tuple3d::tests::tuple_div_scaler ... ok
[INFO] [stdout] test tuple3d::tests::tuple_mul_scaler_fraction ... ok
[INFO] [stdout] test color::tests::color_mul_scaler ... ok
[INFO] [stdout] test tuple3d::tests::tuple_negate ... ok
[INFO] [stdout] test tuple3d::tests::tuple_plus_tuple ... ok
[INFO] [stdout] test color::tests::color_sub_color ... ok
[INFO] [stdout] test tuple3d::tests::tuples_are_equal ... ok
[INFO] [stdout] test point3d::tests::points_are_equal ... ok
[INFO] [stdout] test tuple3d::tests::tuple_dot_product ... ok
[INFO] [stdout] test color::tests::colors_are_equal ... ok
[INFO] [stdout] test point3d::tests::point_minus_vector ... ok
[INFO] [stdout] test point3d::tests::point_minus_point ... ok
[INFO] [stdout] test vector3d::tests::vector_plus_point ... ok
[INFO] [stdout] test vector3d::tests::vector_magnitude_z ... ok
[INFO] [stdout] test vector3d::tests::vector_magnitude ... ok
[INFO] [stdout] test vector3d::tests::vector_dot_product ... ok
[INFO] [stdout] test vector3d::tests::vector_magnitude_neg ... ok
[INFO] [stdout] test vector3d::tests::vector_magnitude_y ... ok
[INFO] [stdout] test tuple3d::tests::tuple_mul_scaler ... ok
[INFO] [stdout] test vector3d::tests::vector_cross_product ... ok
[INFO] [stdout] test vector3d::tests::vector_magnitude_x ... ok
[INFO] [stdout] test vector3d::tests::vector_normalize ... ok
[INFO] [stdout] test vector3d::tests::vector_normalize_to_unit ... ok
[INFO] [stdout] test vector3d::tests::vector_minus_vector ... ok
[INFO] [stdout] test vector3d::tests::vector_plus_vector ... ok
[INFO] [stdout] test vector3d::tests::vector_negate ... ok
[INFO] [stdout] test vector3d::tests::vectors_are_equal ... ok
[INFO] [stdout] test canvas::teets::save_ppm ... FAILED
[INFO] [stdout] 
[INFO] [stdout] failures:
[INFO] [stdout] 
[INFO] [stdout] ---- canvas::teets::save_ppm stdout ----
[INFO] [stdout] thread 'canvas::teets::save_ppm' panicked at 'called `Result::unwrap()` on an `Err` value: Os { code: 30, kind: Other, message: "Read-only file system" }', src/canvas.rs:87:25
[INFO] [stdout] stack backtrace:
[INFO] [stdout]    0:     0x5620454b74f0 - std::backtrace_rs::backtrace::libunwind::trace::h34055254b57d8e79
[INFO] [stdout]                                at /rustc/a178d0322ce20e33eac124758e837cbd80a6f633/library/std/src/../../backtrace/src/backtrace/libunwind.rs:90:5
[INFO] [stdout]    1:     0x5620454b74f0 - std::backtrace_rs::backtrace::trace_unsynchronized::h8f1e3fbd9afff6ec
[INFO] [stdout]                                at /rustc/a178d0322ce20e33eac124758e837cbd80a6f633/library/std/src/../../backtrace/src/backtrace/mod.rs:66:5
[INFO] [stdout]    2:     0x5620454b74f0 - std::sys_common::backtrace::_print_fmt::h3a99a796b770c360
[INFO] [stdout]                                at /rustc/a178d0322ce20e33eac124758e837cbd80a6f633/library/std/src/sys_common/backtrace.rs:67:5
[INFO] [stdout]    3:     0x5620454b74f0 - <std::sys_common::backtrace::_print::DisplayBacktrace as core::fmt::Display>::fmt::h32d1f94a80615d18
[INFO] [stdout]                                at /rustc/a178d0322ce20e33eac124758e837cbd80a6f633/library/std/src/sys_common/backtrace.rs:46:22
[INFO] [stdout]    4:     0x5620454d9cec - core::fmt::write::h306731c068f7162c
[INFO] [stdout]                                at /rustc/a178d0322ce20e33eac124758e837cbd80a6f633/library/core/src/fmt/mod.rs:1110:17
[INFO] [stdout]    5:     0x5620454b4415 - std::io::Write::write_fmt::h87f19b0a2cd190bc
[INFO] [stdout]                                at /rustc/a178d0322ce20e33eac124758e837cbd80a6f633/library/std/src/io/mod.rs:1588:15
[INFO] [stdout]    6:     0x5620454b965b - std::sys_common::backtrace::_print::h5abaa2601a852287
[INFO] [stdout]                                at /rustc/a178d0322ce20e33eac124758e837cbd80a6f633/library/std/src/sys_common/backtrace.rs:49:5
[INFO] [stdout]    7:     0x5620454b965b - std::sys_common::backtrace::print::h8d81445442bb638f
[INFO] [stdout]                                at /rustc/a178d0322ce20e33eac124758e837cbd80a6f633/library/std/src/sys_common/backtrace.rs:36:9
[INFO] [stdout]    8:     0x5620454b965b - std::panicking::default_hook::{{closure}}::hcfe804496a9fa747
[INFO] [stdout]                                at /rustc/a178d0322ce20e33eac124758e837cbd80a6f633/library/std/src/panicking.rs:208:50
[INFO] [stdout]    9:     0x5620454b916c - std::panicking::default_hook::hbea8e3ccf2ba8901
[INFO] [stdout]                                at /rustc/a178d0322ce20e33eac124758e837cbd80a6f633/library/std/src/panicking.rs:222:9
[INFO] [stdout]   10:     0x5620454b9d24 - std::panicking::rust_panic_with_hook::h7ee9e1a2d0f8975a
[INFO] [stdout]                                at /rustc/a178d0322ce20e33eac124758e837cbd80a6f633/library/std/src/panicking.rs:622:17
[INFO] [stdout]   11:     0x5620454b9807 - std::panicking::begin_panic_handler::{{closure}}::h8ab3b4491718b2c7
[INFO] [stdout]                                at /rustc/a178d0322ce20e33eac124758e837cbd80a6f633/library/std/src/panicking.rs:519:13
[INFO] [stdout]   12:     0x5620454b79ec - std::sys_common::backtrace::__rust_end_short_backtrace::hd489062ffa586a9f
[INFO] [stdout]                                at /rustc/a178d0322ce20e33eac124758e837cbd80a6f633/library/std/src/sys_common/backtrace.rs:141:18
[INFO] [stdout]   13:     0x5620454b9769 - rust_begin_unwind
[INFO] [stdout]                                at /rustc/a178d0322ce20e33eac124758e837cbd80a6f633/library/std/src/panicking.rs:515:5
[INFO] [stdout]   14:     0x562045458651 - core::panicking::panic_fmt::hca6330e3e14086b4
[INFO] [stdout]                                at /rustc/a178d0322ce20e33eac124758e837cbd80a6f633/library/core/src/panicking.rs:92:14
[INFO] [stdout]   15:     0x562045458743 - core::result::unwrap_failed::h6160d2b4bfbb0e87
[INFO] [stdout]                                at /rustc/a178d0322ce20e33eac124758e837cbd80a6f633/library/core/src/result.rs:1355:5
[INFO] [stdout]   16:     0x56204546598e - core::result::Result<T,E>::unwrap::hd45a1add340a4d12
[INFO] [stdout]                                at /rustc/a178d0322ce20e33eac124758e837cbd80a6f633/library/core/src/result.rs:1037:23
[INFO] [stdout]   17:     0x56204545f946 - rayray::canvas::Canvas::save_ppm::h46ed60917355bf57
[INFO] [stdout]                                at /opt/rustwide/workdir/src/canvas.rs:83:24
[INFO] [stdout]   18:     0x56204545b51f - rayray::canvas::teets::save_ppm::hed180da8df01880c
[INFO] [stdout]                                at /opt/rustwide/workdir/src/canvas.rs:124:9
[INFO] [stdout]   19:     0x56204545b35a - rayray::canvas::teets::save_ppm::{{closure}}::hea4575b3df22f2f5
[INFO] [stdout]                                at /opt/rustwide/workdir/src/canvas.rs:115:5
[INFO] [stdout]   20:     0x562045462dbe - core::ops::function::FnOnce::call_once::h6f4ed3d7910214e5
[INFO] [stdout]                                at /rustc/a178d0322ce20e33eac124758e837cbd80a6f633/library/core/src/ops/function.rs:227:5
[INFO] [stdout]   21:     0x56204548e9f3 - core::ops::function::FnOnce::call_once::h152e7e439ff59e19
[INFO] [stdout]                                at /rustc/a178d0322ce20e33eac124758e837cbd80a6f633/library/core/src/ops/function.rs:227:5
[INFO] [stdout]   22:     0x56204548e9f3 - test::__rust_begin_short_backtrace::h0908f3b1fdbb72ab
[INFO] [stdout]                                at /rustc/a178d0322ce20e33eac124758e837cbd80a6f633/library/test/src/lib.rs:577:5
[INFO] [stdout]   23:     0x56204548d4b0 - <alloc::boxed::Box<F,A> as core::ops::function::FnOnce<Args>>::call_once::hf6d2a51e5587546c
[INFO] [stdout]                                at /rustc/a178d0322ce20e33eac124758e837cbd80a6f633/library/alloc/src/boxed.rs:1575:9
[INFO] [stdout]   24:     0x56204548d4b0 - <std::panic::AssertUnwindSafe<F> as core::ops::function::FnOnce<()>>::call_once::h8af660f3a89ef593
[INFO] [stdout]                                at /rustc/a178d0322ce20e33eac124758e837cbd80a6f633/library/std/src/panic.rs:347:9
[INFO] [stdout]   25:     0x56204548d4b0 - std::panicking::try::do_call::hd36aef60f84b6d36
[INFO] [stdout]                                at /rustc/a178d0322ce20e33eac124758e837cbd80a6f633/library/std/src/panicking.rs:401:40
[INFO] [stdout]   26:     0x56204548d4b0 - std::panicking::try::h9932b4480e69817c
[INFO] [stdout]                                at /rustc/a178d0322ce20e33eac124758e837cbd80a6f633/library/std/src/panicking.rs:365:19
[INFO] [stdout]   27:     0x56204548d4b0 - std::panic::catch_unwind::h6aa177099cfff5f8
[INFO] [stdout]                                at /rustc/a178d0322ce20e33eac124758e837cbd80a6f633/library/std/src/panic.rs:434:14
[INFO] [stdout]   28:     0x56204548d4b0 - test::run_test_in_process::h5884d6f2d99e20c3
[INFO] [stdout]                                at /rustc/a178d0322ce20e33eac124758e837cbd80a6f633/library/test/src/lib.rs:600:18
[INFO] [stdout]   29:     0x56204548d4b0 - test::run_test::run_test_inner::{{closure}}::h6fdc58c6d5f5b6e3
[INFO] [stdout]                                at /rustc/a178d0322ce20e33eac124758e837cbd80a6f633/library/test/src/lib.rs:492:39
[INFO] [stdout]   30:     0x562045466b62 - test::run_test::run_test_inner::{{closure}}::h408365d67a78ade8
[INFO] [stdout]                                at /rustc/a178d0322ce20e33eac124758e837cbd80a6f633/library/test/src/lib.rs:519:37
[INFO] [stdout]   31:     0x562045466b62 - std::sys_common::backtrace::__rust_begin_short_backtrace::hb560b77c4f701523
[INFO] [stdout]                                at /rustc/a178d0322ce20e33eac124758e837cbd80a6f633/library/std/src/sys_common/backtrace.rs:125:18
[INFO] [stdout]   32:     0x56204546a718 - std::thread::Builder::spawn_unchecked::{{closure}}::{{closure}}::hf2e7831dad93c597
[INFO] [stdout]                                at /rustc/a178d0322ce20e33eac124758e837cbd80a6f633/library/std/src/thread/mod.rs:481:17
[INFO] [stdout]   33:     0x56204546a718 - <std::panic::AssertUnwindSafe<F> as core::ops::function::FnOnce<()>>::call_once::hd2e08783d8be4d02
[INFO] [stdout]                                at /rustc/a178d0322ce20e33eac124758e837cbd80a6f633/library/std/src/panic.rs:347:9
[INFO] [stdout]   34:     0x56204546a718 - std::panicking::try::do_call::h062597b7acfd6b82
[INFO] [stdout]                                at /rustc/a178d0322ce20e33eac124758e837cbd80a6f633/library/std/src/panicking.rs:401:40
[INFO] [stdout]   35:     0x56204546a718 - std::panicking::try::h0d7b79db04c14552
[INFO] [stdout]                                at /rustc/a178d0322ce20e33eac124758e837cbd80a6f633/library/std/src/panicking.rs:365:19
[INFO] [stdout]   36:     0x56204546a718 - std::panic::catch_unwind::hb01a0b5e7c8cd43b
[INFO] [stdout]                                at /rustc/a178d0322ce20e33eac124758e837cbd80a6f633/library/std/src/panic.rs:434:14
[INFO] [stdout]   37:     0x56204546a718 - std::thread::Builder::spawn_unchecked::{{closure}}::h5bde48cc887e0d1e
[INFO] [stdout]                                at /rustc/a178d0322ce20e33eac124758e837cbd80a6f633/library/std/src/thread/mod.rs:480:30
[INFO] [stdout]   38:     0x56204546a718 - core::ops::function::FnOnce::call_once{{vtable.shim}}::h745ea30807a29e55
[INFO] [stdout]                                at /rustc/a178d0322ce20e33eac124758e837cbd80a6f633/library/core/src/ops/function.rs:227:5
[INFO] [stdout]   39:     0x5620454be7e7 - <alloc::boxed::Box<F,A> as core::ops::function::FnOnce<Args>>::call_once::h7ece6cfefaff1005
[INFO] [stdout]                                at /rustc/a178d0322ce20e33eac124758e837cbd80a6f633/library/alloc/src/boxed.rs:1575:9
[INFO] [stdout]   40:     0x5620454be7e7 - <alloc::boxed::Box<F,A> as core::ops::function::FnOnce<Args>>::call_once::hb8b48e55c21f193e
[INFO] [stdout]                                at /rustc/a178d0322ce20e33eac124758e837cbd80a6f633/library/alloc/src/boxed.rs:1575:9
[INFO] [stdout]   41:     0x5620454be7e7 - std::sys::unix::thread::Thread::new::thread_start::h8c7c4450dba62914
[INFO] [stdout]                                at /rustc/a178d0322ce20e33eac124758e837cbd80a6f633/library/std/src/sys/unix/thread.rs:71:17
[INFO] [stdout]   42:     0x7fbb52905609 - start_thread
[INFO] [stdout]   43:     0x7fbb526d7293 - clone
[INFO] [stdout]   44:                0x0 - <unknown>
[INFO] [stdout] 
[INFO] [stdout] 
[INFO] [stdout] failures:
[INFO] [stdout]     canvas::teets::save_ppm
[INFO] [stdout] 
[INFO] [stdout] test result: FAILED. 32 passed; 1 failed; 0 ignored; 0 measured; 0 filtered out; finished in 0.16s
[INFO] [stdout] 
[INFO] [stderr] error: test failed, to rerun pass '--bin rayray'
[INFO] running `Command { std: "docker" "inspect" "42d63685c3aacf9a390e6dea770299fd666b1d38cb9047ba65e00b70fb77758f", kill_on_drop: false }`
[INFO] running `Command { std: "docker" "rm" "-f" "42d63685c3aacf9a390e6dea770299fd666b1d38cb9047ba65e00b70fb77758f", kill_on_drop: false }`
[INFO] [stdout] 42d63685c3aacf9a390e6dea770299fd666b1d38cb9047ba65e00b70fb77758f
