[INFO] cloning repository https://github.com/wrought-lang/wrought-rs
[INFO] running `Command { std: "git" "-c" "credential.helper=" "-c" "credential.helper=/workspace/cargo-home/bin/git-credential-null" "clone" "--bare" "https://github.com/wrought-lang/wrought-rs" "/workspace/cache/git-repos/https%3A%2F%2Fgithub.com%2Fwrought-lang%2Fwrought-rs", kill_on_drop: false }`
[INFO] [stderr] Cloning into bare repository '/workspace/cache/git-repos/https%3A%2F%2Fgithub.com%2Fwrought-lang%2Fwrought-rs'...
[INFO] running `Command { std: "git" "rev-parse" "HEAD", kill_on_drop: false }`
[INFO] [stdout] c6a66142c618832316a81da0d56d2974898626e1
[INFO] testing wrought-lang/wrought-rs against 1.54.0 for beta-1.55-1
[INFO] running `Command { std: "git" "clone" "/workspace/cache/git-repos/https%3A%2F%2Fgithub.com%2Fwrought-lang%2Fwrought-rs" "/workspace/builds/worker-114/source", kill_on_drop: false }`
[INFO] [stderr] Cloning into '/workspace/builds/worker-114/source'...
[INFO] [stderr] done.
[INFO] validating manifest of git repo https://github.com/wrought-lang/wrought-rs on toolchain 1.54.0
[INFO] running `Command { std: "/workspace/cargo-home/bin/cargo" "+1.54.0" "metadata" "--manifest-path" "Cargo.toml" "--no-deps", kill_on_drop: false }`
[INFO] started tweaking git repo https://github.com/wrought-lang/wrought-rs
[INFO] finished tweaking git repo https://github.com/wrought-lang/wrought-rs
[INFO] tweaked toml for git repo https://github.com/wrought-lang/wrought-rs written to /workspace/builds/worker-114/source/Cargo.toml
[INFO] crate git repo https://github.com/wrought-lang/wrought-rs already has a lockfile, it will not be regenerated
[INFO] running `Command { std: "/workspace/cargo-home/bin/cargo" "+1.54.0" "fetch" "--manifest-path" "Cargo.toml", kill_on_drop: false }`
[INFO] [stderr]     Blocking waiting for file lock on package cache
[INFO] [stderr]     Blocking waiting for file lock on package cache
[INFO] [stderr]  Downloading crates ...
[INFO] [stderr]   Downloaded beef v0.4.4
[INFO] [stderr]   Downloaded logos-derive v0.11.5
[INFO] [stderr]   Downloaded syn v1.0.55
[INFO] [stderr]   Downloaded codespan v0.11.0
[INFO] [stderr]   Downloaded codespan-reporting v0.11.0
[INFO] [stderr]   Downloaded logos v0.11.4
[INFO] running `Command { std: "docker" "create" "-v" "/var/lib/crater-agent-workspace/builds/worker-114/target:/opt/rustwide/target:rw,Z" "-v" "/var/lib/crater-agent-workspace/builds/worker-114/source:/opt/rustwide/workdir:ro,Z" "-v" "/var/lib/crater-agent-workspace/cargo-home:/opt/rustwide/cargo-home:ro,Z" "-v" "/var/lib/crater-agent-workspace/rustup-home:/opt/rustwide/rustup-home:ro,Z" "-e" "SOURCE_DIR=/opt/rustwide/workdir" "-e" "CARGO_TARGET_DIR=/opt/rustwide/target" "-e" "CARGO_HOME=/opt/rustwide/cargo-home" "-e" "RUSTUP_HOME=/opt/rustwide/rustup-home" "-w" "/opt/rustwide/workdir" "-m" "1610612736" "--user" "0:0" "--network" "none" "ghcr.io/rust-lang/crates-build-env/linux@sha256:34b6a614d2c27851fe6cbf88fbd1137609cefab8b10d0615aaeb6fd47975d74e" "/opt/rustwide/cargo-home/bin/cargo" "+1.54.0" "metadata" "--no-deps" "--format-version=1", kill_on_drop: false }`
[INFO] [stdout] 3412b206cdf3dc08c42065eaef3fda0e2c3a1b3f7cc6a61d7509bc215d351f3b
[INFO] running `Command { std: "docker" "start" "-a" "3412b206cdf3dc08c42065eaef3fda0e2c3a1b3f7cc6a61d7509bc215d351f3b", kill_on_drop: false }`
[INFO] running `Command { std: "docker" "inspect" "3412b206cdf3dc08c42065eaef3fda0e2c3a1b3f7cc6a61d7509bc215d351f3b", kill_on_drop: false }`
[INFO] running `Command { std: "docker" "rm" "-f" "3412b206cdf3dc08c42065eaef3fda0e2c3a1b3f7cc6a61d7509bc215d351f3b", kill_on_drop: false }`
[INFO] [stdout] 3412b206cdf3dc08c42065eaef3fda0e2c3a1b3f7cc6a61d7509bc215d351f3b
[INFO] running `Command { std: "docker" "create" "-v" "/var/lib/crater-agent-workspace/builds/worker-114/target:/opt/rustwide/target:rw,Z" "-v" "/var/lib/crater-agent-workspace/builds/worker-114/source:/opt/rustwide/workdir:ro,Z" "-v" "/var/lib/crater-agent-workspace/cargo-home:/opt/rustwide/cargo-home:ro,Z" "-v" "/var/lib/crater-agent-workspace/rustup-home:/opt/rustwide/rustup-home:ro,Z" "-e" "SOURCE_DIR=/opt/rustwide/workdir" "-e" "CARGO_TARGET_DIR=/opt/rustwide/target" "-e" "CARGO_INCREMENTAL=0" "-e" "RUST_BACKTRACE=full" "-e" "RUSTFLAGS=--cap-lints=warn" "-e" "CARGO_HOME=/opt/rustwide/cargo-home" "-e" "RUSTUP_HOME=/opt/rustwide/rustup-home" "-w" "/opt/rustwide/workdir" "-m" "1610612736" "--user" "0:0" "--network" "none" "ghcr.io/rust-lang/crates-build-env/linux@sha256:34b6a614d2c27851fe6cbf88fbd1137609cefab8b10d0615aaeb6fd47975d74e" "/opt/rustwide/cargo-home/bin/cargo" "+1.54.0" "build" "--frozen" "--message-format=json", kill_on_drop: false }`
[INFO] [stdout] fadf184463445f6f663a863602dc1265367b0062e696759358a58a0a82440d73
[INFO] running `Command { std: "docker" "start" "-a" "fadf184463445f6f663a863602dc1265367b0062e696759358a58a0a82440d73", kill_on_drop: false }`
[INFO] [stderr]     Blocking waiting for file lock on package cache
[INFO] [stderr]    Compiling proc-macro2 v1.0.24
[INFO] [stderr]    Compiling unicode-xid v0.2.1
[INFO] [stderr]    Compiling version_check v0.9.2
[INFO] [stderr]    Compiling syn v1.0.55
[INFO] [stderr]    Compiling autocfg v1.0.1
[INFO] [stderr]    Compiling libc v0.2.82
[INFO] [stderr]    Compiling unicode-width v0.1.8
[INFO] [stderr]    Compiling termcolor v1.1.2
[INFO] [stderr]    Compiling unicode-segmentation v1.7.1
[INFO] [stderr]    Compiling hashbrown v0.9.1
[INFO] [stderr]    Compiling utf8-ranges v1.0.4
[INFO] [stderr]    Compiling beef v0.4.4
[INFO] [stderr]    Compiling fnv v1.0.7
[INFO] [stderr]    Compiling os_str_bytes v2.4.0
[INFO] [stderr]    Compiling vec_map v0.8.2
[INFO] [stderr]    Compiling strsim v0.10.0
[INFO] [stderr]    Compiling textwrap v0.12.1
[INFO] [stderr]    Compiling codespan-reporting v0.11.0
[INFO] [stderr]    Compiling proc-macro-error-attr v1.0.4
[INFO] [stderr]    Compiling proc-macro-error v1.0.4
[INFO] [stderr]    Compiling indexmap v1.6.1
[INFO] [stderr]    Compiling heck v0.3.2
[INFO] [stderr]    Compiling codespan v0.11.0
[INFO] [stderr]    Compiling quote v1.0.8
[INFO] [stderr]    Compiling atty v0.2.14
[INFO] [stderr]    Compiling logos-derive v0.11.5
[INFO] [stderr]    Compiling clap_derive v3.0.0-beta.2
[INFO] [stderr]    Compiling clap v3.0.0-beta.2
[INFO] [stderr]    Compiling logos v0.11.4
[INFO] [stderr]    Compiling wrought v0.1.0 (/opt/rustwide/workdir)
[INFO] [stdout] warning: unused imports: `TokenErrors`, `Token`
[INFO] [stdout]  --> src/parser.rs:4:21
[INFO] [stdout]   |
[INFO] [stdout] 4 | use crate::lexer::{ Token, TokenData, TokenErrors };
[INFO] [stdout]   |                     ^^^^^             ^^^^^^^^^^^
[INFO] [stdout]   |
[INFO] [stdout]   = note: `#[warn(unused_imports)]` on by default
[INFO] [stdout] 
[INFO] [stdout] 
[INFO] [stdout] warning: unused import: `M`
[INFO] [stdout]  --> src/parser.rs:5:19
[INFO] [stdout]   |
[INFO] [stdout] 5 | use crate::ast::{ M, Module };
[INFO] [stdout]   |                   ^
[INFO] [stdout] 
[INFO] [stdout] 
[INFO] [stdout] warning: unused variable: `token_data`
[INFO] [stdout]   --> src/parser.rs:12:10
[INFO] [stdout]    |
[INFO] [stdout] 12 | fn parse(token_data: TokenData) -> Option<ParserData> {
[INFO] [stdout]    |          ^^^^^^^^^^ help: if this is intentional, prefix it with an underscore: `_token_data`
[INFO] [stdout]    |
[INFO] [stdout]    = note: `#[warn(unused_variables)]` on by default
[INFO] [stdout] 
[INFO] [stdout] 
[INFO] [stdout] warning: struct is never constructed: `ParserData`
[INFO] [stdout]  --> src/parser.rs:7:8
[INFO] [stdout]   |
[INFO] [stdout] 7 | struct ParserData {
[INFO] [stdout]   |        ^^^^^^^^^^
[INFO] [stdout]   |
[INFO] [stdout]   = note: `#[warn(dead_code)]` on by default
[INFO] [stdout] 
[INFO] [stdout] 
[INFO] [stdout] warning: function is never used: `parse`
[INFO] [stdout]   --> src/parser.rs:12:4
[INFO] [stdout]    |
[INFO] [stdout] 12 | fn parse(token_data: TokenData) -> Option<ParserData> {
[INFO] [stdout]    |    ^^^^^
[INFO] [stdout] 
[INFO] [stdout] 
[INFO] [stdout] warning: this method call currently resolves to `<&[T; N] as IntoIterator>::into_iter` (due to autoref coercions), but that might change in the future when `IntoIterator` impls for arrays are added.
[INFO] [stdout]    --> src/lexer.rs:429:52
[INFO] [stdout]     |
[INFO] [stdout] 429 |             let next_4: Option<Vec<char>> = next_4.into_iter().map(|c| *c).collect();
[INFO] [stdout]     |                                                    ^^^^^^^^^ help: use `.iter()` instead of `.into_iter()` to avoid ambiguity: `iter`
[INFO] [stdout]     |
[INFO] [stdout]     = note: `#[warn(array_into_iter)]` on by default
[INFO] [stdout]     = warning: this was previously accepted by the compiler but is being phased out; it will become a hard error in a future release!
[INFO] [stdout]     = note: for more information, see issue #66145 <https://github.com/rust-lang/rust/issues/66145>
[INFO] [stdout] 
[INFO] [stdout] 
[INFO] [stdout] warning: 6 warnings emitted
[INFO] [stdout] 
[INFO] [stdout] 
[INFO] [stderr]     Finished dev [unoptimized + debuginfo] target(s) in 24.84s
[INFO] running `Command { std: "docker" "inspect" "fadf184463445f6f663a863602dc1265367b0062e696759358a58a0a82440d73", kill_on_drop: false }`
[INFO] running `Command { std: "docker" "rm" "-f" "fadf184463445f6f663a863602dc1265367b0062e696759358a58a0a82440d73", kill_on_drop: false }`
[INFO] [stdout] fadf184463445f6f663a863602dc1265367b0062e696759358a58a0a82440d73
[INFO] running `Command { std: "docker" "create" "-v" "/var/lib/crater-agent-workspace/builds/worker-114/target:/opt/rustwide/target:rw,Z" "-v" "/var/lib/crater-agent-workspace/builds/worker-114/source:/opt/rustwide/workdir:ro,Z" "-v" "/var/lib/crater-agent-workspace/cargo-home:/opt/rustwide/cargo-home:ro,Z" "-v" "/var/lib/crater-agent-workspace/rustup-home:/opt/rustwide/rustup-home:ro,Z" "-e" "SOURCE_DIR=/opt/rustwide/workdir" "-e" "CARGO_TARGET_DIR=/opt/rustwide/target" "-e" "CARGO_INCREMENTAL=0" "-e" "RUST_BACKTRACE=full" "-e" "RUSTFLAGS=--cap-lints=warn" "-e" "CARGO_HOME=/opt/rustwide/cargo-home" "-e" "RUSTUP_HOME=/opt/rustwide/rustup-home" "-w" "/opt/rustwide/workdir" "-m" "1610612736" "--user" "0:0" "--network" "none" "ghcr.io/rust-lang/crates-build-env/linux@sha256:34b6a614d2c27851fe6cbf88fbd1137609cefab8b10d0615aaeb6fd47975d74e" "/opt/rustwide/cargo-home/bin/cargo" "+1.54.0" "test" "--frozen" "--no-run" "--message-format=json", kill_on_drop: false }`
[INFO] [stdout] c671ce4236d64850d8fbf6387fa1fe0bc707dcd316672fc20eb6bb41e460fba6
[INFO] running `Command { std: "docker" "start" "-a" "c671ce4236d64850d8fbf6387fa1fe0bc707dcd316672fc20eb6bb41e460fba6", kill_on_drop: false }`
[INFO] [stderr]     Blocking waiting for file lock on package cache
[INFO] [stderr]    Compiling wrought v0.1.0 (/opt/rustwide/workdir)
[INFO] [stdout] warning: unused imports: `TokenErrors`, `Token`
[INFO] [stdout]  --> src/parser.rs:4:21
[INFO] [stdout]   |
[INFO] [stdout] 4 | use crate::lexer::{ Token, TokenData, TokenErrors };
[INFO] [stdout]   |                     ^^^^^             ^^^^^^^^^^^
[INFO] [stdout]   |
[INFO] [stdout]   = note: `#[warn(unused_imports)]` on by default
[INFO] [stdout] 
[INFO] [stdout] 
[INFO] [stdout] warning: unused import: `M`
[INFO] [stdout]  --> src/parser.rs:5:19
[INFO] [stdout]   |
[INFO] [stdout] 5 | use crate::ast::{ M, Module };
[INFO] [stdout]   |                   ^
[INFO] [stdout] 
[INFO] [stdout] 
[INFO] [stdout] warning: unused variable: `token_data`
[INFO] [stdout]   --> src/parser.rs:12:10
[INFO] [stdout]    |
[INFO] [stdout] 12 | fn parse(token_data: TokenData) -> Option<ParserData> {
[INFO] [stdout]    |          ^^^^^^^^^^ help: if this is intentional, prefix it with an underscore: `_token_data`
[INFO] [stdout]    |
[INFO] [stdout]    = note: `#[warn(unused_variables)]` on by default
[INFO] [stdout] 
[INFO] [stdout] 
[INFO] [stdout] warning: struct is never constructed: `ParserData`
[INFO] [stdout]  --> src/parser.rs:7:8
[INFO] [stdout]   |
[INFO] [stdout] 7 | struct ParserData {
[INFO] [stdout]   |        ^^^^^^^^^^
[INFO] [stdout]   |
[INFO] [stdout]   = note: `#[warn(dead_code)]` on by default
[INFO] [stdout] 
[INFO] [stdout] 
[INFO] [stdout] warning: function is never used: `parse`
[INFO] [stdout]   --> src/parser.rs:12:4
[INFO] [stdout]    |
[INFO] [stdout] 12 | fn parse(token_data: TokenData) -> Option<ParserData> {
[INFO] [stdout]    |    ^^^^^
[INFO] [stdout] 
[INFO] [stdout] 
[INFO] [stdout] warning: this method call currently resolves to `<&[T; N] as IntoIterator>::into_iter` (due to autoref coercions), but that might change in the future when `IntoIterator` impls for arrays are added.
[INFO] [stdout]    --> src/lexer.rs:429:52
[INFO] [stdout]     |
[INFO] [stdout] 429 |             let next_4: Option<Vec<char>> = next_4.into_iter().map(|c| *c).collect();
[INFO] [stdout]     |                                                    ^^^^^^^^^ help: use `.iter()` instead of `.into_iter()` to avoid ambiguity: `iter`
[INFO] [stdout]     |
[INFO] [stdout]     = note: `#[warn(array_into_iter)]` on by default
[INFO] [stdout]     = warning: this was previously accepted by the compiler but is being phased out; it will become a hard error in a future release!
[INFO] [stdout]     = note: for more information, see issue #66145 <https://github.com/rust-lang/rust/issues/66145>
[INFO] [stdout] 
[INFO] [stdout] 
[INFO] [stdout] warning: 6 warnings emitted
[INFO] [stdout] 
[INFO] [stdout] 
[INFO] [stderr]     Finished test [unoptimized + debuginfo] target(s) in 5.06s
[INFO] running `Command { std: "docker" "inspect" "c671ce4236d64850d8fbf6387fa1fe0bc707dcd316672fc20eb6bb41e460fba6", kill_on_drop: false }`
[INFO] running `Command { std: "docker" "rm" "-f" "c671ce4236d64850d8fbf6387fa1fe0bc707dcd316672fc20eb6bb41e460fba6", kill_on_drop: false }`
[INFO] [stdout] c671ce4236d64850d8fbf6387fa1fe0bc707dcd316672fc20eb6bb41e460fba6
[INFO] running `Command { std: "docker" "create" "-v" "/var/lib/crater-agent-workspace/builds/worker-114/target:/opt/rustwide/target:rw,Z" "-v" "/var/lib/crater-agent-workspace/builds/worker-114/source:/opt/rustwide/workdir:ro,Z" "-v" "/var/lib/crater-agent-workspace/cargo-home:/opt/rustwide/cargo-home:ro,Z" "-v" "/var/lib/crater-agent-workspace/rustup-home:/opt/rustwide/rustup-home:ro,Z" "-e" "SOURCE_DIR=/opt/rustwide/workdir" "-e" "CARGO_TARGET_DIR=/opt/rustwide/target" "-e" "CARGO_INCREMENTAL=0" "-e" "RUST_BACKTRACE=full" "-e" "RUSTFLAGS=--cap-lints=warn" "-e" "CARGO_HOME=/opt/rustwide/cargo-home" "-e" "RUSTUP_HOME=/opt/rustwide/rustup-home" "-w" "/opt/rustwide/workdir" "-m" "1610612736" "--user" "0:0" "--network" "none" "ghcr.io/rust-lang/crates-build-env/linux@sha256:34b6a614d2c27851fe6cbf88fbd1137609cefab8b10d0615aaeb6fd47975d74e" "/opt/rustwide/cargo-home/bin/cargo" "+1.54.0" "test" "--frozen", kill_on_drop: false }`
[INFO] [stdout] a022e788f0fae37c8338a654c6edbf0a2b4a50e6293db59b071a5d53a5c46943
[INFO] running `Command { std: "docker" "start" "-a" "a022e788f0fae37c8338a654c6edbf0a2b4a50e6293db59b071a5d53a5c46943", kill_on_drop: false }`
[INFO] [stderr] warning: unused imports: `TokenErrors`, `Token`
[INFO] [stderr]  --> src/parser.rs:4:21
[INFO] [stderr]   |
[INFO] [stderr] 4 | use crate::lexer::{ Token, TokenData, TokenErrors };
[INFO] [stderr]   |                     ^^^^^             ^^^^^^^^^^^
[INFO] [stderr]   |
[INFO] [stderr]   = note: `#[warn(unused_imports)]` on by default
[INFO] [stderr] 
[INFO] [stderr] warning: unused import: `M`
[INFO] [stderr]  --> src/parser.rs:5:19
[INFO] [stderr]   |
[INFO] [stderr] 5 | use crate::ast::{ M, Module };
[INFO] [stderr]   |                   ^
[INFO] [stderr] 
[INFO] [stderr] warning: unused variable: `token_data`
[INFO] [stderr]   --> src/parser.rs:12:10
[INFO] [stderr]    |
[INFO] [stderr] 12 | fn parse(token_data: TokenData) -> Option<ParserData> {
[INFO] [stderr]    |          ^^^^^^^^^^ help: if this is intentional, prefix it with an underscore: `_token_data`
[INFO] [stderr]    |
[INFO] [stderr]    = note: `#[warn(unused_variables)]` on by default
[INFO] [stderr] 
[INFO] [stderr] warning: struct is never constructed: `ParserData`
[INFO] [stderr]  --> src/parser.rs:7:8
[INFO] [stderr]   |
[INFO] [stderr] 7 | struct ParserData {
[INFO] [stderr]   |        ^^^^^^^^^^
[INFO] [stderr]   |
[INFO] [stderr]   = note: `#[warn(dead_code)]` on by default
[INFO] [stderr] 
[INFO] [stderr] warning: function is never used: `parse`
[INFO] [stderr]   --> src/parser.rs:12:4
[INFO] [stderr]    |
[INFO] [stderr] 12 | fn parse(token_data: TokenData) -> Option<ParserData> {
[INFO] [stderr]    |    ^^^^^
[INFO] [stderr] 
[INFO] [stderr] warning: this method call currently resolves to `<&[T; N] as IntoIterator>::into_iter` (due to autoref coercions), but that might change in the future when `IntoIterator` impls for arrays are added.
[INFO] [stderr]    --> src/lexer.rs:429:52
[INFO] [stderr]     |
[INFO] [stderr] 429 |             let next_4: Option<Vec<char>> = next_4.into_iter().map(|c| *c).collect();
[INFO] [stderr]     |                                                    ^^^^^^^^^ help: use `.iter()` instead of `.into_iter()` to avoid ambiguity: `iter`
[INFO] [stderr]     |
[INFO] [stderr]     = note: `#[warn(array_into_iter)]` on by default
[INFO] [stderr]     = warning: this was previously accepted by the compiler but is being phased out; it will become a hard error in a future release!
[INFO] [stderr]     = note: for more information, see issue #66145 <https://github.com/rust-lang/rust/issues/66145>
[INFO] [stderr] 
[INFO] [stderr] warning: 6 warnings emitted
[INFO] [stderr] 
[INFO] [stderr]     Finished test [unoptimized + debuginfo] target(s) in 0.16s
[INFO] [stderr]      Running unittests (/opt/rustwide/target/debug/deps/wrought-74d7ae540b6ec3e3)
[INFO] [stdout] 
[INFO] [stdout] running 2 tests
[INFO] [stdout] test lexer::test::tokenize_fn_declaration ... ok
[INFO] [stdout] test lexer::test::tokenize_let ... FAILED
[INFO] [stdout] 
[INFO] [stdout] failures:
[INFO] [stdout] 
[INFO] [stdout] ---- lexer::test::tokenize_let stdout ----
[INFO] [stdout] thread 'lexer::test::tokenize_let' panicked at 'assertion failed: `(left == right)`
[INFO] [stdout]   left: `[M { span: Span { start: ByteIndex(0), end: ByteIndex(3) }, value: Let }, M { span: Span { start: ByteIndex(4), end: ByteIndex(5) }, value: Identifier("a") }, M { span: Span { start: ByteIndex(6), end: ByteIndex(7) }, value: Assign }, M { span: Span { start: ByteIndex(8), end: ByteIndex(16) }, value: StringLiteral("asdf\\\";") }, M { span: Span { start: ByteIndex(16), end: ByteIndex(17) }, value: Semicolon }]`,
[INFO] [stdout]  right: `[M { span: Span { start: ByteIndex(0), end: ByteIndex(3) }, value: Let }, M { span: Span { start: ByteIndex(4), end: ByteIndex(5) }, value: Identifier("a") }, M { span: Span { start: ByteIndex(6), end: ByteIndex(7) }, value: Assign }, M { span: Span { start: ByteIndex(8), end: ByteIndex(16) }, value: StringLiteral("asdf\"") }, M { span: Span { start: ByteIndex(16), end: ByteIndex(17) }, value: Semicolon }]`', src/lexer.rs:569:50
[INFO] [stdout] stack backtrace:
[INFO] [stdout]    0:     0x561720f8e3b0 - std::backtrace_rs::backtrace::libunwind::trace::h34055254b57d8e79
[INFO] [stdout]                                at /rustc/a178d0322ce20e33eac124758e837cbd80a6f633/library/std/src/../../backtrace/src/backtrace/libunwind.rs:90:5
[INFO] [stdout]    1:     0x561720f8e3b0 - std::backtrace_rs::backtrace::trace_unsynchronized::h8f1e3fbd9afff6ec
[INFO] [stdout]                                at /rustc/a178d0322ce20e33eac124758e837cbd80a6f633/library/std/src/../../backtrace/src/backtrace/mod.rs:66:5
[INFO] [stdout]    2:     0x561720f8e3b0 - std::sys_common::backtrace::_print_fmt::h3a99a796b770c360
[INFO] [stdout]                                at /rustc/a178d0322ce20e33eac124758e837cbd80a6f633/library/std/src/sys_common/backtrace.rs:67:5
[INFO] [stdout]    3:     0x561720f8e3b0 - <std::sys_common::backtrace::_print::DisplayBacktrace as core::fmt::Display>::fmt::h32d1f94a80615d18
[INFO] [stdout]                                at /rustc/a178d0322ce20e33eac124758e837cbd80a6f633/library/std/src/sys_common/backtrace.rs:46:22
[INFO] [stdout]    4:     0x561720fb1ebc - core::fmt::write::h306731c068f7162c
[INFO] [stdout]                                at /rustc/a178d0322ce20e33eac124758e837cbd80a6f633/library/core/src/fmt/mod.rs:1110:17
[INFO] [stdout]    5:     0x561720f8b2d5 - std::io::Write::write_fmt::h87f19b0a2cd190bc
[INFO] [stdout]                                at /rustc/a178d0322ce20e33eac124758e837cbd80a6f633/library/std/src/io/mod.rs:1588:15
[INFO] [stdout]    6:     0x561720f9051b - std::sys_common::backtrace::_print::h5abaa2601a852287
[INFO] [stdout]                                at /rustc/a178d0322ce20e33eac124758e837cbd80a6f633/library/std/src/sys_common/backtrace.rs:49:5
[INFO] [stdout]    7:     0x561720f9051b - std::sys_common::backtrace::print::h8d81445442bb638f
[INFO] [stdout]                                at /rustc/a178d0322ce20e33eac124758e837cbd80a6f633/library/std/src/sys_common/backtrace.rs:36:9
[INFO] [stdout]    8:     0x561720f9051b - std::panicking::default_hook::{{closure}}::hcfe804496a9fa747
[INFO] [stdout]                                at /rustc/a178d0322ce20e33eac124758e837cbd80a6f633/library/std/src/panicking.rs:208:50
[INFO] [stdout]    9:     0x561720f9002c - std::panicking::default_hook::hbea8e3ccf2ba8901
[INFO] [stdout]                                at /rustc/a178d0322ce20e33eac124758e837cbd80a6f633/library/std/src/panicking.rs:222:9
[INFO] [stdout]   10:     0x561720f90be4 - std::panicking::rust_panic_with_hook::h7ee9e1a2d0f8975a
[INFO] [stdout]                                at /rustc/a178d0322ce20e33eac124758e837cbd80a6f633/library/std/src/panicking.rs:622:17
[INFO] [stdout]   11:     0x561720f906c7 - std::panicking::begin_panic_handler::{{closure}}::h8ab3b4491718b2c7
[INFO] [stdout]                                at /rustc/a178d0322ce20e33eac124758e837cbd80a6f633/library/std/src/panicking.rs:519:13
[INFO] [stdout]   12:     0x561720f8e8ac - std::sys_common::backtrace::__rust_end_short_backtrace::hd489062ffa586a9f
[INFO] [stdout]                                at /rustc/a178d0322ce20e33eac124758e837cbd80a6f633/library/std/src/sys_common/backtrace.rs:141:18
[INFO] [stdout]   13:     0x561720f90629 - rust_begin_unwind
[INFO] [stdout]                                at /rustc/a178d0322ce20e33eac124758e837cbd80a6f633/library/std/src/panicking.rs:515:5
[INFO] [stdout]   14:     0x561720f0f651 - core::panicking::panic_fmt::hca6330e3e14086b4
[INFO] [stdout]                                at /rustc/a178d0322ce20e33eac124758e837cbd80a6f633/library/core/src/panicking.rs:92:14
[INFO] [stdout]   15:     0x561720fb07d8 - core::panicking::assert_failed_inner::h33b45280069a80ed
[INFO] [stdout]   16:     0x561720f21cda - core::panicking::assert_failed::h726c7839d22274f5
[INFO] [stdout]                                at /rustc/a178d0322ce20e33eac124758e837cbd80a6f633/library/core/src/panicking.rs:117:5
[INFO] [stdout]   17:     0x561720f20de3 - wrought::lexer::test::tokenize_let::h8435a21b6d16c6d8
[INFO] [stdout]                                at /opt/rustwide/workdir/src/lexer.rs:569:50
[INFO] [stdout]   18:     0x561720f2059a - wrought::lexer::test::tokenize_let::{{closure}}::he0236839382f0beb
[INFO] [stdout]                                at /opt/rustwide/workdir/src/lexer.rs:553:5
[INFO] [stdout]   19:     0x561720f280de - core::ops::function::FnOnce::call_once::h361895d7813a4ddc
[INFO] [stdout]                                at /rustc/a178d0322ce20e33eac124758e837cbd80a6f633/library/core/src/ops/function.rs:227:5
[INFO] [stdout]   20:     0x561720f52443 - core::ops::function::FnOnce::call_once::h152e7e439ff59e19
[INFO] [stdout]                                at /rustc/a178d0322ce20e33eac124758e837cbd80a6f633/library/core/src/ops/function.rs:227:5
[INFO] [stdout]   21:     0x561720f52443 - test::__rust_begin_short_backtrace::h0908f3b1fdbb72ab
[INFO] [stdout]                                at /rustc/a178d0322ce20e33eac124758e837cbd80a6f633/library/test/src/lib.rs:577:5
[INFO] [stdout]   22:     0x561720f50f00 - <alloc::boxed::Box<F,A> as core::ops::function::FnOnce<Args>>::call_once::hf6d2a51e5587546c
[INFO] [stdout]                                at /rustc/a178d0322ce20e33eac124758e837cbd80a6f633/library/alloc/src/boxed.rs:1575:9
[INFO] [stdout]   23:     0x561720f50f00 - <std::panic::AssertUnwindSafe<F> as core::ops::function::FnOnce<()>>::call_once::h8af660f3a89ef593
[INFO] [stdout]                                at /rustc/a178d0322ce20e33eac124758e837cbd80a6f633/library/std/src/panic.rs:347:9
[INFO] [stdout]   24:     0x561720f50f00 - std::panicking::try::do_call::hd36aef60f84b6d36
[INFO] [stdout]                                at /rustc/a178d0322ce20e33eac124758e837cbd80a6f633/library/std/src/panicking.rs:401:40
[INFO] [stdout]   25:     0x561720f50f00 - std::panicking::try::h9932b4480e69817c
[INFO] [stdout]                                at /rustc/a178d0322ce20e33eac124758e837cbd80a6f633/library/std/src/panicking.rs:365:19
[INFO] [stdout]   26:     0x561720f50f00 - std::panic::catch_unwind::h6aa177099cfff5f8
[INFO] [stdout]                                at /rustc/a178d0322ce20e33eac124758e837cbd80a6f633/library/std/src/panic.rs:434:14
[INFO] [stdout]   27:     0x561720f50f00 - test::run_test_in_process::h5884d6f2d99e20c3
[INFO] [stdout]                                at /rustc/a178d0322ce20e33eac124758e837cbd80a6f633/library/test/src/lib.rs:600:18
[INFO] [stdout]   28:     0x561720f50f00 - test::run_test::run_test_inner::{{closure}}::h6fdc58c6d5f5b6e3
[INFO] [stdout]                                at /rustc/a178d0322ce20e33eac124758e837cbd80a6f633/library/test/src/lib.rs:492:39
[INFO] [stdout]   29:     0x561720f2a5b2 - test::run_test::run_test_inner::{{closure}}::h408365d67a78ade8
[INFO] [stdout]                                at /rustc/a178d0322ce20e33eac124758e837cbd80a6f633/library/test/src/lib.rs:519:37
[INFO] [stdout]   30:     0x561720f2a5b2 - std::sys_common::backtrace::__rust_begin_short_backtrace::hb560b77c4f701523
[INFO] [stdout]                                at /rustc/a178d0322ce20e33eac124758e837cbd80a6f633/library/std/src/sys_common/backtrace.rs:125:18
[INFO] [stdout]   31:     0x561720f2e168 - std::thread::Builder::spawn_unchecked::{{closure}}::{{closure}}::hf2e7831dad93c597
[INFO] [stdout]                                at /rustc/a178d0322ce20e33eac124758e837cbd80a6f633/library/std/src/thread/mod.rs:481:17
[INFO] [stdout]   32:     0x561720f2e168 - <std::panic::AssertUnwindSafe<F> as core::ops::function::FnOnce<()>>::call_once::hd2e08783d8be4d02
[INFO] [stdout]                                at /rustc/a178d0322ce20e33eac124758e837cbd80a6f633/library/std/src/panic.rs:347:9
[INFO] [stdout]   33:     0x561720f2e168 - std::panicking::try::do_call::h062597b7acfd6b82
[INFO] [stdout]                                at /rustc/a178d0322ce20e33eac124758e837cbd80a6f633/library/std/src/panicking.rs:401:40
[INFO] [stdout]   34:     0x561720f2e168 - std::panicking::try::h0d7b79db04c14552
[INFO] [stdout]                                at /rustc/a178d0322ce20e33eac124758e837cbd80a6f633/library/std/src/panicking.rs:365:19
[INFO] [stdout]   35:     0x561720f2e168 - std::panic::catch_unwind::hb01a0b5e7c8cd43b
[INFO] [stdout]                                at /rustc/a178d0322ce20e33eac124758e837cbd80a6f633/library/std/src/panic.rs:434:14
[INFO] [stdout]   36:     0x561720f2e168 - std::thread::Builder::spawn_unchecked::{{closure}}::h5bde48cc887e0d1e
[INFO] [stdout]                                at /rustc/a178d0322ce20e33eac124758e837cbd80a6f633/library/std/src/thread/mod.rs:480:30
[INFO] [stdout]   37:     0x561720f2e168 - core::ops::function::FnOnce::call_once{{vtable.shim}}::h745ea30807a29e55
[INFO] [stdout]                                at /rustc/a178d0322ce20e33eac124758e837cbd80a6f633/library/core/src/ops/function.rs:227:5
[INFO] [stdout]   38:     0x561720f956a7 - <alloc::boxed::Box<F,A> as core::ops::function::FnOnce<Args>>::call_once::h7ece6cfefaff1005
[INFO] [stdout]                                at /rustc/a178d0322ce20e33eac124758e837cbd80a6f633/library/alloc/src/boxed.rs:1575:9
[INFO] [stdout]   39:     0x561720f956a7 - <alloc::boxed::Box<F,A> as core::ops::function::FnOnce<Args>>::call_once::hb8b48e55c21f193e
[INFO] [stdout]                                at /rustc/a178d0322ce20e33eac124758e837cbd80a6f633/library/alloc/src/boxed.rs:1575:9
[INFO] [stdout]   40:     0x561720f956a7 - std::sys::unix::thread::Thread::new::thread_start::h8c7c4450dba62914
[INFO] [stdout]                                at /rustc/a178d0322ce20e33eac124758e837cbd80a6f633/library/std/src/sys/unix/thread.rs:71:17
[INFO] [stdout]   41:     0x7fe20ae9f609 - start_thread
[INFO] [stdout]   42:     0x7fe20b12a293 - clone
[INFO] [stdout]   43:                0x0 - <unknown>
[INFO] [stdout] 
[INFO] [stdout] 
[INFO] [stdout] failures:
[INFO] [stdout]     lexer::test::tokenize_let
[INFO] [stderr] error: test failed, to rerun pass '--bin wrought'
[INFO] [stdout] 
[INFO] [stdout] test result: FAILED. 1 passed; 1 failed; 0 ignored; 0 measured; 0 filtered out; finished in 0.09s
[INFO] [stdout] 
[INFO] running `Command { std: "docker" "inspect" "a022e788f0fae37c8338a654c6edbf0a2b4a50e6293db59b071a5d53a5c46943", kill_on_drop: false }`
[INFO] running `Command { std: "docker" "rm" "-f" "a022e788f0fae37c8338a654c6edbf0a2b4a50e6293db59b071a5d53a5c46943", kill_on_drop: false }`
[INFO] [stdout] a022e788f0fae37c8338a654c6edbf0a2b4a50e6293db59b071a5d53a5c46943
