[INFO] cloning repository https://github.com/wesleywiser/toml-rust
[INFO] running `Command { std: "git" "-c" "credential.helper=" "-c" "credential.helper=/workspace/cargo-home/bin/git-credential-null" "clone" "--bare" "https://github.com/wesleywiser/toml-rust" "/workspace/cache/git-repos/https%3A%2F%2Fgithub.com%2Fwesleywiser%2Ftoml-rust", kill_on_drop: false }`
[INFO] [stderr] Cloning into bare repository '/workspace/cache/git-repos/https%3A%2F%2Fgithub.com%2Fwesleywiser%2Ftoml-rust'...
[INFO] running `Command { std: "git" "rev-parse" "HEAD", kill_on_drop: false }`
[INFO] [stdout] dbdd6278cf28685cb9b8d36b8f44ef973ddf7950
[INFO] testing wesleywiser/toml-rust against 1.54.0 for beta-1.55-1
[INFO] running `Command { std: "git" "clone" "/workspace/cache/git-repos/https%3A%2F%2Fgithub.com%2Fwesleywiser%2Ftoml-rust" "/workspace/builds/worker-1/source", kill_on_drop: false }`
[INFO] [stderr] Cloning into '/workspace/builds/worker-1/source'...
[INFO] [stderr] done.
[INFO] validating manifest of git repo https://github.com/wesleywiser/toml-rust on toolchain 1.54.0
[INFO] running `Command { std: "/workspace/cargo-home/bin/cargo" "+1.54.0" "metadata" "--manifest-path" "Cargo.toml" "--no-deps", kill_on_drop: false }`
[INFO] started tweaking git repo https://github.com/wesleywiser/toml-rust
[INFO] finished tweaking git repo https://github.com/wesleywiser/toml-rust
[INFO] tweaked toml for git repo https://github.com/wesleywiser/toml-rust written to /workspace/builds/worker-1/source/Cargo.toml
[INFO] crate git repo https://github.com/wesleywiser/toml-rust already has a lockfile, it will not be regenerated
[INFO] running `Command { std: "/workspace/cargo-home/bin/cargo" "+1.54.0" "fetch" "--manifest-path" "Cargo.toml", kill_on_drop: false }`
[INFO] running `Command { std: "docker" "create" "-v" "/var/lib/crater-agent-workspace/builds/worker-1/target:/opt/rustwide/target:rw,Z" "-v" "/var/lib/crater-agent-workspace/builds/worker-1/source:/opt/rustwide/workdir:ro,Z" "-v" "/var/lib/crater-agent-workspace/cargo-home:/opt/rustwide/cargo-home:ro,Z" "-v" "/var/lib/crater-agent-workspace/rustup-home:/opt/rustwide/rustup-home:ro,Z" "-e" "SOURCE_DIR=/opt/rustwide/workdir" "-e" "CARGO_TARGET_DIR=/opt/rustwide/target" "-e" "CARGO_HOME=/opt/rustwide/cargo-home" "-e" "RUSTUP_HOME=/opt/rustwide/rustup-home" "-w" "/opt/rustwide/workdir" "-m" "1610612736" "--user" "0:0" "--network" "none" "ghcr.io/rust-lang/crates-build-env/linux@sha256:34b6a614d2c27851fe6cbf88fbd1137609cefab8b10d0615aaeb6fd47975d74e" "/opt/rustwide/cargo-home/bin/cargo" "+1.54.0" "metadata" "--no-deps" "--format-version=1", kill_on_drop: false }`
[INFO] [stdout] af7d82ce7848bffb00d92b590077698dfb76fdfbee514526b50f7d4013dedd12
[INFO] [stderr] WARNING: Your kernel does not support swap limit capabilities or the cgroup is not mounted. Memory limited without swap.
[INFO] running `Command { std: "docker" "start" "-a" "af7d82ce7848bffb00d92b590077698dfb76fdfbee514526b50f7d4013dedd12", kill_on_drop: false }`
[INFO] running `Command { std: "docker" "inspect" "af7d82ce7848bffb00d92b590077698dfb76fdfbee514526b50f7d4013dedd12", kill_on_drop: false }`
[INFO] running `Command { std: "docker" "rm" "-f" "af7d82ce7848bffb00d92b590077698dfb76fdfbee514526b50f7d4013dedd12", kill_on_drop: false }`
[INFO] [stdout] af7d82ce7848bffb00d92b590077698dfb76fdfbee514526b50f7d4013dedd12
[INFO] running `Command { std: "docker" "create" "-v" "/var/lib/crater-agent-workspace/builds/worker-1/target:/opt/rustwide/target:rw,Z" "-v" "/var/lib/crater-agent-workspace/builds/worker-1/source:/opt/rustwide/workdir:ro,Z" "-v" "/var/lib/crater-agent-workspace/cargo-home:/opt/rustwide/cargo-home:ro,Z" "-v" "/var/lib/crater-agent-workspace/rustup-home:/opt/rustwide/rustup-home:ro,Z" "-e" "SOURCE_DIR=/opt/rustwide/workdir" "-e" "CARGO_TARGET_DIR=/opt/rustwide/target" "-e" "CARGO_INCREMENTAL=0" "-e" "RUST_BACKTRACE=full" "-e" "RUSTFLAGS=--cap-lints=warn" "-e" "CARGO_HOME=/opt/rustwide/cargo-home" "-e" "RUSTUP_HOME=/opt/rustwide/rustup-home" "-w" "/opt/rustwide/workdir" "-m" "1610612736" "--user" "0:0" "--network" "none" "ghcr.io/rust-lang/crates-build-env/linux@sha256:34b6a614d2c27851fe6cbf88fbd1137609cefab8b10d0615aaeb6fd47975d74e" "/opt/rustwide/cargo-home/bin/cargo" "+1.54.0" "build" "--frozen" "--message-format=json", kill_on_drop: false }`
[INFO] [stdout] 9cf691151fa0ff6ee389fb4f78e92149b91e269decfdc16e8cafcf2f90d9fe3b
[INFO] [stderr] WARNING: Your kernel does not support swap limit capabilities or the cgroup is not mounted. Memory limited without swap.
[INFO] running `Command { std: "docker" "start" "-a" "9cf691151fa0ff6ee389fb4f78e92149b91e269decfdc16e8cafcf2f90d9fe3b", kill_on_drop: false }`
[INFO] [stderr]    Compiling toml_rust v0.0.1 (/opt/rustwide/workdir)
[INFO] [stdout] warning: function is never used: `parse_token`
[INFO] [stdout]   --> src/parser/ast/fragments.rs:19:8
[INFO] [stdout]    |
[INFO] [stdout] 19 | pub fn parse_token<'a>(tokens: &'a[TomlFragment]) -> Result<ParseResult<'a>, &'a str> {
[INFO] [stdout]    |        ^^^^^^^^^^^
[INFO] [stdout]    |
[INFO] [stdout]    = note: `#[warn(dead_code)]` on by default
[INFO] [stdout] 
[INFO] [stdout] 
[INFO] [stdout] warning: function is never used: `parse_array`
[INFO] [stdout]   --> src/parser/ast/fragments.rs:36:8
[INFO] [stdout]    |
[INFO] [stdout] 36 | pub fn parse_array<'a>(tokens: &'a[TomlFragment]) -> Result<ParseResult<'a>, &'a str> {
[INFO] [stdout]    |        ^^^^^^^^^^^
[INFO] [stdout] 
[INFO] [stdout] 
[INFO] [stdout] warning: 2 warnings emitted
[INFO] [stdout] 
[INFO] [stdout] 
[INFO] [stderr]     Finished dev [unoptimized + debuginfo] target(s) in 1.56s
[INFO] running `Command { std: "docker" "inspect" "9cf691151fa0ff6ee389fb4f78e92149b91e269decfdc16e8cafcf2f90d9fe3b", kill_on_drop: false }`
[INFO] running `Command { std: "docker" "rm" "-f" "9cf691151fa0ff6ee389fb4f78e92149b91e269decfdc16e8cafcf2f90d9fe3b", kill_on_drop: false }`
[INFO] [stdout] 9cf691151fa0ff6ee389fb4f78e92149b91e269decfdc16e8cafcf2f90d9fe3b
[INFO] running `Command { std: "docker" "create" "-v" "/var/lib/crater-agent-workspace/builds/worker-1/target:/opt/rustwide/target:rw,Z" "-v" "/var/lib/crater-agent-workspace/builds/worker-1/source:/opt/rustwide/workdir:ro,Z" "-v" "/var/lib/crater-agent-workspace/cargo-home:/opt/rustwide/cargo-home:ro,Z" "-v" "/var/lib/crater-agent-workspace/rustup-home:/opt/rustwide/rustup-home:ro,Z" "-e" "SOURCE_DIR=/opt/rustwide/workdir" "-e" "CARGO_TARGET_DIR=/opt/rustwide/target" "-e" "CARGO_INCREMENTAL=0" "-e" "RUST_BACKTRACE=full" "-e" "RUSTFLAGS=--cap-lints=warn" "-e" "CARGO_HOME=/opt/rustwide/cargo-home" "-e" "RUSTUP_HOME=/opt/rustwide/rustup-home" "-w" "/opt/rustwide/workdir" "-m" "1610612736" "--user" "0:0" "--network" "none" "ghcr.io/rust-lang/crates-build-env/linux@sha256:34b6a614d2c27851fe6cbf88fbd1137609cefab8b10d0615aaeb6fd47975d74e" "/opt/rustwide/cargo-home/bin/cargo" "+1.54.0" "test" "--frozen" "--no-run" "--message-format=json", kill_on_drop: false }`
[INFO] [stdout] 052f5075b690d7e0d96b4cdf843db123293776663345f0912019e37e3049bd02
[INFO] [stderr] WARNING: Your kernel does not support swap limit capabilities or the cgroup is not mounted. Memory limited without swap.
[INFO] running `Command { std: "docker" "start" "-a" "052f5075b690d7e0d96b4cdf843db123293776663345f0912019e37e3049bd02", kill_on_drop: false }`
[INFO] [stdout] warning: function is never used: `parse_token`
[INFO] [stdout]   --> src/parser/ast/fragments.rs:19:8
[INFO] [stdout]    |
[INFO] [stdout] 19 | pub fn parse_token<'a>(tokens: &'a[TomlFragment]) -> Result<ParseResult<'a>, &'a str> {
[INFO] [stdout]    |        ^^^^^^^^^^^
[INFO] [stdout]    |
[INFO] [stdout]    = note: `#[warn(dead_code)]` on by default
[INFO] [stdout] 
[INFO] [stdout] 
[INFO] [stderr]    Compiling toml_rust v0.0.1 (/opt/rustwide/workdir)
[INFO] [stdout] warning: function is never used: `parse_array`
[INFO] [stdout]   --> src/parser/ast/fragments.rs:36:8
[INFO] [stdout]    |
[INFO] [stdout] 36 | pub fn parse_array<'a>(tokens: &'a[TomlFragment]) -> Result<ParseResult<'a>, &'a str> {
[INFO] [stdout]    |        ^^^^^^^^^^^
[INFO] [stdout] 
[INFO] [stdout] 
[INFO] [stdout] warning: 2 warnings emitted
[INFO] [stdout] 
[INFO] [stdout] 
[INFO] [stderr]     Finished test [unoptimized + debuginfo] target(s) in 1.75s
[INFO] running `Command { std: "docker" "inspect" "052f5075b690d7e0d96b4cdf843db123293776663345f0912019e37e3049bd02", kill_on_drop: false }`
[INFO] running `Command { std: "docker" "rm" "-f" "052f5075b690d7e0d96b4cdf843db123293776663345f0912019e37e3049bd02", kill_on_drop: false }`
[INFO] [stdout] 052f5075b690d7e0d96b4cdf843db123293776663345f0912019e37e3049bd02
[INFO] running `Command { std: "docker" "create" "-v" "/var/lib/crater-agent-workspace/builds/worker-1/target:/opt/rustwide/target:rw,Z" "-v" "/var/lib/crater-agent-workspace/builds/worker-1/source:/opt/rustwide/workdir:ro,Z" "-v" "/var/lib/crater-agent-workspace/cargo-home:/opt/rustwide/cargo-home:ro,Z" "-v" "/var/lib/crater-agent-workspace/rustup-home:/opt/rustwide/rustup-home:ro,Z" "-e" "SOURCE_DIR=/opt/rustwide/workdir" "-e" "CARGO_TARGET_DIR=/opt/rustwide/target" "-e" "CARGO_INCREMENTAL=0" "-e" "RUST_BACKTRACE=full" "-e" "RUSTFLAGS=--cap-lints=warn" "-e" "CARGO_HOME=/opt/rustwide/cargo-home" "-e" "RUSTUP_HOME=/opt/rustwide/rustup-home" "-w" "/opt/rustwide/workdir" "-m" "1610612736" "--user" "0:0" "--network" "none" "ghcr.io/rust-lang/crates-build-env/linux@sha256:34b6a614d2c27851fe6cbf88fbd1137609cefab8b10d0615aaeb6fd47975d74e" "/opt/rustwide/cargo-home/bin/cargo" "+1.54.0" "test" "--frozen", kill_on_drop: false }`
[INFO] [stderr] WARNING: Your kernel does not support swap limit capabilities or the cgroup is not mounted. Memory limited without swap.
[INFO] [stdout] fc3e2673368f2fc14c7f58efa1765e7ec7bbeba605beeac53cc54bf1e9799124
[INFO] running `Command { std: "docker" "start" "-a" "fc3e2673368f2fc14c7f58efa1765e7ec7bbeba605beeac53cc54bf1e9799124", kill_on_drop: false }`
[INFO] [stderr] warning: function is never used: `parse_token`
[INFO] [stderr]   --> src/parser/ast/fragments.rs:19:8
[INFO] [stderr]    |
[INFO] [stderr] 19 | pub fn parse_token<'a>(tokens: &'a[TomlFragment]) -> Result<ParseResult<'a>, &'a str> {
[INFO] [stderr]    |        ^^^^^^^^^^^
[INFO] [stderr]    |
[INFO] [stderr]    = note: `#[warn(dead_code)]` on by default
[INFO] [stderr] 
[INFO] [stderr] warning: function is never used: `parse_array`
[INFO] [stderr]   --> src/parser/ast/fragments.rs:36:8
[INFO] [stderr]    |
[INFO] [stderr] 36 | pub fn parse_array<'a>(tokens: &'a[TomlFragment]) -> Result<ParseResult<'a>, &'a str> {
[INFO] [stderr]    |        ^^^^^^^^^^^
[INFO] [stderr] 
[INFO] [stderr] warning: 2 warnings emitted
[INFO] [stderr] 
[INFO] [stderr]     Finished test [unoptimized + debuginfo] target(s) in 0.03s
[INFO] [stderr]      Running unittests (/opt/rustwide/target/debug/deps/toml_rust-2c375152af9e7569)
[INFO] [stdout] 
[INFO] [stdout] running 58 tests
[INFO] [stdout] test parser::ast::fragments::test::parse_empty_array ... ok
[INFO] [stdout] test parser::ast::fragments::test::parse_empty_array_whitespace ... ok
[INFO] [stdout] test parser::ast::fragments::test::parse_fragment_integer_0 ... ok
[INFO] [stdout] test parser::ast::fragments::test::parse_fragment_boolean_false ... ok
[INFO] [stdout] test parser::ast::fragments::test::parse_fragment_integer_min ... ok
[INFO] [stdout] test parser::ast::fragments::test::parse_fragment_integer_1 ... ok
[INFO] [stdout] test parser::ast::fragments::test::parse_fragment_boolean_true ... ok
[INFO] [stdout] test tokenizer::tokenizer::test::tokenize_booleans ... ok
[INFO] [stdout] test tokenizer::tokenizer::test::tokenize_empty_str ... ok
[INFO] [stdout] test tokenizer::tokenizer::test::tokenize_error ... ok
[INFO] [stdout] test parser::ast::fragments::test::parse_single_element_array_bool_false ... ok
[INFO] [stdout] test tokenizer::tokenizer::test::tokenize_positive_int_whitespace_negative_int ... ok
[INFO] [stdout] test parser::ast::fragments::test::parse_fragment_integer_max ... ok
[INFO] [stdout] test parser::ast::fragments::test::parse_single_element_array_bool_true ... ok
[INFO] [stdout] test tokenizer::tokenizer::test::tokenize_comment ... ok
[INFO] [stdout] test tokenizer::tokenizer::test::tokenize_array ... ok
[INFO] [stdout] test tokenizer::tokenizer_boolean::tokenize_boolean_false_newline ... ok
[INFO] [stdout] test parser::ast::fragments::test::parse_fragment_whitespace ... ok
[INFO] [stdout] test tokenizer::tokenizer::test::tokenize_whitespace ... ok
[INFO] [stdout] test tokenizer::tokenizer_boolean::tokenize_boolean_not_a_boolean ... ok
[INFO] [stdout] test tokenizer::tokenizer::test::tokenize_whitespace_comment ... ok
[INFO] [stdout] test tokenizer::tokenizer_array::tokenize_bracket_open_success ... ok
[INFO] [stdout] test tokenizer::tokenizer_array::tokenize_comma_success ... ok
[INFO] [stdout] test tokenizer::tokenizer_boolean::tokenize_boolean_almost_false ... ok
[INFO] [stdout] test tokenizer::tokenizer_boolean::tokenize_boolean_almost_true ... ok
[INFO] [stdout] test tokenizer::tokenizer_boolean::tokenize_boolean_false ... ok
[INFO] [stdout] test tokenizer::tokenizer_array::tokenize_single_char_empty_str ... ok
[INFO] [stdout] test tokenizer::tokenizer_boolean::tokenize_boolean_empty_str ... ok
[INFO] [stdout] test parser::ast::fragments::test::parse_two_element_array_1 ... ok
[INFO] [stdout] test tokenizer::tokenizer_array::tokenize_bracket_close_success ... ok
[INFO] [stdout] test tokenizer::tokenizer_boolean::tokenize_boolean_true ... ok
[INFO] [stdout] test tokenizer::tokenizer_integer::tokenize_integer_decimal ... ok
[INFO] [stdout] test tokenizer::tokenizer_integer::tokenize_integer_negative ... ok
[INFO] [stdout] test tokenizer::tokenizer_integer::tokenize_integer_empty_str ... ok
[INFO] [stdout] test tokenizer::tokenizer_integer::get_end_of_number_two_digits ... ok
[INFO] [stdout] test tokenizer::tokenizer_integer::tokenize_integer_two_digits ... ok
[INFO] [stdout] test tokenizer::tokenizer_whitespace::tokenize_whitespace_empty_string ... ok
[INFO] [stdout] test tokenizer::tokenizer_whitespace::tokenize_whitespace_no_whitespace_str ... ok
[INFO] [stdout] test tokenizer::tokenizer_whitespace::tokenize_whitespace_one_space ... ok
[INFO] [stdout] test tokenizer::tokenizer_whitespace::tokenize_whitespace_one_space_one_letter ... ok
[INFO] [stdout] test tokenizer::tokenizer_whitespace::tokenize_whitespace_two_spaces ... ok
[INFO] [stdout] test tokenizer::tokenizer_whitespace::tokenize_whitespace_unix_newline ... ok
[INFO] [stdout] test tokenizer::tokenizer_whitespace::tokenize_whitespace_windows_newline ... ok
[INFO] [stdout] test tokenizer::tokenizer_integer::tokenize_integer_number_trailing_whitespace ... ok
[INFO] [stdout] test tokenizer::tokenizer_integer::tokenize_integer_positive ... ok
[INFO] [stdout] test tokenizer::tokenizer_integer::tokenize_integer_one_digit ... ok
[INFO] [stdout] test tokenizer::tokenizer_comment::tokenize_comment_text ... ok
[INFO] [stdout] test tokenizer::tokenizer_boolean::tokenize_boolean_true_newline ... ok
[INFO] [stdout] test tokenizer::tokenizer_integer::tokenize_integer_text ... ok
[INFO] [stdout] test tokenizer::tokenizer_comment::tokenize_comment_non_comment_str ... ok
[INFO] [stdout] test tokenizer::tokenizer_integer::get_end_of_number_empty_str ... ok
[INFO] [stdout] test tokenizer::tokenizer_integer::get_end_of_number_one_digit ... ok
[INFO] [stdout] test tokenizer::tokenizer_comment::tokenize_comment_empty_str ... ok
[INFO] [stdout] test tokenizer::tokenizer_comment::tokenize_comment_content_after ... ok
[INFO] [stdout] test tokenizer::tokenizer_comment::tokenize_comment_only_comment_char ... ok
[INFO] [stdout] test tokenizer::tokenizer_integer::get_end_of_number_text ... ok
[INFO] [stdout] test tokenizer::tokenizer_comment::tokenize_comment_unix_newline ... ok
[INFO] [stdout] test tokenizer::tokenizer_comment::tokenize_comment_windows_newline ... FAILED
[INFO] [stdout] 
[INFO] [stdout] failures:
[INFO] [stdout] 
[INFO] [stdout] ---- tokenizer::tokenizer_comment::tokenize_comment_windows_newline stdout ----
[INFO] [stdout] thread 'tokenizer::tokenizer_comment::tokenize_comment_windows_newline' panicked at 'assertion failed: `(left == right)`
[INFO] [stdout]   left: `Some(ParseResult { fragment: Comment("\r"), remainder: "\n" })`,
[INFO] [stdout]  right: `Some(ParseResult { fragment: Comment(""), remainder: "\r\n" })`', src/tokenizer/tokenizer_comment.rs:50:5
[INFO] [stdout] stack backtrace:
[INFO] [stdout]    0:     0x5625f22a0ee0 - std::backtrace_rs::backtrace::libunwind::trace::h34055254b57d8e79
[INFO] [stdout]                                at /rustc/a178d0322ce20e33eac124758e837cbd80a6f633/library/std/src/../../backtrace/src/backtrace/libunwind.rs:90:5
[INFO] [stdout]    1:     0x5625f22a0ee0 - std::backtrace_rs::backtrace::trace_unsynchronized::h8f1e3fbd9afff6ec
[INFO] [stdout]                                at /rustc/a178d0322ce20e33eac124758e837cbd80a6f633/library/std/src/../../backtrace/src/backtrace/mod.rs:66:5
[INFO] [stdout]    2:     0x5625f22a0ee0 - std::sys_common::backtrace::_print_fmt::h3a99a796b770c360
[INFO] [stdout]                                at /rustc/a178d0322ce20e33eac124758e837cbd80a6f633/library/std/src/sys_common/backtrace.rs:67:5
[INFO] [stdout]    3:     0x5625f22a0ee0 - <std::sys_common::backtrace::_print::DisplayBacktrace as core::fmt::Display>::fmt::h32d1f94a80615d18
[INFO] [stdout]                                at /rustc/a178d0322ce20e33eac124758e837cbd80a6f633/library/std/src/sys_common/backtrace.rs:46:22
[INFO] [stdout]    4:     0x5625f22c36dc - core::fmt::write::h306731c068f7162c
[INFO] [stdout]                                at /rustc/a178d0322ce20e33eac124758e837cbd80a6f633/library/core/src/fmt/mod.rs:1110:17
[INFO] [stdout]    5:     0x5625f229de05 - std::io::Write::write_fmt::h87f19b0a2cd190bc
[INFO] [stdout]                                at /rustc/a178d0322ce20e33eac124758e837cbd80a6f633/library/std/src/io/mod.rs:1588:15
[INFO] [stdout]    6:     0x5625f22a304b - std::sys_common::backtrace::_print::h5abaa2601a852287
[INFO] [stdout]                                at /rustc/a178d0322ce20e33eac124758e837cbd80a6f633/library/std/src/sys_common/backtrace.rs:49:5
[INFO] [stdout]    7:     0x5625f22a304b - std::sys_common::backtrace::print::h8d81445442bb638f
[INFO] [stdout]                                at /rustc/a178d0322ce20e33eac124758e837cbd80a6f633/library/std/src/sys_common/backtrace.rs:36:9
[INFO] [stdout]    8:     0x5625f22a304b - std::panicking::default_hook::{{closure}}::hcfe804496a9fa747
[INFO] [stdout]                                at /rustc/a178d0322ce20e33eac124758e837cbd80a6f633/library/std/src/panicking.rs:208:50
[INFO] [stdout]    9:     0x5625f22a2b5c - std::panicking::default_hook::hbea8e3ccf2ba8901
[INFO] [stdout]                                at /rustc/a178d0322ce20e33eac124758e837cbd80a6f633/library/std/src/panicking.rs:222:9
[INFO] [stdout]   10:     0x5625f22a3714 - std::panicking::rust_panic_with_hook::h7ee9e1a2d0f8975a
[INFO] [stdout]                                at /rustc/a178d0322ce20e33eac124758e837cbd80a6f633/library/std/src/panicking.rs:622:17
[INFO] [stdout]   11:     0x5625f22a31f7 - std::panicking::begin_panic_handler::{{closure}}::h8ab3b4491718b2c7
[INFO] [stdout]                                at /rustc/a178d0322ce20e33eac124758e837cbd80a6f633/library/std/src/panicking.rs:519:13
[INFO] [stdout]   12:     0x5625f22a13dc - std::sys_common::backtrace::__rust_end_short_backtrace::hd489062ffa586a9f
[INFO] [stdout]                                at /rustc/a178d0322ce20e33eac124758e837cbd80a6f633/library/std/src/sys_common/backtrace.rs:141:18
[INFO] [stdout]   13:     0x5625f22a3159 - rust_begin_unwind
[INFO] [stdout]                                at /rustc/a178d0322ce20e33eac124758e837cbd80a6f633/library/std/src/panicking.rs:515:5
[INFO] [stdout]   14:     0x5625f2238651 - core::panicking::panic_fmt::hca6330e3e14086b4
[INFO] [stdout]                                at /rustc/a178d0322ce20e33eac124758e837cbd80a6f633/library/core/src/panicking.rs:92:14
[INFO] [stdout]   15:     0x5625f22c1ff8 - core::panicking::assert_failed_inner::h33b45280069a80ed
[INFO] [stdout]   16:     0x5625f224738a - core::panicking::assert_failed::h9c0cd9cd4cd8a140
[INFO] [stdout]                                at /rustc/a178d0322ce20e33eac124758e837cbd80a6f633/library/core/src/panicking.rs:117:5
[INFO] [stdout]   17:     0x5625f223d5de - toml_rust::tokenizer::tokenizer_comment::tokenize_comment_windows_newline::h63727457e86602ec
[INFO] [stdout]                                at /opt/rustwide/workdir/src/tokenizer/tokenizer_comment.rs:50:5
[INFO] [stdout]   18:     0x5625f223d46a - toml_rust::tokenizer::tokenizer_comment::tokenize_comment_windows_newline::{{closure}}::h338bd861ddf6509a
[INFO] [stdout]                                at /opt/rustwide/workdir/src/tokenizer/tokenizer_comment.rs:46:1
[INFO] [stdout]   19:     0x5625f224d19e - core::ops::function::FnOnce::call_once::h661713c4efd6db64
[INFO] [stdout]                                at /rustc/a178d0322ce20e33eac124758e837cbd80a6f633/library/core/src/ops/function.rs:227:5
[INFO] [stdout]   20:     0x5625f22783e3 - core::ops::function::FnOnce::call_once::h152e7e439ff59e19
[INFO] [stdout]                                at /rustc/a178d0322ce20e33eac124758e837cbd80a6f633/library/core/src/ops/function.rs:227:5
[INFO] [stdout]   21:     0x5625f22783e3 - test::__rust_begin_short_backtrace::h0908f3b1fdbb72ab
[INFO] [stdout]                                at /rustc/a178d0322ce20e33eac124758e837cbd80a6f633/library/test/src/lib.rs:577:5
[INFO] [stdout]   22:     0x5625f2276ea0 - <alloc::boxed::Box<F,A> as core::ops::function::FnOnce<Args>>::call_once::hf6d2a51e5587546c
[INFO] [stdout]                                at /rustc/a178d0322ce20e33eac124758e837cbd80a6f633/library/alloc/src/boxed.rs:1575:9
[INFO] [stdout]   23:     0x5625f2276ea0 - <std::panic::AssertUnwindSafe<F> as core::ops::function::FnOnce<()>>::call_once::h8af660f3a89ef593
[INFO] [stdout]                                at /rustc/a178d0322ce20e33eac124758e837cbd80a6f633/library/std/src/panic.rs:347:9
[INFO] [stdout]   24:     0x5625f2276ea0 - std::panicking::try::do_call::hd36aef60f84b6d36
[INFO] [stdout]                                at /rustc/a178d0322ce20e33eac124758e837cbd80a6f633/library/std/src/panicking.rs:401:40
[INFO] [stdout]   25:     0x5625f2276ea0 - std::panicking::try::h9932b4480e69817c
[INFO] [stdout]                                at /rustc/a178d0322ce20e33eac124758e837cbd80a6f633/library/std/src/panicking.rs:365:19
[INFO] [stdout]   26:     0x5625f2276ea0 - std::panic::catch_unwind::h6aa177099cfff5f8
[INFO] [stdout]                                at /rustc/a178d0322ce20e33eac124758e837cbd80a6f633/library/std/src/panic.rs:434:14
[INFO] [stdout]   27:     0x5625f2276ea0 - test::run_test_in_process::h5884d6f2d99e20c3
[INFO] [stdout]                                at /rustc/a178d0322ce20e33eac124758e837cbd80a6f633/library/test/src/lib.rs:600:18
[INFO] [stdout]   28:     0x5625f2276ea0 - test::run_test::run_test_inner::{{closure}}::h6fdc58c6d5f5b6e3
[INFO] [stdout]                                at /rustc/a178d0322ce20e33eac124758e837cbd80a6f633/library/test/src/lib.rs:492:39
[INFO] [stdout]   29:     0x5625f2250552 - test::run_test::run_test_inner::{{closure}}::h408365d67a78ade8
[INFO] [stdout]                                at /rustc/a178d0322ce20e33eac124758e837cbd80a6f633/library/test/src/lib.rs:519:37
[INFO] [stdout]   30:     0x5625f2250552 - std::sys_common::backtrace::__rust_begin_short_backtrace::hb560b77c4f701523
[INFO] [stdout]                                at /rustc/a178d0322ce20e33eac124758e837cbd80a6f633/library/std/src/sys_common/backtrace.rs:125:18
[INFO] [stdout]   31:     0x5625f2254108 - std::thread::Builder::spawn_unchecked::{{closure}}::{{closure}}::hf2e7831dad93c597
[INFO] [stdout]                                at /rustc/a178d0322ce20e33eac124758e837cbd80a6f633/library/std/src/thread/mod.rs:481:17
[INFO] [stdout]   32:     0x5625f2254108 - <std::panic::AssertUnwindSafe<F> as core::ops::function::FnOnce<()>>::call_once::hd2e08783d8be4d02
[INFO] [stdout]                                at /rustc/a178d0322ce20e33eac124758e837cbd80a6f633/library/std/src/panic.rs:347:9
[INFO] [stdout]   33:     0x5625f2254108 - std::panicking::try::do_call::h062597b7acfd6b82
[INFO] [stdout]                                at /rustc/a178d0322ce20e33eac124758e837cbd80a6f633/library/std/src/panicking.rs:401:40
[INFO] [stdout]   34:     0x5625f2254108 - std::panicking::try::h0d7b79db04c14552
[INFO] [stdout]                                at /rustc/a178d0322ce20e33eac124758e837cbd80a6f633/library/std/src/panicking.rs:365:19
[INFO] [stdout]   35:     0x5625f2254108 - std::panic::catch_unwind::hb01a0b5e7c8cd43b
[INFO] [stdout]                                at /rustc/a178d0322ce20e33eac124758e837cbd80a6f633/library/std/src/panic.rs:434:14
[INFO] [stdout]   36:     0x5625f2254108 - std::thread::Builder::spawn_unchecked::{{closure}}::h5bde48cc887e0d1e
[INFO] [stdout]                                at /rustc/a178d0322ce20e33eac124758e837cbd80a6f633/library/std/src/thread/mod.rs:480:30
[INFO] [stdout]   37:     0x5625f2254108 - core::ops::function::FnOnce::call_once{{vtable.shim}}::h745ea30807a29e55
[INFO] [stdout]                                at /rustc/a178d0322ce20e33eac124758e837cbd80a6f633/library/core/src/ops/function.rs:227:5
[INFO] [stdout]   38:     0x5625f22a81d7 - <alloc::boxed::Box<F,A> as core::ops::function::FnOnce<Args>>::call_once::h7ece6cfefaff1005
[INFO] [stdout]                                at /rustc/a178d0322ce20e33eac124758e837cbd80a6f633/library/alloc/src/boxed.rs:1575:9
[INFO] [stdout]   39:     0x5625f22a81d7 - <alloc::boxed::Box<F,A> as core::ops::function::FnOnce<Args>>::call_once::hb8b48e55c21f193e
[INFO] [stdout]                                at /rustc/a178d0322ce20e33eac124758e837cbd80a6f633/library/alloc/src/boxed.rs:1575:9
[INFO] [stdout]   40:     0x5625f22a81d7 - std::sys::unix::thread::Thread::new::thread_start::h8c7c4450dba62914
[INFO] [stdout]                                at /rustc/a178d0322ce20e33eac124758e837cbd80a6f633/library/std/src/sys/unix/thread.rs:71:17
[INFO] [stdout]   41:     0x7f74c7313609 - start_thread
[INFO] [stdout]   42:     0x7f74c70e5293 - clone
[INFO] [stdout]   43:                0x0 - <unknown>
[INFO] [stdout] 
[INFO] [stdout] 
[INFO] [stdout] failures:
[INFO] [stdout]     tokenizer::tokenizer_comment::tokenize_comment_windows_newline
[INFO] [stdout] 
[INFO] [stdout] test result: FAILED. 57 passed; 1 failed; 0 ignored; 0 measured; 0 filtered out; finished in 0.15s
[INFO] [stdout] 
[INFO] [stderr] error: test failed, to rerun pass '--lib'
[INFO] running `Command { std: "docker" "inspect" "fc3e2673368f2fc14c7f58efa1765e7ec7bbeba605beeac53cc54bf1e9799124", kill_on_drop: false }`
[INFO] running `Command { std: "docker" "rm" "-f" "fc3e2673368f2fc14c7f58efa1765e7ec7bbeba605beeac53cc54bf1e9799124", kill_on_drop: false }`
[INFO] [stdout] fc3e2673368f2fc14c7f58efa1765e7ec7bbeba605beeac53cc54bf1e9799124
