[INFO] cloning repository https://github.com/werkshy/hello-rust
[INFO] running `Command { std: "git" "-c" "credential.helper=" "-c" "credential.helper=/workspace/cargo-home/bin/git-credential-null" "clone" "--bare" "https://github.com/werkshy/hello-rust" "/workspace/cache/git-repos/https%3A%2F%2Fgithub.com%2Fwerkshy%2Fhello-rust", kill_on_drop: false }`
[INFO] [stderr] Cloning into bare repository '/workspace/cache/git-repos/https%3A%2F%2Fgithub.com%2Fwerkshy%2Fhello-rust'...
[INFO] running `Command { std: "git" "rev-parse" "HEAD", kill_on_drop: false }`
[INFO] [stdout] 982b6cd61c652b0910f80faa2205e7929e41c853
[INFO] testing werkshy/hello-rust against beta-2021-08-01 for beta-1.55-1
[INFO] running `Command { std: "git" "clone" "/workspace/cache/git-repos/https%3A%2F%2Fgithub.com%2Fwerkshy%2Fhello-rust" "/workspace/builds/worker-2/source", kill_on_drop: false }`
[INFO] [stderr] Cloning into '/workspace/builds/worker-2/source'...
[INFO] [stderr] done.
[INFO] validating manifest of git repo https://github.com/werkshy/hello-rust on toolchain beta-2021-08-01
[INFO] running `Command { std: "/workspace/cargo-home/bin/cargo" "+beta-2021-08-01" "metadata" "--manifest-path" "Cargo.toml" "--no-deps", kill_on_drop: false }`
[INFO] removed /workspace/builds/worker-2/source/.cargo/config
[INFO] started tweaking git repo https://github.com/werkshy/hello-rust
[INFO] finished tweaking git repo https://github.com/werkshy/hello-rust
[INFO] tweaked toml for git repo https://github.com/werkshy/hello-rust written to /workspace/builds/worker-2/source/Cargo.toml
[INFO] crate git repo https://github.com/werkshy/hello-rust already has a lockfile, it will not be regenerated
[INFO] running `Command { std: "/workspace/cargo-home/bin/cargo" "+beta-2021-08-01" "fetch" "--manifest-path" "Cargo.toml", kill_on_drop: false }`
[INFO] [stderr]     Blocking waiting for file lock on package cache
[INFO] [stderr]  Downloading crates ...
[INFO] [stderr]   Downloaded tokio-signal v0.2.6
[INFO] [stderr]   Downloaded flate2 v1.0.4
[INFO] [stderr]   Downloaded crossbeam-epoch v0.6.0
[INFO] [stderr]   Downloaded trust-dns-proto v0.4.3
[INFO] [stderr]   Downloaded arc-swap v0.3.4
[INFO] [stderr]   Downloaded trust-dns-resolver v0.9.1
[INFO] [stderr]   Downloaded trust-dns-resolver v0.10.0
[INFO] [stderr]   Downloaded actix v0.7.5
[INFO] [stderr]   Downloaded actix-net v0.1.1
[INFO] [stderr]   Downloaded htmlescape v0.3.1
[INFO] [stderr]   Downloaded signal-hook v0.1.5
[INFO] [stderr]   Downloaded ipconfig v0.1.7
[INFO] [stderr]   Downloaded actix-web v0.7.13
[INFO] running `Command { std: "docker" "create" "-v" "/var/lib/crater-agent-workspace/builds/worker-2/target:/opt/rustwide/target:rw,Z" "-v" "/var/lib/crater-agent-workspace/builds/worker-2/source:/opt/rustwide/workdir:ro,Z" "-v" "/var/lib/crater-agent-workspace/cargo-home:/opt/rustwide/cargo-home:ro,Z" "-v" "/var/lib/crater-agent-workspace/rustup-home:/opt/rustwide/rustup-home:ro,Z" "-e" "SOURCE_DIR=/opt/rustwide/workdir" "-e" "CARGO_TARGET_DIR=/opt/rustwide/target" "-e" "CARGO_HOME=/opt/rustwide/cargo-home" "-e" "RUSTUP_HOME=/opt/rustwide/rustup-home" "-w" "/opt/rustwide/workdir" "-m" "1610612736" "--user" "0:0" "--network" "none" "ghcr.io/rust-lang/crates-build-env/linux@sha256:34b6a614d2c27851fe6cbf88fbd1137609cefab8b10d0615aaeb6fd47975d74e" "/opt/rustwide/cargo-home/bin/cargo" "+beta-2021-08-01" "metadata" "--no-deps" "--format-version=1", kill_on_drop: false }`
[INFO] [stdout] 0f7327999e7695e2514813ba50859b3e7951d4594736601a231337691aa3e69c
[INFO] [stderr] WARNING: Your kernel does not support swap limit capabilities or the cgroup is not mounted. Memory limited without swap.
[INFO] running `Command { std: "docker" "start" "-a" "0f7327999e7695e2514813ba50859b3e7951d4594736601a231337691aa3e69c", kill_on_drop: false }`
[INFO] running `Command { std: "docker" "inspect" "0f7327999e7695e2514813ba50859b3e7951d4594736601a231337691aa3e69c", kill_on_drop: false }`
[INFO] running `Command { std: "docker" "rm" "-f" "0f7327999e7695e2514813ba50859b3e7951d4594736601a231337691aa3e69c", kill_on_drop: false }`
[INFO] [stdout] 0f7327999e7695e2514813ba50859b3e7951d4594736601a231337691aa3e69c
[INFO] running `Command { std: "docker" "create" "-v" "/var/lib/crater-agent-workspace/builds/worker-2/target:/opt/rustwide/target:rw,Z" "-v" "/var/lib/crater-agent-workspace/builds/worker-2/source:/opt/rustwide/workdir:ro,Z" "-v" "/var/lib/crater-agent-workspace/cargo-home:/opt/rustwide/cargo-home:ro,Z" "-v" "/var/lib/crater-agent-workspace/rustup-home:/opt/rustwide/rustup-home:ro,Z" "-e" "SOURCE_DIR=/opt/rustwide/workdir" "-e" "CARGO_TARGET_DIR=/opt/rustwide/target" "-e" "CARGO_INCREMENTAL=0" "-e" "RUST_BACKTRACE=full" "-e" "RUSTFLAGS=--cap-lints=warn" "-e" "CARGO_HOME=/opt/rustwide/cargo-home" "-e" "RUSTUP_HOME=/opt/rustwide/rustup-home" "-w" "/opt/rustwide/workdir" "-m" "1610612736" "--user" "0:0" "--network" "none" "ghcr.io/rust-lang/crates-build-env/linux@sha256:34b6a614d2c27851fe6cbf88fbd1137609cefab8b10d0615aaeb6fd47975d74e" "/opt/rustwide/cargo-home/bin/cargo" "+beta-2021-08-01" "build" "--frozen" "--message-format=json", kill_on_drop: false }`
[INFO] [stdout] 29f3ea9a8f5aa5b04c189ea34bf3b9b0eb9ae2e114025cb052f2dd54dd293bc7
[INFO] [stderr] WARNING: Your kernel does not support swap limit capabilities or the cgroup is not mounted. Memory limited without swap.
[INFO] running `Command { std: "docker" "start" "-a" "29f3ea9a8f5aa5b04c189ea34bf3b9b0eb9ae2e114025cb052f2dd54dd293bc7", kill_on_drop: false }`
[INFO] [stderr]    Compiling lazycell v1.2.0
[INFO] [stderr]    Compiling rustc-demangle v0.1.9
[INFO] [stderr]    Compiling arc-swap v0.3.4
[INFO] [stderr]    Compiling string v0.1.1
[INFO] [stderr]    Compiling htmlescape v0.3.1
[INFO] [stderr]    Compiling iovec v0.1.2
[INFO] [stderr]    Compiling num_cpus v1.8.0
[INFO] [stderr]    Compiling hostname v0.1.5
[INFO] [stderr]    Compiling rand v0.4.3
[INFO] [stderr]    Compiling tokio-executor v0.1.5
[INFO] [stderr]    Compiling backtrace-sys v0.1.24
[INFO] [stderr]    Compiling net2 v0.2.33
[INFO] [stderr]    Compiling socket2 v0.3.8
[INFO] [stderr]    Compiling unicase v2.2.0
[INFO] [stderr]    Compiling ring v0.13.2
[INFO] [stderr]    Compiling brotli-sys v0.3.2
[INFO] [stderr]    Compiling miniz-sys v0.1.11
[INFO] [stderr]    Compiling tower-service v0.1.0
[INFO] [stderr]    Compiling actix-web v0.7.13
[INFO] [stderr]    Compiling regex-syntax v0.5.6
[INFO] [stderr]    Compiling scheduled-thread-pool v0.2.0
[INFO] [stderr]    Compiling base64 v0.9.3
[INFO] [stderr]    Compiling smallvec v0.6.5
[INFO] [stderr]    Compiling lock_api v0.1.4
[INFO] [stderr]    Compiling resolv-conf v0.6.1
[INFO] [stderr]    Compiling futures-cpupool v0.1.8
[INFO] [stderr]    Compiling bytes v0.4.10
[INFO] [stderr]    Compiling signal-hook v0.1.5
[INFO] [stderr]    Compiling tokio-timer v0.2.7
[INFO] [stderr]    Compiling tokio-current-thread v0.1.3
[INFO] [stderr]    Compiling idna v0.1.5
[INFO] [stderr]    Compiling mio v0.6.16
[INFO] [stderr]    Compiling uuid v0.7.1
[INFO] [stderr]    Compiling syn v0.13.11
[INFO] [stderr]    Compiling r2d2 v0.8.3
[INFO] [stderr]    Compiling derive-error-chain v0.10.1
[INFO] [stderr]    Compiling crossbeam-epoch v0.5.2
[INFO] [stderr]    Compiling crossbeam-epoch v0.6.0
[INFO] [stderr]    Compiling phf_shared v0.7.23
[INFO] [stderr]    Compiling tokio-io v0.1.10
[INFO] [stderr]    Compiling http v0.1.13
[INFO] [stderr]    Compiling syn v0.15.18
[INFO] [stderr]    Compiling parking_lot_core v0.3.1
[INFO] [stderr]    Compiling url v1.7.1
[INFO] [stderr]    Compiling phf_generator v0.7.23
[INFO] [stderr]    Compiling phf v0.7.23
[INFO] [stderr]    Compiling mio-uds v0.6.7
[INFO] [stderr]    Compiling crossbeam-deque v0.6.1
[INFO] [stderr]    Compiling env_logger v0.5.13
[INFO] [stderr]    Compiling flate2 v1.0.4
[INFO] [stderr]    Compiling mime v0.3.12
[INFO] [stderr]    Compiling backtrace v0.3.9
[INFO] [stderr]    Compiling backtrace v0.2.3
[INFO] [stderr]    Compiling tokio-codec v0.1.1
[INFO] [stderr]    Compiling parking_lot v0.6.4
[INFO] [stderr]    Compiling phf_codegen v0.7.23
[INFO] [stderr]    Compiling tokio-threadpool v0.1.8
[INFO] [stderr]    Compiling error-chain v0.10.0
[INFO] [stderr]    Compiling error-chain v0.1.12
[INFO] [stderr]    Compiling mime_guess v2.0.0-alpha.6
[INFO] [stderr]    Compiling serde_urlencoded v0.5.3
[INFO] [stderr]    Compiling tokio-reactor v0.1.6
[INFO] [stderr]    Compiling crossbeam-channel v0.2.6
[INFO] [stderr]    Compiling regex v0.2.11
[INFO] [stderr]    Compiling tokio-tcp v0.1.2
[INFO] [stderr]    Compiling tokio-udp v0.1.2
[INFO] [stderr]    Compiling tokio-uds v0.2.3
[INFO] [stderr]    Compiling tokio-signal v0.2.6
[INFO] [stderr]    Compiling tokio-fs v0.1.4
[INFO] [stderr]    Compiling h2 v0.1.13
[INFO] [stderr]    Compiling trust-dns-proto v0.4.3
[INFO] [stderr]    Compiling cookie v0.11.0
[INFO] [stderr]    Compiling tokio v0.1.11
[INFO] [stderr]    Compiling dotenv v0.10.1
[INFO] [stderr]    Compiling brotli2 v0.3.2
[INFO] [stderr]    Compiling diesel_derives v1.3.0
[INFO] [stderr]    Compiling trust-dns-resolver v0.9.1
[INFO] [stderr]    Compiling synstructure v0.10.1
[INFO] [stderr]    Compiling actix_derive v0.3.2
[INFO] [stderr]    Compiling serde_derive v1.0.80
[INFO] [stderr]    Compiling failure_derive v0.1.3
[INFO] [stderr]    Compiling diesel v1.3.3
[INFO] [stderr]    Compiling failure v0.1.3
[INFO] [stderr]    Compiling trust-dns-proto v0.5.0
[INFO] [stderr]    Compiling actix v0.7.5
[INFO] [stderr]    Compiling trust-dns-resolver v0.10.0
[INFO] [stderr]    Compiling actix-net v0.1.1
[INFO] [stderr]    Compiling hello-rust v0.1.0 (/opt/rustwide/workdir)
[INFO] [stdout] warning: cannot find type `SystemTime` in this scope
[INFO] [stdout]  --> src/models/thing.rs:3:21
[INFO] [stdout]   |
[INFO] [stdout] 3 | #[derive(Serialize, Queryable)]
[INFO] [stdout]   |                     ^^^^^^^^^ names from parent modules are not accessible without an explicit import
[INFO] [stdout]   |
[INFO] [stdout]   = note: `#[warn(proc_macro_derive_resolution_fallback)]` on by default
[INFO] [stdout]   = warning: this was previously accepted by the compiler but is being phased out; it will become a hard error in a future release!
[INFO] [stdout]   = note: for more information, see issue #83583 <https://github.com/rust-lang/rust/issues/83583>
[INFO] [stdout]   = note: this warning originates in the derive macro `Queryable` (in Nightly builds, run with -Z macro-backtrace for more info)
[INFO] [stdout] 
[INFO] [stdout] 
[INFO] [stdout] warning: cannot find type `SystemTime` in this scope
[INFO] [stdout]  --> src/models/thing.rs:3:21
[INFO] [stdout]   |
[INFO] [stdout] 3 | #[derive(Serialize, Queryable)]
[INFO] [stdout]   |                     ^^^^^^^^^ names from parent modules are not accessible without an explicit import
[INFO] [stdout]   |
[INFO] [stdout]   = warning: this was previously accepted by the compiler but is being phased out; it will become a hard error in a future release!
[INFO] [stdout]   = note: for more information, see issue #83583 <https://github.com/rust-lang/rust/issues/83583>
[INFO] [stdout]   = note: this warning originates in the derive macro `Queryable` (in Nightly builds, run with -Z macro-backtrace for more info)
[INFO] [stdout] 
[INFO] [stdout] 
[INFO] [stdout] warning: cannot find type `Thing` in this scope
[INFO] [stdout]  --> src/models/thing.rs:3:21
[INFO] [stdout]   |
[INFO] [stdout] 3 | #[derive(Serialize, Queryable)]
[INFO] [stdout]   |                     ^^^^^^^^^ names from parent modules are not accessible without an explicit import
[INFO] [stdout]   |
[INFO] [stdout]   = warning: this was previously accepted by the compiler but is being phased out; it will become a hard error in a future release!
[INFO] [stdout]   = note: for more information, see issue #83583 <https://github.com/rust-lang/rust/issues/83583>
[INFO] [stdout]   = note: this warning originates in the derive macro `Queryable` (in Nightly builds, run with -Z macro-backtrace for more info)
[INFO] [stdout] 
[INFO] [stdout] 
[INFO] [stdout] warning: cannot find type `table` in this scope
[INFO] [stdout]  --> src/schema.rs:1:1
[INFO] [stdout]   |
[INFO] [stdout] 1 | / table! {
[INFO] [stdout] 2 | |     things (id) {
[INFO] [stdout] 3 | |         id -> Int8,
[INFO] [stdout] 4 | |         name -> Varchar,
[INFO] [stdout] ... |
[INFO] [stdout] 7 | |     }
[INFO] [stdout] 8 | | }
[INFO] [stdout]   | |_^ names from parent modules are not accessible without an explicit import
[INFO] [stdout]   |
[INFO] [stdout]   = warning: this was previously accepted by the compiler but is being phased out; it will become a hard error in a future release!
[INFO] [stdout]   = note: for more information, see issue #83583 <https://github.com/rust-lang/rust/issues/83583>
[INFO] [stdout]   = note: this warning originates in the derive macro `QueryId` (in Nightly builds, run with -Z macro-backtrace for more info)
[INFO] [stdout] 
[INFO] [stdout] 
[INFO] [stdout] warning: cannot find type `id` in this scope
[INFO] [stdout]  --> src/schema.rs:1:1
[INFO] [stdout]   |
[INFO] [stdout] 1 | / table! {
[INFO] [stdout] 2 | |     things (id) {
[INFO] [stdout] 3 | |         id -> Int8,
[INFO] [stdout] 4 | |         name -> Varchar,
[INFO] [stdout] ... |
[INFO] [stdout] 7 | |     }
[INFO] [stdout] 8 | | }
[INFO] [stdout]   | |_^ names from parent modules are not accessible without an explicit import
[INFO] [stdout]   |
[INFO] [stdout]   = warning: this was previously accepted by the compiler but is being phased out; it will become a hard error in a future release!
[INFO] [stdout]   = note: for more information, see issue #83583 <https://github.com/rust-lang/rust/issues/83583>
[INFO] [stdout]   = note: this warning originates in the derive macro `QueryId` (in Nightly builds, run with -Z macro-backtrace for more info)
[INFO] [stdout] 
[INFO] [stdout] 
[INFO] [stdout] warning: cannot find type `name` in this scope
[INFO] [stdout]  --> src/schema.rs:1:1
[INFO] [stdout]   |
[INFO] [stdout] 1 | / table! {
[INFO] [stdout] 2 | |     things (id) {
[INFO] [stdout] 3 | |         id -> Int8,
[INFO] [stdout] 4 | |         name -> Varchar,
[INFO] [stdout] ... |
[INFO] [stdout] 7 | |     }
[INFO] [stdout] 8 | | }
[INFO] [stdout]   | |_^ names from parent modules are not accessible without an explicit import
[INFO] [stdout]   |
[INFO] [stdout]   = warning: this was previously accepted by the compiler but is being phased out; it will become a hard error in a future release!
[INFO] [stdout]   = note: for more information, see issue #83583 <https://github.com/rust-lang/rust/issues/83583>
[INFO] [stdout]   = note: this warning originates in the derive macro `QueryId` (in Nightly builds, run with -Z macro-backtrace for more info)
[INFO] [stdout] 
[INFO] [stdout] 
[INFO] [stdout] warning: cannot find type `created_at` in this scope
[INFO] [stdout]  --> src/schema.rs:1:1
[INFO] [stdout]   |
[INFO] [stdout] 1 | / table! {
[INFO] [stdout] 2 | |     things (id) {
[INFO] [stdout] 3 | |         id -> Int8,
[INFO] [stdout] 4 | |         name -> Varchar,
[INFO] [stdout] ... |
[INFO] [stdout] 7 | |     }
[INFO] [stdout] 8 | | }
[INFO] [stdout]   | |_^ names from parent modules are not accessible without an explicit import
[INFO] [stdout]   |
[INFO] [stdout]   = warning: this was previously accepted by the compiler but is being phased out; it will become a hard error in a future release!
[INFO] [stdout]   = note: for more information, see issue #83583 <https://github.com/rust-lang/rust/issues/83583>
[INFO] [stdout]   = note: this warning originates in the derive macro `QueryId` (in Nightly builds, run with -Z macro-backtrace for more info)
[INFO] [stdout] 
[INFO] [stdout] 
[INFO] [stdout] warning: cannot find type `updated_at` in this scope
[INFO] [stdout]  --> src/schema.rs:1:1
[INFO] [stdout]   |
[INFO] [stdout] 1 | / table! {
[INFO] [stdout] 2 | |     things (id) {
[INFO] [stdout] 3 | |         id -> Int8,
[INFO] [stdout] 4 | |         name -> Varchar,
[INFO] [stdout] ... |
[INFO] [stdout] 7 | |     }
[INFO] [stdout] 8 | | }
[INFO] [stdout]   | |_^ names from parent modules are not accessible without an explicit import
[INFO] [stdout]   |
[INFO] [stdout]   = warning: this was previously accepted by the compiler but is being phased out; it will become a hard error in a future release!
[INFO] [stdout]   = note: for more information, see issue #83583 <https://github.com/rust-lang/rust/issues/83583>
[INFO] [stdout]   = note: this warning originates in the derive macro `QueryId` (in Nightly builds, run with -Z macro-backtrace for more info)
[INFO] [stdout] 
[INFO] [stdout] 
[INFO] [stdout] warning: 8 warnings emitted
[INFO] [stdout] 
[INFO] [stdout] 
[INFO] [stderr]     Finished dev [unoptimized + debuginfo] target(s) in 3m 07s
[INFO] running `Command { std: "docker" "inspect" "29f3ea9a8f5aa5b04c189ea34bf3b9b0eb9ae2e114025cb052f2dd54dd293bc7", kill_on_drop: false }`
[INFO] running `Command { std: "docker" "rm" "-f" "29f3ea9a8f5aa5b04c189ea34bf3b9b0eb9ae2e114025cb052f2dd54dd293bc7", kill_on_drop: false }`
[INFO] [stdout] 29f3ea9a8f5aa5b04c189ea34bf3b9b0eb9ae2e114025cb052f2dd54dd293bc7
[INFO] running `Command { std: "docker" "create" "-v" "/var/lib/crater-agent-workspace/builds/worker-2/target:/opt/rustwide/target:rw,Z" "-v" "/var/lib/crater-agent-workspace/builds/worker-2/source:/opt/rustwide/workdir:ro,Z" "-v" "/var/lib/crater-agent-workspace/cargo-home:/opt/rustwide/cargo-home:ro,Z" "-v" "/var/lib/crater-agent-workspace/rustup-home:/opt/rustwide/rustup-home:ro,Z" "-e" "SOURCE_DIR=/opt/rustwide/workdir" "-e" "CARGO_TARGET_DIR=/opt/rustwide/target" "-e" "CARGO_INCREMENTAL=0" "-e" "RUST_BACKTRACE=full" "-e" "RUSTFLAGS=--cap-lints=warn" "-e" "CARGO_HOME=/opt/rustwide/cargo-home" "-e" "RUSTUP_HOME=/opt/rustwide/rustup-home" "-w" "/opt/rustwide/workdir" "-m" "1610612736" "--user" "0:0" "--network" "none" "ghcr.io/rust-lang/crates-build-env/linux@sha256:34b6a614d2c27851fe6cbf88fbd1137609cefab8b10d0615aaeb6fd47975d74e" "/opt/rustwide/cargo-home/bin/cargo" "+beta-2021-08-01" "test" "--frozen" "--no-run" "--message-format=json", kill_on_drop: false }`
[INFO] [stdout] 7b19deed81a125ba7a1bfb3ea29a8f58edec8a64de59daf939b19e3229593008
[INFO] [stderr] WARNING: Your kernel does not support swap limit capabilities or the cgroup is not mounted. Memory limited without swap.
[INFO] running `Command { std: "docker" "start" "-a" "7b19deed81a125ba7a1bfb3ea29a8f58edec8a64de59daf939b19e3229593008", kill_on_drop: false }`
[INFO] [stderr]    Compiling hello-rust v0.1.0 (/opt/rustwide/workdir)
[INFO] [stdout] warning: cannot find type `SystemTime` in this scope
[INFO] [stdout]  --> src/models/thing.rs:3:21
[INFO] [stdout]   |
[INFO] [stdout] 3 | #[derive(Serialize, Queryable)]
[INFO] [stdout]   |                     ^^^^^^^^^ names from parent modules are not accessible without an explicit import
[INFO] [stdout]   |
[INFO] [stdout]   = note: `#[warn(proc_macro_derive_resolution_fallback)]` on by default
[INFO] [stdout]   = warning: this was previously accepted by the compiler but is being phased out; it will become a hard error in a future release!
[INFO] [stdout]   = note: for more information, see issue #83583 <https://github.com/rust-lang/rust/issues/83583>
[INFO] [stdout]   = note: this warning originates in the derive macro `Queryable` (in Nightly builds, run with -Z macro-backtrace for more info)
[INFO] [stdout] 
[INFO] [stdout] 
[INFO] [stdout] warning: cannot find type `SystemTime` in this scope
[INFO] [stdout]  --> src/models/thing.rs:3:21
[INFO] [stdout]   |
[INFO] [stdout] 3 | #[derive(Serialize, Queryable)]
[INFO] [stdout]   |                     ^^^^^^^^^ names from parent modules are not accessible without an explicit import
[INFO] [stdout]   |
[INFO] [stdout]   = warning: this was previously accepted by the compiler but is being phased out; it will become a hard error in a future release!
[INFO] [stdout]   = note: for more information, see issue #83583 <https://github.com/rust-lang/rust/issues/83583>
[INFO] [stdout]   = note: this warning originates in the derive macro `Queryable` (in Nightly builds, run with -Z macro-backtrace for more info)
[INFO] [stdout] 
[INFO] [stdout] 
[INFO] [stdout] warning: cannot find type `Thing` in this scope
[INFO] [stdout]  --> src/models/thing.rs:3:21
[INFO] [stdout]   |
[INFO] [stdout] 3 | #[derive(Serialize, Queryable)]
[INFO] [stdout]   |                     ^^^^^^^^^ names from parent modules are not accessible without an explicit import
[INFO] [stdout]   |
[INFO] [stdout]   = warning: this was previously accepted by the compiler but is being phased out; it will become a hard error in a future release!
[INFO] [stdout]   = note: for more information, see issue #83583 <https://github.com/rust-lang/rust/issues/83583>
[INFO] [stdout]   = note: this warning originates in the derive macro `Queryable` (in Nightly builds, run with -Z macro-backtrace for more info)
[INFO] [stdout] 
[INFO] [stdout] 
[INFO] [stdout] warning: cannot find type `table` in this scope
[INFO] [stdout]  --> src/schema.rs:1:1
[INFO] [stdout]   |
[INFO] [stdout] 1 | / table! {
[INFO] [stdout] 2 | |     things (id) {
[INFO] [stdout] 3 | |         id -> Int8,
[INFO] [stdout] 4 | |         name -> Varchar,
[INFO] [stdout] ... |
[INFO] [stdout] 7 | |     }
[INFO] [stdout] 8 | | }
[INFO] [stdout]   | |_^ names from parent modules are not accessible without an explicit import
[INFO] [stdout]   |
[INFO] [stdout]   = warning: this was previously accepted by the compiler but is being phased out; it will become a hard error in a future release!
[INFO] [stdout]   = note: for more information, see issue #83583 <https://github.com/rust-lang/rust/issues/83583>
[INFO] [stdout]   = note: this warning originates in the derive macro `QueryId` (in Nightly builds, run with -Z macro-backtrace for more info)
[INFO] [stdout] 
[INFO] [stdout] 
[INFO] [stdout] warning: cannot find type `id` in this scope
[INFO] [stdout]  --> src/schema.rs:1:1
[INFO] [stdout]   |
[INFO] [stdout] 1 | / table! {
[INFO] [stdout] 2 | |     things (id) {
[INFO] [stdout] 3 | |         id -> Int8,
[INFO] [stdout] 4 | |         name -> Varchar,
[INFO] [stdout] ... |
[INFO] [stdout] 7 | |     }
[INFO] [stdout] 8 | | }
[INFO] [stdout]   | |_^ names from parent modules are not accessible without an explicit import
[INFO] [stdout]   |
[INFO] [stdout]   = warning: this was previously accepted by the compiler but is being phased out; it will become a hard error in a future release!
[INFO] [stdout]   = note: for more information, see issue #83583 <https://github.com/rust-lang/rust/issues/83583>
[INFO] [stdout]   = note: this warning originates in the derive macro `QueryId` (in Nightly builds, run with -Z macro-backtrace for more info)
[INFO] [stdout] 
[INFO] [stdout] 
[INFO] [stdout] warning: cannot find type `name` in this scope
[INFO] [stdout]  --> src/schema.rs:1:1
[INFO] [stdout]   |
[INFO] [stdout] 1 | / table! {
[INFO] [stdout] 2 | |     things (id) {
[INFO] [stdout] 3 | |         id -> Int8,
[INFO] [stdout] 4 | |         name -> Varchar,
[INFO] [stdout] ... |
[INFO] [stdout] 7 | |     }
[INFO] [stdout] 8 | | }
[INFO] [stdout]   | |_^ names from parent modules are not accessible without an explicit import
[INFO] [stdout]   |
[INFO] [stdout]   = warning: this was previously accepted by the compiler but is being phased out; it will become a hard error in a future release!
[INFO] [stdout]   = note: for more information, see issue #83583 <https://github.com/rust-lang/rust/issues/83583>
[INFO] [stdout]   = note: this warning originates in the derive macro `QueryId` (in Nightly builds, run with -Z macro-backtrace for more info)
[INFO] [stdout] 
[INFO] [stdout] 
[INFO] [stdout] warning: cannot find type `created_at` in this scope
[INFO] [stdout]  --> src/schema.rs:1:1
[INFO] [stdout]   |
[INFO] [stdout] 1 | / table! {
[INFO] [stdout] 2 | |     things (id) {
[INFO] [stdout] 3 | |         id -> Int8,
[INFO] [stdout] 4 | |         name -> Varchar,
[INFO] [stdout] ... |
[INFO] [stdout] 7 | |     }
[INFO] [stdout] 8 | | }
[INFO] [stdout]   | |_^ names from parent modules are not accessible without an explicit import
[INFO] [stdout]   |
[INFO] [stdout]   = warning: this was previously accepted by the compiler but is being phased out; it will become a hard error in a future release!
[INFO] [stdout]   = note: for more information, see issue #83583 <https://github.com/rust-lang/rust/issues/83583>
[INFO] [stdout]   = note: this warning originates in the derive macro `QueryId` (in Nightly builds, run with -Z macro-backtrace for more info)
[INFO] [stdout] 
[INFO] [stdout] 
[INFO] [stdout] warning: cannot find type `updated_at` in this scope
[INFO] [stdout]  --> src/schema.rs:1:1
[INFO] [stdout]   |
[INFO] [stdout] 1 | / table! {
[INFO] [stdout] 2 | |     things (id) {
[INFO] [stdout] 3 | |         id -> Int8,
[INFO] [stdout] 4 | |         name -> Varchar,
[INFO] [stdout] ... |
[INFO] [stdout] 7 | |     }
[INFO] [stdout] 8 | | }
[INFO] [stdout]   | |_^ names from parent modules are not accessible without an explicit import
[INFO] [stdout]   |
[INFO] [stdout]   = warning: this was previously accepted by the compiler but is being phased out; it will become a hard error in a future release!
[INFO] [stdout]   = note: for more information, see issue #83583 <https://github.com/rust-lang/rust/issues/83583>
[INFO] [stdout]   = note: this warning originates in the derive macro `QueryId` (in Nightly builds, run with -Z macro-backtrace for more info)
[INFO] [stdout] 
[INFO] [stdout] 
[INFO] [stdout] warning: 8 warnings emitted
[INFO] [stdout] 
[INFO] [stdout] 
[INFO] [stderr]     Finished test [unoptimized + debuginfo] target(s) in 7.81s
[INFO] running `Command { std: "docker" "inspect" "7b19deed81a125ba7a1bfb3ea29a8f58edec8a64de59daf939b19e3229593008", kill_on_drop: false }`
[INFO] running `Command { std: "docker" "rm" "-f" "7b19deed81a125ba7a1bfb3ea29a8f58edec8a64de59daf939b19e3229593008", kill_on_drop: false }`
[INFO] [stdout] 7b19deed81a125ba7a1bfb3ea29a8f58edec8a64de59daf939b19e3229593008
[INFO] running `Command { std: "docker" "create" "-v" "/var/lib/crater-agent-workspace/builds/worker-2/target:/opt/rustwide/target:rw,Z" "-v" "/var/lib/crater-agent-workspace/builds/worker-2/source:/opt/rustwide/workdir:ro,Z" "-v" "/var/lib/crater-agent-workspace/cargo-home:/opt/rustwide/cargo-home:ro,Z" "-v" "/var/lib/crater-agent-workspace/rustup-home:/opt/rustwide/rustup-home:ro,Z" "-e" "SOURCE_DIR=/opt/rustwide/workdir" "-e" "CARGO_TARGET_DIR=/opt/rustwide/target" "-e" "CARGO_INCREMENTAL=0" "-e" "RUST_BACKTRACE=full" "-e" "RUSTFLAGS=--cap-lints=warn" "-e" "CARGO_HOME=/opt/rustwide/cargo-home" "-e" "RUSTUP_HOME=/opt/rustwide/rustup-home" "-w" "/opt/rustwide/workdir" "-m" "1610612736" "--user" "0:0" "--network" "none" "ghcr.io/rust-lang/crates-build-env/linux@sha256:34b6a614d2c27851fe6cbf88fbd1137609cefab8b10d0615aaeb6fd47975d74e" "/opt/rustwide/cargo-home/bin/cargo" "+beta-2021-08-01" "test" "--frozen", kill_on_drop: false }`
[INFO] [stderr] WARNING: Your kernel does not support swap limit capabilities or the cgroup is not mounted. Memory limited without swap.
[INFO] [stdout] b0c4bd6f5a4342030679aa67bc898c00ba769b26a2d5a873d6ce74f7cd42e1c5
[INFO] running `Command { std: "docker" "start" "-a" "b0c4bd6f5a4342030679aa67bc898c00ba769b26a2d5a873d6ce74f7cd42e1c5", kill_on_drop: false }`
[INFO] [stderr]     Blocking waiting for file lock on package cache
[INFO] [stderr] warning: cannot find type `SystemTime` in this scope
[INFO] [stderr]  --> src/models/thing.rs:3:21
[INFO] [stderr]   |
[INFO] [stderr] 3 | #[derive(Serialize, Queryable)]
[INFO] [stderr]   |                     ^^^^^^^^^ names from parent modules are not accessible without an explicit import
[INFO] [stderr]   |
[INFO] [stderr]   = note: `#[warn(proc_macro_derive_resolution_fallback)]` on by default
[INFO] [stderr]   = warning: this was previously accepted by the compiler but is being phased out; it will become a hard error in a future release!
[INFO] [stderr]   = note: for more information, see issue #83583 <https://github.com/rust-lang/rust/issues/83583>
[INFO] [stderr]   = note: this warning originates in the derive macro `Queryable` (in Nightly builds, run with -Z macro-backtrace for more info)
[INFO] [stderr] 
[INFO] [stderr] warning: cannot find type `SystemTime` in this scope
[INFO] [stderr]  --> src/models/thing.rs:3:21
[INFO] [stderr]   |
[INFO] [stderr] 3 | #[derive(Serialize, Queryable)]
[INFO] [stderr]   |                     ^^^^^^^^^ names from parent modules are not accessible without an explicit import
[INFO] [stderr]   |
[INFO] [stderr]   = warning: this was previously accepted by the compiler but is being phased out; it will become a hard error in a future release!
[INFO] [stderr]   = note: for more information, see issue #83583 <https://github.com/rust-lang/rust/issues/83583>
[INFO] [stderr]   = note: this warning originates in the derive macro `Queryable` (in Nightly builds, run with -Z macro-backtrace for more info)
[INFO] [stderr] 
[INFO] [stderr] warning: cannot find type `Thing` in this scope
[INFO] [stderr]  --> src/models/thing.rs:3:21
[INFO] [stderr]   |
[INFO] [stderr] 3 | #[derive(Serialize, Queryable)]
[INFO] [stderr]   |                     ^^^^^^^^^ names from parent modules are not accessible without an explicit import
[INFO] [stderr]   |
[INFO] [stderr]   = warning: this was previously accepted by the compiler but is being phased out; it will become a hard error in a future release!
[INFO] [stderr]   = note: for more information, see issue #83583 <https://github.com/rust-lang/rust/issues/83583>
[INFO] [stderr]   = note: this warning originates in the derive macro `Queryable` (in Nightly builds, run with -Z macro-backtrace for more info)
[INFO] [stderr] 
[INFO] [stderr] warning: cannot find type `table` in this scope
[INFO] [stderr]  --> src/schema.rs:1:1
[INFO] [stderr]   |
[INFO] [stderr] 1 | / table! {
[INFO] [stderr] 2 | |     things (id) {
[INFO] [stderr] 3 | |         id -> Int8,
[INFO] [stderr] 4 | |         name -> Varchar,
[INFO] [stderr] ... |
[INFO] [stderr] 7 | |     }
[INFO] [stderr] 8 | | }
[INFO] [stderr]   | |_^ names from parent modules are not accessible without an explicit import
[INFO] [stderr]   |
[INFO] [stderr]   = warning: this was previously accepted by the compiler but is being phased out; it will become a hard error in a future release!
[INFO] [stderr]   = note: for more information, see issue #83583 <https://github.com/rust-lang/rust/issues/83583>
[INFO] [stderr]   = note: this warning originates in the derive macro `QueryId` (in Nightly builds, run with -Z macro-backtrace for more info)
[INFO] [stderr] 
[INFO] [stderr] warning: cannot find type `id` in this scope
[INFO] [stderr]  --> src/schema.rs:1:1
[INFO] [stderr]   |
[INFO] [stderr] 1 | / table! {
[INFO] [stderr] 2 | |     things (id) {
[INFO] [stderr] 3 | |         id -> Int8,
[INFO] [stderr] 4 | |         name -> Varchar,
[INFO] [stderr] ... |
[INFO] [stderr] 7 | |     }
[INFO] [stderr] 8 | | }
[INFO] [stderr]   | |_^ names from parent modules are not accessible without an explicit import
[INFO] [stderr]   |
[INFO] [stderr]   = warning: this was previously accepted by the compiler but is being phased out; it will become a hard error in a future release!
[INFO] [stderr]   = note: for more information, see issue #83583 <https://github.com/rust-lang/rust/issues/83583>
[INFO] [stderr]   = note: this warning originates in the derive macro `QueryId` (in Nightly builds, run with -Z macro-backtrace for more info)
[INFO] [stderr] 
[INFO] [stderr] warning: cannot find type `name` in this scope
[INFO] [stderr]  --> src/schema.rs:1:1
[INFO] [stderr]   |
[INFO] [stderr] 1 | / table! {
[INFO] [stderr] 2 | |     things (id) {
[INFO] [stderr] 3 | |         id -> Int8,
[INFO] [stderr] 4 | |         name -> Varchar,
[INFO] [stderr] ... |
[INFO] [stderr] 7 | |     }
[INFO] [stderr] 8 | | }
[INFO] [stderr]   | |_^ names from parent modules are not accessible without an explicit import
[INFO] [stderr]   |
[INFO] [stderr]   = warning: this was previously accepted by the compiler but is being phased out; it will become a hard error in a future release!
[INFO] [stderr]   = note: for more information, see issue #83583 <https://github.com/rust-lang/rust/issues/83583>
[INFO] [stderr]   = note: this warning originates in the derive macro `QueryId` (in Nightly builds, run with -Z macro-backtrace for more info)
[INFO] [stderr] 
[INFO] [stderr] warning: cannot find type `created_at` in this scope
[INFO] [stderr]  --> src/schema.rs:1:1
[INFO] [stderr]   |
[INFO] [stderr] 1 | / table! {
[INFO] [stderr] 2 | |     things (id) {
[INFO] [stderr] 3 | |         id -> Int8,
[INFO] [stderr] 4 | |         name -> Varchar,
[INFO] [stderr] ... |
[INFO] [stderr] 7 | |     }
[INFO] [stderr] 8 | | }
[INFO] [stderr]   | |_^ names from parent modules are not accessible without an explicit import
[INFO] [stderr]   |
[INFO] [stderr]   = warning: this was previously accepted by the compiler but is being phased out; it will become a hard error in a future release!
[INFO] [stderr]   = note: for more information, see issue #83583 <https://github.com/rust-lang/rust/issues/83583>
[INFO] [stderr]   = note: this warning originates in the derive macro `QueryId` (in Nightly builds, run with -Z macro-backtrace for more info)
[INFO] [stderr] 
[INFO] [stderr] warning: cannot find type `updated_at` in this scope
[INFO] [stderr]  --> src/schema.rs:1:1
[INFO] [stderr]   |
[INFO] [stderr] 1 | / table! {
[INFO] [stderr] 2 | |     things (id) {
[INFO] [stderr] 3 | |         id -> Int8,
[INFO] [stderr] 4 | |         name -> Varchar,
[INFO] [stderr] ... |
[INFO] [stderr] 7 | |     }
[INFO] [stderr] 8 | | }
[INFO] [stderr]   | |_^ names from parent modules are not accessible without an explicit import
[INFO] [stderr]   |
[INFO] [stderr]   = warning: this was previously accepted by the compiler but is being phased out; it will become a hard error in a future release!
[INFO] [stderr]   = note: for more information, see issue #83583 <https://github.com/rust-lang/rust/issues/83583>
[INFO] [stderr]   = note: this warning originates in the derive macro `QueryId` (in Nightly builds, run with -Z macro-backtrace for more info)
[INFO] [stderr] 
[INFO] [stderr] warning: `hello-rust` (bin "hello-rust" test) generated 8 warnings
[INFO] [stderr]     Finished test [unoptimized + debuginfo] target(s) in 0.48s
[INFO] [stderr]      Running unittests (/opt/rustwide/target/debug/deps/hello_rust-294f9cb2cc9e0b2e)
[INFO] [stdout] 
[INFO] [stdout] running 1 test
[INFO] [stdout] test db::thing::tests::get_thing_when_it_exists ... FAILED
[INFO] [stdout] 
[INFO] [stdout] failures:
[INFO] [stdout] 
[INFO] [stdout] ---- db::thing::tests::get_thing_when_it_exists stdout ----
[INFO] [stdout] thread 'db::thing::tests::get_thing_when_it_exists' panicked at 'called `Result::unwrap()` on an `Err` value: BadConnection("could not connect to server: Connection refused\n\tIs the server running on host \"localhost\" (127.0.0.1) and accepting\n\tTCP/IP connections on port 5432?\ncould not connect to server: Cannot assign requested address\n\tIs the server running on host \"localhost\" (::1) and accepting\n\tTCP/IP connections on port 5432?\n")', src/db/mod.rs:22:53
[INFO] [stdout] stack backtrace:
[INFO] [stdout]    0:     0x556addd81260 - std::backtrace_rs::backtrace::libunwind::trace::hff4d1766e93f64f1
[INFO] [stdout]                                at /rustc/53fd98ca776cb875bc9e5514f56b52eb74f9e7a9/library/std/src/../../backtrace/src/backtrace/libunwind.rs:90:5
[INFO] [stdout]    1:     0x556addd81260 - std::backtrace_rs::backtrace::trace_unsynchronized::h56bbc8eb78770bcb
[INFO] [stdout]                                at /rustc/53fd98ca776cb875bc9e5514f56b52eb74f9e7a9/library/std/src/../../backtrace/src/backtrace/mod.rs:66:5
[INFO] [stdout]    2:     0x556addd81260 - std::sys_common::backtrace::_print_fmt::h5c8e75464faca780
[INFO] [stdout]                                at /rustc/53fd98ca776cb875bc9e5514f56b52eb74f9e7a9/library/std/src/sys_common/backtrace.rs:67:5
[INFO] [stdout]    3:     0x556addd81260 - <std::sys_common::backtrace::_print::DisplayBacktrace as core::fmt::Display>::fmt::h48b88277def8b362
[INFO] [stdout]                                at /rustc/53fd98ca776cb875bc9e5514f56b52eb74f9e7a9/library/std/src/sys_common/backtrace.rs:46:22
[INFO] [stdout]    4:     0x556addda3aec - core::fmt::write::h3381b3176fe2b3d3
[INFO] [stdout]                                at /rustc/53fd98ca776cb875bc9e5514f56b52eb74f9e7a9/library/core/src/fmt/mod.rs:1115:17
[INFO] [stdout]    5:     0x556addd7df35 - std::io::Write::write_fmt::h5f34a676f60246b5
[INFO] [stdout]                                at /rustc/53fd98ca776cb875bc9e5514f56b52eb74f9e7a9/library/std/src/io/mod.rs:1665:15
[INFO] [stdout]    6:     0x556addd833db - std::sys_common::backtrace::_print::ha537687d6c17dd0d
[INFO] [stdout]                                at /rustc/53fd98ca776cb875bc9e5514f56b52eb74f9e7a9/library/std/src/sys_common/backtrace.rs:49:5
[INFO] [stdout]    7:     0x556addd833db - std::sys_common::backtrace::print::h61376ae57d131d72
[INFO] [stdout]                                at /rustc/53fd98ca776cb875bc9e5514f56b52eb74f9e7a9/library/std/src/sys_common/backtrace.rs:36:9
[INFO] [stdout]    8:     0x556addd833db - std::panicking::default_hook::{{closure}}::h0f7208c0b9644a54
[INFO] [stdout]                                at /rustc/53fd98ca776cb875bc9e5514f56b52eb74f9e7a9/library/std/src/panicking.rs:208:50
[INFO] [stdout]    9:     0x556addd82eec - std::panicking::default_hook::hdac7fc06578c14ce
[INFO] [stdout]                                at /rustc/53fd98ca776cb875bc9e5514f56b52eb74f9e7a9/library/std/src/panicking.rs:222:9
[INFO] [stdout]   10:     0x556addd83aa4 - std::panicking::rust_panic_with_hook::h72b21c283da3d1ef
[INFO] [stdout]                                at /rustc/53fd98ca776cb875bc9e5514f56b52eb74f9e7a9/library/std/src/panicking.rs:622:17
[INFO] [stdout]   11:     0x556addd83587 - std::panicking::begin_panic_handler::{{closure}}::he5778f1729cff84a
[INFO] [stdout]                                at /rustc/53fd98ca776cb875bc9e5514f56b52eb74f9e7a9/library/std/src/panicking.rs:519:13
[INFO] [stdout]   12:     0x556addd8173c - std::sys_common::backtrace::__rust_end_short_backtrace::h2d11ca8b453b4b1d
[INFO] [stdout]                                at /rustc/53fd98ca776cb875bc9e5514f56b52eb74f9e7a9/library/std/src/sys_common/backtrace.rs:141:18
[INFO] [stdout]   13:     0x556addd834e9 - rust_begin_unwind
[INFO] [stdout]                                at /rustc/53fd98ca776cb875bc9e5514f56b52eb74f9e7a9/library/std/src/panicking.rs:515:5
[INFO] [stdout]   14:     0x556addb7e991 - core::panicking::panic_fmt::hf9de31d4acbce4db
[INFO] [stdout]                                at /rustc/53fd98ca776cb875bc9e5514f56b52eb74f9e7a9/library/core/src/panicking.rs:92:14
[INFO] [stdout]   15:     0x556addb7ea83 - core::result::unwrap_failed::ha0c84e81219e5878
[INFO] [stdout]                                at /rustc/53fd98ca776cb875bc9e5514f56b52eb74f9e7a9/library/core/src/result.rs:1599:5
[INFO] [stdout]   16:     0x556addb84a8d - core::result::Result<T,E>::unwrap::h18976edc8a7d4e63
[INFO] [stdout]                                at /rustc/53fd98ca776cb875bc9e5514f56b52eb74f9e7a9/library/core/src/result.rs:1281:23
[INFO] [stdout]   17:     0x556addb82336 - hello_rust::db::tests::get_conn::hec248ef321d1bf2b
[INFO] [stdout]                                at /opt/rustwide/workdir/src/db/mod.rs:22:9
[INFO] [stdout]   18:     0x556addb81691 - hello_rust::db::thing::tests::get_thing_when_it_exists::hf310871257e90a23
[INFO] [stdout]                                at /opt/rustwide/workdir/src/db/thing.rs:45:20
[INFO] [stdout]   19:     0x556addb8165a - hello_rust::db::thing::tests::get_thing_when_it_exists::{{closure}}::ha64fac85a4a53a5a
[INFO] [stdout]                                at /opt/rustwide/workdir/src/db/thing.rs:44:5
[INFO] [stdout]   20:     0x556addb839ee - core::ops::function::FnOnce::call_once::hc2c0fa6f239c574d
[INFO] [stdout]                                at /rustc/53fd98ca776cb875bc9e5514f56b52eb74f9e7a9/library/core/src/ops/function.rs:227:5
[INFO] [stdout]   21:     0x556addbbe103 - core::ops::function::FnOnce::call_once::hbb52c4519d3137b0
[INFO] [stdout]                                at /rustc/53fd98ca776cb875bc9e5514f56b52eb74f9e7a9/library/core/src/ops/function.rs:227:5
[INFO] [stdout]   22:     0x556addbbe103 - test::__rust_begin_short_backtrace::h86fe3a2a5a5121af
[INFO] [stdout]                                at /rustc/53fd98ca776cb875bc9e5514f56b52eb74f9e7a9/library/test/src/lib.rs:578:5
[INFO] [stdout]   23:     0x556addbbcbb8 - <alloc::boxed::Box<F,A> as core::ops::function::FnOnce<Args>>::call_once::hfd956bc3d57399be
[INFO] [stdout]                                at /rustc/53fd98ca776cb875bc9e5514f56b52eb74f9e7a9/library/alloc/src/boxed.rs:1572:9
[INFO] [stdout]   24:     0x556addbbcbb8 - <std::panic::AssertUnwindSafe<F> as core::ops::function::FnOnce<()>>::call_once::h40dc93e0ddb5938a
[INFO] [stdout]                                at /rustc/53fd98ca776cb875bc9e5514f56b52eb74f9e7a9/library/std/src/panic.rs:347:9
[INFO] [stdout]   25:     0x556addbbcbb8 - std::panicking::try::do_call::h90d07750cb47c562
[INFO] [stdout]                                at /rustc/53fd98ca776cb875bc9e5514f56b52eb74f9e7a9/library/std/src/panicking.rs:401:40
[INFO] [stdout]   26:     0x556addbbcbb8 - std::panicking::try::h063c84733ad2a629
[INFO] [stdout]                                at /rustc/53fd98ca776cb875bc9e5514f56b52eb74f9e7a9/library/std/src/panicking.rs:365:19
[INFO] [stdout]   27:     0x556addbbcbb8 - std::panic::catch_unwind::h0c464836a84e7c08
[INFO] [stdout]                                at /rustc/53fd98ca776cb875bc9e5514f56b52eb74f9e7a9/library/std/src/panic.rs:434:14
[INFO] [stdout]   28:     0x556addbbcbb8 - test::run_test_in_process::h5cb06ef620b157fc
[INFO] [stdout]                                at /rustc/53fd98ca776cb875bc9e5514f56b52eb74f9e7a9/library/test/src/lib.rs:601:18
[INFO] [stdout]   29:     0x556addbbcbb8 - test::run_test::run_test_inner::{{closure}}::h76f677f4b93f9828
[INFO] [stdout]                                at /rustc/53fd98ca776cb875bc9e5514f56b52eb74f9e7a9/library/test/src/lib.rs:493:39
[INFO] [stdout]   30:     0x556addb8b34d - test::run_test::run_test_inner::{{closure}}::h366d01fe04f4d67a
[INFO] [stdout]                                at /rustc/53fd98ca776cb875bc9e5514f56b52eb74f9e7a9/library/test/src/lib.rs:520:37
[INFO] [stdout]   31:     0x556addb8b34d - std::sys_common::backtrace::__rust_begin_short_backtrace::h7dfa0de4eb395af2
[INFO] [stdout]                                at /rustc/53fd98ca776cb875bc9e5514f56b52eb74f9e7a9/library/std/src/sys_common/backtrace.rs:125:18
[INFO] [stdout]   32:     0x556addb8fb18 - std::thread::Builder::spawn_unchecked::{{closure}}::{{closure}}::hf0a74bb58798037f
[INFO] [stdout]                                at /rustc/53fd98ca776cb875bc9e5514f56b52eb74f9e7a9/library/std/src/thread/mod.rs:476:17
[INFO] [stdout]   33:     0x556addb8fb18 - <std::panic::AssertUnwindSafe<F> as core::ops::function::FnOnce<()>>::call_once::hb024e854818586ac
[INFO] [stdout]                                at /rustc/53fd98ca776cb875bc9e5514f56b52eb74f9e7a9/library/std/src/panic.rs:347:9
[INFO] [stdout]   34:     0x556addb8fb18 - std::panicking::try::do_call::hb2dd9f1d0d48e41d
[INFO] [stdout]                                at /rustc/53fd98ca776cb875bc9e5514f56b52eb74f9e7a9/library/std/src/panicking.rs:401:40
[INFO] [stdout]   35:     0x556addb8fb18 - std::panicking::try::h4717ae7bac8b2bf3
[INFO] [stdout]                                at /rustc/53fd98ca776cb875bc9e5514f56b52eb74f9e7a9/library/std/src/panicking.rs:365:19
[INFO] [stdout]   36:     0x556addb8fb18 - std::panic::catch_unwind::h0dc8a061326ce8d8
[INFO] [stdout]                                at /rustc/53fd98ca776cb875bc9e5514f56b52eb74f9e7a9/library/std/src/panic.rs:434:14
[INFO] [stdout]   37:     0x556addb8fb18 - std::thread::Builder::spawn_unchecked::{{closure}}::haa369e2d6fd00aa1
[INFO] [stdout]                                at /rustc/53fd98ca776cb875bc9e5514f56b52eb74f9e7a9/library/std/src/thread/mod.rs:475:30
[INFO] [stdout]   38:     0x556addb8fb18 - core::ops::function::FnOnce::call_once{{vtable.shim}}::h36dcf3de8b056f17
[INFO] [stdout]                                at /rustc/53fd98ca776cb875bc9e5514f56b52eb74f9e7a9/library/core/src/ops/function.rs:227:5
[INFO] [stdout]   39:     0x556addd886c7 - <alloc::boxed::Box<F,A> as core::ops::function::FnOnce<Args>>::call_once::h65c29e4642be2358
[INFO] [stdout]                                at /rustc/53fd98ca776cb875bc9e5514f56b52eb74f9e7a9/library/alloc/src/boxed.rs:1572:9
[INFO] [stdout]   40:     0x556addd886c7 - <alloc::boxed::Box<F,A> as core::ops::function::FnOnce<Args>>::call_once::hd0f8f7fbbd9fffbf
[INFO] [stdout]                                at /rustc/53fd98ca776cb875bc9e5514f56b52eb74f9e7a9/library/alloc/src/boxed.rs:1572:9
[INFO] [stdout]   41:     0x556addd886c7 - std::sys::unix::thread::Thread::new::thread_start::h2fd22fee3ca77b65
[INFO] [stdout]                                at /rustc/53fd98ca776cb875bc9e5514f56b52eb74f9e7a9/library/std/src/sys/unix/thread.rs:74:17
[INFO] [stdout]   42:     0x7f9a3c516609 - start_thread
[INFO] [stdout]   43:     0x7f9a3c2e6293 - clone
[INFO] [stdout]   44:                0x0 - <unknown>
[INFO] [stdout] 
[INFO] [stdout] 
[INFO] [stdout] failures:
[INFO] [stdout]     db::thing::tests::get_thing_when_it_exists
[INFO] [stdout] 
[INFO] [stdout] test result: FAILED. 0 passed; 1 failed; 0 ignored; 0 measured; 0 filtered out; finished in 0.37s
[INFO] [stdout] 
[INFO] [stderr] error: test failed, to rerun pass '--bin hello-rust'
[INFO] running `Command { std: "docker" "inspect" "b0c4bd6f5a4342030679aa67bc898c00ba769b26a2d5a873d6ce74f7cd42e1c5", kill_on_drop: false }`
[INFO] running `Command { std: "docker" "rm" "-f" "b0c4bd6f5a4342030679aa67bc898c00ba769b26a2d5a873d6ce74f7cd42e1c5", kill_on_drop: false }`
[INFO] [stdout] b0c4bd6f5a4342030679aa67bc898c00ba769b26a2d5a873d6ce74f7cd42e1c5
